[INFO] fetching crate py_pathfinding 0.1.5...
[INFO] testing py_pathfinding-0.1.5 against nightly-2024-10-28 for randomize-layout
[INFO] extracting crate py_pathfinding 0.1.5 into /workspace/builds/worker-4-tc1/source
[INFO] validating manifest of crates.io crate py_pathfinding 0.1.5 on toolchain nightly-2024-10-28
[INFO] running `Command { std: CARGO_HOME="/workspace/cargo-home" RUSTUP_HOME="/workspace/rustup-home" "/workspace/cargo-home/bin/cargo" "+nightly-2024-10-28" "metadata" "--manifest-path" "Cargo.toml" "--no-deps", kill_on_drop: false }`
[INFO] started tweaking crates.io crate py_pathfinding 0.1.5
[INFO] finished tweaking crates.io crate py_pathfinding 0.1.5
[INFO] tweaked toml for crates.io crate py_pathfinding 0.1.5 written to /workspace/builds/worker-4-tc1/source/Cargo.toml
[INFO] crate crates.io crate py_pathfinding 0.1.5 already has a lockfile, it will not be regenerated
[INFO] running `Command { std: CARGO_HOME="/workspace/cargo-home" RUSTUP_HOME="/workspace/rustup-home" "/workspace/cargo-home/bin/cargo" "+nightly-2024-10-28" "fetch" "--manifest-path" "Cargo.toml", kill_on_drop: false }`
[INFO] [stderr]  Downloading crates ...
[INFO] [stderr]   Downloaded ndarray v0.13.0
[INFO] running `Command { std: "docker" "create" "-v" "/var/lib/crater-agent-workspace/builds/worker-4-tc1/target:/opt/rustwide/target:rw,Z" "-v" "/var/lib/crater-agent-workspace/builds/worker-4-tc1/source:/opt/rustwide/workdir:ro,Z" "-v" "/var/lib/crater-agent-workspace/cargo-home:/opt/rustwide/cargo-home:ro,Z" "-v" "/var/lib/crater-agent-workspace/rustup-home:/opt/rustwide/rustup-home:ro,Z" "-e" "SOURCE_DIR=/opt/rustwide/workdir" "-e" "CARGO_TARGET_DIR=/opt/rustwide/target" "-e" "CARGO_HOME=/opt/rustwide/cargo-home" "-e" "RUSTUP_HOME=/opt/rustwide/rustup-home" "-w" "/opt/rustwide/workdir" "-m" "1610612736" "--user" "0:0" "--network" "none" "ghcr.io/rust-lang/crates-build-env/linux@sha256:4a844ea9eb2546a2d2c7022eacef16ef2e8229c7fbb2c7d4d55a9ceca922f72d" "/opt/rustwide/cargo-home/bin/cargo" "+nightly-2024-10-28" "metadata" "--no-deps" "--format-version=1", kill_on_drop: false }`
[INFO] [stdout] 80eabc600607eea6e631962ddfd134306fe788cb4594b326c72b8e711329d57e
[INFO] running `Command { std: "docker" "start" "-a" "80eabc600607eea6e631962ddfd134306fe788cb4594b326c72b8e711329d57e", kill_on_drop: false }`
[INFO] running `Command { std: "docker" "inspect" "80eabc600607eea6e631962ddfd134306fe788cb4594b326c72b8e711329d57e", kill_on_drop: false }`
[INFO] running `Command { std: "docker" "rm" "-f" "80eabc600607eea6e631962ddfd134306fe788cb4594b326c72b8e711329d57e", kill_on_drop: false }`
[INFO] [stdout] 80eabc600607eea6e631962ddfd134306fe788cb4594b326c72b8e711329d57e
[INFO] running `Command { std: "docker" "create" "-v" "/var/lib/crater-agent-workspace/builds/worker-4-tc1/target:/opt/rustwide/target:rw,Z" "-v" "/var/lib/crater-agent-workspace/builds/worker-4-tc1/source:/opt/rustwide/workdir:ro,Z" "-v" "/var/lib/crater-agent-workspace/cargo-home:/opt/rustwide/cargo-home:ro,Z" "-v" "/var/lib/crater-agent-workspace/rustup-home:/opt/rustwide/rustup-home:ro,Z" "-e" "SOURCE_DIR=/opt/rustwide/workdir" "-e" "CARGO_TARGET_DIR=/opt/rustwide/target" "-e" "CARGO_INCREMENTAL=0" "-e" "RUST_BACKTRACE=full" "-e" "RUSTFLAGS=--cap-lints=forbid" "-e" "RUSTDOCFLAGS=--cap-lints=forbid" "-e" "CARGO_HOME=/opt/rustwide/cargo-home" "-e" "RUSTUP_HOME=/opt/rustwide/rustup-home" "-w" "/opt/rustwide/workdir" "-m" "1610612736" "--user" "0:0" "--network" "none" "ghcr.io/rust-lang/crates-build-env/linux@sha256:4a844ea9eb2546a2d2c7022eacef16ef2e8229c7fbb2c7d4d55a9ceca922f72d" "/opt/rustwide/cargo-home/bin/cargo" "+nightly-2024-10-28" "build" "--frozen" "--message-format=json", kill_on_drop: false }`
[INFO] [stdout] c73ee4b14e7db36006ae3db39be5e450f13ee7b6a4ea1fcb1c05f3a2c6ac752e
[INFO] running `Command { std: "docker" "start" "-a" "c73ee4b14e7db36006ae3db39be5e450f13ee7b6a4ea1fcb1c05f3a2c6ac752e", kill_on_drop: false }`
[INFO] [stderr]    Compiling autocfg v1.0.0
[INFO] [stderr]    Compiling either v1.5.3
[INFO] [stderr]    Compiling ndarray v0.13.0
[INFO] [stderr]    Compiling rawpointer v0.2.1
[INFO] [stderr]    Compiling fnv v1.0.6
[INFO] [stderr]    Compiling matrixmultiply v0.2.3
[INFO] [stderr]    Compiling itertools v0.8.2
[INFO] [stderr]    Compiling num-traits v0.2.11
[INFO] [stderr]    Compiling num-integer v0.1.42
[INFO] [stderr]    Compiling num-complex v0.2.4
[INFO] [stderr]    Compiling py_pathfinding v0.1.5 (/opt/rustwide/workdir)
[INFO] [stdout] warning: unused variable: `target`
[INFO] [stdout]    --> src/algorithms/astar.rs:126:36
[INFO] [stdout]     |
[INFO] [stdout] 126 | fn no_heuristic(_source: &Point2d, target: &Point2d) -> f32 {
[INFO] [stdout]     |                                    ^^^^^^ help: if this is intentional, prefix it with an underscore: `_target`
[INFO] [stdout]     |
[INFO] [stdout]     = note: `#[warn(unused_variables)]` on by default
[INFO] [stdout] 
[INFO] [stdout] 
[INFO] [stdout] warning: methods `add_neighbor`, `distance`, and `successors` are never used
[INFO] [stdout]   --> src/algorithms/astar.rs:37:8
[INFO] [stdout]    |
[INFO] [stdout] 36 | impl Point2d {
[INFO] [stdout]    | ------------ methods in this implementation
[INFO] [stdout] 37 |     fn add_neighbor(&self, other: (i32, i32)) -> Point2d {
[INFO] [stdout]    |        ^^^^^^^^^^^^
[INFO] [stdout] ...
[INFO] [stdout] 46 |     fn distance(&self, other: &Self) -> u32 {
[INFO] [stdout]    |        ^^^^^^^^
[INFO] [stdout] ...
[INFO] [stdout] 50 |     fn successors(&self) -> Vec<(Point2d, u32)> {
[INFO] [stdout]    |        ^^^^^^^^^^
[INFO] [stdout]    |
[INFO] [stdout]    = note: `#[warn(dead_code)]` on by default
[INFO] [stdout] 
[INFO] [stdout] 
[INFO] [stdout] warning: struct `Node` is never constructed
[INFO] [stdout]   --> src/algorithms/astar.rs:71:8
[INFO] [stdout]    |
[INFO] [stdout] 71 | struct Node {
[INFO] [stdout]    |        ^^^^
[INFO] [stdout] 
[INFO] [stdout] 
[INFO] [stdout] warning: function `manhattan_heuristic` is never used
[INFO] [stdout]    --> src/algorithms/astar.rs:104:4
[INFO] [stdout]     |
[INFO] [stdout] 104 | fn manhattan_heuristic(source: &Point2d, target: &Point2d) -> f32 {
[INFO] [stdout]     |    ^^^^^^^^^^^^^^^^^^^
[INFO] [stdout] 
[INFO] [stdout] 
[INFO] [stdout] warning: static `SQRT_2_MINUS_2` is never used
[INFO] [stdout]    --> src/algorithms/astar.rs:108:8
[INFO] [stdout]     |
[INFO] [stdout] 108 | static SQRT_2_MINUS_2: f32 = SQRT_2 - 2.0;
[INFO] [stdout]     |        ^^^^^^^^^^^^^^
[INFO] [stdout] 
[INFO] [stdout] 
[INFO] [stdout] warning: function `octal_heuristic` is never used
[INFO] [stdout]    --> src/algorithms/astar.rs:110:4
[INFO] [stdout]     |
[INFO] [stdout] 110 | fn octal_heuristic(source: &Point2d, target: &Point2d) -> f32 {
[INFO] [stdout]     |    ^^^^^^^^^^^^^^^
[INFO] [stdout] 
[INFO] [stdout] 
[INFO] [stdout] warning: function `euclidean_heuristic` is never used
[INFO] [stdout]    --> src/algorithms/astar.rs:117:4
[INFO] [stdout]     |
[INFO] [stdout] 117 | fn euclidean_heuristic(source: &Point2d, target: &Point2d) -> f32 {
[INFO] [stdout]     |    ^^^^^^^^^^^^^^^^^^^
[INFO] [stdout] 
[INFO] [stdout] 
[INFO] [stdout] warning: function `no_heuristic` is never used
[INFO] [stdout]    --> src/algorithms/astar.rs:126:4
[INFO] [stdout]     |
[INFO] [stdout] 126 | fn no_heuristic(_source: &Point2d, target: &Point2d) -> f32 {
[INFO] [stdout]     |    ^^^^^^^^^^^^
[INFO] [stdout] 
[INFO] [stdout] 
[INFO] [stdout] warning: function `construct_path` is never used
[INFO] [stdout]    --> src/algorithms/astar.rs:130:4
[INFO] [stdout]     |
[INFO] [stdout] 130 | fn construct_path(
[INFO] [stdout]     |    ^^^^^^^^^^^^^^
[INFO] [stdout] 
[INFO] [stdout] 
[INFO] [stdout] warning: struct `PathFinder` is never constructed
[INFO] [stdout]    --> src/algorithms/astar.rs:149:8
[INFO] [stdout]     |
[INFO] [stdout] 149 | struct PathFinder {
[INFO] [stdout]     |        ^^^^^^^^^^
[INFO] [stdout] 
[INFO] [stdout] 
[INFO] [stdout] warning: methods `update_grid` and `find_path` are never used
[INFO] [stdout]    --> src/algorithms/astar.rs:158:8
[INFO] [stdout]     |
[INFO] [stdout] 157 | impl PathFinder {
[INFO] [stdout]     | --------------- methods in this implementation
[INFO] [stdout] 158 |     fn update_grid(&mut self, grid: Array2<u8>) {
[INFO] [stdout]     |        ^^^^^^^^^^^
[INFO] [stdout] ...
[INFO] [stdout] 162 |     fn find_path(&self, source: &Point2d, target: &Point2d) -> Option<Vec<Point2d>> {
[INFO] [stdout]     |        ^^^^^^^^^
[INFO] [stdout] 
[INFO] [stdout] 
[INFO] [stdout] warning: method `new_point_in_grid` is never used
[INFO] [stdout]    --> src/algorithms/jps.rs:285:8
[INFO] [stdout]     |
[INFO] [stdout] 261 | impl PathFinder {
[INFO] [stdout]     | --------------- method in this implementation
[INFO] [stdout] ...
[INFO] [stdout] 285 |     fn new_point_in_grid(&self, point: &Point2d, direction: Direction) -> Option<Point2d> {
[INFO] [stdout]     |        ^^^^^^^^^^^^^^^^^
[INFO] [stdout] 
[INFO] [stdout] 
[INFO] [stdout] warning: unused variable: `target`
[INFO] [stdout]    --> src/algorithms/astar.rs:126:36
[INFO] [stdout]     |
[INFO] [stdout] 126 | fn no_heuristic(_source: &Point2d, target: &Point2d) -> f32 {
[INFO] [stdout]     |                                    ^^^^^^ help: if this is intentional, prefix it with an underscore: `_target`
[INFO] [stdout]     |
[INFO] [stdout]     = note: `#[warn(unused_variables)]` on by default
[INFO] [stdout] 
[INFO] [stdout] 
[INFO] [stdout] warning: methods `add_neighbor`, `distance`, and `successors` are never used
[INFO] [stdout]   --> src/algorithms/astar.rs:37:8
[INFO] [stdout]    |
[INFO] [stdout] 36 | impl Point2d {
[INFO] [stdout]    | ------------ methods in this implementation
[INFO] [stdout] 37 |     fn add_neighbor(&self, other: (i32, i32)) -> Point2d {
[INFO] [stdout]    |        ^^^^^^^^^^^^
[INFO] [stdout] ...
[INFO] [stdout] 46 |     fn distance(&self, other: &Self) -> u32 {
[INFO] [stdout]    |        ^^^^^^^^
[INFO] [stdout] ...
[INFO] [stdout] 50 |     fn successors(&self) -> Vec<(Point2d, u32)> {
[INFO] [stdout]    |        ^^^^^^^^^^
[INFO] [stdout]    |
[INFO] [stdout]    = note: `#[warn(dead_code)]` on by default
[INFO] [stdout] 
[INFO] [stdout] 
[INFO] [stdout] warning: struct `Node` is never constructed
[INFO] [stdout]   --> src/algorithms/astar.rs:71:8
[INFO] [stdout]    |
[INFO] [stdout] 71 | struct Node {
[INFO] [stdout]    |        ^^^^
[INFO] [stdout] 
[INFO] [stdout] 
[INFO] [stdout] warning: function `manhattan_heuristic` is never used
[INFO] [stdout]    --> src/algorithms/astar.rs:104:4
[INFO] [stdout]     |
[INFO] [stdout] 104 | fn manhattan_heuristic(source: &Point2d, target: &Point2d) -> f32 {
[INFO] [stdout]     |    ^^^^^^^^^^^^^^^^^^^
[INFO] [stdout] 
[INFO] [stdout] 
[INFO] [stdout] warning: static `SQRT_2_MINUS_2` is never used
[INFO] [stdout]    --> src/algorithms/astar.rs:108:8
[INFO] [stdout]     |
[INFO] [stdout] 108 | static SQRT_2_MINUS_2: f32 = SQRT_2 - 2.0;
[INFO] [stdout]     |        ^^^^^^^^^^^^^^
[INFO] [stdout] 
[INFO] [stdout] 
[INFO] [stdout] warning: function `octal_heuristic` is never used
[INFO] [stdout]    --> src/algorithms/astar.rs:110:4
[INFO] [stdout]     |
[INFO] [stdout] 110 | fn octal_heuristic(source: &Point2d, target: &Point2d) -> f32 {
[INFO] [stdout]     |    ^^^^^^^^^^^^^^^
[INFO] [stdout] 
[INFO] [stdout] 
[INFO] [stdout] warning: function `euclidean_heuristic` is never used
[INFO] [stdout]    --> src/algorithms/astar.rs:117:4
[INFO] [stdout]     |
[INFO] [stdout] 117 | fn euclidean_heuristic(source: &Point2d, target: &Point2d) -> f32 {
[INFO] [stdout]     |    ^^^^^^^^^^^^^^^^^^^
[INFO] [stdout] 
[INFO] [stdout] 
[INFO] [stdout] warning: function `no_heuristic` is never used
[INFO] [stdout]    --> src/algorithms/astar.rs:126:4
[INFO] [stdout]     |
[INFO] [stdout] 126 | fn no_heuristic(_source: &Point2d, target: &Point2d) -> f32 {
[INFO] [stdout]     |    ^^^^^^^^^^^^
[INFO] [stdout] 
[INFO] [stdout] 
[INFO] [stdout] warning: function `construct_path` is never used
[INFO] [stdout]    --> src/algorithms/astar.rs:130:4
[INFO] [stdout]     |
[INFO] [stdout] 130 | fn construct_path(
[INFO] [stdout]     |    ^^^^^^^^^^^^^^
[INFO] [stdout] 
[INFO] [stdout] 
[INFO] [stdout] warning: struct `PathFinder` is never constructed
[INFO] [stdout]    --> src/algorithms/astar.rs:149:8
[INFO] [stdout]     |
[INFO] [stdout] 149 | struct PathFinder {
[INFO] [stdout]     |        ^^^^^^^^^^
[INFO] [stdout] 
[INFO] [stdout] 
[INFO] [stdout] warning: methods `update_grid` and `find_path` are never used
[INFO] [stdout]    --> src/algorithms/astar.rs:158:8
[INFO] [stdout]     |
[INFO] [stdout] 157 | impl PathFinder {
[INFO] [stdout]     | --------------- methods in this implementation
[INFO] [stdout] 158 |     fn update_grid(&mut self, grid: Array2<u8>) {
[INFO] [stdout]     |        ^^^^^^^^^^^
[INFO] [stdout] ...
[INFO] [stdout] 162 |     fn find_path(&self, source: &Point2d, target: &Point2d) -> Option<Vec<Point2d>> {
[INFO] [stdout]     |        ^^^^^^^^^
[INFO] [stdout] 
[INFO] [stdout] 
[INFO] [stdout] warning: method `new_point_in_grid` is never used
[INFO] [stdout]    --> src/algorithms/jps.rs:285:8
[INFO] [stdout]     |
[INFO] [stdout] 261 | impl PathFinder {
[INFO] [stdout]     | --------------- method in this implementation
[INFO] [stdout] ...
[INFO] [stdout] 285 |     fn new_point_in_grid(&self, point: &Point2d, direction: Direction) -> Option<Point2d> {
[INFO] [stdout]     |        ^^^^^^^^^^^^^^^^^
[INFO] [stdout] 
[INFO] [stdout] 
[INFO] [stdout] warning: unused `Result` that must be used
[INFO] [stdout]   --> src/main.rs:16:9
[INFO] [stdout]    |
[INFO] [stdout] 16 |         file.write_fmt(format_args!("{},{}\n", x, y));
[INFO] [stdout]    |         ^^^^^^^^^^^^^^^^^^^^^^^^^^^^^^^^^^^^^^^^^^^^^
[INFO] [stdout]    |
[INFO] [stdout]    = note: this `Result` may be an `Err` variant, which should be handled
[INFO] [stdout]    = note: `#[warn(unused_must_use)]` on by default
[INFO] [stdout] help: use `let _ = ...` to ignore the resulting value
[INFO] [stdout]    |
[INFO] [stdout] 16 |         let _ = file.write_fmt(format_args!("{},{}\n", x, y));
[INFO] [stdout]    |         +++++++
[INFO] [stdout] 
[INFO] [stdout] 
[INFO] [stderr]     Finished `dev` profile [unoptimized + debuginfo] target(s) in 3.24s
[INFO] running `Command { std: "docker" "inspect" "c73ee4b14e7db36006ae3db39be5e450f13ee7b6a4ea1fcb1c05f3a2c6ac752e", kill_on_drop: false }`
[INFO] running `Command { std: "docker" "rm" "-f" "c73ee4b14e7db36006ae3db39be5e450f13ee7b6a4ea1fcb1c05f3a2c6ac752e", kill_on_drop: false }`
[INFO] [stdout] c73ee4b14e7db36006ae3db39be5e450f13ee7b6a4ea1fcb1c05f3a2c6ac752e
[INFO] running `Command { std: "docker" "create" "-v" "/var/lib/crater-agent-workspace/builds/worker-4-tc1/target:/opt/rustwide/target:rw,Z" "-v" "/var/lib/crater-agent-workspace/builds/worker-4-tc1/source:/opt/rustwide/workdir:ro,Z" "-v" "/var/lib/crater-agent-workspace/cargo-home:/opt/rustwide/cargo-home:ro,Z" "-v" "/var/lib/crater-agent-workspace/rustup-home:/opt/rustwide/rustup-home:ro,Z" "-e" "SOURCE_DIR=/opt/rustwide/workdir" "-e" "CARGO_TARGET_DIR=/opt/rustwide/target" "-e" "CARGO_INCREMENTAL=0" "-e" "RUST_BACKTRACE=full" "-e" "RUSTFLAGS=--cap-lints=forbid" "-e" "RUSTDOCFLAGS=--cap-lints=forbid" "-e" "CARGO_HOME=/opt/rustwide/cargo-home" "-e" "RUSTUP_HOME=/opt/rustwide/rustup-home" "-w" "/opt/rustwide/workdir" "-m" "1610612736" "--user" "0:0" "--network" "none" "ghcr.io/rust-lang/crates-build-env/linux@sha256:4a844ea9eb2546a2d2c7022eacef16ef2e8229c7fbb2c7d4d55a9ceca922f72d" "/opt/rustwide/cargo-home/bin/cargo" "+nightly-2024-10-28" "test" "--frozen" "--no-run" "--message-format=json", kill_on_drop: false }`
[INFO] [stdout] 02f7233b751ef6e11719a187f896411163ee2dd22be33f3c8d362d20b7f1d56d
[INFO] running `Command { std: "docker" "start" "-a" "02f7233b751ef6e11719a187f896411163ee2dd22be33f3c8d362d20b7f1d56d", kill_on_drop: false }`
[INFO] [stdout] warning: unused variable: `target`
[INFO] [stdout]    --> src/algorithms/astar.rs:126:36
[INFO] [stdout]     |
[INFO] [stdout] 126 | fn no_heuristic(_source: &Point2d, target: &Point2d) -> f32 {
[INFO] [stdout]     |                                    ^^^^^^ help: if this is intentional, prefix it with an underscore: `_target`
[INFO] [stdout]     |
[INFO] [stdout]     = note: `#[warn(unused_variables)]` on by default
[INFO] [stdout] 
[INFO] [stdout] 
[INFO] [stdout] warning: methods `add_neighbor`, `distance`, and `successors` are never used
[INFO] [stdout]   --> src/algorithms/astar.rs:37:8
[INFO] [stdout]    |
[INFO] [stdout] 36 | impl Point2d {
[INFO] [stdout]    | ------------ methods in this implementation
[INFO] [stdout] 37 |     fn add_neighbor(&self, other: (i32, i32)) -> Point2d {
[INFO] [stdout]    |        ^^^^^^^^^^^^
[INFO] [stdout] ...
[INFO] [stdout] 46 |     fn distance(&self, other: &Self) -> u32 {
[INFO] [stdout]    |        ^^^^^^^^
[INFO] [stdout] ...
[INFO] [stdout] 50 |     fn successors(&self) -> Vec<(Point2d, u32)> {
[INFO] [stdout]    |        ^^^^^^^^^^
[INFO] [stdout]    |
[INFO] [stdout]    = note: `#[warn(dead_code)]` on by default
[INFO] [stdout] 
[INFO] [stdout] 
[INFO] [stdout] warning: struct `Node` is never constructed
[INFO] [stdout]   --> src/algorithms/astar.rs:71:8
[INFO] [stdout]    |
[INFO] [stdout] 71 | struct Node {
[INFO] [stdout]    |        ^^^^
[INFO] [stdout] 
[INFO] [stdout] 
[INFO] [stdout] warning: function `manhattan_heuristic` is never used
[INFO] [stdout]    --> src/algorithms/astar.rs:104:4
[INFO] [stdout]     |
[INFO] [stdout] 104 | fn manhattan_heuristic(source: &Point2d, target: &Point2d) -> f32 {
[INFO] [stdout]     |    ^^^^^^^^^^^^^^^^^^^
[INFO] [stdout] 
[INFO] [stdout] 
[INFO] [stdout] warning: static `SQRT_2_MINUS_2` is never used
[INFO] [stdout]    --> src/algorithms/astar.rs:108:8
[INFO] [stdout]     |
[INFO] [stdout] 108 | static SQRT_2_MINUS_2: f32 = SQRT_2 - 2.0;
[INFO] [stdout]     |        ^^^^^^^^^^^^^^
[INFO] [stdout] 
[INFO] [stdout] 
[INFO] [stdout] warning: function `octal_heuristic` is never used
[INFO] [stdout]    --> src/algorithms/astar.rs:110:4
[INFO] [stdout]     |
[INFO] [stdout] 110 | fn octal_heuristic(source: &Point2d, target: &Point2d) -> f32 {
[INFO] [stdout]     |    ^^^^^^^^^^^^^^^
[INFO] [stdout] 
[INFO] [stdout] 
[INFO] [stdout] warning: function `euclidean_heuristic` is never used
[INFO] [stdout]    --> src/algorithms/astar.rs:117:4
[INFO] [stdout]     |
[INFO] [stdout] 117 | fn euclidean_heuristic(source: &Point2d, target: &Point2d) -> f32 {
[INFO] [stdout]     |    ^^^^^^^^^^^^^^^^^^^
[INFO] [stdout] 
[INFO] [stdout] 
[INFO] [stdout] warning: function `no_heuristic` is never used
[INFO] [stdout]    --> src/algorithms/astar.rs:126:4
[INFO] [stdout]     |
[INFO] [stdout] 126 | fn no_heuristic(_source: &Point2d, target: &Point2d) -> f32 {
[INFO] [stdout]     |    ^^^^^^^^^^^^
[INFO] [stdout] 
[INFO] [stdout] 
[INFO] [stdout] warning: function `construct_path` is never used
[INFO] [stdout]    --> src/algorithms/astar.rs:130:4
[INFO] [stdout]     |
[INFO] [stdout] 130 | fn construct_path(
[INFO] [stdout]     |    ^^^^^^^^^^^^^^
[INFO] [stdout] 
[INFO] [stdout] 
[INFO] [stdout] warning: struct `PathFinder` is never constructed
[INFO] [stdout]    --> src/algorithms/astar.rs:149:8
[INFO] [stdout]     |
[INFO] [stdout] 149 | struct PathFinder {
[INFO] [stdout]     |        ^^^^^^^^^^
[INFO] [stdout] 
[INFO] [stdout] 
[INFO] [stdout] warning: methods `update_grid` and `find_path` are never used
[INFO] [stdout]    --> src/algorithms/astar.rs:158:8
[INFO] [stdout]     |
[INFO] [stdout] 157 | impl PathFinder {
[INFO] [stdout]     | --------------- methods in this implementation
[INFO] [stdout] 158 |     fn update_grid(&mut self, grid: Array2<u8>) {
[INFO] [stdout]     |        ^^^^^^^^^^^
[INFO] [stdout] ...
[INFO] [stdout] 162 |     fn find_path(&self, source: &Point2d, target: &Point2d) -> Option<Vec<Point2d>> {
[INFO] [stdout]     |        ^^^^^^^^^
[INFO] [stdout] 
[INFO] [stdout] 
[INFO] [stderr]    Compiling py_pathfinding v0.1.5 (/opt/rustwide/workdir)
[INFO] [stdout] warning: method `new_point_in_grid` is never used
[INFO] [stdout]    --> src/algorithms/jps.rs:285:8
[INFO] [stdout]     |
[INFO] [stdout] 261 | impl PathFinder {
[INFO] [stdout]     | --------------- method in this implementation
[INFO] [stdout] ...
[INFO] [stdout] 285 |     fn new_point_in_grid(&self, point: &Point2d, direction: Direction) -> Option<Point2d> {
[INFO] [stdout]     |        ^^^^^^^^^^^^^^^^^
[INFO] [stdout] 
[INFO] [stdout] 
[INFO] [stdout] warning: unused variable: `target`
[INFO] [stdout]    --> src/algorithms/astar.rs:126:36
[INFO] [stdout]     |
[INFO] [stdout] 126 | fn no_heuristic(_source: &Point2d, target: &Point2d) -> f32 {
[INFO] [stdout]     |                                    ^^^^^^ help: if this is intentional, prefix it with an underscore: `_target`
[INFO] [stdout]     |
[INFO] [stdout]     = note: `#[warn(unused_variables)]` on by default
[INFO] [stdout] 
[INFO] [stdout] 
[INFO] [stdout] warning: unused variable: `target`
[INFO] [stdout]    --> src/algorithms/astar.rs:126:36
[INFO] [stdout]     |
[INFO] [stdout] 126 | fn no_heuristic(_source: &Point2d, target: &Point2d) -> f32 {
[INFO] [stdout]     |                                    ^^^^^^ help: if this is intentional, prefix it with an underscore: `_target`
[INFO] [stdout]     |
[INFO] [stdout]     = note: `#[warn(unused_variables)]` on by default
[INFO] [stdout] 
[INFO] [stdout] 
[INFO] [stdout] warning: methods `distance` and `successors` are never used
[INFO] [stdout]   --> src/algorithms/astar.rs:46:8
[INFO] [stdout]    |
[INFO] [stdout] 36 | impl Point2d {
[INFO] [stdout]    | ------------ methods in this implementation
[INFO] [stdout] ...
[INFO] [stdout] 46 |     fn distance(&self, other: &Self) -> u32 {
[INFO] [stdout]    |        ^^^^^^^^
[INFO] [stdout] ...
[INFO] [stdout] 50 |     fn successors(&self) -> Vec<(Point2d, u32)> {
[INFO] [stdout]    |        ^^^^^^^^^^
[INFO] [stdout]    |
[INFO] [stdout]    = note: `#[warn(dead_code)]` on by default
[INFO] [stdout] 
[INFO] [stdout] 
[INFO] [stdout] warning: fields `grid` and `came_from_grid` are never read
[INFO] [stdout]    --> src/algorithms/astar.rs:152:5
[INFO] [stdout]     |
[INFO] [stdout] 149 | struct PathFinder {
[INFO] [stdout]     |        ---------- fields in this struct
[INFO] [stdout] ...
[INFO] [stdout] 152 |     grid: Array2<u8>,
[INFO] [stdout]     |     ^^^^
[INFO] [stdout] 153 |     came_from_grid: Array2<u8>,
[INFO] [stdout]     |     ^^^^^^^^^^^^^^
[INFO] [stdout] 
[INFO] [stdout] 
[INFO] [stdout] warning: method `update_grid` is never used
[INFO] [stdout]    --> src/algorithms/astar.rs:158:8
[INFO] [stdout]     |
[INFO] [stdout] 157 | impl PathFinder {
[INFO] [stdout]     | --------------- method in this implementation
[INFO] [stdout] 158 |     fn update_grid(&mut self, grid: Array2<u8>) {
[INFO] [stdout]     |        ^^^^^^^^^^^
[INFO] [stdout] 
[INFO] [stdout] 
[INFO] [stdout] warning: method `new_point_in_grid` is never used
[INFO] [stdout]    --> src/algorithms/jps.rs:285:8
[INFO] [stdout]     |
[INFO] [stdout] 261 | impl PathFinder {
[INFO] [stdout]     | --------------- method in this implementation
[INFO] [stdout] ...
[INFO] [stdout] 285 |     fn new_point_in_grid(&self, point: &Point2d, direction: Direction) -> Option<Point2d> {
[INFO] [stdout]     |        ^^^^^^^^^^^^^^^^^
[INFO] [stdout] 
[INFO] [stdout] 
[INFO] [stdout] warning: methods `distance` and `successors` are never used
[INFO] [stdout]   --> src/algorithms/astar.rs:46:8
[INFO] [stdout]    |
[INFO] [stdout] 36 | impl Point2d {
[INFO] [stdout]    | ------------ methods in this implementation
[INFO] [stdout] ...
[INFO] [stdout] 46 |     fn distance(&self, other: &Self) -> u32 {
[INFO] [stdout]    |        ^^^^^^^^
[INFO] [stdout] ...
[INFO] [stdout] 50 |     fn successors(&self) -> Vec<(Point2d, u32)> {
[INFO] [stdout]    |        ^^^^^^^^^^
[INFO] [stdout]    |
[INFO] [stdout]    = note: `#[warn(dead_code)]` on by default
[INFO] [stdout] 
[INFO] [stdout] 
[INFO] [stdout] warning: fields `grid` and `came_from_grid` are never read
[INFO] [stdout]    --> src/algorithms/astar.rs:152:5
[INFO] [stdout]     |
[INFO] [stdout] 149 | struct PathFinder {
[INFO] [stdout]     |        ---------- fields in this struct
[INFO] [stdout] ...
[INFO] [stdout] 152 |     grid: Array2<u8>,
[INFO] [stdout]     |     ^^^^
[INFO] [stdout] 153 |     came_from_grid: Array2<u8>,
[INFO] [stdout]     |     ^^^^^^^^^^^^^^
[INFO] [stdout] 
[INFO] [stdout] 
[INFO] [stdout] warning: method `update_grid` is never used
[INFO] [stdout]    --> src/algorithms/astar.rs:158:8
[INFO] [stdout]     |
[INFO] [stdout] 157 | impl PathFinder {
[INFO] [stdout]     | --------------- method in this implementation
[INFO] [stdout] 158 |     fn update_grid(&mut self, grid: Array2<u8>) {
[INFO] [stdout]     |        ^^^^^^^^^^^
[INFO] [stdout] 
[INFO] [stdout] 
[INFO] [stdout] warning: method `new_point_in_grid` is never used
[INFO] [stdout]    --> src/algorithms/jps.rs:285:8
[INFO] [stdout]     |
[INFO] [stdout] 261 | impl PathFinder {
[INFO] [stdout]     | --------------- method in this implementation
[INFO] [stdout] ...
[INFO] [stdout] 285 |     fn new_point_in_grid(&self, point: &Point2d, direction: Direction) -> Option<Point2d> {
[INFO] [stdout]     |        ^^^^^^^^^^^^^^^^^
[INFO] [stdout] 
[INFO] [stdout] 
[INFO] [stdout] warning: unused `Result` that must be used
[INFO] [stdout]   --> src/main.rs:16:9
[INFO] [stdout]    |
[INFO] [stdout] 16 |         file.write_fmt(format_args!("{},{}\n", x, y));
[INFO] [stdout]    |         ^^^^^^^^^^^^^^^^^^^^^^^^^^^^^^^^^^^^^^^^^^^^^
[INFO] [stdout]    |
[INFO] [stdout]    = note: this `Result` may be an `Err` variant, which should be handled
[INFO] [stdout]    = note: `#[warn(unused_must_use)]` on by default
[INFO] [stdout] help: use `let _ = ...` to ignore the resulting value
[INFO] [stdout]    |
[INFO] [stdout] 16 |         let _ = file.write_fmt(format_args!("{},{}\n", x, y));
[INFO] [stdout]    |         +++++++
[INFO] [stdout] 
[INFO] [stdout] 
[INFO] [stderr]     Finished `test` profile [unoptimized + debuginfo] target(s) in 0.42s
[INFO] running `Command { std: "docker" "inspect" "02f7233b751ef6e11719a187f896411163ee2dd22be33f3c8d362d20b7f1d56d", kill_on_drop: false }`
[INFO] running `Command { std: "docker" "rm" "-f" "02f7233b751ef6e11719a187f896411163ee2dd22be33f3c8d362d20b7f1d56d", kill_on_drop: false }`
[INFO] [stdout] 02f7233b751ef6e11719a187f896411163ee2dd22be33f3c8d362d20b7f1d56d
[INFO] running `Command { std: "docker" "create" "-v" "/var/lib/crater-agent-workspace/builds/worker-4-tc1/target:/opt/rustwide/target:rw,Z" "-v" "/var/lib/crater-agent-workspace/builds/worker-4-tc1/source:/opt/rustwide/workdir:ro,Z" "-v" "/var/lib/crater-agent-workspace/cargo-home:/opt/rustwide/cargo-home:ro,Z" "-v" "/var/lib/crater-agent-workspace/rustup-home:/opt/rustwide/rustup-home:ro,Z" "-e" "SOURCE_DIR=/opt/rustwide/workdir" "-e" "CARGO_TARGET_DIR=/opt/rustwide/target" "-e" "CARGO_INCREMENTAL=0" "-e" "RUST_BACKTRACE=full" "-e" "RUSTFLAGS=--cap-lints=forbid" "-e" "RUSTDOCFLAGS=--cap-lints=forbid" "-e" "CARGO_HOME=/opt/rustwide/cargo-home" "-e" "RUSTUP_HOME=/opt/rustwide/rustup-home" "-w" "/opt/rustwide/workdir" "-m" "1610612736" "--user" "0:0" "--network" "none" "ghcr.io/rust-lang/crates-build-env/linux@sha256:4a844ea9eb2546a2d2c7022eacef16ef2e8229c7fbb2c7d4d55a9ceca922f72d" "/opt/rustwide/cargo-home/bin/cargo" "+nightly-2024-10-28" "test" "--frozen", kill_on_drop: false }`
[INFO] [stdout] 36962db48f59822c0decb0f835391006aad65475aaa79ac1c8c199dcf6d4f650
[INFO] running `Command { std: "docker" "start" "-a" "36962db48f59822c0decb0f835391006aad65475aaa79ac1c8c199dcf6d4f650", kill_on_drop: false }`
[INFO] [stderr] warning: unused variable: `target`
[INFO] [stderr]    --> src/algorithms/astar.rs:126:36
[INFO] [stderr]     |
[INFO] [stderr] 126 | fn no_heuristic(_source: &Point2d, target: &Point2d) -> f32 {
[INFO] [stderr]     |                                    ^^^^^^ help: if this is intentional, prefix it with an underscore: `_target`
[INFO] [stderr]     |
[INFO] [stderr]     = note: `#[warn(unused_variables)]` on by default
[INFO] [stderr] 
[INFO] [stderr] warning: methods `add_neighbor`, `distance`, and `successors` are never used
[INFO] [stderr]   --> src/algorithms/astar.rs:37:8
[INFO] [stderr]    |
[INFO] [stderr] 36 | impl Point2d {
[INFO] [stderr]    | ------------ methods in this implementation
[INFO] [stderr] 37 |     fn add_neighbor(&self, other: (i32, i32)) -> Point2d {
[INFO] [stderr]    |        ^^^^^^^^^^^^
[INFO] [stderr] ...
[INFO] [stderr] 46 |     fn distance(&self, other: &Self) -> u32 {
[INFO] [stderr]    |        ^^^^^^^^
[INFO] [stderr] ...
[INFO] [stderr] 50 |     fn successors(&self) -> Vec<(Point2d, u32)> {
[INFO] [stderr]    |        ^^^^^^^^^^
[INFO] [stderr]    |
[INFO] [stderr]    = note: `#[warn(dead_code)]` on by default
[INFO] [stderr] 
[INFO] [stderr] warning: struct `Node` is never constructed
[INFO] [stderr]   --> src/algorithms/astar.rs:71:8
[INFO] [stderr]    |
[INFO] [stderr] 71 | struct Node {
[INFO] [stderr]    |        ^^^^
[INFO] [stderr] 
[INFO] [stderr] warning: function `manhattan_heuristic` is never used
[INFO] [stderr]    --> src/algorithms/astar.rs:104:4
[INFO] [stderr]     |
[INFO] [stderr] 104 | fn manhattan_heuristic(source: &Point2d, target: &Point2d) -> f32 {
[INFO] [stderr]     |    ^^^^^^^^^^^^^^^^^^^
[INFO] [stderr] 
[INFO] [stderr] warning: static `SQRT_2_MINUS_2` is never used
[INFO] [stderr]    --> src/algorithms/astar.rs:108:8
[INFO] [stderr]     |
[INFO] [stderr] 108 | static SQRT_2_MINUS_2: f32 = SQRT_2 - 2.0;
[INFO] [stderr]     |        ^^^^^^^^^^^^^^
[INFO] [stderr] 
[INFO] [stderr] warning: function `octal_heuristic` is never used
[INFO] [stderr]    --> src/algorithms/astar.rs:110:4
[INFO] [stderr]     |
[INFO] [stderr] 110 | fn octal_heuristic(source: &Point2d, target: &Point2d) -> f32 {
[INFO] [stderr]     |    ^^^^^^^^^^^^^^^
[INFO] [stderr] 
[INFO] [stderr] warning: function `euclidean_heuristic` is never used
[INFO] [stderr]    --> src/algorithms/astar.rs:117:4
[INFO] [stderr]     |
[INFO] [stderr] 117 | fn euclidean_heuristic(source: &Point2d, target: &Point2d) -> f32 {
[INFO] [stderr]     |    ^^^^^^^^^^^^^^^^^^^
[INFO] [stderr] 
[INFO] [stderr] warning: function `no_heuristic` is never used
[INFO] [stderr]    --> src/algorithms/astar.rs:126:4
[INFO] [stderr]     |
[INFO] [stderr] 126 | fn no_heuristic(_source: &Point2d, target: &Point2d) -> f32 {
[INFO] [stderr]     |    ^^^^^^^^^^^^
[INFO] [stderr] 
[INFO] [stderr] warning: function `construct_path` is never used
[INFO] [stderr]    --> src/algorithms/astar.rs:130:4
[INFO] [stderr]     |
[INFO] [stderr] 130 | fn construct_path(
[INFO] [stderr]     |    ^^^^^^^^^^^^^^
[INFO] [stderr] 
[INFO] [stderr] warning: struct `PathFinder` is never constructed
[INFO] [stderr]    --> src/algorithms/astar.rs:149:8
[INFO] [stderr]     |
[INFO] [stderr] 149 | struct PathFinder {
[INFO] [stderr]     |        ^^^^^^^^^^
[INFO] [stderr] 
[INFO] [stderr] warning: methods `update_grid` and `find_path` are never used
[INFO] [stderr]    --> src/algorithms/astar.rs:158:8
[INFO] [stderr]     |
[INFO] [stderr] 157 | impl PathFinder {
[INFO] [stderr]     | --------------- methods in this implementation
[INFO] [stderr] 158 |     fn update_grid(&mut self, grid: Array2<u8>) {
[INFO] [stderr]     |        ^^^^^^^^^^^
[INFO] [stderr] ...
[INFO] [stderr] 162 |     fn find_path(&self, source: &Point2d, target: &Point2d) -> Option<Vec<Point2d>> {
[INFO] [stderr]     |        ^^^^^^^^^
[INFO] [stderr] 
[INFO] [stderr] warning: method `new_point_in_grid` is never used
[INFO] [stderr]    --> src/algorithms/jps.rs:285:8
[INFO] [stderr]     |
[INFO] [stderr] 261 | impl PathFinder {
[INFO] [stderr]     | --------------- method in this implementation
[INFO] [stderr] ...
[INFO] [stderr] 285 |     fn new_point_in_grid(&self, point: &Point2d, direction: Direction) -> Option<Point2d> {
[INFO] [stderr]     |        ^^^^^^^^^^^^^^^^^
[INFO] [stderr] 
[INFO] [stderr] warning: methods `distance` and `successors` are never used
[INFO] [stderr]   --> src/algorithms/astar.rs:46:8
[INFO] [stderr]    |
[INFO] [stderr] 36 | impl Point2d {
[INFO] [stderr]    | ------------ methods in this implementation
[INFO] [stderr] ...
[INFO] [stderr] 46 |     fn distance(&self, other: &Self) -> u32 {
[INFO] [stderr]    |        ^^^^^^^^
[INFO] [stderr] ...
[INFO] [stderr] 50 |     fn successors(&self) -> Vec<(Point2d, u32)> {
[INFO] [stderr]    |        ^^^^^^^^^^
[INFO] [stderr]    |
[INFO] [stderr]    = note: `#[warn(dead_code)]` on by default
[INFO] [stderr] 
[INFO] [stderr] warning: fields `grid` and `came_from_grid` are never read
[INFO] [stderr]    --> src/algorithms/astar.rs:152:5
[INFO] [stderr]     |
[INFO] [stderr] 149 | struct PathFinder {
[INFO] [stderr]     |        ---------- fields in this struct
[INFO] [stderr] ...
[INFO] [stderr] 152 |     grid: Array2<u8>,
[INFO] [stderr]     |     ^^^^
[INFO] [stderr] 153 |     came_from_grid: Array2<u8>,
[INFO] [stderr]     |     ^^^^^^^^^^^^^^
[INFO] [stderr] 
[INFO] [stderr] warning: method `update_grid` is never used
[INFO] [stderr]    --> src/algorithms/astar.rs:158:8
[INFO] [stderr]     |
[INFO] [stderr] 157 | impl PathFinder {
[INFO] [stderr]     | --------------- method in this implementation
[INFO] [stderr] 158 |     fn update_grid(&mut self, grid: Array2<u8>) {
[INFO] [stderr]     |        ^^^^^^^^^^^
[INFO] [stderr] 
[INFO] [stderr] warning: `py_pathfinding` (lib) generated 12 warnings
[INFO] [stderr] warning: `py_pathfinding` (lib test) generated 5 warnings (2 duplicates)
[INFO] [stderr] warning: unused `Result` that must be used
[INFO] [stderr]   --> src/main.rs:16:9
[INFO] [stderr]    |
[INFO] [stderr] 16 |         file.write_fmt(format_args!("{},{}\n", x, y));
[INFO] [stderr]    |         ^^^^^^^^^^^^^^^^^^^^^^^^^^^^^^^^^^^^^^^^^^^^^
[INFO] [stderr]    |
[INFO] [stderr]    = note: this `Result` may be an `Err` variant, which should be handled
[INFO] [stderr]    = note: `#[warn(unused_must_use)]` on by default
[INFO] [stderr] help: use `let _ = ...` to ignore the resulting value
[INFO] [stderr]    |
[INFO] [stderr] 16 |         let _ = file.write_fmt(format_args!("{},{}\n", x, y));
[INFO] [stderr]    |         +++++++
[INFO] [stderr] 
[INFO] [stderr] warning: `py_pathfinding` (bin "py_pathfinding" test) generated 6 warnings (5 duplicates)
[INFO] [stderr]     Finished `test` profile [unoptimized + debuginfo] target(s) in 0.01s
[INFO] [stderr]      Running unittests src/lib.rs (/opt/rustwide/target/debug/deps/py_pathfinding-df431018c2c12c70)
[INFO] [stdout] 
[INFO] [stdout] running 7 tests
[INFO] [stdout] test algorithms::astar::tests::bench_astar_test ... ok
[INFO] [stdout] test algorithms::jps::tests::bench_jps_test ... ok
[INFO] [stdout] test algorithms::jps::tests::bench_jps_test_out_of_bounds1 ... ok
[INFO] [stdout] test algorithms::jps::tests::bench_jps_test_out_of_bounds2 ... ok
[INFO] [stdout] test algorithms::astar::tests::bench_astar_test_from_file ... FAILED
[INFO] [stdout] test algorithms::jps::tests::bench_jps_test_from_file ... FAILED
[INFO] [stdout] test algorithms::jps::tests::bench_jps_test_from_file_no_path ... FAILED
[INFO] [stdout] 
[INFO] [stdout] failures:
[INFO] [stdout] 
[INFO] [stdout] ---- algorithms::astar::tests::bench_astar_test_from_file stdout ----
[INFO] [stdout] thread 'algorithms::astar::tests::bench_astar_test_from_file' panicked at src/algorithms/astar.rs:310:47:
[INFO] [stdout] called `Result::unwrap()` on an `Err` value: Os { code: 2, kind: NotFound, message: "No such file or directory" }
[INFO] [stdout] stack backtrace:
[INFO] [stdout]    0:     0x5bb73c8805ba - std::backtrace_rs::backtrace::libunwind::trace::h207520d6e9873551
[INFO] [stdout]                                at /rustc/df4ca44d3fbc9301ee17f30f4d474e6ae4b05252/library/std/src/../../backtrace/src/backtrace/libunwind.rs:116:5
[INFO] [stdout]    1:     0x5bb73c8805ba - std::backtrace_rs::backtrace::trace_unsynchronized::h2ed7433f370e3eca
[INFO] [stdout]                                at /rustc/df4ca44d3fbc9301ee17f30f4d474e6ae4b05252/library/std/src/../../backtrace/src/backtrace/mod.rs:66:5
[INFO] [stdout]    2:     0x5bb73c8805ba - std::sys::backtrace::_print_fmt::h916fac51166b18d7
[INFO] [stdout]                                at /rustc/df4ca44d3fbc9301ee17f30f4d474e6ae4b05252/library/std/src/sys/backtrace.rs:66:9
[INFO] [stdout]    3:     0x5bb73c8805ba - <std::sys::backtrace::BacktraceLock::print::DisplayBacktrace as core::fmt::Display>::fmt::ha0a4c9b8ce3802e6
[INFO] [stdout]                                at /rustc/df4ca44d3fbc9301ee17f30f4d474e6ae4b05252/library/std/src/sys/backtrace.rs:39:26
[INFO] [stdout]    4:     0x5bb73c8a6b63 - core::fmt::rt::Argument::fmt::h4cfc8587d52b3eb5
[INFO] [stdout]                                at /rustc/df4ca44d3fbc9301ee17f30f4d474e6ae4b05252/library/core/src/fmt/rt.rs:177:76
[INFO] [stdout]    5:     0x5bb73c8a6b63 - core::fmt::write::h522cc39e5b36ae9f
[INFO] [stdout]                                at /rustc/df4ca44d3fbc9301ee17f30f4d474e6ae4b05252/library/core/src/fmt/mod.rs:1190:21
[INFO] [stdout]    6:     0x5bb73c87d223 - std::io::Write::write_fmt::h7d3c26752da97734
[INFO] [stdout]                                at /rustc/df4ca44d3fbc9301ee17f30f4d474e6ae4b05252/library/std/src/io/mod.rs:1839:15
[INFO] [stdout]    7:     0x5bb73c880402 - std::sys::backtrace::BacktraceLock::print::h4b9e00b29e9c0942
[INFO] [stdout]                                at /rustc/df4ca44d3fbc9301ee17f30f4d474e6ae4b05252/library/std/src/sys/backtrace.rs:42:9
[INFO] [stdout]    8:     0x5bb73c881a4a - std::panicking::default_hook::{{closure}}::hb59b88280d0324d9
[INFO] [stdout]                                at /rustc/df4ca44d3fbc9301ee17f30f4d474e6ae4b05252/library/std/src/panicking.rs:268:22
[INFO] [stdout]    9:     0x5bb73c881854 - std::panicking::default_hook::he1dd496665be4a29
[INFO] [stdout]                                at /rustc/df4ca44d3fbc9301ee17f30f4d474e6ae4b05252/library/std/src/panicking.rs:292:9
[INFO] [stdout]   10:     0x5bb73c84b629 - <alloc::boxed::Box<F,A> as core::ops::function::Fn<Args>>::call::h4ff71de18744e1dc
[INFO] [stdout]                                at /rustc/df4ca44d3fbc9301ee17f30f4d474e6ae4b05252/library/alloc/src/boxed.rs:2468:9
[INFO] [stdout]   11:     0x5bb73c84b629 - test::test_main::{{closure}}::hcf7c055ce117aa81
[INFO] [stdout]                                at /rustc/df4ca44d3fbc9301ee17f30f4d474e6ae4b05252/library/test/src/lib.rs:133:21
[INFO] [stdout]   12:     0x5bb73c882148 - <alloc::boxed::Box<F,A> as core::ops::function::Fn<Args>>::call::h1d66c6bbd60c9692
[INFO] [stdout]                                at /rustc/df4ca44d3fbc9301ee17f30f4d474e6ae4b05252/library/alloc/src/boxed.rs:2468:9
[INFO] [stdout]   13:     0x5bb73c882148 - std::panicking::rust_panic_with_hook::h2ff17fe8f26dfcf8
[INFO] [stdout]                                at /rustc/df4ca44d3fbc9301ee17f30f4d474e6ae4b05252/library/std/src/panicking.rs:809:13
[INFO] [stdout]   14:     0x5bb73c881f0a - std::panicking::begin_panic_handler::{{closure}}::h4fad77951c07e101
[INFO] [stdout]                                at /rustc/df4ca44d3fbc9301ee17f30f4d474e6ae4b05252/library/std/src/panicking.rs:674:13
[INFO] [stdout]   15:     0x5bb73c880a99 - std::sys::backtrace::__rust_end_short_backtrace::hb1a25b3da5d0ea08
[INFO] [stdout]                                at /rustc/df4ca44d3fbc9301ee17f30f4d474e6ae4b05252/library/std/src/sys/backtrace.rs:170:18
[INFO] [stdout]   16:     0x5bb73c881b9c - rust_begin_unwind
[INFO] [stdout]                                at /rustc/df4ca44d3fbc9301ee17f30f4d474e6ae4b05252/library/std/src/panicking.rs:665:5
[INFO] [stdout]   17:     0x5bb73c8a5560 - core::panicking::panic_fmt::ha9db07b529f9b256
[INFO] [stdout]                                at /rustc/df4ca44d3fbc9301ee17f30f4d474e6ae4b05252/library/core/src/panicking.rs:75:14
[INFO] [stdout]   18:     0x5bb73c8a59a6 - core::result::unwrap_failed::h5e8218e4d4338b8a
[INFO] [stdout]                                at /rustc/df4ca44d3fbc9301ee17f30f4d474e6ae4b05252/library/core/src/result.rs:1698:5
[INFO] [stdout]   19:     0x5bb73c802e39 - core::result::Result<T,E>::unwrap::ha1f860437d0e16b1
[INFO] [stdout]                                at /rustc/df4ca44d3fbc9301ee17f30f4d474e6ae4b05252/library/core/src/result.rs:1103:23
[INFO] [stdout]   20:     0x5bb73c802e39 - py_pathfinding::algorithms::astar::tests::bench_astar_test_from_file::hd4870bf99f231f82
[INFO] [stdout]                                at /opt/rustwide/workdir/src/algorithms/astar.rs:310:40
[INFO] [stdout]   21:     0x5bb73c802d88 - py_pathfinding::algorithms::astar::tests::bench_astar_test_from_file::{{closure}}::hb1671296ca18c61d
[INFO] [stdout]                                at /opt/rustwide/workdir/src/algorithms/astar.rs:308:51
[INFO] [stdout]   22:     0x5bb73c7f976f - core::ops::function::FnOnce::call_once::h1849df840de3a38d
[INFO] [stdout]                                at /rustc/df4ca44d3fbc9301ee17f30f4d474e6ae4b05252/library/core/src/ops/function.rs:250:5
[INFO] [stdout]   23:     0x5bb73c84fe71 - test::types::RunnableTest::run::{{closure}}::{{closure}}::h901981d1440e1488
[INFO] [stdout]                                at /rustc/df4ca44d3fbc9301ee17f30f4d474e6ae4b05252/library/test/src/types.rs:148:76
[INFO] [stdout]   24:     0x5bb73c84fe71 - test::__rust_begin_short_backtrace::h25faf78152b8f968
[INFO] [stdout]                                at /rustc/df4ca44d3fbc9301ee17f30f4d474e6ae4b05252/library/test/src/lib.rs:621:18
[INFO] [stdout]   25:     0x5bb73c84a409 - test::types::RunnableTest::run::{{closure}}::h3facc247c1d27ccd
[INFO] [stdout]                                at /rustc/df4ca44d3fbc9301ee17f30f4d474e6ae4b05252/library/test/src/types.rs:148:44
[INFO] [stdout]   26:     0x5bb73c84a409 - test::bench::Bencher::bench::h998761e94f43501c
[INFO] [stdout]                                at /rustc/df4ca44d3fbc9301ee17f30f4d474e6ae4b05252/library/test/src/bench.rs:54:22
[INFO] [stdout]   27:     0x5bb73c84a409 - test::bench::run_once::hb00624ab8c3ff226
[INFO] [stdout]                                at /rustc/df4ca44d3fbc9301ee17f30f4d474e6ae4b05252/library/test/src/bench.rs:243:5
[INFO] [stdout]   28:     0x5bb73c84a409 - test::types::RunnableTest::run::h1b7d3770922d0f48
[INFO] [stdout]                                at /rustc/df4ca44d3fbc9301ee17f30f4d474e6ae4b05252/library/test/src/types.rs:148:17
[INFO] [stdout]   29:     0x5bb73c84f877 - test::run_test_in_process::{{closure}}::h33235f4f20b7b7c7
[INFO] [stdout]                                at /rustc/df4ca44d3fbc9301ee17f30f4d474e6ae4b05252/library/test/src/lib.rs:644:60
[INFO] [stdout]   30:     0x5bb73c84f877 - <core::panic::unwind_safe::AssertUnwindSafe<F> as core::ops::function::FnOnce<()>>::call_once::hb5043206310c586f
[INFO] [stdout]                                at /rustc/df4ca44d3fbc9301ee17f30f4d474e6ae4b05252/library/core/src/panic/unwind_safe.rs:272:9
[INFO] [stdout]   31:     0x5bb73c84f877 - std::panicking::try::do_call::h9ad4731a60ab23e2
[INFO] [stdout]                                at /rustc/df4ca44d3fbc9301ee17f30f4d474e6ae4b05252/library/std/src/panicking.rs:557:40
[INFO] [stdout]   32:     0x5bb73c84f877 - std::panicking::try::h3824d23db772a716
[INFO] [stdout]                                at /rustc/df4ca44d3fbc9301ee17f30f4d474e6ae4b05252/library/std/src/panicking.rs:520:19
[INFO] [stdout]   33:     0x5bb73c84f877 - std::panic::catch_unwind::h5afd514605fde46b
[INFO] [stdout]                                at /rustc/df4ca44d3fbc9301ee17f30f4d474e6ae4b05252/library/std/src/panic.rs:358:14
[INFO] [stdout]   34:     0x5bb73c84f877 - test::run_test_in_process::h0d5cbfa7067d1720
[INFO] [stdout]                                at /rustc/df4ca44d3fbc9301ee17f30f4d474e6ae4b05252/library/test/src/lib.rs:644:27
[INFO] [stdout]   35:     0x5bb73c84f877 - test::run_test::{{closure}}::h708eb8872708115d
[INFO] [stdout]                                at /rustc/df4ca44d3fbc9301ee17f30f4d474e6ae4b05252/library/test/src/lib.rs:565:43
[INFO] [stdout]   36:     0x5bb73c812d14 - test::run_test::{{closure}}::h392c51cee94713ab
[INFO] [stdout]                                at /rustc/df4ca44d3fbc9301ee17f30f4d474e6ae4b05252/library/test/src/lib.rs:595:41
[INFO] [stdout]   37:     0x5bb73c812d14 - std::sys::backtrace::__rust_begin_short_backtrace::h2f40290710935a8b
[INFO] [stdout]                                at /rustc/df4ca44d3fbc9301ee17f30f4d474e6ae4b05252/library/std/src/sys/backtrace.rs:154:18
[INFO] [stdout]   38:     0x5bb73c8164be - std::thread::Builder::spawn_unchecked_::{{closure}}::{{closure}}::h3fd968d89053a903
[INFO] [stdout]                                at /rustc/df4ca44d3fbc9301ee17f30f4d474e6ae4b05252/library/std/src/thread/mod.rs:541:17
[INFO] [stdout]   39:     0x5bb73c8164be - <core::panic::unwind_safe::AssertUnwindSafe<F> as core::ops::function::FnOnce<()>>::call_once::h743f637ba4229880
[INFO] [stdout]                                at /rustc/df4ca44d3fbc9301ee17f30f4d474e6ae4b05252/library/core/src/panic/unwind_safe.rs:272:9
[INFO] [stdout]   40:     0x5bb73c8164be - std::panicking::try::do_call::h07440897322525a6
[INFO] [stdout]                                at /rustc/df4ca44d3fbc9301ee17f30f4d474e6ae4b05252/library/std/src/panicking.rs:557:40
[INFO] [stdout]   41:     0x5bb73c8164be - std::panicking::try::he5a2e00188156637
[INFO] [stdout]                                at /rustc/df4ca44d3fbc9301ee17f30f4d474e6ae4b05252/library/std/src/panicking.rs:520:19
[INFO] [stdout]   42:     0x5bb73c8164be - std::panic::catch_unwind::hbaf3cae49b3c6433
[INFO] [stdout]                                at /rustc/df4ca44d3fbc9301ee17f30f4d474e6ae4b05252/library/std/src/panic.rs:358:14
[INFO] [stdout]   43:     0x5bb73c8164be - std::thread::Builder::spawn_unchecked_::{{closure}}::h8e141ea224820bce
[INFO] [stdout]                                at /rustc/df4ca44d3fbc9301ee17f30f4d474e6ae4b05252/library/std/src/thread/mod.rs:540:30
[INFO] [stdout]   44:     0x5bb73c8164be - core::ops::function::FnOnce::call_once{{vtable.shim}}::h90d312fedd7b8ea8
[INFO] [stdout]                                at /rustc/df4ca44d3fbc9301ee17f30f4d474e6ae4b05252/library/core/src/ops/function.rs:250:5
[INFO] [stdout]   45:     0x5bb73c885f4b - <alloc::boxed::Box<F,A> as core::ops::function::FnOnce<Args>>::call_once::h69aa08ddb6adb8b6
[INFO] [stdout]                                at /rustc/df4ca44d3fbc9301ee17f30f4d474e6ae4b05252/library/alloc/src/boxed.rs:2454:9
[INFO] [stdout]   46:     0x5bb73c885f4b - <alloc::boxed::Box<F,A> as core::ops::function::FnOnce<Args>>::call_once::h5aa36efdb79c806f
[INFO] [stdout]                                at /rustc/df4ca44d3fbc9301ee17f30f4d474e6ae4b05252/library/alloc/src/boxed.rs:2454:9
[INFO] [stdout]   47:     0x5bb73c885f4b - std::sys::pal::unix::thread::Thread::new::thread_start::h6cd80a1b4be5158d
[INFO] [stdout]                                at /rustc/df4ca44d3fbc9301ee17f30f4d474e6ae4b05252/library/std/src/sys/pal/unix/thread.rs:105:17
[INFO] [stdout]   48:     0x76e028198ac3 - <unknown>
[INFO] [stdout]   49:     0x76e028229a04 - clone
[INFO] [stdout]   50:                0x0 - <unknown>
[INFO] [stdout] 
[INFO] [stdout] ---- algorithms::jps::tests::bench_jps_test_from_file stdout ----
[INFO] [stdout] thread 'algorithms::jps::tests::bench_jps_test_from_file' panicked at src/algorithms/jps.rs:587:37:
[INFO] [stdout] called `Result::unwrap()` on an `Err` value: Os { code: 2, kind: NotFound, message: "No such file or directory" }
[INFO] [stdout] stack backtrace:
[INFO] [stdout]    0:     0x5bb73c8805ba - std::backtrace_rs::backtrace::libunwind::trace::h207520d6e9873551
[INFO] [stdout]                                at /rustc/df4ca44d3fbc9301ee17f30f4d474e6ae4b05252/library/std/src/../../backtrace/src/backtrace/libunwind.rs:116:5
[INFO] [stdout]    1:     0x5bb73c8805ba - std::backtrace_rs::backtrace::trace_unsynchronized::h2ed7433f370e3eca
[INFO] [stdout]                                at /rustc/df4ca44d3fbc9301ee17f30f4d474e6ae4b05252/library/std/src/../../backtrace/src/backtrace/mod.rs:66:5
[INFO] [stdout]    2:     0x5bb73c8805ba - std::sys::backtrace::_print_fmt::h916fac51166b18d7
[INFO] [stdout]                                at /rustc/df4ca44d3fbc9301ee17f30f4d474e6ae4b05252/library/std/src/sys/backtrace.rs:66:9
[INFO] [stdout]    3:     0x5bb73c8805ba - <std::sys::backtrace::BacktraceLock::print::DisplayBacktrace as core::fmt::Display>::fmt::ha0a4c9b8ce3802e6
[INFO] [stdout]                                at /rustc/df4ca44d3fbc9301ee17f30f4d474e6ae4b05252/library/std/src/sys/backtrace.rs:39:26
[INFO] [stdout]    4:     0x5bb73c8a6b63 - core::fmt::rt::Argument::fmt::h4cfc8587d52b3eb5
[INFO] [stdout]                                at /rustc/df4ca44d3fbc9301ee17f30f4d474e6ae4b05252/library/core/src/fmt/rt.rs:177:76
[INFO] [stdout]    5:     0x5bb73c8a6b63 - core::fmt::write::h522cc39e5b36ae9f
[INFO] [stdout]                                at /rustc/df4ca44d3fbc9301ee17f30f4d474e6ae4b05252/library/core/src/fmt/mod.rs:1190:21
[INFO] [stdout]    6:     0x5bb73c87d223 - std::io::Write::write_fmt::h7d3c26752da97734
[INFO] [stdout]                                at /rustc/df4ca44d3fbc9301ee17f30f4d474e6ae4b05252/library/std/src/io/mod.rs:1839:15
[INFO] [stdout]    7:     0x5bb73c880402 - std::sys::backtrace::BacktraceLock::print::h4b9e00b29e9c0942
[INFO] [stdout]                                at /rustc/df4ca44d3fbc9301ee17f30f4d474e6ae4b05252/library/std/src/sys/backtrace.rs:42:9
[INFO] [stdout]    8:     0x5bb73c881a4a - std::panicking::default_hook::{{closure}}::hb59b88280d0324d9
[INFO] [stdout]                                at /rustc/df4ca44d3fbc9301ee17f30f4d474e6ae4b05252/library/std/src/panicking.rs:268:22
[INFO] [stdout]    9:     0x5bb73c881854 - std::panicking::default_hook::he1dd496665be4a29
[INFO] [stdout]                                at /rustc/df4ca44d3fbc9301ee17f30f4d474e6ae4b05252/library/std/src/panicking.rs:292:9
[INFO] [stdout]   10:     0x5bb73c84b629 - <alloc::boxed::Box<F,A> as core::ops::function::Fn<Args>>::call::h4ff71de18744e1dc
[INFO] [stdout]                                at /rustc/df4ca44d3fbc9301ee17f30f4d474e6ae4b05252/library/alloc/src/boxed.rs:2468:9
[INFO] [stdout]   11:     0x5bb73c84b629 - test::test_main::{{closure}}::hcf7c055ce117aa81
[INFO] [stdout]                                at /rustc/df4ca44d3fbc9301ee17f30f4d474e6ae4b05252/library/test/src/lib.rs:133:21
[INFO] [stdout]   12:     0x5bb73c882148 - <alloc::boxed::Box<F,A> as core::ops::function::Fn<Args>>::call::h1d66c6bbd60c9692
[INFO] [stdout]                                at /rustc/df4ca44d3fbc9301ee17f30f4d474e6ae4b05252/library/alloc/src/boxed.rs:2468:9
[INFO] [stdout]   13:     0x5bb73c882148 - std::panicking::rust_panic_with_hook::h2ff17fe8f26dfcf8
[INFO] [stdout]                                at /rustc/df4ca44d3fbc9301ee17f30f4d474e6ae4b05252/library/std/src/panicking.rs:809:13
[INFO] [stdout]   14:     0x5bb73c881f0a - std::panicking::begin_panic_handler::{{closure}}::h4fad77951c07e101
[INFO] [stdout]                                at /rustc/df4ca44d3fbc9301ee17f30f4d474e6ae4b05252/library/std/src/panicking.rs:674:13
[INFO] [stdout]   15:     0x5bb73c880a99 - std::sys::backtrace::__rust_end_short_backtrace::hb1a25b3da5d0ea08
[INFO] [stdout]                                at /rustc/df4ca44d3fbc9301ee17f30f4d474e6ae4b05252/library/std/src/sys/backtrace.rs:170:18
[INFO] [stdout]   16:     0x5bb73c881b9c - rust_begin_unwind
[INFO] [stdout]                                at /rustc/df4ca44d3fbc9301ee17f30f4d474e6ae4b05252/library/std/src/panicking.rs:665:5
[INFO] [stdout]   17:     0x5bb73c8a5560 - core::panicking::panic_fmt::ha9db07b529f9b256
[INFO] [stdout]                                at /rustc/df4ca44d3fbc9301ee17f30f4d474e6ae4b05252/library/core/src/panicking.rs:75:14
[INFO] [stdout]   18:     0x5bb73c8a59a6 - core::result::unwrap_failed::h5e8218e4d4338b8a
[INFO] [stdout]                                at /rustc/df4ca44d3fbc9301ee17f30f4d474e6ae4b05252/library/core/src/result.rs:1698:5
[INFO] [stdout]   19:     0x5bb73c80e168 - core::result::Result<T,E>::unwrap::hbd2a81fc1b8bf85b
[INFO] [stdout]                                at /rustc/df4ca44d3fbc9301ee17f30f4d474e6ae4b05252/library/core/src/result.rs:1103:23
[INFO] [stdout]   20:     0x5bb73c80e168 - py_pathfinding::algorithms::jps::read_grid_from_file::h96fb374c3bb29d56
[INFO] [stdout]                                at /opt/rustwide/workdir/src/algorithms/jps.rs:587:20
[INFO] [stdout]   21:     0x5bb73c8032b1 - py_pathfinding::algorithms::jps::tests::bench_jps_test_from_file::h8a467254a31ac874
[INFO] [stdout]                                at /opt/rustwide/workdir/src/algorithms/jps.rs:616:22
[INFO] [stdout]   22:     0x5bb73c803258 - py_pathfinding::algorithms::jps::tests::bench_jps_test_from_file::{{closure}}::hc85ec8d05da1e7b0
[INFO] [stdout]                                at /opt/rustwide/workdir/src/algorithms/jps.rs:614:49
[INFO] [stdout]   23:     0x5bb73c7f9b1f - core::ops::function::FnOnce::call_once::h9a630bb98d6cd9c5
[INFO] [stdout]                                at /rustc/df4ca44d3fbc9301ee17f30f4d474e6ae4b05252/library/core/src/ops/function.rs:250:5
[INFO] [stdout]   24:     0x5bb73c84fe71 - test::types::RunnableTest::run::{{closure}}::{{closure}}::h901981d1440e1488
[INFO] [stdout]                                at /rustc/df4ca44d3fbc9301ee17f30f4d474e6ae4b05252/library/test/src/types.rs:148:76
[INFO] [stdout]   25:     0x5bb73c84fe71 - test::__rust_begin_short_backtrace::h25faf78152b8f968
[INFO] [stdout]                                at /rustc/df4ca44d3fbc9301ee17f30f4d474e6ae4b05252/library/test/src/lib.rs:621:18
[INFO] [stdout]   26:     0x5bb73c84a409 - test::types::RunnableTest::run::{{closure}}::h3facc247c1d27ccd
[INFO] [stdout]                                at /rustc/df4ca44d3fbc9301ee17f30f4d474e6ae4b05252/library/test/src/types.rs:148:44
[INFO] [stdout]   27:     0x5bb73c84a409 - test::bench::Bencher::bench::h998761e94f43501c
[INFO] [stdout]                                at /rustc/df4ca44d3fbc9301ee17f30f4d474e6ae4b05252/library/test/src/bench.rs:54:22
[INFO] [stdout]   28:     0x5bb73c84a409 - test::bench::run_once::hb00624ab8c3ff226
[INFO] [stdout]                                at /rustc/df4ca44d3fbc9301ee17f30f4d474e6ae4b05252/library/test/src/bench.rs:243:5
[INFO] [stdout]   29:     0x5bb73c84a409 - test::types::RunnableTest::run::h1b7d3770922d0f48
[INFO] [stdout]                                at /rustc/df4ca44d3fbc9301ee17f30f4d474e6ae4b05252/library/test/src/types.rs:148:17
[INFO] [stdout]   30:     0x5bb73c84f877 - test::run_test_in_process::{{closure}}::h33235f4f20b7b7c7
[INFO] [stdout]                                at /rustc/df4ca44d3fbc9301ee17f30f4d474e6ae4b05252/library/test/src/lib.rs:644:60
[INFO] [stdout]   31:     0x5bb73c84f877 - <core::panic::unwind_safe::AssertUnwindSafe<F> as core::ops::function::FnOnce<()>>::call_once::hb5043206310c586f
[INFO] [stdout]                                at /rustc/df4ca44d3fbc9301ee17f30f4d474e6ae4b05252/library/core/src/panic/unwind_safe.rs:272:9
[INFO] [stdout]   32:     0x5bb73c84f877 - std::panicking::try::do_call::h9ad4731a60ab23e2
[INFO] [stdout]                                at /rustc/df4ca44d3fbc9301ee17f30f4d474e6ae4b05252/library/std/src/panicking.rs:557:40
[INFO] [stdout]   33:     0x5bb73c84f877 - std::panicking::try::h3824d23db772a716
[INFO] [stdout]                                at /rustc/df4ca44d3fbc9301ee17f30f4d474e6ae4b05252/library/std/src/panicking.rs:520:19
[INFO] [stdout]   34:     0x5bb73c84f877 - std::panic::catch_unwind::h5afd514605fde46b
[INFO] [stdout]                                at /rustc/df4ca44d3fbc9301ee17f30f4d474e6ae4b05252/library/std/src/panic.rs:358:14
[INFO] [stdout]   35:     0x5bb73c84f877 - test::run_test_in_process::h0d5cbfa7067d1720
[INFO] [stdout]                                at /rustc/df4ca44d3fbc9301ee17f30f4d474e6ae4b05252/library/test/src/lib.rs:644:27
[INFO] [stdout]   36:     0x5bb73c84f877 - test::run_test::{{closure}}::h708eb8872708115d
[INFO] [stdout]                                at /rustc/df4ca44d3fbc9301ee17f30f4d474e6ae4b05252/library/test/src/lib.rs:565:43
[INFO] [stdout]   37:     0x5bb73c812d14 - test::run_test::{{closure}}::h392c51cee94713ab
[INFO] [stdout]                                at /rustc/df4ca44d3fbc9301ee17f30f4d474e6ae4b05252/library/test/src/lib.rs:595:41
[INFO] [stdout]   38:     0x5bb73c812d14 - std::sys::backtrace::__rust_begin_short_backtrace::h2f40290710935a8b
[INFO] [stdout]                                at /rustc/df4ca44d3fbc9301ee17f30f4d474e6ae4b05252/library/std/src/sys/backtrace.rs:154:18
[INFO] [stdout]   39:     0x5bb73c8164be - std::thread::Builder::spawn_unchecked_::{{closure}}::{{closure}}::h3fd968d89053a903
[INFO] [stdout]                                at /rustc/df4ca44d3fbc9301ee17f30f4d474e6ae4b05252/library/std/src/thread/mod.rs:541:17
[INFO] [stdout]   40:     0x5bb73c8164be - <core::panic::unwind_safe::AssertUnwindSafe<F> as core::ops::function::FnOnce<()>>::call_once::h743f637ba4229880
[INFO] [stdout]                                at /rustc/df4ca44d3fbc9301ee17f30f4d474e6ae4b05252/library/core/src/panic/unwind_safe.rs:272:9
[INFO] [stdout]   41:     0x5bb73c8164be - std::panicking::try::do_call::h07440897322525a6
[INFO] [stdout]                                at /rustc/df4ca44d3fbc9301ee17f30f4d474e6ae4b05252/library/std/src/panicking.rs:557:40
[INFO] [stdout]   42:     0x5bb73c8164be - std::panicking::try::he5a2e00188156637
[INFO] [stdout]                                at /rustc/df4ca44d3fbc9301ee17f30f4d474e6ae4b05252/library/std/src/panicking.rs:520:19
[INFO] [stdout]   43:     0x5bb73c8164be - std::panic::catch_unwind::hbaf3cae49b3c6433
[INFO] [stdout]                                at /rustc/df4ca44d3fbc9301ee17f30f4d474e6ae4b05252/library/std/src/panic.rs:358:14
[INFO] [stdout]   44:     0x5bb73c8164be - std::thread::Builder::spawn_unchecked_::{{closure}}::h8e141ea224820bce
[INFO] [stdout]                                at /rustc/df4ca44d3fbc9301ee17f30f4d474e6ae4b05252/library/std/src/thread/mod.rs:540:30
[INFO] [stdout]   45:     0x5bb73c8164be - core::ops::function::FnOnce::call_once{{vtable.shim}}::h90d312fedd7b8ea8
[INFO] [stdout]                                at /rustc/df4ca44d3fbc9301ee17f30f4d474e6ae4b05252/library/core/src/ops/function.rs:250:5
[INFO] [stdout]   46:     0x5bb73c885f4b - <alloc::boxed::Box<F,A> as core::ops::function::FnOnce<Args>>::call_once::h69aa08ddb6adb8b6
[INFO] [stdout]                                at /rustc/df4ca44d3fbc9301ee17f30f4d474e6ae4b05252/library/alloc/src/boxed.rs:2454:9
[INFO] [stdout]   47:     0x5bb73c885f4b - <alloc::boxed::Box<F,A> as core::ops::function::FnOnce<Args>>::call_once::h5aa36efdb79c806f
[INFO] [stdout]                                at /rustc/df4ca44d3fbc9301ee17f30f4d474e6ae4b05252/library/alloc/src/boxed.rs:2454:9
[INFO] [stdout]   48:     0x5bb73c885f4b - std::sys::pal::unix::thread::Thread::new::thread_start::h6cd80a1b4be5158d
[INFO] [stdout]                                at /rustc/df4ca44d3fbc9301ee17f30f4d474e6ae4b05252/library/std/src/sys/pal/unix/thread.rs:105:17
[INFO] [stdout]   49:     0x76e028198ac3 - <unknown>
[INFO] [stdout]   50:     0x76e028229a04 - clone
[INFO] [stdout]   51:                0x0 - <unknown>
[INFO] [stdout] 
[INFO] [stdout] ---- algorithms::jps::tests::bench_jps_test_from_file_no_path stdout ----
[INFO] [stdout] thread 'algorithms::jps::tests::bench_jps_test_from_file_no_path' panicked at src/algorithms/jps.rs:587:37:
[INFO] [stdout] called `Result::unwrap()` on an `Err` value: Os { code: 2, kind: NotFound, message: "No such file or directory" }
[INFO] [stdout] stack backtrace:
[INFO] [stdout]    0:     0x5bb73c8805ba - std::backtrace_rs::backtrace::libunwind::trace::h207520d6e9873551
[INFO] [stdout]                                at /rustc/df4ca44d3fbc9301ee17f30f4d474e6ae4b05252/library/std/src/../../backtrace/src/backtrace/libunwind.rs:116:5
[INFO] [stdout]    1:     0x5bb73c8805ba - std::backtrace_rs::backtrace::trace_unsynchronized::h2ed7433f370e3eca
[INFO] [stdout]                                at /rustc/df4ca44d3fbc9301ee17f30f4d474e6ae4b05252/library/std/src/../../backtrace/src/backtrace/mod.rs:66:5
[INFO] [stdout]    2:     0x5bb73c8805ba - std::sys::backtrace::_print_fmt::h916fac51166b18d7
[INFO] [stdout]                                at /rustc/df4ca44d3fbc9301ee17f30f4d474e6ae4b05252/library/std/src/sys/backtrace.rs:66:9
[INFO] [stdout]    3:     0x5bb73c8805ba - <std::sys::backtrace::BacktraceLock::print::DisplayBacktrace as core::fmt::Display>::fmt::ha0a4c9b8ce3802e6
[INFO] [stdout]                                at /rustc/df4ca44d3fbc9301ee17f30f4d474e6ae4b05252/library/std/src/sys/backtrace.rs:39:26
[INFO] [stdout]    4:     0x5bb73c8a6b63 - core::fmt::rt::Argument::fmt::h4cfc8587d52b3eb5
[INFO] [stdout]                                at /rustc/df4ca44d3fbc9301ee17f30f4d474e6ae4b05252/library/core/src/fmt/rt.rs:177:76
[INFO] [stdout]    5:     0x5bb73c8a6b63 - core::fmt::write::h522cc39e5b36ae9f
[INFO] [stdout]                                at /rustc/df4ca44d3fbc9301ee17f30f4d474e6ae4b05252/library/core/src/fmt/mod.rs:1190:21
[INFO] [stdout]    6:     0x5bb73c87d223 - std::io::Write::write_fmt::h7d3c26752da97734
[INFO] [stdout]                                at /rustc/df4ca44d3fbc9301ee17f30f4d474e6ae4b05252/library/std/src/io/mod.rs:1839:15
[INFO] [stdout]    7:     0x5bb73c880402 - std::sys::backtrace::BacktraceLock::print::h4b9e00b29e9c0942
[INFO] [stdout]                                at /rustc/df4ca44d3fbc9301ee17f30f4d474e6ae4b05252/library/std/src/sys/backtrace.rs:42:9
[INFO] [stdout]    8:     0x5bb73c881a4a - std::panicking::default_hook::{{closure}}::hb59b88280d0324d9
[INFO] [stdout]                                at /rustc/df4ca44d3fbc9301ee17f30f4d474e6ae4b05252/library/std/src/panicking.rs:268:22
[INFO] [stdout]    9:     0x5bb73c881854 - std::panicking::default_hook::he1dd496665be4a29
[INFO] [stdout]                                at /rustc/df4ca44d3fbc9301ee17f30f4d474e6ae4b05252/library/std/src/panicking.rs:292:9
[INFO] [stdout]   10:     0x5bb73c84b629 - <alloc::boxed::Box<F,A> as core::ops::function::Fn<Args>>::call::h4ff71de18744e1dc
[INFO] [stdout]                                at /rustc/df4ca44d3fbc9301ee17f30f4d474e6ae4b05252/library/alloc/src/boxed.rs:2468:9
[INFO] [stdout]   11:     0x5bb73c84b629 - test::test_main::{{closure}}::hcf7c055ce117aa81
[INFO] [stdout]                                at /rustc/df4ca44d3fbc9301ee17f30f4d474e6ae4b05252/library/test/src/lib.rs:133:21
[INFO] [stdout]   12:     0x5bb73c882148 - <alloc::boxed::Box<F,A> as core::ops::function::Fn<Args>>::call::h1d66c6bbd60c9692
[INFO] [stdout]                                at /rustc/df4ca44d3fbc9301ee17f30f4d474e6ae4b05252/library/alloc/src/boxed.rs:2468:9
[INFO] [stdout]   13:     0x5bb73c882148 - std::panicking::rust_panic_with_hook::h2ff17fe8f26dfcf8
[INFO] [stdout]                                at /rustc/df4ca44d3fbc9301ee17f30f4d474e6ae4b05252/library/std/src/panicking.rs:809:13
[INFO] [stdout]   14:     0x5bb73c881f0a - std::panicking::begin_panic_handler::{{closure}}::h4fad77951c07e101
[INFO] [stdout]                                at /rustc/df4ca44d3fbc9301ee17f30f4d474e6ae4b05252/library/std/src/panicking.rs:674:13
[INFO] [stdout]   15:     0x5bb73c880a99 - std::sys::backtrace::__rust_end_short_backtrace::hb1a25b3da5d0ea08
[INFO] [stdout]                                at /rustc/df4ca44d3fbc9301ee17f30f4d474e6ae4b05252/library/std/src/sys/backtrace.rs:170:18
[INFO] [stdout]   16:     0x5bb73c881b9c - rust_begin_unwind
[INFO] [stdout]                                at /rustc/df4ca44d3fbc9301ee17f30f4d474e6ae4b05252/library/std/src/panicking.rs:665:5
[INFO] [stdout]   17:     0x5bb73c8a5560 - core::panicking::panic_fmt::ha9db07b529f9b256
[INFO] [stdout]                                at /rustc/df4ca44d3fbc9301ee17f30f4d474e6ae4b05252/library/core/src/panicking.rs:75:14
[INFO] [stdout]   18:     0x5bb73c8a59a6 - core::result::unwrap_failed::h5e8218e4d4338b8a
[INFO] [stdout]                                at /rustc/df4ca44d3fbc9301ee17f30f4d474e6ae4b05252/library/core/src/result.rs:1698:5
[INFO] [stdout]   19:     0x5bb73c80e168 - core::result::Result<T,E>::unwrap::hbd2a81fc1b8bf85b
[INFO] [stdout]                                at /rustc/df4ca44d3fbc9301ee17f30f4d474e6ae4b05252/library/core/src/result.rs:1103:23
[INFO] [stdout]   20:     0x5bb73c80e168 - py_pathfinding::algorithms::jps::read_grid_from_file::h96fb374c3bb29d56
[INFO] [stdout]                                at /opt/rustwide/workdir/src/algorithms/jps.rs:587:20
[INFO] [stdout]   21:     0x5bb73c803797 - py_pathfinding::algorithms::jps::tests::bench_jps_test_from_file_no_path::he570d1f6449b87a4
[INFO] [stdout]                                at /opt/rustwide/workdir/src/algorithms/jps.rs:635:22
[INFO] [stdout]   22:     0x5bb73c803738 - py_pathfinding::algorithms::jps::tests::bench_jps_test_from_file_no_path::{{closure}}::h8f238b16ec809326
[INFO] [stdout]                                at /opt/rustwide/workdir/src/algorithms/jps.rs:633:57
[INFO] [stdout]   23:     0x5bb73c7f990f - core::ops::function::FnOnce::call_once::h65e99286b39baffe
[INFO] [stdout]                                at /rustc/df4ca44d3fbc9301ee17f30f4d474e6ae4b05252/library/core/src/ops/function.rs:250:5
[INFO] [stdout]   24:     0x5bb73c84fe71 - test::types::RunnableTest::run::{{closure}}::{{closure}}::h901981d1440e1488
[INFO] [stdout]                                at /rustc/df4ca44d3fbc9301ee17f30f4d474e6ae4b05252/library/test/src/types.rs:148:76
[INFO] [stdout]   25:     0x5bb73c84fe71 - test::__rust_begin_short_backtrace::h25faf78152b8f968
[INFO] [stdout]                                at /rustc/df4ca44d3fbc9301ee17f30f4d474e6ae4b05252/library/test/src/lib.rs:621:18
[INFO] [stdout]   26:     0x5bb73c84a409 - test::types::RunnableTest::run::{{closure}}::h3facc247c1d27ccd
[INFO] [stdout]                                at /rustc/df4ca44d3fbc9301ee17f30f4d474e6ae4b05252/library/test/src/types.rs:148:44
[INFO] [stdout]   27:     0x5bb73c84a409 - test::bench::Bencher::bench::h998761e94f43501c
[INFO] [stdout]                                at /rustc/df4ca44d3fbc9301ee17f30f4d474e6ae4b05252/library/test/src/bench.rs:54:22
[INFO] [stdout]   28:     0x5bb73c84a409 - test::bench::run_once::hb00624ab8c3ff226
[INFO] [stdout]                                at /rustc/df4ca44d3fbc9301ee17f30f4d474e6ae4b05252/library/test/src/bench.rs:243:5
[INFO] [stdout]   29:     0x5bb73c84a409 - test::types::RunnableTest::run::h1b7d3770922d0f48
[INFO] [stdout]                                at /rustc/df4ca44d3fbc9301ee17f30f4d474e6ae4b05252/library/test/src/types.rs:148:17
[INFO] [stdout]   30:     0x5bb73c84f877 - test::run_test_in_process::{{closure}}::h33235f4f20b7b7c7
[INFO] [stdout]                                at /rustc/df4ca44d3fbc9301ee17f30f4d474e6ae4b05252/library/test/src/lib.rs:644:60
[INFO] [stdout]   31:     0x5bb73c84f877 - <core::panic::unwind_safe::AssertUnwindSafe<F> as core::ops::function::FnOnce<()>>::call_once::hb5043206310c586f
[INFO] [stdout]                                at /rustc/df4ca44d3fbc9301ee17f30f4d474e6ae4b05252/library/core/src/panic/unwind_safe.rs:272:9
[INFO] [stdout]   32:     0x5bb73c84f877 - std::panicking::try::do_call::h9ad4731a60ab23e2
[INFO] [stdout]                                at /rustc/df4ca44d3fbc9301ee17f30f4d474e6ae4b05252/library/std/src/panicking.rs:557:40
[INFO] [stdout]   33:     0x5bb73c84f877 - std::panicking::try::h3824d23db772a716
[INFO] [stdout]                                at /rustc/df4ca44d3fbc9301ee17f30f4d474e6ae4b05252/library/std/src/panicking.rs:520:19
[INFO] [stdout]   34:     0x5bb73c84f877 - std::panic::catch_unwind::h5afd514605fde46b
[INFO] [stdout]                                at /rustc/df4ca44d3fbc9301ee17f30f4d474e6ae4b05252/library/std/src/panic.rs:358:14
[INFO] [stdout]   35:     0x5bb73c84f877 - test::run_test_in_process::h0d5cbfa7067d1720
[INFO] [stdout]                                at /rustc/df4ca44d3fbc9301ee17f30f4d474e6ae4b05252/library/test/src/lib.rs:644:27
[INFO] [stdout]   36:     0x5bb73c84f877 - test::run_test::{{closure}}::h708eb8872708115d
[INFO] [stdout]                                at /rustc/df4ca44d3fbc9301ee17f30f4d474e6ae4b05252/library/test/src/lib.rs:565:43
[INFO] [stdout]   37:     0x5bb73c812d14 - test::run_test::{{closure}}::h392c51cee94713ab
[INFO] [stdout]                                at /rustc/df4ca44d3fbc9301ee17f30f4d474e6ae4b05252/library/test/src/lib.rs:595:41
[INFO] [stdout]   38:     0x5bb73c812d14 - std::sys::backtrace::__rust_begin_short_backtrace::h2f40290710935a8b
[INFO] [stdout]                                at /rustc/df4ca44d3fbc9301ee17f30f4d474e6ae4b05252/library/std/src/sys/backtrace.rs:154:18
[INFO] [stdout]   39:     0x5bb73c8164be - std::thread::Builder::spawn_unchecked_::{{closure}}::{{closure}}::h3fd968d89053a903
[INFO] [stdout]                                at /rustc/df4ca44d3fbc9301ee17f30f4d474e6ae4b05252/library/std/src/thread/mod.rs:541:17
[INFO] [stdout]   40:     0x5bb73c8164be - <core::panic::unwind_safe::AssertUnwindSafe<F> as core::ops::function::FnOnce<()>>::call_once::h743f637ba4229880
[INFO] [stdout]                                at /rustc/df4ca44d3fbc9301ee17f30f4d474e6ae4b05252/library/core/src/panic/unwind_safe.rs:272:9
[INFO] [stdout]   41:     0x5bb73c8164be - std::panicking::try::do_call::h07440897322525a6
[INFO] [stdout]                                at /rustc/df4ca44d3fbc9301ee17f30f4d474e6ae4b05252/library/std/src/panicking.rs:557:40
[INFO] [stdout]   42:     0x5bb73c8164be - std::panicking::try::he5a2e00188156637
[INFO] [stdout]                                at /rustc/df4ca44d3fbc9301ee17f30f4d474e6ae4b05252/library/std/src/panicking.rs:520:19
[INFO] [stdout]   43:     0x5bb73c8164be - std::panic::catch_unwind::hbaf3cae49b3c6433
[INFO] [stdout]                                at /rustc/df4ca44d3fbc9301ee17f30f4d474e6ae4b05252/library/std/src/panic.rs:358:14
[INFO] [stdout]   44:     0x5bb73c8164be - std::thread::Builder::spawn_unchecked_::{{closure}}::h8e141ea224820bce
[INFO] [stdout]                                at /rustc/df4ca44d3fbc9301ee17f30f4d474e6ae4b05252/library/std/src/thread/mod.rs:540:30
[INFO] [stdout]   45:     0x5bb73c8164be - core::ops::function::FnOnce::call_once{{vtable.shim}}::h90d312fedd7b8ea8
[INFO] [stdout]                                at /rustc/df4ca44d3fbc9301ee17f30f4d474e6ae4b05252/library/core/src/ops/function.rs:250:5
[INFO] [stdout]   46:     0x5bb73c885f4b - <alloc::boxed::Box<F,A> as core::ops::function::FnOnce<Args>>::call_once::h69aa08ddb6adb8b6
[INFO] [stdout]                                at /rustc/df4ca44d3fbc9301ee17f30f4d474e6ae4b05252/library/alloc/src/boxed.rs:2454:9
[INFO] [stdout]   47:     0x5bb73c885f4b - <alloc::boxed::Box<F,A> as core::ops::function::FnOnce<Args>>::call_once::h5aa36efdb79c806f
[INFO] [stdout]                                at /rustc/df4ca44d3fbc9301ee17f30f4d474e6ae4b05252/library/alloc/src/boxed.rs:2454:9
[INFO] [stdout]   48:     0x5bb73c885f4b - std::sys::pal::unix::thread::Thread::new::thread_start::h6cd80a1b4be5158d
[INFO] [stdout]                                at /rustc/df4ca44d3fbc9301ee17f30f4d474e6ae4b05252/library/std/src/sys/pal/unix/thread.rs:105:17
[INFO] [stdout]   49:     0x76e028198ac3 - <unknown>
[INFO] [stdout]   50:     0x76e028229a04 - clone
[INFO] [stdout]   51:                0x0 - <unknown>
[INFO] [stdout] 
[INFO] [stdout] 
[INFO] [stdout] failures:
[INFO] [stdout]     algorithms::astar::tests::bench_astar_test_from_file
[INFO] [stdout]     algorithms::jps::tests::bench_jps_test_from_file
[INFO] [stdout]     algorithms::jps::tests::bench_jps_test_from_file_no_path
[INFO] [stdout] 
[INFO] [stderr] error: test failed, to rerun pass `--lib`
[INFO] [stdout] test result: FAILED. 4 passed; 3 failed; 0 ignored; 0 measured; 0 filtered out; finished in 0.02s
[INFO] [stdout] 
[INFO] running `Command { std: "docker" "inspect" "36962db48f59822c0decb0f835391006aad65475aaa79ac1c8c199dcf6d4f650", kill_on_drop: false }`
[INFO] running `Command { std: "docker" "rm" "-f" "36962db48f59822c0decb0f835391006aad65475aaa79ac1c8c199dcf6d4f650", kill_on_drop: false }`
[INFO] [stdout] 36962db48f59822c0decb0f835391006aad65475aaa79ac1c8c199dcf6d4f650
