[INFO] fetching crate puzzle24 0.1.0...
[INFO] testing puzzle24-0.1.0 against nightly-2024-10-28+rustflags=-Zrandomize-layout for randomize-layout
[INFO] extracting crate puzzle24 0.1.0 into /workspace/builds/worker-6-tc2/source
[INFO] validating manifest of crates.io crate puzzle24 0.1.0 on toolchain nightly-2024-10-28
[INFO] running `Command { std: CARGO_HOME="/workspace/cargo-home" RUSTUP_HOME="/workspace/rustup-home" "/workspace/cargo-home/bin/cargo" "+nightly-2024-10-28" "metadata" "--manifest-path" "Cargo.toml" "--no-deps", kill_on_drop: false }`
[INFO] started tweaking crates.io crate puzzle24 0.1.0
[INFO] finished tweaking crates.io crate puzzle24 0.1.0
[INFO] tweaked toml for crates.io crate puzzle24 0.1.0 written to /workspace/builds/worker-6-tc2/source/Cargo.toml
[INFO] running `Command { std: CARGO_HOME="/workspace/cargo-home" RUSTUP_HOME="/workspace/rustup-home" "/workspace/cargo-home/bin/cargo" "+nightly-2024-10-28" "generate-lockfile" "--manifest-path" "Cargo.toml", kill_on_drop: false }`
[INFO] running `Command { std: CARGO_HOME="/workspace/cargo-home" RUSTUP_HOME="/workspace/rustup-home" "/workspace/cargo-home/bin/cargo" "+nightly-2024-10-28" "fetch" "--manifest-path" "Cargo.toml", kill_on_drop: false }`
[INFO] running `Command { std: "docker" "create" "-v" "/var/lib/crater-agent-workspace/builds/worker-6-tc2/target:/opt/rustwide/target:rw,Z" "-v" "/var/lib/crater-agent-workspace/builds/worker-6-tc2/source:/opt/rustwide/workdir:ro,Z" "-v" "/var/lib/crater-agent-workspace/cargo-home:/opt/rustwide/cargo-home:ro,Z" "-v" "/var/lib/crater-agent-workspace/rustup-home:/opt/rustwide/rustup-home:ro,Z" "-e" "SOURCE_DIR=/opt/rustwide/workdir" "-e" "CARGO_TARGET_DIR=/opt/rustwide/target" "-e" "CARGO_HOME=/opt/rustwide/cargo-home" "-e" "RUSTUP_HOME=/opt/rustwide/rustup-home" "-w" "/opt/rustwide/workdir" "-m" "1610612736" "--user" "0:0" "--network" "none" "ghcr.io/rust-lang/crates-build-env/linux@sha256:4a844ea9eb2546a2d2c7022eacef16ef2e8229c7fbb2c7d4d55a9ceca922f72d" "/opt/rustwide/cargo-home/bin/cargo" "+nightly-2024-10-28" "metadata" "--no-deps" "--format-version=1", kill_on_drop: false }`
[INFO] [stdout] ad9dc191087574975ea855ceb24f7d2bc3cf5571acba7b8fa6a117c8b5bbe738
[INFO] running `Command { std: "docker" "start" "-a" "ad9dc191087574975ea855ceb24f7d2bc3cf5571acba7b8fa6a117c8b5bbe738", kill_on_drop: false }`
[INFO] running `Command { std: "docker" "inspect" "ad9dc191087574975ea855ceb24f7d2bc3cf5571acba7b8fa6a117c8b5bbe738", kill_on_drop: false }`
[INFO] running `Command { std: "docker" "rm" "-f" "ad9dc191087574975ea855ceb24f7d2bc3cf5571acba7b8fa6a117c8b5bbe738", kill_on_drop: false }`
[INFO] [stdout] ad9dc191087574975ea855ceb24f7d2bc3cf5571acba7b8fa6a117c8b5bbe738
[INFO] running `Command { std: "docker" "create" "-v" "/var/lib/crater-agent-workspace/builds/worker-6-tc2/target:/opt/rustwide/target:rw,Z" "-v" "/var/lib/crater-agent-workspace/builds/worker-6-tc2/source:/opt/rustwide/workdir:ro,Z" "-v" "/var/lib/crater-agent-workspace/cargo-home:/opt/rustwide/cargo-home:ro,Z" "-v" "/var/lib/crater-agent-workspace/rustup-home:/opt/rustwide/rustup-home:ro,Z" "-e" "SOURCE_DIR=/opt/rustwide/workdir" "-e" "CARGO_TARGET_DIR=/opt/rustwide/target" "-e" "CARGO_INCREMENTAL=0" "-e" "RUST_BACKTRACE=full" "-e" "RUSTFLAGS=--cap-lints=forbid -Zrandomize-layout" "-e" "RUSTDOCFLAGS=--cap-lints=forbid" "-e" "CARGO_HOME=/opt/rustwide/cargo-home" "-e" "RUSTUP_HOME=/opt/rustwide/rustup-home" "-w" "/opt/rustwide/workdir" "-m" "1610612736" "--user" "0:0" "--network" "none" "ghcr.io/rust-lang/crates-build-env/linux@sha256:4a844ea9eb2546a2d2c7022eacef16ef2e8229c7fbb2c7d4d55a9ceca922f72d" "/opt/rustwide/cargo-home/bin/cargo" "+nightly-2024-10-28" "build" "--frozen" "--message-format=json", kill_on_drop: false }`
[INFO] [stdout] 96805d8618c677f45c1d0e18a42cca977a32127b8b33f15ec1f91aa75adeee42
[INFO] running `Command { std: "docker" "start" "-a" "96805d8618c677f45c1d0e18a42cca977a32127b8b33f15ec1f91aa75adeee42", kill_on_drop: false }`
[INFO] [stderr]    Compiling puzzle24 v0.1.0 (/opt/rustwide/workdir)
[INFO] [stderr]     Finished `dev` profile [unoptimized + debuginfo] target(s) in 0.37s
[INFO] running `Command { std: "docker" "inspect" "96805d8618c677f45c1d0e18a42cca977a32127b8b33f15ec1f91aa75adeee42", kill_on_drop: false }`
[INFO] running `Command { std: "docker" "rm" "-f" "96805d8618c677f45c1d0e18a42cca977a32127b8b33f15ec1f91aa75adeee42", kill_on_drop: false }`
[INFO] [stdout] 96805d8618c677f45c1d0e18a42cca977a32127b8b33f15ec1f91aa75adeee42
[INFO] running `Command { std: "docker" "create" "-v" "/var/lib/crater-agent-workspace/builds/worker-6-tc2/target:/opt/rustwide/target:rw,Z" "-v" "/var/lib/crater-agent-workspace/builds/worker-6-tc2/source:/opt/rustwide/workdir:ro,Z" "-v" "/var/lib/crater-agent-workspace/cargo-home:/opt/rustwide/cargo-home:ro,Z" "-v" "/var/lib/crater-agent-workspace/rustup-home:/opt/rustwide/rustup-home:ro,Z" "-e" "SOURCE_DIR=/opt/rustwide/workdir" "-e" "CARGO_TARGET_DIR=/opt/rustwide/target" "-e" "CARGO_INCREMENTAL=0" "-e" "RUST_BACKTRACE=full" "-e" "RUSTFLAGS=--cap-lints=forbid -Zrandomize-layout" "-e" "RUSTDOCFLAGS=--cap-lints=forbid" "-e" "CARGO_HOME=/opt/rustwide/cargo-home" "-e" "RUSTUP_HOME=/opt/rustwide/rustup-home" "-w" "/opt/rustwide/workdir" "-m" "1610612736" "--user" "0:0" "--network" "none" "ghcr.io/rust-lang/crates-build-env/linux@sha256:4a844ea9eb2546a2d2c7022eacef16ef2e8229c7fbb2c7d4d55a9ceca922f72d" "/opt/rustwide/cargo-home/bin/cargo" "+nightly-2024-10-28" "test" "--frozen" "--no-run" "--message-format=json", kill_on_drop: false }`
[INFO] [stdout] 8d22c469f65529ee62826afc54c308392705a4691bd523d87021e1c8bf74bd7f
[INFO] running `Command { std: "docker" "start" "-a" "8d22c469f65529ee62826afc54c308392705a4691bd523d87021e1c8bf74bd7f", kill_on_drop: false }`
[INFO] [stderr]    Compiling puzzle24 v0.1.0 (/opt/rustwide/workdir)
[INFO] [stderr]     Finished `test` profile [unoptimized + debuginfo] target(s) in 0.29s
[INFO] running `Command { std: "docker" "inspect" "8d22c469f65529ee62826afc54c308392705a4691bd523d87021e1c8bf74bd7f", kill_on_drop: false }`
[INFO] running `Command { std: "docker" "rm" "-f" "8d22c469f65529ee62826afc54c308392705a4691bd523d87021e1c8bf74bd7f", kill_on_drop: false }`
[INFO] [stdout] 8d22c469f65529ee62826afc54c308392705a4691bd523d87021e1c8bf74bd7f
[INFO] running `Command { std: "docker" "create" "-v" "/var/lib/crater-agent-workspace/builds/worker-6-tc2/target:/opt/rustwide/target:rw,Z" "-v" "/var/lib/crater-agent-workspace/builds/worker-6-tc2/source:/opt/rustwide/workdir:ro,Z" "-v" "/var/lib/crater-agent-workspace/cargo-home:/opt/rustwide/cargo-home:ro,Z" "-v" "/var/lib/crater-agent-workspace/rustup-home:/opt/rustwide/rustup-home:ro,Z" "-e" "SOURCE_DIR=/opt/rustwide/workdir" "-e" "CARGO_TARGET_DIR=/opt/rustwide/target" "-e" "CARGO_INCREMENTAL=0" "-e" "RUST_BACKTRACE=full" "-e" "RUSTFLAGS=--cap-lints=forbid -Zrandomize-layout" "-e" "RUSTDOCFLAGS=--cap-lints=forbid" "-e" "CARGO_HOME=/opt/rustwide/cargo-home" "-e" "RUSTUP_HOME=/opt/rustwide/rustup-home" "-w" "/opt/rustwide/workdir" "-m" "1610612736" "--user" "0:0" "--network" "none" "ghcr.io/rust-lang/crates-build-env/linux@sha256:4a844ea9eb2546a2d2c7022eacef16ef2e8229c7fbb2c7d4d55a9ceca922f72d" "/opt/rustwide/cargo-home/bin/cargo" "+nightly-2024-10-28" "test" "--frozen", kill_on_drop: false }`
[INFO] [stdout] 97aff79ac3aa5022a62df10d73dcd9494ad2cb59d15d9d8879163c7437b29335
[INFO] running `Command { std: "docker" "start" "-a" "97aff79ac3aa5022a62df10d73dcd9494ad2cb59d15d9d8879163c7437b29335", kill_on_drop: false }`
[INFO] [stderr]     Finished `test` profile [unoptimized + debuginfo] target(s) in 0.01s
[INFO] [stderr]      Running unittests src/lib.rs (/opt/rustwide/target/debug/deps/puzzle24-b9cb2b6ef9109d70)
[INFO] [stdout] 
[INFO] [stdout] running 0 tests
[INFO] [stdout] 
[INFO] [stdout] test result: ok. 0 passed; 0 failed; 0 ignored; 0 measured; 0 filtered out; finished in 0.00s
[INFO] [stdout] 
[INFO] [stderr]    Doc-tests puzzle24
[INFO] [stdout] 
[INFO] [stdout] running 3 tests
[INFO] [stdout] test src/grid/general.rs - grid::general::Puzzle24Grid (line 24) ... ignored
[INFO] [stdout] test src/grid/general.rs - grid::general::Puzzle24Grid::set_gap_tile_unchecked (line 68) ... FAILED
[INFO] [stdout] test src/grid/general.rs - grid::general::Puzzle24Grid::clear_cell (line 53) ... FAILED
[INFO] [stdout] 
[INFO] [stdout] failures:
[INFO] [stdout] 
[INFO] [stdout] ---- src/grid/general.rs - grid::general::Puzzle24Grid::set_gap_tile_unchecked (line 68) stdout ----
[INFO] [stdout] error[E0424]: expected value, found module `self`
[INFO] [stdout]  --> src/grid/general.rs:69:1
[INFO] [stdout]   |
[INFO] [stdout] 2 | fn main() { #[allow(non_snake_case)] fn _doctest_main_src_grid_general_rs_68_0() {
[INFO] [stdout]   |                                         -------------------------------------- this function can't have a `self` parameter
[INFO] [stdout] 3 | self.set_tile( cell, PuzzleTile::GAP );
[INFO] [stdout]   | ^^^^ `self` value is a keyword only available in methods with a `self` parameter
[INFO] [stdout] 
[INFO] [stdout] error[E0425]: cannot find value `cell` in this scope
[INFO] [stdout]  --> src/grid/general.rs:69:16
[INFO] [stdout]   |
[INFO] [stdout] 3 | self.set_tile( cell, PuzzleTile::GAP );
[INFO] [stdout]   |                ^^^^ not found in this scope
[INFO] [stdout] 
[INFO] [stdout] error[E0433]: failed to resolve: use of undeclared type `PuzzleTile`
[INFO] [stdout]  --> src/grid/general.rs:69:22
[INFO] [stdout]   |
[INFO] [stdout] 3 | self.set_tile( cell, PuzzleTile::GAP );
[INFO] [stdout]   |                      ^^^^^^^^^^ use of undeclared type `PuzzleTile`
[INFO] [stdout]   |
[INFO] [stdout] help: consider importing this struct
[INFO] [stdout]   |
[INFO] [stdout] 2 + use puzzle24::PuzzleTile;
[INFO] [stdout]   |
[INFO] [stdout] 
[INFO] [stdout] error: aborting due to 3 previous errors
[INFO] [stdout] 
[INFO] [stdout] Some errors have detailed explanations: E0424, E0425, E0433.
[INFO] [stdout] For more information about an error, try `rustc --explain E0424`.
[INFO] [stdout] Couldn't compile the test.
[INFO] [stdout] ---- src/grid/general.rs - grid::general::Puzzle24Grid::clear_cell (line 53) stdout ----
[INFO] [stdout] error[E0424]: expected value, found module `self`
[INFO] [stdout]  --> src/grid/general.rs:54:1
[INFO] [stdout]   |
[INFO] [stdout] 2 | fn main() { #[allow(non_snake_case)] fn _doctest_main_src_grid_general_rs_53_0() {
[INFO] [stdout]   |                                         -------------------------------------- this function can't have a `self` parameter
[INFO] [stdout] 3 | self.set_tile( cell, PuzzleTile::GAP );
[INFO] [stdout]   | ^^^^ `self` value is a keyword only available in methods with a `self` parameter
[INFO] [stdout] 
[INFO] [stdout] error[E0425]: cannot find value `cell` in this scope
[INFO] [stdout]  --> src/grid/general.rs:54:16
[INFO] [stdout]   |
[INFO] [stdout] 3 | self.set_tile( cell, PuzzleTile::GAP );
[INFO] [stdout]   |                ^^^^ not found in this scope
[INFO] [stdout] 
[INFO] [stdout] error[E0433]: failed to resolve: use of undeclared type `PuzzleTile`
[INFO] [stdout]  --> src/grid/general.rs:54:22
[INFO] [stdout]   |
[INFO] [stdout] 3 | self.set_tile( cell, PuzzleTile::GAP );
[INFO] [stdout]   |                      ^^^^^^^^^^ use of undeclared type `PuzzleTile`
[INFO] [stdout]   |
[INFO] [stdout] help: consider importing this struct
[INFO] [stdout]   |
[INFO] [stdout] 2 + use puzzle24::PuzzleTile;
[INFO] [stdout]   |
[INFO] [stdout] 
[INFO] [stdout] error: aborting due to 3 previous errors
[INFO] [stdout] 
[INFO] [stdout] Some errors have detailed explanations: E0424, E0425, E0433.
[INFO] [stdout] For more information about an error, try `rustc --explain E0424`.
[INFO] [stdout] Couldn't compile the test.
[INFO] [stdout] 
[INFO] [stdout] failures:
[INFO] [stdout]     src/grid/general.rs - grid::general::Puzzle24Grid::clear_cell (line 53)
[INFO] [stdout]     src/grid/general.rs - grid::general::Puzzle24Grid::set_gap_tile_unchecked (line 68)
[INFO] [stdout] 
[INFO] [stdout] test result: FAILED. 0 passed; 2 failed; 1 ignored; 0 measured; 0 filtered out; finished in 0.07s
[INFO] [stdout] 
[INFO] [stderr] error: doctest failed, to rerun pass `--doc`
[INFO] running `Command { std: "docker" "inspect" "97aff79ac3aa5022a62df10d73dcd9494ad2cb59d15d9d8879163c7437b29335", kill_on_drop: false }`
[INFO] running `Command { std: "docker" "rm" "-f" "97aff79ac3aa5022a62df10d73dcd9494ad2cb59d15d9d8879163c7437b29335", kill_on_drop: false }`
[INFO] [stdout] 97aff79ac3aa5022a62df10d73dcd9494ad2cb59d15d9d8879163c7437b29335
