[INFO] fetching crate pusher 0.4.5...
[INFO] testing pusher-0.4.5 against nightly-2024-10-28+rustflags=-Zrandomize-layout for randomize-layout
[INFO] extracting crate pusher 0.4.5 into /workspace/builds/worker-6-tc2/source
[INFO] validating manifest of crates.io crate pusher 0.4.5 on toolchain nightly-2024-10-28
[INFO] running `Command { std: CARGO_HOME="/workspace/cargo-home" RUSTUP_HOME="/workspace/rustup-home" "/workspace/cargo-home/bin/cargo" "+nightly-2024-10-28" "metadata" "--manifest-path" "Cargo.toml" "--no-deps", kill_on_drop: false }`
[INFO] started tweaking crates.io crate pusher 0.4.5
[INFO] removed 0 missing examples
[INFO] finished tweaking crates.io crate pusher 0.4.5
[INFO] tweaked toml for crates.io crate pusher 0.4.5 written to /workspace/builds/worker-6-tc2/source/Cargo.toml
[INFO] crate crates.io crate pusher 0.4.5 already has a lockfile, it will not be regenerated
[INFO] running `Command { std: CARGO_HOME="/workspace/cargo-home" RUSTUP_HOME="/workspace/rustup-home" "/workspace/cargo-home/bin/cargo" "+nightly-2024-10-28" "fetch" "--manifest-path" "Cargo.toml", kill_on_drop: false }`
[INFO] running `Command { std: "docker" "create" "-v" "/var/lib/crater-agent-workspace/builds/worker-6-tc2/target:/opt/rustwide/target:rw,Z" "-v" "/var/lib/crater-agent-workspace/builds/worker-6-tc2/source:/opt/rustwide/workdir:ro,Z" "-v" "/var/lib/crater-agent-workspace/cargo-home:/opt/rustwide/cargo-home:ro,Z" "-v" "/var/lib/crater-agent-workspace/rustup-home:/opt/rustwide/rustup-home:ro,Z" "-e" "SOURCE_DIR=/opt/rustwide/workdir" "-e" "CARGO_TARGET_DIR=/opt/rustwide/target" "-e" "CARGO_HOME=/opt/rustwide/cargo-home" "-e" "RUSTUP_HOME=/opt/rustwide/rustup-home" "-w" "/opt/rustwide/workdir" "-m" "1610612736" "--user" "0:0" "--network" "none" "ghcr.io/rust-lang/crates-build-env/linux@sha256:4a844ea9eb2546a2d2c7022eacef16ef2e8229c7fbb2c7d4d55a9ceca922f72d" "/opt/rustwide/cargo-home/bin/cargo" "+nightly-2024-10-28" "metadata" "--no-deps" "--format-version=1", kill_on_drop: false }`
[INFO] [stdout] 724ccd74dc48b2eb8947e4ff9bb937200867fb4b48d61342fe7097dd2fc2698f
[INFO] running `Command { std: "docker" "start" "-a" "724ccd74dc48b2eb8947e4ff9bb937200867fb4b48d61342fe7097dd2fc2698f", kill_on_drop: false }`
[INFO] running `Command { std: "docker" "inspect" "724ccd74dc48b2eb8947e4ff9bb937200867fb4b48d61342fe7097dd2fc2698f", kill_on_drop: false }`
[INFO] running `Command { std: "docker" "rm" "-f" "724ccd74dc48b2eb8947e4ff9bb937200867fb4b48d61342fe7097dd2fc2698f", kill_on_drop: false }`
[INFO] [stdout] 724ccd74dc48b2eb8947e4ff9bb937200867fb4b48d61342fe7097dd2fc2698f
[INFO] running `Command { std: "docker" "create" "-v" "/var/lib/crater-agent-workspace/builds/worker-6-tc2/target:/opt/rustwide/target:rw,Z" "-v" "/var/lib/crater-agent-workspace/builds/worker-6-tc2/source:/opt/rustwide/workdir:ro,Z" "-v" "/var/lib/crater-agent-workspace/cargo-home:/opt/rustwide/cargo-home:ro,Z" "-v" "/var/lib/crater-agent-workspace/rustup-home:/opt/rustwide/rustup-home:ro,Z" "-e" "SOURCE_DIR=/opt/rustwide/workdir" "-e" "CARGO_TARGET_DIR=/opt/rustwide/target" "-e" "CARGO_INCREMENTAL=0" "-e" "RUST_BACKTRACE=full" "-e" "RUSTFLAGS=--cap-lints=forbid -Zrandomize-layout" "-e" "RUSTDOCFLAGS=--cap-lints=forbid" "-e" "CARGO_HOME=/opt/rustwide/cargo-home" "-e" "RUSTUP_HOME=/opt/rustwide/rustup-home" "-w" "/opt/rustwide/workdir" "-m" "1610612736" "--user" "0:0" "--network" "none" "ghcr.io/rust-lang/crates-build-env/linux@sha256:4a844ea9eb2546a2d2c7022eacef16ef2e8229c7fbb2c7d4d55a9ceca922f72d" "/opt/rustwide/cargo-home/bin/cargo" "+nightly-2024-10-28" "build" "--frozen" "--message-format=json", kill_on_drop: false }`
[INFO] [stdout] 7109988a9efbe40655ab525c12e78b0750e172044c0ca291acae341591501334
[INFO] running `Command { std: "docker" "start" "-a" "7109988a9efbe40655ab525c12e78b0750e172044c0ca291acae341591501334", kill_on_drop: false }`
[INFO] [stderr]    Compiling autocfg v1.1.0
[INFO] [stderr]    Compiling typenum v1.15.0
[INFO] [stderr]    Compiling libc v0.2.132
[INFO] [stderr]    Compiling memchr v2.5.0
[INFO] [stderr]    Compiling log v0.4.17
[INFO] [stderr]    Compiling proc-macro2 v1.0.43
[INFO] [stderr]    Compiling futures-core v0.3.24
[INFO] [stderr]    Compiling pin-project-lite v0.2.9
[INFO] [stderr]    Compiling quote v1.0.21
[INFO] [stderr]    Compiling once_cell v1.14.0
[INFO] [stderr]    Compiling unicode-ident v1.0.3
[INFO] [stderr]    Compiling bytes v1.2.1
[INFO] [stderr]    Compiling syn v1.0.99
[INFO] [stderr]    Compiling futures-task v0.3.24
[INFO] [stderr]    Compiling generic-array v0.14.6
[INFO] [stderr]    Compiling itoa v1.0.3
[INFO] [stderr]    Compiling subtle v2.4.1
[INFO] [stderr]    Compiling serde_derive v1.0.144
[INFO] [stderr]    Compiling tracing-core v0.1.29
[INFO] [stderr]    Compiling fnv v1.0.7
[INFO] [stderr]    Compiling tinyvec_macros v0.1.0
[INFO] [stderr]    Compiling futures-util v0.3.24
[INFO] [stderr]    Compiling tinyvec v1.6.0
[INFO] [stderr]    Compiling httparse v1.8.0
[INFO] [stderr]    Compiling futures-channel v0.3.24
[INFO] [stderr]    Compiling serde v1.0.144
[INFO] [stderr]    Compiling hashbrown v0.12.3
[INFO] [stderr]    Compiling futures-sink v0.3.24
[INFO] [stderr]    Compiling unicode-bidi v0.3.8
[INFO] [stderr]    Compiling serde_json v1.0.85
[INFO] [stderr]    Compiling tokio v1.21.0
[INFO] [stderr]    Compiling indexmap v1.9.1
[INFO] [stderr]    Compiling slab v0.4.7
[INFO] [stderr]    Compiling http v0.2.8
[INFO] [stderr]    Compiling try-lock v0.2.3
[INFO] [stderr]    Compiling tracing v0.1.36
[INFO] [stderr]    Compiling percent-encoding v2.2.0
[INFO] [stderr]    Compiling aho-corasick v0.7.19
[INFO] [stderr]    Compiling want v0.3.0
[INFO] [stderr]    Compiling form_urlencoded v1.1.0
[INFO] [stderr]    Compiling cpufeatures v0.2.5
[INFO] [stderr]    Compiling socket2 v0.4.7
[INFO] [stderr]    Compiling mio v0.8.4
[INFO] [stderr]    Compiling ryu v1.0.11
[INFO] [stderr]    Compiling tower-service v0.3.2
[INFO] [stderr]    Compiling regex-syntax v0.6.27
[INFO] [stderr]    Compiling httpdate v1.0.2
[INFO] [stderr]    Compiling hex v0.4.3
[INFO] [stderr]    Compiling unicode-normalization v0.1.21
[INFO] [stderr]    Compiling http-body v0.4.5
[INFO] [stderr]    Compiling block-buffer v0.10.3
[INFO] [stderr]    Compiling crypto-common v0.1.6
[INFO] [stderr]    Compiling idna v0.3.0
[INFO] [stderr]    Compiling digest v0.10.3
[INFO] [stderr]    Compiling sha2 v0.10.5
[INFO] [stderr]    Compiling md-5 v0.10.4
[INFO] [stderr]    Compiling hmac v0.12.1
[INFO] [stderr]    Compiling url v2.3.1
[INFO] [stderr]    Compiling regex v1.6.0
[INFO] [stderr]    Compiling tokio-util v0.7.4
[INFO] [stderr]    Compiling h2 v0.3.14
[INFO] [stderr]    Compiling hyper v0.14.20
[INFO] [stderr]    Compiling pusher v0.4.5 (/opt/rustwide/workdir)
[INFO] [stderr]     Finished `dev` profile [unoptimized + debuginfo] target(s) in 8.56s
[INFO] running `Command { std: "docker" "inspect" "7109988a9efbe40655ab525c12e78b0750e172044c0ca291acae341591501334", kill_on_drop: false }`
[INFO] running `Command { std: "docker" "rm" "-f" "7109988a9efbe40655ab525c12e78b0750e172044c0ca291acae341591501334", kill_on_drop: false }`
[INFO] [stdout] 7109988a9efbe40655ab525c12e78b0750e172044c0ca291acae341591501334
[INFO] running `Command { std: "docker" "create" "-v" "/var/lib/crater-agent-workspace/builds/worker-6-tc2/target:/opt/rustwide/target:rw,Z" "-v" "/var/lib/crater-agent-workspace/builds/worker-6-tc2/source:/opt/rustwide/workdir:ro,Z" "-v" "/var/lib/crater-agent-workspace/cargo-home:/opt/rustwide/cargo-home:ro,Z" "-v" "/var/lib/crater-agent-workspace/rustup-home:/opt/rustwide/rustup-home:ro,Z" "-e" "SOURCE_DIR=/opt/rustwide/workdir" "-e" "CARGO_TARGET_DIR=/opt/rustwide/target" "-e" "CARGO_INCREMENTAL=0" "-e" "RUST_BACKTRACE=full" "-e" "RUSTFLAGS=--cap-lints=forbid -Zrandomize-layout" "-e" "RUSTDOCFLAGS=--cap-lints=forbid" "-e" "CARGO_HOME=/opt/rustwide/cargo-home" "-e" "RUSTUP_HOME=/opt/rustwide/rustup-home" "-w" "/opt/rustwide/workdir" "-m" "1610612736" "--user" "0:0" "--network" "none" "ghcr.io/rust-lang/crates-build-env/linux@sha256:4a844ea9eb2546a2d2c7022eacef16ef2e8229c7fbb2c7d4d55a9ceca922f72d" "/opt/rustwide/cargo-home/bin/cargo" "+nightly-2024-10-28" "test" "--frozen" "--no-run" "--message-format=json", kill_on_drop: false }`
[INFO] [stdout] fb583e21b1487b53b7f9e7d68911e1ecbe8faf7a6ba83f1a4cfefae6255b7899
[INFO] running `Command { std: "docker" "start" "-a" "fb583e21b1487b53b7f9e7d68911e1ecbe8faf7a6ba83f1a4cfefae6255b7899", kill_on_drop: false }`
[INFO] [stderr]    Compiling syn v1.0.99
[INFO] [stderr]    Compiling futures-channel v0.3.24
[INFO] [stderr]    Compiling futures-task v0.3.24
[INFO] [stderr]    Compiling futures-util v0.3.24
[INFO] [stderr]    Compiling tokio v1.21.0
[INFO] [stderr]    Compiling futures-io v0.3.24
[INFO] [stderr]    Compiling futures-macro v0.3.24
[INFO] [stderr]    Compiling tokio-macros v1.8.0
[INFO] [stderr]    Compiling serde_derive v1.0.144
[INFO] [stderr]    Compiling serde v1.0.144
[INFO] [stderr]    Compiling futures-executor v0.3.24
[INFO] [stderr]    Compiling tokio-util v0.7.4
[INFO] [stderr]    Compiling futures v0.3.24
[INFO] [stderr]    Compiling h2 v0.3.14
[INFO] [stderr]    Compiling serde_json v1.0.85
[INFO] [stderr]    Compiling hyper v0.14.20
[INFO] [stderr]    Compiling yup-hyper-mock v6.0.0
[INFO] [stderr]    Compiling pusher v0.4.5 (/opt/rustwide/workdir)
[INFO] [stderr]     Finished `test` profile [unoptimized + debuginfo] target(s) in 12.27s
[INFO] running `Command { std: "docker" "inspect" "fb583e21b1487b53b7f9e7d68911e1ecbe8faf7a6ba83f1a4cfefae6255b7899", kill_on_drop: false }`
[INFO] running `Command { std: "docker" "rm" "-f" "fb583e21b1487b53b7f9e7d68911e1ecbe8faf7a6ba83f1a4cfefae6255b7899", kill_on_drop: false }`
[INFO] [stdout] fb583e21b1487b53b7f9e7d68911e1ecbe8faf7a6ba83f1a4cfefae6255b7899
[INFO] running `Command { std: "docker" "create" "-v" "/var/lib/crater-agent-workspace/builds/worker-6-tc2/target:/opt/rustwide/target:rw,Z" "-v" "/var/lib/crater-agent-workspace/builds/worker-6-tc2/source:/opt/rustwide/workdir:ro,Z" "-v" "/var/lib/crater-agent-workspace/cargo-home:/opt/rustwide/cargo-home:ro,Z" "-v" "/var/lib/crater-agent-workspace/rustup-home:/opt/rustwide/rustup-home:ro,Z" "-e" "SOURCE_DIR=/opt/rustwide/workdir" "-e" "CARGO_TARGET_DIR=/opt/rustwide/target" "-e" "CARGO_INCREMENTAL=0" "-e" "RUST_BACKTRACE=full" "-e" "RUSTFLAGS=--cap-lints=forbid -Zrandomize-layout" "-e" "RUSTDOCFLAGS=--cap-lints=forbid" "-e" "CARGO_HOME=/opt/rustwide/cargo-home" "-e" "RUSTUP_HOME=/opt/rustwide/rustup-home" "-w" "/opt/rustwide/workdir" "-m" "1610612736" "--user" "0:0" "--network" "none" "ghcr.io/rust-lang/crates-build-env/linux@sha256:4a844ea9eb2546a2d2c7022eacef16ef2e8229c7fbb2c7d4d55a9ceca922f72d" "/opt/rustwide/cargo-home/bin/cargo" "+nightly-2024-10-28" "test" "--frozen", kill_on_drop: false }`
[INFO] [stdout] 990adf559064cf9b5996962b446dd5e31314474ac6bdb083014d0d653bea4b15
[INFO] running `Command { std: "docker" "start" "-a" "990adf559064cf9b5996962b446dd5e31314474ac6bdb083014d0d653bea4b15", kill_on_drop: false }`
[INFO] [stderr]     Finished `test` profile [unoptimized + debuginfo] target(s) in 0.22s
[INFO] [stderr]      Running unittests src/lib.rs (/opt/rustwide/target/debug/deps/pusher-447f2ebbea3cd467)
[INFO] [stdout] 
[INFO] [stdout] running 19 tests
[INFO] [stdout] test client::tests::test_channel_number_validation ... ok
[INFO] [stdout] test client::tests::test_client_webhook_validation ... ok
[INFO] [stdout] test client::tests::test_channel_format_validation ... ok
[INFO] [stdout] test client::tests::test_channel_length_validation ... ok
[INFO] [stdout] test client::tests::test_initialization_from_env ... ok
[INFO] [stdout] test client::tests::test_initialization_from_url ... ok
[INFO] [stdout] test client::tests::test_webhook_improper_key_case ... ok
[INFO] [stdout] test client::tests::test_webhook_improper_signature_case ... ok
[INFO] [stdout] test request_url::test_get_channel_url ... ok
[INFO] [stdout] test client::tests::test_socket_id_validation ... ok
[INFO] [stdout] test client::tests::test_private_channel_authentication ... ok
[INFO] [stdout] test client::tests::test_trigger_payload_size_validation ... ok
[INFO] [stdout] test request_url::test_get_channels_url ... ok
[INFO] [stdout] test client::tests::test_presence_channel_authentication ... ok
[INFO] [stdout] test client::tests::test_event_name_length_validation ... ok
[INFO] [stdout] test request_url::test_get_channels_url_with_no_params ... ok
[INFO] [stdout] test request_url::test_get_channels_url_with_one_additional_param ... ok
[INFO] [stdout] test request_url::test_get_users_url ... ok
[INFO] [stdout] test request_url::test_trigger_request_url ... ok
[INFO] [stdout] 
[INFO] [stdout] test result: ok. 19 passed; 0 failed; 0 ignored; 0 measured; 0 filtered out; finished in 0.01s
[INFO] [stdout] 
[INFO] [stderr]      Running tests/lib.rs (/opt/rustwide/target/debug/deps/lib-e37e6036bfff291d)
[INFO] [stdout] 
[INFO] [stdout] running 5 tests
[INFO] [stdout] test test_error_response_handler ... ok
[INFO] [stdout] test test_get_channel_users ... ok
[INFO] [stdout] test test_get_channel ... ok
[INFO] [stdout] test test_eb_trigger ... ok
[INFO] [stdout] test test_get_channels ... ok
[INFO] [stdout] 
[INFO] [stdout] test result: ok. 5 passed; 0 failed; 0 ignored; 0 measured; 0 filtered out; finished in 0.00s
[INFO] [stdout] 
[INFO] [stderr]    Doc-tests pusher
[INFO] [stdout] 
[INFO] [stdout] running 18 tests
[INFO] [stdout] test src/client.rs - client::Pusher<C>::authenticate_private_channel (line 556) ... ignored
[INFO] [stdout] test src/client.rs - client::Pusher<C>::webhook (line 648) ... ignored
[INFO] [stdout] test src/client.rs - client::PusherBuilder<HttpConnector>::from_env (line 87) ... ignored
[INFO] [stdout] test src/client.rs - client::Pusher<C>::authenticate_presence_channel (line 595) ... ok
[INFO] [stdout] test src/client.rs - client::Pusher<C>::channel (line 440) ... ok
[INFO] [stdout] test src/client.rs - client::Pusher<C>::trigger (line 208) ... ok
[INFO] [stdout] test src/client.rs - client::Pusher<C>::channel_with_options (line 460) ... ok
[INFO] [stdout] test src/client.rs - client::PusherBuilder<HttpConnector>::new (line 53) ... ok
[INFO] [stdout] test src/client.rs - client::PusherBuilder<HttpConnector>::from_url (line 70) ... ok
[INFO] [stdout] test src/client.rs - client::Pusher<C>::channels (line 365) ... ok
[INFO] [stdout] test src/client.rs - client::PusherBuilder<C>::secure (line 161) ... ok
[INFO] [stdout] test src/client.rs - client::Pusher<C>::trigger_multi_exclusive (line 285) ... ok
[INFO] [stdout] test src/client.rs - client::Pusher<C>::trigger_exclusive (line 240) ... ok
[INFO] [stdout] test src/client.rs - client::Pusher<C>::trigger_multi (line 263) ... ok
[INFO] [stdout] test src/client.rs - client::Pusher<C>::channel_users (line 509) ... ok
[INFO] [stdout] test src/client.rs - client::Pusher<C>::channels_with_options (line 386) ... ok
[INFO] [stdout] test src/client.rs - client::PusherBuilder<C>::host (line 150) ... ok
[INFO] [stdout] test src/lib.rs - (line 19) ... FAILED
[INFO] [stdout] 
[INFO] [stdout] failures:
[INFO] [stdout] 
[INFO] [stdout] ---- src/lib.rs - (line 19) stdout ----
[INFO] [stdout] Test executable failed (exit status: 101).
[INFO] [stdout] 
[INFO] [stdout] stderr:
[INFO] [stdout] thread 'main' panicked at /opt/rustwide/workdir/src/request.rs:30:50:
[INFO] [stdout] called `Result::unwrap()` on an `Err` value: hyper::Error(Connect, ConnectError("dns error", Custom { kind: Uncategorized, error: "failed to lookup address information: Temporary failure in name resolution" }))
[INFO] [stdout] stack backtrace:
[INFO] [stdout]    0:     0x57176c74d80a - std::backtrace_rs::backtrace::libunwind::trace::h207520d6e9873551
[INFO] [stdout]                                at /rustc/df4ca44d3fbc9301ee17f30f4d474e6ae4b05252/library/std/src/../../backtrace/src/backtrace/libunwind.rs:116:5
[INFO] [stdout]    1:     0x57176c74d80a - std::backtrace_rs::backtrace::trace_unsynchronized::h2ed7433f370e3eca
[INFO] [stdout]                                at /rustc/df4ca44d3fbc9301ee17f30f4d474e6ae4b05252/library/std/src/../../backtrace/src/backtrace/mod.rs:66:5
[INFO] [stdout]    2:     0x57176c74d80a - std::sys::backtrace::_print_fmt::h916fac51166b18d7
[INFO] [stdout]                                at /rustc/df4ca44d3fbc9301ee17f30f4d474e6ae4b05252/library/std/src/sys/backtrace.rs:66:9
[INFO] [stdout]    3:     0x57176c74d80a - <std::sys::backtrace::BacktraceLock::print::DisplayBacktrace as core::fmt::Display>::fmt::ha0a4c9b8ce3802e6
[INFO] [stdout]                                at /rustc/df4ca44d3fbc9301ee17f30f4d474e6ae4b05252/library/std/src/sys/backtrace.rs:39:26
[INFO] [stdout]    4:     0x57176c772193 - core::fmt::rt::Argument::fmt::h4cfc8587d52b3eb5
[INFO] [stdout]                                at /rustc/df4ca44d3fbc9301ee17f30f4d474e6ae4b05252/library/core/src/fmt/rt.rs:177:76
[INFO] [stdout]    5:     0x57176c772193 - core::fmt::write::h522cc39e5b36ae9f
[INFO] [stdout]                                at /rustc/df4ca44d3fbc9301ee17f30f4d474e6ae4b05252/library/core/src/fmt/mod.rs:1190:21
[INFO] [stdout]    6:     0x57176c74a513 - std::io::Write::write_fmt::hf1c1dcc8cc1287f0
[INFO] [stdout]                                at /rustc/df4ca44d3fbc9301ee17f30f4d474e6ae4b05252/library/std/src/io/mod.rs:1839:15
[INFO] [stdout]    7:     0x57176c74d652 - std::sys::backtrace::BacktraceLock::print::h4b9e00b29e9c0942
[INFO] [stdout]                                at /rustc/df4ca44d3fbc9301ee17f30f4d474e6ae4b05252/library/std/src/sys/backtrace.rs:42:9
[INFO] [stdout]    8:     0x57176c74e61c - std::panicking::default_hook::{{closure}}::hb59b88280d0324d9
[INFO] [stdout]                                at /rustc/df4ca44d3fbc9301ee17f30f4d474e6ae4b05252/library/std/src/panicking.rs:268:22
[INFO] [stdout]    9:     0x57176c74e462 - std::panicking::default_hook::he1dd496665be4a29
[INFO] [stdout]                                at /rustc/df4ca44d3fbc9301ee17f30f4d474e6ae4b05252/library/std/src/panicking.rs:295:9
[INFO] [stdout]   10:     0x57176c74ec57 - std::panicking::rust_panic_with_hook::h2ff17fe8f26dfcf8
[INFO] [stdout]                                at /rustc/df4ca44d3fbc9301ee17f30f4d474e6ae4b05252/library/std/src/panicking.rs:801:13
[INFO] [stdout]   11:     0x57176c74eaea - std::panicking::begin_panic_handler::{{closure}}::h4fad77951c07e101
[INFO] [stdout]                                at /rustc/df4ca44d3fbc9301ee17f30f4d474e6ae4b05252/library/std/src/panicking.rs:674:13
[INFO] [stdout]   12:     0x57176c74dce9 - std::sys::backtrace::__rust_end_short_backtrace::hb1a25b3da5d0ea08
[INFO] [stdout]                                at /rustc/df4ca44d3fbc9301ee17f30f4d474e6ae4b05252/library/std/src/sys/backtrace.rs:170:18
[INFO] [stdout]   13:     0x57176c74e77c - rust_begin_unwind
[INFO] [stdout]                                at /rustc/df4ca44d3fbc9301ee17f30f4d474e6ae4b05252/library/std/src/panicking.rs:665:5
[INFO] [stdout]   14:     0x57176c7703a0 - core::panicking::panic_fmt::ha9db07b529f9b256
[INFO] [stdout]                                at /rustc/df4ca44d3fbc9301ee17f30f4d474e6ae4b05252/library/core/src/panicking.rs:75:14
[INFO] [stdout]   15:     0x57176c770826 - core::result::unwrap_failed::h5e8218e4d4338b8a
[INFO] [stdout]                                at /rustc/df4ca44d3fbc9301ee17f30f4d474e6ae4b05252/library/core/src/result.rs:1698:5
[INFO] [stdout]   16:     0x57176c3e069e - pusher::request::send_request::{{closure}}::h81c6ee8bba59773b
[INFO] [stdout]   17:     0x57176c3df959 - pusher::client::Pusher<C>::_trigger::{{closure}}::h602a98b923e1f9f9
[INFO] [stdout]   18:     0x57176c3de6d8 - pusher::client::Pusher<C>::trigger::{{closure}}::hf5e67a1d031cfde5
[INFO] [stdout]   19:     0x57176c402bdc - rust_out::main::{{closure}}::h6aa186353edbc990
[INFO] [stdout]   20:     0x57176c3e2b16 - <core::pin::Pin<P> as core::future::future::Future>::poll::h1d3298020ff12859
[INFO] [stdout]   21:     0x57176c3db245 - tokio::runtime::scheduler::current_thread::CoreGuard::block_on::{{closure}}::{{closure}}::{{closure}}::h76214f6d2fd48670
[INFO] [stdout]   22:     0x57176c3b071b - tokio::coop::with_budget::{{closure}}::h0729e66866957f20
[INFO] [stdout]   23:     0x57176c3509aa - std::thread::local::LocalKey<T>::try_with::h3a8e1695ea437434
[INFO] [stdout]   24:     0x57176c3507f6 - std::thread::local::LocalKey<T>::with::h75f8379bac4826af
[INFO] [stdout]   25:     0x57176c3db1c6 - tokio::runtime::scheduler::current_thread::CoreGuard::block_on::{{closure}}::{{closure}}::h8280b5d7b5fb52a7
[INFO] [stdout]   26:     0x57176c3d741c - tokio::runtime::scheduler::current_thread::Context::enter::h15366d12c0a2697b
[INFO] [stdout]   27:     0x57176c3dab45 - tokio::runtime::scheduler::current_thread::CoreGuard::block_on::{{closure}}::h21eac4a978896887
[INFO] [stdout]   28:     0x57176c3da8e8 - tokio::runtime::scheduler::current_thread::CoreGuard::enter::{{closure}}::haa657536edb30c51
[INFO] [stdout]   29:     0x57176c3b90f3 - tokio::macros::scoped_tls::ScopedKey<T>::set::hda7cf9508d137f4d
[INFO] [stdout]   30:     0x57176c3da69e - tokio::runtime::scheduler::current_thread::CoreGuard::enter::h6b5601de4c381454
[INFO] [stdout]   31:     0x57176c3da8fe - tokio::runtime::scheduler::current_thread::CoreGuard::block_on::h978e61239f2c0467
[INFO] [stdout]   32:     0x57176c3d6ef3 - tokio::runtime::scheduler::current_thread::CurrentThread::block_on::hf009fc9ee0d26622
[INFO] [stdout]   33:     0x57176c3d6cb0 - tokio::runtime::Runtime::block_on::haaf424a23671899c
[INFO] [stdout]   34:     0x57176c40295b - rust_out::main::ha213a30daa5df4da
[INFO] [stdout]   35:     0x57176c356423 - core::ops::function::FnOnce::call_once::hf7edf7132571051c
[INFO] [stdout]   36:     0x57176c34e0f6 - std::sys::backtrace::__rust_begin_short_backtrace::h32fd822fd2ba4079
[INFO] [stdout]   37:     0x57176c34e099 - std::rt::lang_start::{{closure}}::h4039a1c394ed4f7c
[INFO] [stdout]   38:     0x57176c7472e7 - core::ops::function::impls::<impl core::ops::function::FnOnce<A> for &F>::call_once::hd87d66b906e0ccaf
[INFO] [stdout]                                at /rustc/df4ca44d3fbc9301ee17f30f4d474e6ae4b05252/library/core/src/ops/function.rs:284:13
[INFO] [stdout]   39:     0x57176c7472e7 - std::panicking::try::do_call::hae3703de71fc9e3a
[INFO] [stdout]                                at /rustc/df4ca44d3fbc9301ee17f30f4d474e6ae4b05252/library/std/src/panicking.rs:557:40
[INFO] [stdout]   40:     0x57176c7472e7 - std::panicking::try::h1178330e9a2b2645
[INFO] [stdout]                                at /rustc/df4ca44d3fbc9301ee17f30f4d474e6ae4b05252/library/std/src/panicking.rs:520:19
[INFO] [stdout]   41:     0x57176c7472e7 - std::panic::catch_unwind::h0acf49d2305d32ad
[INFO] [stdout]                                at /rustc/df4ca44d3fbc9301ee17f30f4d474e6ae4b05252/library/std/src/panic.rs:358:14
[INFO] [stdout]   42:     0x57176c7472e7 - std::rt::lang_start_internal::{{closure}}::h2d95182d798177be
[INFO] [stdout]                                at /rustc/df4ca44d3fbc9301ee17f30f4d474e6ae4b05252/library/std/src/rt.rs:174:48
[INFO] [stdout]   43:     0x57176c7472e7 - std::panicking::try::do_call::hb506f5bfe11fd30c
[INFO] [stdout]                                at /rustc/df4ca44d3fbc9301ee17f30f4d474e6ae4b05252/library/std/src/panicking.rs:557:40
[INFO] [stdout]   44:     0x57176c7472e7 - std::panicking::try::h54d825c46bd0fa95
[INFO] [stdout]                                at /rustc/df4ca44d3fbc9301ee17f30f4d474e6ae4b05252/library/std/src/panicking.rs:520:19
[INFO] [stdout]   45:     0x57176c7472e7 - std::panic::catch_unwind::hffbb0ad20c4e9fac
[INFO] [stdout]                                at /rustc/df4ca44d3fbc9301ee17f30f4d474e6ae4b05252/library/std/src/panic.rs:358:14
[INFO] [stdout]   46:     0x57176c7472e7 - std::rt::lang_start_internal::h52c291ef1962c925
[INFO] [stdout]                                at /rustc/df4ca44d3fbc9301ee17f30f4d474e6ae4b05252/library/std/src/rt.rs:174:20
[INFO] [stdout]   47:     0x57176c34e077 - std::rt::lang_start::h8c6075cd6f225ba1
[INFO] [stdout]   48:     0x57176c402ee5 - main
[INFO] [stdout]   49:     0x72e8a3adfd90 - <unknown>
[INFO] [stdout]   50:     0x72e8a3adfe40 - __libc_start_main
[INFO] [stdout]   51:     0x57176c301c85 - _start
[INFO] [stdout]   52:                0x0 - <unknown>
[INFO] [stdout] 
[INFO] [stdout] 
[INFO] [stdout] 
[INFO] [stdout] failures:
[INFO] [stdout]     src/lib.rs - (line 19)
[INFO] [stdout] 
[INFO] [stdout] test result: FAILED. 14 passed; 1 failed; 3 ignored; 0 measured; 0 filtered out; finished in 3.15s
[INFO] [stdout] 
[INFO] [stderr] error: doctest failed, to rerun pass `--doc`
[INFO] running `Command { std: "docker" "inspect" "990adf559064cf9b5996962b446dd5e31314474ac6bdb083014d0d653bea4b15", kill_on_drop: false }`
[INFO] running `Command { std: "docker" "rm" "-f" "990adf559064cf9b5996962b446dd5e31314474ac6bdb083014d0d653bea4b15", kill_on_drop: false }`
[INFO] [stdout] 990adf559064cf9b5996962b446dd5e31314474ac6bdb083014d0d653bea4b15
