[INFO] fetching crate pulsar-frontend 0.0.1...
[INFO] testing pulsar-frontend-0.0.1 against nightly-2024-10-28 for randomize-layout
[INFO] extracting crate pulsar-frontend 0.0.1 into /workspace/builds/worker-1-tc1/source
[INFO] validating manifest of crates.io crate pulsar-frontend 0.0.1 on toolchain nightly-2024-10-28
[INFO] running `Command { std: CARGO_HOME="/workspace/cargo-home" RUSTUP_HOME="/workspace/rustup-home" "/workspace/cargo-home/bin/cargo" "+nightly-2024-10-28" "metadata" "--manifest-path" "Cargo.toml" "--no-deps", kill_on_drop: false }`
[INFO] started tweaking crates.io crate pulsar-frontend 0.0.1
[INFO] finished tweaking crates.io crate pulsar-frontend 0.0.1
[INFO] tweaked toml for crates.io crate pulsar-frontend 0.0.1 written to /workspace/builds/worker-1-tc1/source/Cargo.toml
[INFO] running `Command { std: CARGO_HOME="/workspace/cargo-home" RUSTUP_HOME="/workspace/rustup-home" "/workspace/cargo-home/bin/cargo" "+nightly-2024-10-28" "generate-lockfile" "--manifest-path" "Cargo.toml", kill_on_drop: false }`
[INFO] [stderr]     Blocking waiting for file lock on package cache
[INFO] [stderr]     Updating crates.io index
[INFO] [stderr]     Blocking waiting for file lock on package cache
[INFO] [stderr]      Locking 12 packages to latest compatible versions
[INFO] running `Command { std: CARGO_HOME="/workspace/cargo-home" RUSTUP_HOME="/workspace/rustup-home" "/workspace/cargo-home/bin/cargo" "+nightly-2024-10-28" "fetch" "--manifest-path" "Cargo.toml", kill_on_drop: false }`
[INFO] running `Command { std: "docker" "create" "-v" "/var/lib/crater-agent-workspace/builds/worker-1-tc1/target:/opt/rustwide/target:rw,Z" "-v" "/var/lib/crater-agent-workspace/builds/worker-1-tc1/source:/opt/rustwide/workdir:ro,Z" "-v" "/var/lib/crater-agent-workspace/cargo-home:/opt/rustwide/cargo-home:ro,Z" "-v" "/var/lib/crater-agent-workspace/rustup-home:/opt/rustwide/rustup-home:ro,Z" "-e" "SOURCE_DIR=/opt/rustwide/workdir" "-e" "CARGO_TARGET_DIR=/opt/rustwide/target" "-e" "CARGO_HOME=/opt/rustwide/cargo-home" "-e" "RUSTUP_HOME=/opt/rustwide/rustup-home" "-w" "/opt/rustwide/workdir" "-m" "1610612736" "--user" "0:0" "--network" "none" "ghcr.io/rust-lang/crates-build-env/linux@sha256:4a844ea9eb2546a2d2c7022eacef16ef2e8229c7fbb2c7d4d55a9ceca922f72d" "/opt/rustwide/cargo-home/bin/cargo" "+nightly-2024-10-28" "metadata" "--no-deps" "--format-version=1", kill_on_drop: false }`
[INFO] [stdout] 01a1241b3816a5b9319971a911da5c31f60ca9178ebc36d163217ef5f1ade2a5
[INFO] running `Command { std: "docker" "start" "-a" "01a1241b3816a5b9319971a911da5c31f60ca9178ebc36d163217ef5f1ade2a5", kill_on_drop: false }`
[INFO] running `Command { std: "docker" "inspect" "01a1241b3816a5b9319971a911da5c31f60ca9178ebc36d163217ef5f1ade2a5", kill_on_drop: false }`
[INFO] running `Command { std: "docker" "rm" "-f" "01a1241b3816a5b9319971a911da5c31f60ca9178ebc36d163217ef5f1ade2a5", kill_on_drop: false }`
[INFO] [stdout] 01a1241b3816a5b9319971a911da5c31f60ca9178ebc36d163217ef5f1ade2a5
[INFO] running `Command { std: "docker" "create" "-v" "/var/lib/crater-agent-workspace/builds/worker-1-tc1/target:/opt/rustwide/target:rw,Z" "-v" "/var/lib/crater-agent-workspace/builds/worker-1-tc1/source:/opt/rustwide/workdir:ro,Z" "-v" "/var/lib/crater-agent-workspace/cargo-home:/opt/rustwide/cargo-home:ro,Z" "-v" "/var/lib/crater-agent-workspace/rustup-home:/opt/rustwide/rustup-home:ro,Z" "-e" "SOURCE_DIR=/opt/rustwide/workdir" "-e" "CARGO_TARGET_DIR=/opt/rustwide/target" "-e" "CARGO_INCREMENTAL=0" "-e" "RUST_BACKTRACE=full" "-e" "RUSTFLAGS=--cap-lints=forbid" "-e" "RUSTDOCFLAGS=--cap-lints=forbid" "-e" "CARGO_HOME=/opt/rustwide/cargo-home" "-e" "RUSTUP_HOME=/opt/rustwide/rustup-home" "-w" "/opt/rustwide/workdir" "-m" "1610612736" "--user" "0:0" "--network" "none" "ghcr.io/rust-lang/crates-build-env/linux@sha256:4a844ea9eb2546a2d2c7022eacef16ef2e8229c7fbb2c7d4d55a9ceca922f72d" "/opt/rustwide/cargo-home/bin/cargo" "+nightly-2024-10-28" "build" "--frozen" "--message-format=json", kill_on_drop: false }`
[INFO] [stdout] 214ee975cc7b6f83406927bf5b8fd437349950a232544c2352d818e9e701f8de
[INFO] running `Command { std: "docker" "start" "-a" "214ee975cc7b6f83406927bf5b8fd437349950a232544c2352d818e9e701f8de", kill_on_drop: false }`
[INFO] [stderr]    Compiling pulsar-utils v0.0.1
[INFO] [stderr]    Compiling pulsar-frontend v0.0.1 (/opt/rustwide/workdir)
[INFO] [stderr]     Finished `dev` profile [unoptimized + debuginfo] target(s) in 1.36s
[INFO] running `Command { std: "docker" "inspect" "214ee975cc7b6f83406927bf5b8fd437349950a232544c2352d818e9e701f8de", kill_on_drop: false }`
[INFO] running `Command { std: "docker" "rm" "-f" "214ee975cc7b6f83406927bf5b8fd437349950a232544c2352d818e9e701f8de", kill_on_drop: false }`
[INFO] [stdout] 214ee975cc7b6f83406927bf5b8fd437349950a232544c2352d818e9e701f8de
[INFO] running `Command { std: "docker" "create" "-v" "/var/lib/crater-agent-workspace/builds/worker-1-tc1/target:/opt/rustwide/target:rw,Z" "-v" "/var/lib/crater-agent-workspace/builds/worker-1-tc1/source:/opt/rustwide/workdir:ro,Z" "-v" "/var/lib/crater-agent-workspace/cargo-home:/opt/rustwide/cargo-home:ro,Z" "-v" "/var/lib/crater-agent-workspace/rustup-home:/opt/rustwide/rustup-home:ro,Z" "-e" "SOURCE_DIR=/opt/rustwide/workdir" "-e" "CARGO_TARGET_DIR=/opt/rustwide/target" "-e" "CARGO_INCREMENTAL=0" "-e" "RUST_BACKTRACE=full" "-e" "RUSTFLAGS=--cap-lints=forbid" "-e" "RUSTDOCFLAGS=--cap-lints=forbid" "-e" "CARGO_HOME=/opt/rustwide/cargo-home" "-e" "RUSTUP_HOME=/opt/rustwide/rustup-home" "-w" "/opt/rustwide/workdir" "-m" "1610612736" "--user" "0:0" "--network" "none" "ghcr.io/rust-lang/crates-build-env/linux@sha256:4a844ea9eb2546a2d2c7022eacef16ef2e8229c7fbb2c7d4d55a9ceca922f72d" "/opt/rustwide/cargo-home/bin/cargo" "+nightly-2024-10-28" "test" "--frozen" "--no-run" "--message-format=json", kill_on_drop: false }`
[INFO] [stdout] e83ba18523a2b6e809e9d4a00fc6846b378d94b201e30ff8d0226f8ac24c4b55
[INFO] running `Command { std: "docker" "start" "-a" "e83ba18523a2b6e809e9d4a00fc6846b378d94b201e30ff8d0226f8ac24c4b55", kill_on_drop: false }`
[INFO] [stderr]    Compiling pulsar-frontend v0.0.1 (/opt/rustwide/workdir)
[INFO] [stderr]     Finished `test` profile [unoptimized + debuginfo] target(s) in 0.58s
[INFO] running `Command { std: "docker" "inspect" "e83ba18523a2b6e809e9d4a00fc6846b378d94b201e30ff8d0226f8ac24c4b55", kill_on_drop: false }`
[INFO] running `Command { std: "docker" "rm" "-f" "e83ba18523a2b6e809e9d4a00fc6846b378d94b201e30ff8d0226f8ac24c4b55", kill_on_drop: false }`
[INFO] [stdout] e83ba18523a2b6e809e9d4a00fc6846b378d94b201e30ff8d0226f8ac24c4b55
[INFO] running `Command { std: "docker" "create" "-v" "/var/lib/crater-agent-workspace/builds/worker-1-tc1/target:/opt/rustwide/target:rw,Z" "-v" "/var/lib/crater-agent-workspace/builds/worker-1-tc1/source:/opt/rustwide/workdir:ro,Z" "-v" "/var/lib/crater-agent-workspace/cargo-home:/opt/rustwide/cargo-home:ro,Z" "-v" "/var/lib/crater-agent-workspace/rustup-home:/opt/rustwide/rustup-home:ro,Z" "-e" "SOURCE_DIR=/opt/rustwide/workdir" "-e" "CARGO_TARGET_DIR=/opt/rustwide/target" "-e" "CARGO_INCREMENTAL=0" "-e" "RUST_BACKTRACE=full" "-e" "RUSTFLAGS=--cap-lints=forbid" "-e" "RUSTDOCFLAGS=--cap-lints=forbid" "-e" "CARGO_HOME=/opt/rustwide/cargo-home" "-e" "RUSTUP_HOME=/opt/rustwide/rustup-home" "-w" "/opt/rustwide/workdir" "-m" "1610612736" "--user" "0:0" "--network" "none" "ghcr.io/rust-lang/crates-build-env/linux@sha256:4a844ea9eb2546a2d2c7022eacef16ef2e8229c7fbb2c7d4d55a9ceca922f72d" "/opt/rustwide/cargo-home/bin/cargo" "+nightly-2024-10-28" "test" "--frozen", kill_on_drop: false }`
[INFO] [stdout] b8445983b97564953887788c88ab4f1105cc8cbe9a62bfd17d1cabc3ac33efe8
[INFO] running `Command { std: "docker" "start" "-a" "b8445983b97564953887788c88ab4f1105cc8cbe9a62bfd17d1cabc3ac33efe8", kill_on_drop: false }`
[INFO] [stderr]     Finished `test` profile [unoptimized + debuginfo] target(s) in 0.02s
[INFO] [stderr]      Running unittests src/lib.rs (/opt/rustwide/target/debug/deps/pulsar_frontend-1021ffc6afd6dde6)
[INFO] [stdout] 
[INFO] [stdout] running 0 tests
[INFO] [stdout] 
[INFO] [stdout] test result: ok. 0 passed; 0 failed; 0 ignored; 0 measured; 0 filtered out; finished in 0.00s
[INFO] [stdout] 
[INFO] [stderr]    Doc-tests pulsar_frontend
[INFO] [stdout] 
[INFO] [stdout] running 2 tests
[INFO] [stdout] test src/lexer.rs - lexer::Lexer (line 12) ... FAILED
[INFO] [stdout] test src/token.rs - token::Token::length (line 118) ... FAILED
[INFO] [stdout] 
[INFO] [stdout] failures:
[INFO] [stdout] 
[INFO] [stdout] ---- src/lexer.rs - lexer::Lexer (line 12) stdout ----
[INFO] [stdout] error[E0412]: cannot find type `Rc` in this scope
[INFO] [stdout]  --> src/lexer.rs:13:16
[INFO] [stdout]   |
[INFO] [stdout] 3 | fn lex(source: Rc<Source>, error_manager: Rc<RefCell<ErrorManager>>) {
[INFO] [stdout]   |                ^^ not found in this scope
[INFO] [stdout]   |
[INFO] [stdout] help: consider importing this struct
[INFO] [stdout]   |
[INFO] [stdout] 2 + use std::rc::Rc;
[INFO] [stdout]   |
[INFO] [stdout] 
[INFO] [stdout] error[E0412]: cannot find type `Source` in this scope
[INFO] [stdout]  --> src/lexer.rs:13:19
[INFO] [stdout]   |
[INFO] [stdout] 3 | fn lex(source: Rc<Source>, error_manager: Rc<RefCell<ErrorManager>>) {
[INFO] [stdout]   |                   ^^^^^^ not found in this scope
[INFO] [stdout]   |
[INFO] [stdout] help: consider importing one of these items
[INFO] [stdout]   |
[INFO] [stdout] 2 + use core::error::Source;
[INFO] [stdout]   |
[INFO] [stdout] 2 + use pulsar_utils::loc::Source;
[INFO] [stdout]   |
[INFO] [stdout] 
[INFO] [stdout] error[E0412]: cannot find type `Rc` in this scope
[INFO] [stdout]  --> src/lexer.rs:13:43
[INFO] [stdout]   |
[INFO] [stdout] 3 | fn lex(source: Rc<Source>, error_manager: Rc<RefCell<ErrorManager>>) {
[INFO] [stdout]   |                                           ^^ not found in this scope
[INFO] [stdout]   |
[INFO] [stdout] help: consider importing this struct
[INFO] [stdout]   |
[INFO] [stdout] 2 + use std::rc::Rc;
[INFO] [stdout]   |
[INFO] [stdout] 
[INFO] [stdout] error[E0412]: cannot find type `RefCell` in this scope
[INFO] [stdout]  --> src/lexer.rs:13:46
[INFO] [stdout]   |
[INFO] [stdout] 3 | fn lex(source: Rc<Source>, error_manager: Rc<RefCell<ErrorManager>>) {
[INFO] [stdout]   |                                              ^^^^^^^ not found in this scope
[INFO] [stdout]   |
[INFO] [stdout] help: consider importing this struct
[INFO] [stdout]   |
[INFO] [stdout] 2 + use std::cell::RefCell;
[INFO] [stdout]   |
[INFO] [stdout] 
[INFO] [stdout] error[E0412]: cannot find type `ErrorManager` in this scope
[INFO] [stdout]  --> src/lexer.rs:13:54
[INFO] [stdout]   |
[INFO] [stdout] 3 | fn lex(source: Rc<Source>, error_manager: Rc<RefCell<ErrorManager>>) {
[INFO] [stdout]   |                                                      ^^^^^^^^^^^^ not found in this scope
[INFO] [stdout]   |
[INFO] [stdout] help: consider importing this struct
[INFO] [stdout]   |
[INFO] [stdout] 2 + use pulsar_utils::error::ErrorManager;
[INFO] [stdout]   |
[INFO] [stdout] 
[INFO] [stdout] error[E0433]: failed to resolve: use of undeclared type `Lexer`
[INFO] [stdout]  --> src/lexer.rs:14:17
[INFO] [stdout]   |
[INFO] [stdout] 4 |     let lexer = Lexer::new(source, error_manager);
[INFO] [stdout]   |                 ^^^^^ use of undeclared type `Lexer`
[INFO] [stdout]   |
[INFO] [stdout] help: consider importing this struct
[INFO] [stdout]   |
[INFO] [stdout] 2 + use pulsar_frontend::lexer::Lexer;
[INFO] [stdout]   |
[INFO] [stdout] 
[INFO] [stdout] error: aborting due to 6 previous errors
[INFO] [stdout] 
[INFO] [stdout] Some errors have detailed explanations: E0412, E0433.
[INFO] [stdout] For more information about an error, try `rustc --explain E0412`.
[INFO] [stdout] Couldn't compile the test.
[INFO] [stdout] ---- src/token.rs - token::Token::length (line 118) stdout ----
[INFO] [stdout] error[E0422]: cannot find struct, variant or union type `Token` in this scope
[INFO] [stdout]  --> src/token.rs:119:13
[INFO] [stdout]   |
[INFO] [stdout] 3 | let token = Token {
[INFO] [stdout]   |             ^^^^^ not found in this scope
[INFO] [stdout]   |
[INFO] [stdout] help: consider importing this struct
[INFO] [stdout]   |
[INFO] [stdout] 2 + use pulsar_frontend::token::Token;
[INFO] [stdout]   |
[INFO] [stdout] 
[INFO] [stdout] error[E0433]: failed to resolve: use of undeclared type `TokenType`
[INFO] [stdout]  --> src/token.rs:120:9
[INFO] [stdout]   |
[INFO] [stdout] 4 |     ty: TokenType::Identifier,
[INFO] [stdout]   |         ^^^^^^^^^ use of undeclared type `TokenType`
[INFO] [stdout]   |
[INFO] [stdout] help: consider importing this enum
[INFO] [stdout]   |
[INFO] [stdout] 2 + use pulsar_frontend::token::TokenType;
[INFO] [stdout]   |
[INFO] [stdout] 
[INFO] [stdout] error[E0433]: failed to resolve: use of undeclared type `Loc`
[INFO] [stdout]  --> src/token.rs:122:10
[INFO] [stdout]   |
[INFO] [stdout] 6 |     loc: Loc::default()
[INFO] [stdout]   |          ^^^ use of undeclared type `Loc`
[INFO] [stdout]   |
[INFO] [stdout] help: consider importing this struct
[INFO] [stdout]   |
[INFO] [stdout] 2 + use pulsar_utils::loc::Loc;
[INFO] [stdout]   |
[INFO] [stdout] 
[INFO] [stdout] error[E0423]: expected function, found macro `assert_eq`
[INFO] [stdout]  --> src/token.rs:124:1
[INFO] [stdout]   |
[INFO] [stdout] 8 | assert_eq(token.value.len(), token.length());
[INFO] [stdout]   | ^^^^^^^^^ not a function
[INFO] [stdout]   |
[INFO] [stdout] help: use `!` to invoke the macro
[INFO] [stdout]   |
[INFO] [stdout] 8 | assert_eq!(token.value.len(), token.length());
[INFO] [stdout]   |          +
[INFO] [stdout] 
[INFO] [stdout] error: aborting due to 4 previous errors
[INFO] [stdout] 
[INFO] [stdout] Some errors have detailed explanations: E0422, E0423, E0433.
[INFO] [stdout] For more information about an error, try `rustc --explain E0422`.
[INFO] [stdout] Couldn't compile the test.
[INFO] [stdout] 
[INFO] [stdout] failures:
[INFO] [stdout]     src/lexer.rs - lexer::Lexer (line 12)
[INFO] [stdout]     src/token.rs - token::Token::length (line 118)
[INFO] [stdout] 
[INFO] [stdout] test result: FAILED. 0 passed; 2 failed; 0 ignored; 0 measured; 0 filtered out; finished in 0.15s
[INFO] [stdout] 
[INFO] [stderr] error: doctest failed, to rerun pass `--doc`
[INFO] running `Command { std: "docker" "inspect" "b8445983b97564953887788c88ab4f1105cc8cbe9a62bfd17d1cabc3ac33efe8", kill_on_drop: false }`
[INFO] running `Command { std: "docker" "rm" "-f" "b8445983b97564953887788c88ab4f1105cc8cbe9a62bfd17d1cabc3ac33efe8", kill_on_drop: false }`
[INFO] [stdout] b8445983b97564953887788c88ab4f1105cc8cbe9a62bfd17d1cabc3ac33efe8
