[INFO] fetching crate pulsar-backend 0.0.1...
[INFO] testing pulsar-backend-0.0.1 against nightly-2024-10-28+rustflags=-Zrandomize-layout for randomize-layout
[INFO] extracting crate pulsar-backend 0.0.1 into /workspace/builds/worker-6-tc2/source
[INFO] validating manifest of crates.io crate pulsar-backend 0.0.1 on toolchain nightly-2024-10-28
[INFO] running `Command { std: CARGO_HOME="/workspace/cargo-home" RUSTUP_HOME="/workspace/rustup-home" "/workspace/cargo-home/bin/cargo" "+nightly-2024-10-28" "metadata" "--manifest-path" "Cargo.toml" "--no-deps", kill_on_drop: false }`
[INFO] started tweaking crates.io crate pulsar-backend 0.0.1
[INFO] finished tweaking crates.io crate pulsar-backend 0.0.1
[INFO] tweaked toml for crates.io crate pulsar-backend 0.0.1 written to /workspace/builds/worker-6-tc2/source/Cargo.toml
[INFO] running `Command { std: CARGO_HOME="/workspace/cargo-home" RUSTUP_HOME="/workspace/rustup-home" "/workspace/cargo-home/bin/cargo" "+nightly-2024-10-28" "generate-lockfile" "--manifest-path" "Cargo.toml", kill_on_drop: false }`
[INFO] [stderr]     Updating crates.io index
[INFO] [stderr]      Locking 82 packages to latest compatible versions
[INFO] running `Command { std: CARGO_HOME="/workspace/cargo-home" RUSTUP_HOME="/workspace/rustup-home" "/workspace/cargo-home/bin/cargo" "+nightly-2024-10-28" "fetch" "--manifest-path" "Cargo.toml", kill_on_drop: false }`
[INFO] running `Command { std: "docker" "create" "-v" "/var/lib/crater-agent-workspace/builds/worker-6-tc2/target:/opt/rustwide/target:rw,Z" "-v" "/var/lib/crater-agent-workspace/builds/worker-6-tc2/source:/opt/rustwide/workdir:ro,Z" "-v" "/var/lib/crater-agent-workspace/cargo-home:/opt/rustwide/cargo-home:ro,Z" "-v" "/var/lib/crater-agent-workspace/rustup-home:/opt/rustwide/rustup-home:ro,Z" "-e" "SOURCE_DIR=/opt/rustwide/workdir" "-e" "CARGO_TARGET_DIR=/opt/rustwide/target" "-e" "CARGO_HOME=/opt/rustwide/cargo-home" "-e" "RUSTUP_HOME=/opt/rustwide/rustup-home" "-w" "/opt/rustwide/workdir" "-m" "1610612736" "--user" "0:0" "--network" "none" "ghcr.io/rust-lang/crates-build-env/linux@sha256:4a844ea9eb2546a2d2c7022eacef16ef2e8229c7fbb2c7d4d55a9ceca922f72d" "/opt/rustwide/cargo-home/bin/cargo" "+nightly-2024-10-28" "metadata" "--no-deps" "--format-version=1", kill_on_drop: false }`
[INFO] [stdout] 7fc3e63a3473de46e021f473491e6a4980436a9e003c8ea4186d7f10219504b7
[INFO] running `Command { std: "docker" "start" "-a" "7fc3e63a3473de46e021f473491e6a4980436a9e003c8ea4186d7f10219504b7", kill_on_drop: false }`
[INFO] running `Command { std: "docker" "inspect" "7fc3e63a3473de46e021f473491e6a4980436a9e003c8ea4186d7f10219504b7", kill_on_drop: false }`
[INFO] running `Command { std: "docker" "rm" "-f" "7fc3e63a3473de46e021f473491e6a4980436a9e003c8ea4186d7f10219504b7", kill_on_drop: false }`
[INFO] [stdout] 7fc3e63a3473de46e021f473491e6a4980436a9e003c8ea4186d7f10219504b7
[INFO] running `Command { std: "docker" "create" "-v" "/var/lib/crater-agent-workspace/builds/worker-6-tc2/target:/opt/rustwide/target:rw,Z" "-v" "/var/lib/crater-agent-workspace/builds/worker-6-tc2/source:/opt/rustwide/workdir:ro,Z" "-v" "/var/lib/crater-agent-workspace/cargo-home:/opt/rustwide/cargo-home:ro,Z" "-v" "/var/lib/crater-agent-workspace/rustup-home:/opt/rustwide/rustup-home:ro,Z" "-e" "SOURCE_DIR=/opt/rustwide/workdir" "-e" "CARGO_TARGET_DIR=/opt/rustwide/target" "-e" "CARGO_INCREMENTAL=0" "-e" "RUST_BACKTRACE=full" "-e" "RUSTFLAGS=--cap-lints=forbid -Zrandomize-layout" "-e" "RUSTDOCFLAGS=--cap-lints=forbid" "-e" "CARGO_HOME=/opt/rustwide/cargo-home" "-e" "RUSTUP_HOME=/opt/rustwide/rustup-home" "-w" "/opt/rustwide/workdir" "-m" "1610612736" "--user" "0:0" "--network" "none" "ghcr.io/rust-lang/crates-build-env/linux@sha256:4a844ea9eb2546a2d2c7022eacef16ef2e8229c7fbb2c7d4d55a9ceca922f72d" "/opt/rustwide/cargo-home/bin/cargo" "+nightly-2024-10-28" "build" "--frozen" "--message-format=json", kill_on_drop: false }`
[INFO] [stdout] 4edd77b52157cd3dc29889414ab1b0ea6380997b38e2a948612de441e2bba2e7
[INFO] running `Command { std: "docker" "start" "-a" "4edd77b52157cd3dc29889414ab1b0ea6380997b38e2a948612de441e2bba2e7", kill_on_drop: false }`
[INFO] [stderr]    Compiling syn v2.0.86
[INFO] [stderr]    Compiling libc v0.2.161
[INFO] [stderr]    Compiling once_cell v1.20.2
[INFO] [stderr]    Compiling ucd-trie v0.1.7
[INFO] [stderr]    Compiling ahash v0.7.8
[INFO] [stderr]    Compiling syn v1.0.109
[INFO] [stderr]    Compiling indexmap v2.6.0
[INFO] [stderr]    Compiling linked-hash-map v0.5.6
[INFO] [stderr]    Compiling strum v0.25.0
[INFO] [stderr]    Compiling colored v2.1.0
[INFO] [stderr]    Compiling arrayvec v0.5.2
[INFO] [stderr]    Compiling typed-arena v2.0.2
[INFO] [stderr]    Compiling pulsar-utils v0.0.1
[INFO] [stderr]    Compiling pretty v0.11.3
[INFO] [stderr]    Compiling pulsar-frontend v0.0.1
[INFO] [stderr]    Compiling vast v0.3.3
[INFO] [stderr]    Compiling petgraph v0.6.5
[INFO] [stderr]    Compiling getrandom v0.2.15
[INFO] [stderr]    Compiling atty v0.2.14
[INFO] [stderr]    Compiling pulsar-ir v0.0.1
[INFO] [stderr]    Compiling hashbrown v0.12.3
[INFO] [stderr]    Compiling hashbrown v0.11.2
[INFO] [stderr]    Compiling symbol_table v0.3.0
[INFO] [stderr]    Compiling thiserror-impl v1.0.66
[INFO] [stderr]    Compiling serde_derive v1.0.214
[INFO] [stderr]    Compiling strum_macros v0.25.3
[INFO] [stderr]    Compiling thiserror v1.0.66
[INFO] [stderr]    Compiling pest v2.7.14
[INFO] [stderr]    Compiling pest_consume_macros v1.1.0
[INFO] [stderr]    Compiling pest_meta v2.7.14
[INFO] [stderr]    Compiling serde v1.0.214
[INFO] [stderr]    Compiling pest_generator v2.7.14
[INFO] [stderr]    Compiling pest_derive v2.7.14
[INFO] [stderr]    Compiling pest_consume v1.1.3
[INFO] [stderr]    Compiling serde_json v1.0.132
[INFO] [stderr]    Compiling string-interner v0.14.0
[INFO] [stderr]    Compiling calyx-utils v0.7.1
[INFO] [stderr]    Compiling calyx-frontend v0.7.1
[INFO] [stderr]    Compiling calyx-ir v0.7.1
[INFO] [stderr]    Compiling calyx-opt v0.7.1
[INFO] [stderr]    Compiling calyx-backend v0.7.1
[INFO] [stderr]    Compiling pulsar-backend v0.0.1 (/opt/rustwide/workdir)
[INFO] [stderr]     Finished `dev` profile [unoptimized + debuginfo] target(s) in 34.12s
[INFO] running `Command { std: "docker" "inspect" "4edd77b52157cd3dc29889414ab1b0ea6380997b38e2a948612de441e2bba2e7", kill_on_drop: false }`
[INFO] running `Command { std: "docker" "rm" "-f" "4edd77b52157cd3dc29889414ab1b0ea6380997b38e2a948612de441e2bba2e7", kill_on_drop: false }`
[INFO] [stdout] 4edd77b52157cd3dc29889414ab1b0ea6380997b38e2a948612de441e2bba2e7
[INFO] running `Command { std: "docker" "create" "-v" "/var/lib/crater-agent-workspace/builds/worker-6-tc2/target:/opt/rustwide/target:rw,Z" "-v" "/var/lib/crater-agent-workspace/builds/worker-6-tc2/source:/opt/rustwide/workdir:ro,Z" "-v" "/var/lib/crater-agent-workspace/cargo-home:/opt/rustwide/cargo-home:ro,Z" "-v" "/var/lib/crater-agent-workspace/rustup-home:/opt/rustwide/rustup-home:ro,Z" "-e" "SOURCE_DIR=/opt/rustwide/workdir" "-e" "CARGO_TARGET_DIR=/opt/rustwide/target" "-e" "CARGO_INCREMENTAL=0" "-e" "RUST_BACKTRACE=full" "-e" "RUSTFLAGS=--cap-lints=forbid -Zrandomize-layout" "-e" "RUSTDOCFLAGS=--cap-lints=forbid" "-e" "CARGO_HOME=/opt/rustwide/cargo-home" "-e" "RUSTUP_HOME=/opt/rustwide/rustup-home" "-w" "/opt/rustwide/workdir" "-m" "1610612736" "--user" "0:0" "--network" "none" "ghcr.io/rust-lang/crates-build-env/linux@sha256:4a844ea9eb2546a2d2c7022eacef16ef2e8229c7fbb2c7d4d55a9ceca922f72d" "/opt/rustwide/cargo-home/bin/cargo" "+nightly-2024-10-28" "test" "--frozen" "--no-run" "--message-format=json", kill_on_drop: false }`
[INFO] [stdout] 209363d96fc2e055f7cdcd58430ae086670b60c2c814284c270731b6b2d31f6a
[INFO] running `Command { std: "docker" "start" "-a" "209363d96fc2e055f7cdcd58430ae086670b60c2c814284c270731b6b2d31f6a", kill_on_drop: false }`
[INFO] [stderr]    Compiling pulsar-backend v0.0.1 (/opt/rustwide/workdir)
[INFO] [stderr]     Finished `test` profile [unoptimized + debuginfo] target(s) in 0.66s
[INFO] running `Command { std: "docker" "inspect" "209363d96fc2e055f7cdcd58430ae086670b60c2c814284c270731b6b2d31f6a", kill_on_drop: false }`
[INFO] running `Command { std: "docker" "rm" "-f" "209363d96fc2e055f7cdcd58430ae086670b60c2c814284c270731b6b2d31f6a", kill_on_drop: false }`
[INFO] [stdout] 209363d96fc2e055f7cdcd58430ae086670b60c2c814284c270731b6b2d31f6a
[INFO] running `Command { std: "docker" "create" "-v" "/var/lib/crater-agent-workspace/builds/worker-6-tc2/target:/opt/rustwide/target:rw,Z" "-v" "/var/lib/crater-agent-workspace/builds/worker-6-tc2/source:/opt/rustwide/workdir:ro,Z" "-v" "/var/lib/crater-agent-workspace/cargo-home:/opt/rustwide/cargo-home:ro,Z" "-v" "/var/lib/crater-agent-workspace/rustup-home:/opt/rustwide/rustup-home:ro,Z" "-e" "SOURCE_DIR=/opt/rustwide/workdir" "-e" "CARGO_TARGET_DIR=/opt/rustwide/target" "-e" "CARGO_INCREMENTAL=0" "-e" "RUST_BACKTRACE=full" "-e" "RUSTFLAGS=--cap-lints=forbid -Zrandomize-layout" "-e" "RUSTDOCFLAGS=--cap-lints=forbid" "-e" "CARGO_HOME=/opt/rustwide/cargo-home" "-e" "RUSTUP_HOME=/opt/rustwide/rustup-home" "-w" "/opt/rustwide/workdir" "-m" "1610612736" "--user" "0:0" "--network" "none" "ghcr.io/rust-lang/crates-build-env/linux@sha256:4a844ea9eb2546a2d2c7022eacef16ef2e8229c7fbb2c7d4d55a9ceca922f72d" "/opt/rustwide/cargo-home/bin/cargo" "+nightly-2024-10-28" "test" "--frozen", kill_on_drop: false }`
[INFO] [stdout] c7a551b42e905da8e44a1a14ffe32fd1aafa3947d857431518147b3c38343c34
[INFO] running `Command { std: "docker" "start" "-a" "c7a551b42e905da8e44a1a14ffe32fd1aafa3947d857431518147b3c38343c34", kill_on_drop: false }`
[INFO] [stderr]     Finished `test` profile [unoptimized + debuginfo] target(s) in 0.07s
[INFO] [stderr]      Running unittests src/lib.rs (/opt/rustwide/target/debug/deps/pulsar_backend-0dec87096f9a8b50)
[INFO] [stdout] 
[INFO] [stdout] running 0 tests
[INFO] [stdout] 
[INFO] [stderr]    Doc-tests pulsar_backend
[INFO] [stdout] test result: ok. 0 passed; 0 failed; 0 ignored; 0 measured; 0 filtered out; finished in 0.00s
[INFO] [stdout] 
[INFO] [stdout] 
[INFO] [stdout] running 2 tests
[INFO] [stdout] test src/calyx/builder.rs - calyx::builder::CalyxControl<T>::seq (line 191) ... FAILED
[INFO] [stdout] test src/calyx/builder.rs - calyx::builder::CalyxControl<T>::seq (line 183) ... FAILED
[INFO] [stdout] 
[INFO] [stdout] failures:
[INFO] [stdout] 
[INFO] [stdout] ---- src/calyx/builder.rs - calyx::builder::CalyxControl<T>::seq (line 191) stdout ----
[INFO] [stdout] error: unexpected token: `...`
[INFO] [stdout]  --> src/calyx/builder.rs:192:1
[INFO] [stdout]   |
[INFO] [stdout] 3 | ...
[INFO] [stdout]   | ^^^
[INFO] [stdout]   |
[INFO] [stdout] help: use `..` for an exclusive range
[INFO] [stdout]   |
[INFO] [stdout] 3 | ..
[INFO] [stdout]   |
[INFO] [stdout] help: or `..=` for an inclusive range
[INFO] [stdout]   |
[INFO] [stdout] 3 | ..=
[INFO] [stdout]   |
[INFO] [stdout] 
[INFO] [stdout] error: expected one of `,`, `:`, or `}`, found `;`
[INFO] [stdout]  --> src/calyx/builder.rs:194:13
[INFO] [stdout]   |
[INFO] [stdout] 4 | seq {
[INFO] [stdout]   | --- while parsing this struct
[INFO] [stdout] 5 |     my_group;
[INFO] [stdout]   |     --------^ expected one of `,`, `:`, or `}`
[INFO] [stdout]   |     |
[INFO] [stdout]   |     while parsing this struct field
[INFO] [stdout] 
[INFO] [stdout] error: expected `;`, found `...`
[INFO] [stdout]  --> src/calyx/builder.rs:195:2
[INFO] [stdout]   |
[INFO] [stdout] 6 | }
[INFO] [stdout]   |  ^ help: add `;` here
[INFO] [stdout] 7 | ...
[INFO] [stdout]   | --- unexpected token
[INFO] [stdout] 
[INFO] [stdout] error: unexpected token: `...`
[INFO] [stdout]  --> src/calyx/builder.rs:196:1
[INFO] [stdout]   |
[INFO] [stdout] 7 | ...
[INFO] [stdout]   | ^^^
[INFO] [stdout]   |
[INFO] [stdout] help: use `..` for an exclusive range
[INFO] [stdout]   |
[INFO] [stdout] 7 | ..
[INFO] [stdout]   |
[INFO] [stdout] help: or `..=` for an inclusive range
[INFO] [stdout]   |
[INFO] [stdout] 7 | ..=
[INFO] [stdout]   |
[INFO] [stdout] 
[INFO] [stdout] error[E0586]: inclusive range with no end
[INFO] [stdout]  --> src/calyx/builder.rs:196:1
[INFO] [stdout]   |
[INFO] [stdout] 7 | ...
[INFO] [stdout]   | ^^^
[INFO] [stdout]   |
[INFO] [stdout]   = note: inclusive ranges must be bounded at the end (`..=b` or `a..=b`)
[INFO] [stdout] help: use `..` instead
[INFO] [stdout]   |
[INFO] [stdout] 7 - ...
[INFO] [stdout] 7 + ..
[INFO] [stdout]   |
[INFO] [stdout] 
[INFO] [stdout] error: aborting due to 5 previous errors
[INFO] [stdout] 
[INFO] [stdout] For more information about this error, try `rustc --explain E0586`.
[INFO] [stdout] Couldn't compile the test.
[INFO] [stdout] ---- src/calyx/builder.rs - calyx::builder::CalyxControl<T>::seq (line 183) stdout ----
[INFO] [stdout] error[E0412]: cannot find type `CalyxControl` in this scope
[INFO] [stdout]  --> src/calyx/builder.rs:184:26
[INFO] [stdout]   |
[INFO] [stdout] 3 | fn add_seq(control: &mut CalyxControl, my_group: &CalyxGroup) {
[INFO] [stdout]   |                          ^^^^^^^^^^^^ not found in this scope
[INFO] [stdout]   |
[INFO] [stdout] help: consider importing this struct
[INFO] [stdout]   |
[INFO] [stdout] 2 + use pulsar_backend::calyx::builder::CalyxControl;
[INFO] [stdout]   |
[INFO] [stdout] 
[INFO] [stdout] error[E0412]: cannot find type `CalyxGroup` in this scope
[INFO] [stdout]  --> src/calyx/builder.rs:184:51
[INFO] [stdout]   |
[INFO] [stdout] 3 | fn add_seq(control: &mut CalyxControl, my_group: &CalyxGroup) {
[INFO] [stdout]   |                                                   ^^^^^^^^^^ not found in this scope
[INFO] [stdout]   |
[INFO] [stdout] help: consider importing this struct
[INFO] [stdout]   |
[INFO] [stdout] 2 + use pulsar_backend::calyx::builder::CalyxGroup;
[INFO] [stdout]   |
[INFO] [stdout] 
[INFO] [stdout] error: aborting due to 2 previous errors
[INFO] [stdout] 
[INFO] [stdout] For more information about this error, try `rustc --explain E0412`.
[INFO] [stdout] Couldn't compile the test.
[INFO] [stdout] 
[INFO] [stdout] failures:
[INFO] [stdout]     src/calyx/builder.rs - calyx::builder::CalyxControl<T>::seq (line 183)
[INFO] [stdout]     src/calyx/builder.rs - calyx::builder::CalyxControl<T>::seq (line 191)
[INFO] [stdout] 
[INFO] [stdout] test result: FAILED. 0 passed; 2 failed; 0 ignored; 0 measured; 0 filtered out; finished in 0.15s
[INFO] [stdout] 
[INFO] [stderr] error: doctest failed, to rerun pass `--doc`
[INFO] running `Command { std: "docker" "inspect" "c7a551b42e905da8e44a1a14ffe32fd1aafa3947d857431518147b3c38343c34", kill_on_drop: false }`
[INFO] running `Command { std: "docker" "rm" "-f" "c7a551b42e905da8e44a1a14ffe32fd1aafa3947d857431518147b3c38343c34", kill_on_drop: false }`
[INFO] [stdout] c7a551b42e905da8e44a1a14ffe32fd1aafa3947d857431518147b3c38343c34
