[INFO] fetching crate publish_to_crateio_practice 0.1.0...
[INFO] testing publish_to_crateio_practice-0.1.0 against nightly-2024-10-28 for randomize-layout
[INFO] extracting crate publish_to_crateio_practice 0.1.0 into /workspace/builds/worker-4-tc1/source
[INFO] validating manifest of crates.io crate publish_to_crateio_practice 0.1.0 on toolchain nightly-2024-10-28
[INFO] running `Command { std: CARGO_HOME="/workspace/cargo-home" RUSTUP_HOME="/workspace/rustup-home" "/workspace/cargo-home/bin/cargo" "+nightly-2024-10-28" "metadata" "--manifest-path" "Cargo.toml" "--no-deps", kill_on_drop: false }`
[INFO] started tweaking crates.io crate publish_to_crateio_practice 0.1.0
[INFO] finished tweaking crates.io crate publish_to_crateio_practice 0.1.0
[INFO] tweaked toml for crates.io crate publish_to_crateio_practice 0.1.0 written to /workspace/builds/worker-4-tc1/source/Cargo.toml
[INFO] crate crates.io crate publish_to_crateio_practice 0.1.0 already has a lockfile, it will not be regenerated
[INFO] running `Command { std: CARGO_HOME="/workspace/cargo-home" RUSTUP_HOME="/workspace/rustup-home" "/workspace/cargo-home/bin/cargo" "+nightly-2024-10-28" "fetch" "--manifest-path" "Cargo.toml", kill_on_drop: false }`
[INFO] running `Command { std: "docker" "create" "-v" "/var/lib/crater-agent-workspace/builds/worker-4-tc1/target:/opt/rustwide/target:rw,Z" "-v" "/var/lib/crater-agent-workspace/builds/worker-4-tc1/source:/opt/rustwide/workdir:ro,Z" "-v" "/var/lib/crater-agent-workspace/cargo-home:/opt/rustwide/cargo-home:ro,Z" "-v" "/var/lib/crater-agent-workspace/rustup-home:/opt/rustwide/rustup-home:ro,Z" "-e" "SOURCE_DIR=/opt/rustwide/workdir" "-e" "CARGO_TARGET_DIR=/opt/rustwide/target" "-e" "CARGO_HOME=/opt/rustwide/cargo-home" "-e" "RUSTUP_HOME=/opt/rustwide/rustup-home" "-w" "/opt/rustwide/workdir" "-m" "1610612736" "--user" "0:0" "--network" "none" "ghcr.io/rust-lang/crates-build-env/linux@sha256:4a844ea9eb2546a2d2c7022eacef16ef2e8229c7fbb2c7d4d55a9ceca922f72d" "/opt/rustwide/cargo-home/bin/cargo" "+nightly-2024-10-28" "metadata" "--no-deps" "--format-version=1", kill_on_drop: false }`
[INFO] [stdout] a7fb6bbc27feab97a64ffcc19135e34ddf5db89bbacd4e0beca012012d0e8f04
[INFO] running `Command { std: "docker" "start" "-a" "a7fb6bbc27feab97a64ffcc19135e34ddf5db89bbacd4e0beca012012d0e8f04", kill_on_drop: false }`
[INFO] running `Command { std: "docker" "inspect" "a7fb6bbc27feab97a64ffcc19135e34ddf5db89bbacd4e0beca012012d0e8f04", kill_on_drop: false }`
[INFO] running `Command { std: "docker" "rm" "-f" "a7fb6bbc27feab97a64ffcc19135e34ddf5db89bbacd4e0beca012012d0e8f04", kill_on_drop: false }`
[INFO] [stdout] a7fb6bbc27feab97a64ffcc19135e34ddf5db89bbacd4e0beca012012d0e8f04
[INFO] running `Command { std: "docker" "create" "-v" "/var/lib/crater-agent-workspace/builds/worker-4-tc1/target:/opt/rustwide/target:rw,Z" "-v" "/var/lib/crater-agent-workspace/builds/worker-4-tc1/source:/opt/rustwide/workdir:ro,Z" "-v" "/var/lib/crater-agent-workspace/cargo-home:/opt/rustwide/cargo-home:ro,Z" "-v" "/var/lib/crater-agent-workspace/rustup-home:/opt/rustwide/rustup-home:ro,Z" "-e" "SOURCE_DIR=/opt/rustwide/workdir" "-e" "CARGO_TARGET_DIR=/opt/rustwide/target" "-e" "CARGO_INCREMENTAL=0" "-e" "RUST_BACKTRACE=full" "-e" "RUSTFLAGS=--cap-lints=forbid" "-e" "RUSTDOCFLAGS=--cap-lints=forbid" "-e" "CARGO_HOME=/opt/rustwide/cargo-home" "-e" "RUSTUP_HOME=/opt/rustwide/rustup-home" "-w" "/opt/rustwide/workdir" "-m" "1610612736" "--user" "0:0" "--network" "none" "ghcr.io/rust-lang/crates-build-env/linux@sha256:4a844ea9eb2546a2d2c7022eacef16ef2e8229c7fbb2c7d4d55a9ceca922f72d" "/opt/rustwide/cargo-home/bin/cargo" "+nightly-2024-10-28" "build" "--frozen" "--message-format=json", kill_on_drop: false }`
[INFO] [stdout] 802071a44861d4d8f26c57be9259611cc38f05cbad50abccf249052ed5ec81be
[INFO] running `Command { std: "docker" "start" "-a" "802071a44861d4d8f26c57be9259611cc38f05cbad50abccf249052ed5ec81be", kill_on_drop: false }`
[INFO] [stderr]    Compiling publish_to_crateio_practice v0.1.0 (/opt/rustwide/workdir)
[INFO] [stdout] warning: unused variable: `c1`
[INFO] [stdout]   --> src/lib.rs:45:16
[INFO] [stdout]    |
[INFO] [stdout] 45 |     pub fn mix(c1: PrimaryColor, c2: PrimaryColor) {
[INFO] [stdout]    |                ^^ help: if this is intentional, prefix it with an underscore: `_c1`
[INFO] [stdout]    |
[INFO] [stdout]    = note: `#[warn(unused_variables)]` on by default
[INFO] [stdout] 
[INFO] [stdout] 
[INFO] [stdout] warning: unused variable: `c2`
[INFO] [stdout]   --> src/lib.rs:45:34
[INFO] [stdout]    |
[INFO] [stdout] 45 |     pub fn mix(c1: PrimaryColor, c2: PrimaryColor) {
[INFO] [stdout]    |                                  ^^ help: if this is intentional, prefix it with an underscore: `_c2`
[INFO] [stdout] 
[INFO] [stdout] 
[INFO] [stderr]     Finished `dev` profile [unoptimized + debuginfo] target(s) in 0.11s
[INFO] running `Command { std: "docker" "inspect" "802071a44861d4d8f26c57be9259611cc38f05cbad50abccf249052ed5ec81be", kill_on_drop: false }`
[INFO] running `Command { std: "docker" "rm" "-f" "802071a44861d4d8f26c57be9259611cc38f05cbad50abccf249052ed5ec81be", kill_on_drop: false }`
[INFO] [stdout] 802071a44861d4d8f26c57be9259611cc38f05cbad50abccf249052ed5ec81be
[INFO] running `Command { std: "docker" "create" "-v" "/var/lib/crater-agent-workspace/builds/worker-4-tc1/target:/opt/rustwide/target:rw,Z" "-v" "/var/lib/crater-agent-workspace/builds/worker-4-tc1/source:/opt/rustwide/workdir:ro,Z" "-v" "/var/lib/crater-agent-workspace/cargo-home:/opt/rustwide/cargo-home:ro,Z" "-v" "/var/lib/crater-agent-workspace/rustup-home:/opt/rustwide/rustup-home:ro,Z" "-e" "SOURCE_DIR=/opt/rustwide/workdir" "-e" "CARGO_TARGET_DIR=/opt/rustwide/target" "-e" "CARGO_INCREMENTAL=0" "-e" "RUST_BACKTRACE=full" "-e" "RUSTFLAGS=--cap-lints=forbid" "-e" "RUSTDOCFLAGS=--cap-lints=forbid" "-e" "CARGO_HOME=/opt/rustwide/cargo-home" "-e" "RUSTUP_HOME=/opt/rustwide/rustup-home" "-w" "/opt/rustwide/workdir" "-m" "1610612736" "--user" "0:0" "--network" "none" "ghcr.io/rust-lang/crates-build-env/linux@sha256:4a844ea9eb2546a2d2c7022eacef16ef2e8229c7fbb2c7d4d55a9ceca922f72d" "/opt/rustwide/cargo-home/bin/cargo" "+nightly-2024-10-28" "test" "--frozen" "--no-run" "--message-format=json", kill_on_drop: false }`
[INFO] [stdout] 09025ed8ab34c319ded7eaf251820a470628e9aa69c35bf5081f0c7842e82f6f
[INFO] running `Command { std: "docker" "start" "-a" "09025ed8ab34c319ded7eaf251820a470628e9aa69c35bf5081f0c7842e82f6f", kill_on_drop: false }`
[INFO] [stdout] warning: unused variable: `c1`
[INFO] [stdout]   --> src/lib.rs:45:16
[INFO] [stdout]    |
[INFO] [stdout] 45 |     pub fn mix(c1: PrimaryColor, c2: PrimaryColor) {
[INFO] [stdout]    |                ^^ help: if this is intentional, prefix it with an underscore: `_c1`
[INFO] [stdout]    |
[INFO] [stdout]    = note: `#[warn(unused_variables)]` on by default
[INFO] [stdout] 
[INFO] [stdout] 
[INFO] [stdout] warning: unused variable: `c2`
[INFO] [stdout]   --> src/lib.rs:45:34
[INFO] [stdout]    |
[INFO] [stdout] 45 |     pub fn mix(c1: PrimaryColor, c2: PrimaryColor) {
[INFO] [stdout]    |                                  ^^ help: if this is intentional, prefix it with an underscore: `_c2`
[INFO] [stdout] 
[INFO] [stdout] 
[INFO] [stderr]    Compiling publish_to_crateio_practice v0.1.0 (/opt/rustwide/workdir)
[INFO] [stdout] warning: unused variable: `c1`
[INFO] [stdout]   --> src/lib.rs:45:16
[INFO] [stdout]    |
[INFO] [stdout] 45 |     pub fn mix(c1: PrimaryColor, c2: PrimaryColor) {
[INFO] [stdout]    |                ^^ help: if this is intentional, prefix it with an underscore: `_c1`
[INFO] [stdout]    |
[INFO] [stdout]    = note: `#[warn(unused_variables)]` on by default
[INFO] [stdout] 
[INFO] [stdout] 
[INFO] [stdout] warning: unused variable: `c2`
[INFO] [stdout]   --> src/lib.rs:45:34
[INFO] [stdout]    |
[INFO] [stdout] 45 |     pub fn mix(c1: PrimaryColor, c2: PrimaryColor) {
[INFO] [stdout]    |                                  ^^ help: if this is intentional, prefix it with an underscore: `_c2`
[INFO] [stdout] 
[INFO] [stdout] 
[INFO] [stderr]     Finished `test` profile [unoptimized + debuginfo] target(s) in 0.10s
[INFO] running `Command { std: "docker" "inspect" "09025ed8ab34c319ded7eaf251820a470628e9aa69c35bf5081f0c7842e82f6f", kill_on_drop: false }`
[INFO] running `Command { std: "docker" "rm" "-f" "09025ed8ab34c319ded7eaf251820a470628e9aa69c35bf5081f0c7842e82f6f", kill_on_drop: false }`
[INFO] [stdout] 09025ed8ab34c319ded7eaf251820a470628e9aa69c35bf5081f0c7842e82f6f
[INFO] running `Command { std: "docker" "create" "-v" "/var/lib/crater-agent-workspace/builds/worker-4-tc1/target:/opt/rustwide/target:rw,Z" "-v" "/var/lib/crater-agent-workspace/builds/worker-4-tc1/source:/opt/rustwide/workdir:ro,Z" "-v" "/var/lib/crater-agent-workspace/cargo-home:/opt/rustwide/cargo-home:ro,Z" "-v" "/var/lib/crater-agent-workspace/rustup-home:/opt/rustwide/rustup-home:ro,Z" "-e" "SOURCE_DIR=/opt/rustwide/workdir" "-e" "CARGO_TARGET_DIR=/opt/rustwide/target" "-e" "CARGO_INCREMENTAL=0" "-e" "RUST_BACKTRACE=full" "-e" "RUSTFLAGS=--cap-lints=forbid" "-e" "RUSTDOCFLAGS=--cap-lints=forbid" "-e" "CARGO_HOME=/opt/rustwide/cargo-home" "-e" "RUSTUP_HOME=/opt/rustwide/rustup-home" "-w" "/opt/rustwide/workdir" "-m" "1610612736" "--user" "0:0" "--network" "none" "ghcr.io/rust-lang/crates-build-env/linux@sha256:4a844ea9eb2546a2d2c7022eacef16ef2e8229c7fbb2c7d4d55a9ceca922f72d" "/opt/rustwide/cargo-home/bin/cargo" "+nightly-2024-10-28" "test" "--frozen", kill_on_drop: false }`
[INFO] [stdout] 39e183717df1b4e78875120c747c9480f8b69b332d79ba07ad168c53a20a3ba0
[INFO] running `Command { std: "docker" "start" "-a" "39e183717df1b4e78875120c747c9480f8b69b332d79ba07ad168c53a20a3ba0", kill_on_drop: false }`
[INFO] [stderr] warning: unused variable: `c1`
[INFO] [stderr]   --> src/lib.rs:45:16
[INFO] [stderr]    |
[INFO] [stderr] 45 |     pub fn mix(c1: PrimaryColor, c2: PrimaryColor) {
[INFO] [stderr]    |                ^^ help: if this is intentional, prefix it with an underscore: `_c1`
[INFO] [stderr]    |
[INFO] [stderr]    = note: `#[warn(unused_variables)]` on by default
[INFO] [stderr] 
[INFO] [stderr] warning: unused variable: `c2`
[INFO] [stderr]   --> src/lib.rs:45:34
[INFO] [stderr]    |
[INFO] [stderr] 45 |     pub fn mix(c1: PrimaryColor, c2: PrimaryColor) {
[INFO] [stderr]    |                                  ^^ help: if this is intentional, prefix it with an underscore: `_c2`
[INFO] [stderr] 
[INFO] [stderr] warning: `publish_to_crateio_practice` (lib) generated 2 warnings
[INFO] [stderr] warning: `publish_to_crateio_practice` (lib test) generated 2 warnings (2 duplicates)
[INFO] [stderr]     Finished `test` profile [unoptimized + debuginfo] target(s) in 0.00s
[INFO] [stderr]      Running unittests src/lib.rs (/opt/rustwide/target/debug/deps/publish_to_crateio_practice-3d85a78d74ac9da1)
[INFO] [stdout] 
[INFO] [stdout] running 0 tests
[INFO] [stdout] 
[INFO] [stdout] test result: ok. 0 passed; 0 failed; 0 ignored; 0 measured; 0 filtered out; finished in 0.00s
[INFO] [stdout] 
[INFO] [stderr]      Running unittests src/main.rs (/opt/rustwide/target/debug/deps/publish_to_crateio_practice-247d3ec3ab7a8e1b)
[INFO] [stdout] 
[INFO] [stdout] running 0 tests
[INFO] [stdout] 
[INFO] [stdout] test result: ok. 0 passed; 0 failed; 0 ignored; 0 measured; 0 filtered out; finished in 0.00s
[INFO] [stdout] 
[INFO] [stderr]    Doc-tests publish_to_crateio_practice
[INFO] [stdout] 
[INFO] [stdout] running 1 test
[INFO] [stdout] test src/lib.rs - add_one (line 10) ... FAILED
[INFO] [stdout] 
[INFO] [stdout] failures:
[INFO] [stdout] 
[INFO] [stdout] ---- src/lib.rs - add_one (line 10) stdout ----
[INFO] [stdout] error[E0433]: failed to resolve: use of undeclared crate or module `_14_2_publish_to_crateio`
[INFO] [stdout]  --> src/lib.rs:12:14
[INFO] [stdout]   |
[INFO] [stdout] 4 | let answer = _14_2_publish_to_crateio::add_one(arg);
[INFO] [stdout]   |              ^^^^^^^^^^^^^^^^^^^^^^^^ use of undeclared crate or module `_14_2_publish_to_crateio`
[INFO] [stdout] 
[INFO] [stdout] error: aborting due to 1 previous error
[INFO] [stdout] 
[INFO] [stdout] For more information about this error, try `rustc --explain E0433`.
[INFO] [stdout] Couldn't compile the test.
[INFO] [stdout] 
[INFO] [stdout] failures:
[INFO] [stdout]     src/lib.rs - add_one (line 10)
[INFO] [stdout] 
[INFO] [stdout] test result: FAILED. 0 passed; 1 failed; 0 ignored; 0 measured; 0 filtered out; finished in 0.04s
[INFO] [stdout] 
[INFO] [stderr] error: doctest failed, to rerun pass `--doc`
[INFO] running `Command { std: "docker" "inspect" "39e183717df1b4e78875120c747c9480f8b69b332d79ba07ad168c53a20a3ba0", kill_on_drop: false }`
[INFO] running `Command { std: "docker" "rm" "-f" "39e183717df1b4e78875120c747c9480f8b69b332d79ba07ad168c53a20a3ba0", kill_on_drop: false }`
[INFO] [stdout] 39e183717df1b4e78875120c747c9480f8b69b332d79ba07ad168c53a20a3ba0
