[INFO] fetching crate public-api-rs 0.1.3...
[INFO] testing public-api-rs-0.1.3 against nightly-2024-10-28+rustflags=-Zrandomize-layout for randomize-layout
[INFO] extracting crate public-api-rs 0.1.3 into /workspace/builds/worker-7-tc2/source
[INFO] validating manifest of crates.io crate public-api-rs 0.1.3 on toolchain nightly-2024-10-28
[INFO] running `Command { std: CARGO_HOME="/workspace/cargo-home" RUSTUP_HOME="/workspace/rustup-home" "/workspace/cargo-home/bin/cargo" "+nightly-2024-10-28" "metadata" "--manifest-path" "Cargo.toml" "--no-deps", kill_on_drop: false }`
[INFO] started tweaking crates.io crate public-api-rs 0.1.3
[INFO] finished tweaking crates.io crate public-api-rs 0.1.3
[INFO] tweaked toml for crates.io crate public-api-rs 0.1.3 written to /workspace/builds/worker-7-tc2/source/Cargo.toml
[INFO] running `Command { std: CARGO_HOME="/workspace/cargo-home" RUSTUP_HOME="/workspace/rustup-home" "/workspace/cargo-home/bin/cargo" "+nightly-2024-10-28" "generate-lockfile" "--manifest-path" "Cargo.toml", kill_on_drop: false }`
[INFO] [stderr]     Updating crates.io index
[INFO] [stderr]      Locking 135 packages to latest compatible versions
[INFO] [stderr]       Adding reqwest v0.11.27 (available: v0.12.9)
[INFO] running `Command { std: CARGO_HOME="/workspace/cargo-home" RUSTUP_HOME="/workspace/rustup-home" "/workspace/cargo-home/bin/cargo" "+nightly-2024-10-28" "fetch" "--manifest-path" "Cargo.toml", kill_on_drop: false }`
[INFO] running `Command { std: "docker" "create" "-v" "/var/lib/crater-agent-workspace/builds/worker-7-tc2/target:/opt/rustwide/target:rw,Z" "-v" "/var/lib/crater-agent-workspace/builds/worker-7-tc2/source:/opt/rustwide/workdir:ro,Z" "-v" "/var/lib/crater-agent-workspace/cargo-home:/opt/rustwide/cargo-home:ro,Z" "-v" "/var/lib/crater-agent-workspace/rustup-home:/opt/rustwide/rustup-home:ro,Z" "-e" "SOURCE_DIR=/opt/rustwide/workdir" "-e" "CARGO_TARGET_DIR=/opt/rustwide/target" "-e" "CARGO_HOME=/opt/rustwide/cargo-home" "-e" "RUSTUP_HOME=/opt/rustwide/rustup-home" "-w" "/opt/rustwide/workdir" "-m" "1610612736" "--user" "0:0" "--network" "none" "ghcr.io/rust-lang/crates-build-env/linux@sha256:4a844ea9eb2546a2d2c7022eacef16ef2e8229c7fbb2c7d4d55a9ceca922f72d" "/opt/rustwide/cargo-home/bin/cargo" "+nightly-2024-10-28" "metadata" "--no-deps" "--format-version=1", kill_on_drop: false }`
[INFO] [stdout] db04294146c712981662c80b38dafc38ff91f7d5718821872d08c3c3b39b2a03
[INFO] running `Command { std: "docker" "start" "-a" "db04294146c712981662c80b38dafc38ff91f7d5718821872d08c3c3b39b2a03", kill_on_drop: false }`
[INFO] running `Command { std: "docker" "inspect" "db04294146c712981662c80b38dafc38ff91f7d5718821872d08c3c3b39b2a03", kill_on_drop: false }`
[INFO] running `Command { std: "docker" "rm" "-f" "db04294146c712981662c80b38dafc38ff91f7d5718821872d08c3c3b39b2a03", kill_on_drop: false }`
[INFO] [stdout] db04294146c712981662c80b38dafc38ff91f7d5718821872d08c3c3b39b2a03
[INFO] running `Command { std: "docker" "create" "-v" "/var/lib/crater-agent-workspace/builds/worker-7-tc2/target:/opt/rustwide/target:rw,Z" "-v" "/var/lib/crater-agent-workspace/builds/worker-7-tc2/source:/opt/rustwide/workdir:ro,Z" "-v" "/var/lib/crater-agent-workspace/cargo-home:/opt/rustwide/cargo-home:ro,Z" "-v" "/var/lib/crater-agent-workspace/rustup-home:/opt/rustwide/rustup-home:ro,Z" "-e" "SOURCE_DIR=/opt/rustwide/workdir" "-e" "CARGO_TARGET_DIR=/opt/rustwide/target" "-e" "CARGO_INCREMENTAL=0" "-e" "RUST_BACKTRACE=full" "-e" "RUSTFLAGS=--cap-lints=forbid -Zrandomize-layout" "-e" "RUSTDOCFLAGS=--cap-lints=forbid" "-e" "CARGO_HOME=/opt/rustwide/cargo-home" "-e" "RUSTUP_HOME=/opt/rustwide/rustup-home" "-w" "/opt/rustwide/workdir" "-m" "1610612736" "--user" "0:0" "--network" "none" "ghcr.io/rust-lang/crates-build-env/linux@sha256:4a844ea9eb2546a2d2c7022eacef16ef2e8229c7fbb2c7d4d55a9ceca922f72d" "/opt/rustwide/cargo-home/bin/cargo" "+nightly-2024-10-28" "build" "--frozen" "--message-format=json", kill_on_drop: false }`
[INFO] [stdout] f2adac4842b1bdea49fea8de58e3412c2beff446972475d125b7aeaab1ab2574
[INFO] running `Command { std: "docker" "start" "-a" "f2adac4842b1bdea49fea8de58e3412c2beff446972475d125b7aeaab1ab2574", kill_on_drop: false }`
[INFO] [stderr]    Compiling http v0.2.12
[INFO] [stderr]    Compiling tokio v1.41.0
[INFO] [stderr]    Compiling httpdate v1.0.3
[INFO] [stderr]    Compiling anyhow v1.0.92
[INFO] [stderr]    Compiling base64 v0.21.7
[INFO] [stderr]    Compiling sync_wrapper v0.1.2
[INFO] [stderr]    Compiling lazy_static v1.5.0
[INFO] [stderr]    Compiling rustls-pemfile v1.0.4
[INFO] [stderr]    Compiling http-body v0.4.6
[INFO] [stderr]    Compiling tokio-util v0.7.12
[INFO] [stderr]    Compiling tokio-native-tls v0.3.1
[INFO] [stderr]    Compiling h2 v0.3.26
[INFO] [stderr]    Compiling hyper v0.14.31
[INFO] [stderr]    Compiling hyper-tls v0.5.0
[INFO] [stderr]    Compiling reqwest v0.11.27
[INFO] [stderr]    Compiling public-api-rs v0.1.3 (/opt/rustwide/workdir)
[INFO] [stdout] warning: fields `mid`, `following`, `whisper`, `black`, and `follower` are never read
[INFO] [stdout]   --> src/bilibili/mod.rs:11:5
[INFO] [stdout]    |
[INFO] [stdout] 9  | pub struct Stat {
[INFO] [stdout]    |            ---- fields in this struct
[INFO] [stdout] 10 |     /// 用户id
[INFO] [stdout] 11 |     mid: u32,
[INFO] [stdout]    |     ^^^
[INFO] [stdout] 12 |     /// 关注数
[INFO] [stdout] 13 |     following: u32,
[INFO] [stdout]    |     ^^^^^^^^^
[INFO] [stdout] 14 |     ///
[INFO] [stdout] 15 |     whisper: u32,
[INFO] [stdout]    |     ^^^^^^^
[INFO] [stdout] 16 |     ///
[INFO] [stdout] 17 |     black: u32,
[INFO] [stdout]    |     ^^^^^
[INFO] [stdout] 18 |     /// 粉丝数
[INFO] [stdout] 19 |     follower: u32,
[INFO] [stdout]    |     ^^^^^^^^
[INFO] [stdout]    |
[INFO] [stdout]    = note: `Stat` has a derived impl for the trait `Debug`, but this is intentionally ignored during dead code analysis
[INFO] [stdout]    = note: `#[warn(dead_code)]` on by default
[INFO] [stdout] 
[INFO] [stdout] 
[INFO] [stdout] warning: fields `code`, `message`, and `ttl` are never read
[INFO] [stdout]  --> src/bilibili/user.rs:6:9
[INFO] [stdout]   |
[INFO] [stdout] 5 | pub(crate) struct StatResult {
[INFO] [stdout]   |                   ---------- fields in this struct
[INFO] [stdout] 6 |     pub code: u32,
[INFO] [stdout]   |         ^^^^
[INFO] [stdout] 7 |     pub message: String,
[INFO] [stdout]   |         ^^^^^^^
[INFO] [stdout] 8 |     pub ttl: u32,
[INFO] [stdout]   |         ^^^
[INFO] [stdout]   |
[INFO] [stdout]   = note: `StatResult` has a derived impl for the trait `Debug`, but this is intentionally ignored during dead code analysis
[INFO] [stdout] 
[INFO] [stdout] 
[INFO] [stdout] warning: multiple fields are never read
[INFO] [stdout]   --> src/weather/mod.rs:11:5
[INFO] [stdout]    |
[INFO] [stdout] 9  | pub struct Weather {
[INFO] [stdout]    |            ------- fields in this struct
[INFO] [stdout] 10 |     ///当前温度
[INFO] [stdout] 11 |     degree: String,
[INFO] [stdout]    |     ^^^^^^
[INFO] [stdout] ...
[INFO] [stdout] 14 |     humidity: String,
[INFO] [stdout]    |     ^^^^^^^^
[INFO] [stdout] ...
[INFO] [stdout] 17 |     weather: String,
[INFO] [stdout]    |     ^^^^^^^
[INFO] [stdout] ...
[INFO] [stdout] 20 |     weather_code: String,
[INFO] [stdout]    |     ^^^^^^^^^^^^
[INFO] [stdout] ...
[INFO] [stdout] 23 |     wind_direction: String,
[INFO] [stdout]    |     ^^^^^^^^^^^^^^
[INFO] [stdout] ...
[INFO] [stdout] 26 |     wind_power: String,
[INFO] [stdout]    |     ^^^^^^^^^^
[INFO] [stdout] ...
[INFO] [stdout] 29 |     aqi: u32,
[INFO] [stdout]    |     ^^^
[INFO] [stdout] ...
[INFO] [stdout] 32 |     aqi_level: u32,
[INFO] [stdout]    |     ^^^^^^^^^
[INFO] [stdout] ...
[INFO] [stdout] 35 |     aqi_name: String,
[INFO] [stdout]    |     ^^^^^^^^
[INFO] [stdout] ...
[INFO] [stdout] 38 |     max_degree: Option<String>,
[INFO] [stdout]    |     ^^^^^^^^^^
[INFO] [stdout] ...
[INFO] [stdout] 41 |     min_degree: Option<String>,
[INFO] [stdout]    |     ^^^^^^^^^^
[INFO] [stdout]    |
[INFO] [stdout]    = note: `Weather` has a derived impl for the trait `Debug`, but this is intentionally ignored during dead code analysis
[INFO] [stdout] 
[INFO] [stdout] 
[INFO] [stdout] warning: fields `message` and `status` are never read
[INFO] [stdout]  --> src/weather/qq.rs:7:9
[INFO] [stdout]   |
[INFO] [stdout] 5 | pub(crate) struct QQWeatherResult {
[INFO] [stdout]   |                   --------------- fields in this struct
[INFO] [stdout] 6 |     pub data: QQWeatherResultData,
[INFO] [stdout] 7 |     pub message: String,
[INFO] [stdout]   |         ^^^^^^^
[INFO] [stdout] 8 |     pub status: u32,
[INFO] [stdout]   |         ^^^^^^
[INFO] [stdout]   |
[INFO] [stdout]   = note: `QQWeatherResult` has a derived impl for the trait `Debug`, but this is intentionally ignored during dead code analysis
[INFO] [stdout] 
[INFO] [stdout] 
[INFO] [stdout] warning: field `update_time` is never read
[INFO] [stdout]   --> src/weather/qq.rs:23:9
[INFO] [stdout]    |
[INFO] [stdout] 19 | pub(crate) struct QQWeatherResultDataAir {
[INFO] [stdout]    |                   ---------------------- field in this struct
[INFO] [stdout] ...
[INFO] [stdout] 23 |     pub update_time: String,
[INFO] [stdout]    |         ^^^^^^^^^^^
[INFO] [stdout]    |
[INFO] [stdout]    = note: `QQWeatherResultDataAir` has a derived impl for the trait `Debug`, but this is intentionally ignored during dead code analysis
[INFO] [stdout] 
[INFO] [stdout] 
[INFO] [stdout] warning: fields `weather_short` and `update_time` are never read
[INFO] [stdout]   --> src/weather/qq.rs:33:9
[INFO] [stdout]    |
[INFO] [stdout] 28 | pub(crate) struct QQWeatherResultDataObserve {
[INFO] [stdout]    |                   -------------------------- fields in this struct
[INFO] [stdout] ...
[INFO] [stdout] 33 |     pub weather_short: String,
[INFO] [stdout]    |         ^^^^^^^^^^^^^
[INFO] [stdout] ...
[INFO] [stdout] 36 |     pub update_time: String,
[INFO] [stdout]    |         ^^^^^^^^^^^
[INFO] [stdout]    |
[INFO] [stdout]    = note: `QQWeatherResultDataObserve` has a derived impl for the trait `Debug`, but this is intentionally ignored during dead code analysis
[INFO] [stdout] 
[INFO] [stdout] 
[INFO] [stderr]     Finished `dev` profile [unoptimized + debuginfo] target(s) in 8.66s
[INFO] running `Command { std: "docker" "inspect" "f2adac4842b1bdea49fea8de58e3412c2beff446972475d125b7aeaab1ab2574", kill_on_drop: false }`
[INFO] running `Command { std: "docker" "rm" "-f" "f2adac4842b1bdea49fea8de58e3412c2beff446972475d125b7aeaab1ab2574", kill_on_drop: false }`
[INFO] [stdout] f2adac4842b1bdea49fea8de58e3412c2beff446972475d125b7aeaab1ab2574
[INFO] running `Command { std: "docker" "create" "-v" "/var/lib/crater-agent-workspace/builds/worker-7-tc2/target:/opt/rustwide/target:rw,Z" "-v" "/var/lib/crater-agent-workspace/builds/worker-7-tc2/source:/opt/rustwide/workdir:ro,Z" "-v" "/var/lib/crater-agent-workspace/cargo-home:/opt/rustwide/cargo-home:ro,Z" "-v" "/var/lib/crater-agent-workspace/rustup-home:/opt/rustwide/rustup-home:ro,Z" "-e" "SOURCE_DIR=/opt/rustwide/workdir" "-e" "CARGO_TARGET_DIR=/opt/rustwide/target" "-e" "CARGO_INCREMENTAL=0" "-e" "RUST_BACKTRACE=full" "-e" "RUSTFLAGS=--cap-lints=forbid -Zrandomize-layout" "-e" "RUSTDOCFLAGS=--cap-lints=forbid" "-e" "CARGO_HOME=/opt/rustwide/cargo-home" "-e" "RUSTUP_HOME=/opt/rustwide/rustup-home" "-w" "/opt/rustwide/workdir" "-m" "1610612736" "--user" "0:0" "--network" "none" "ghcr.io/rust-lang/crates-build-env/linux@sha256:4a844ea9eb2546a2d2c7022eacef16ef2e8229c7fbb2c7d4d55a9ceca922f72d" "/opt/rustwide/cargo-home/bin/cargo" "+nightly-2024-10-28" "test" "--frozen" "--no-run" "--message-format=json", kill_on_drop: false }`
[INFO] [stdout] 3a97ff29f267285a2c40cdf866416b0ac2f42bc52f28f71bd0c16f9ef18406aa
[INFO] running `Command { std: "docker" "start" "-a" "3a97ff29f267285a2c40cdf866416b0ac2f42bc52f28f71bd0c16f9ef18406aa", kill_on_drop: false }`
[INFO] [stderr]    Compiling syn v2.0.86
[INFO] [stderr]    Compiling tokio v1.41.0
[INFO] [stderr]    Compiling openssl-macros v0.1.1
[INFO] [stderr]    Compiling serde_derive v1.0.214
[INFO] [stderr]    Compiling async-stream-impl v0.3.6
[INFO] [stderr]    Compiling openssl v0.10.68
[INFO] [stderr]    Compiling async-stream v0.3.6
[INFO] [stderr]    Compiling tokio-util v0.7.12
[INFO] [stderr]    Compiling tokio-stream v0.1.16
[INFO] [stderr]    Compiling tokio-test v0.4.4
[INFO] [stderr]    Compiling h2 v0.3.26
[INFO] [stderr]    Compiling serde v1.0.214
[INFO] [stderr]    Compiling native-tls v0.2.12
[INFO] [stderr]    Compiling hyper v0.14.31
[INFO] [stderr]    Compiling tokio-native-tls v0.3.1
[INFO] [stderr]    Compiling serde_urlencoded v0.7.1
[INFO] [stderr]    Compiling serde_json v1.0.132
[INFO] [stderr]    Compiling hyper-tls v0.5.0
[INFO] [stderr]    Compiling reqwest v0.11.27
[INFO] [stderr]    Compiling public-api-rs v0.1.3 (/opt/rustwide/workdir)
[INFO] [stdout] warning: fields `mid`, `following`, `whisper`, `black`, and `follower` are never read
[INFO] [stdout]   --> src/bilibili/mod.rs:11:5
[INFO] [stdout]    |
[INFO] [stdout] 9  | pub struct Stat {
[INFO] [stdout]    |            ---- fields in this struct
[INFO] [stdout] 10 |     /// 用户id
[INFO] [stdout] 11 |     mid: u32,
[INFO] [stdout]    |     ^^^
[INFO] [stdout] 12 |     /// 关注数
[INFO] [stdout] 13 |     following: u32,
[INFO] [stdout]    |     ^^^^^^^^^
[INFO] [stdout] 14 |     ///
[INFO] [stdout] 15 |     whisper: u32,
[INFO] [stdout]    |     ^^^^^^^
[INFO] [stdout] 16 |     ///
[INFO] [stdout] 17 |     black: u32,
[INFO] [stdout]    |     ^^^^^
[INFO] [stdout] 18 |     /// 粉丝数
[INFO] [stdout] 19 |     follower: u32,
[INFO] [stdout]    |     ^^^^^^^^
[INFO] [stdout]    |
[INFO] [stdout]    = note: `Stat` has a derived impl for the trait `Debug`, but this is intentionally ignored during dead code analysis
[INFO] [stdout]    = note: `#[warn(dead_code)]` on by default
[INFO] [stdout] 
[INFO] [stdout] 
[INFO] [stdout] warning: fields `code`, `message`, and `ttl` are never read
[INFO] [stdout]  --> src/bilibili/user.rs:6:9
[INFO] [stdout]   |
[INFO] [stdout] 5 | pub(crate) struct StatResult {
[INFO] [stdout]   |                   ---------- fields in this struct
[INFO] [stdout] 6 |     pub code: u32,
[INFO] [stdout]   |         ^^^^
[INFO] [stdout] 7 |     pub message: String,
[INFO] [stdout]   |         ^^^^^^^
[INFO] [stdout] 8 |     pub ttl: u32,
[INFO] [stdout]   |         ^^^
[INFO] [stdout]   |
[INFO] [stdout]   = note: `StatResult` has a derived impl for the trait `Debug`, but this is intentionally ignored during dead code analysis
[INFO] [stdout] 
[INFO] [stdout] 
[INFO] [stdout] warning: multiple fields are never read
[INFO] [stdout]   --> src/weather/mod.rs:11:5
[INFO] [stdout]    |
[INFO] [stdout] 9  | pub struct Weather {
[INFO] [stdout]    |            ------- fields in this struct
[INFO] [stdout] 10 |     ///当前温度
[INFO] [stdout] 11 |     degree: String,
[INFO] [stdout]    |     ^^^^^^
[INFO] [stdout] ...
[INFO] [stdout] 14 |     humidity: String,
[INFO] [stdout]    |     ^^^^^^^^
[INFO] [stdout] ...
[INFO] [stdout] 17 |     weather: String,
[INFO] [stdout]    |     ^^^^^^^
[INFO] [stdout] ...
[INFO] [stdout] 20 |     weather_code: String,
[INFO] [stdout]    |     ^^^^^^^^^^^^
[INFO] [stdout] ...
[INFO] [stdout] 23 |     wind_direction: String,
[INFO] [stdout]    |     ^^^^^^^^^^^^^^
[INFO] [stdout] ...
[INFO] [stdout] 26 |     wind_power: String,
[INFO] [stdout]    |     ^^^^^^^^^^
[INFO] [stdout] ...
[INFO] [stdout] 29 |     aqi: u32,
[INFO] [stdout]    |     ^^^
[INFO] [stdout] ...
[INFO] [stdout] 32 |     aqi_level: u32,
[INFO] [stdout]    |     ^^^^^^^^^
[INFO] [stdout] ...
[INFO] [stdout] 35 |     aqi_name: String,
[INFO] [stdout]    |     ^^^^^^^^
[INFO] [stdout] ...
[INFO] [stdout] 38 |     max_degree: Option<String>,
[INFO] [stdout]    |     ^^^^^^^^^^
[INFO] [stdout] ...
[INFO] [stdout] 41 |     min_degree: Option<String>,
[INFO] [stdout]    |     ^^^^^^^^^^
[INFO] [stdout]    |
[INFO] [stdout]    = note: `Weather` has a derived impl for the trait `Debug`, but this is intentionally ignored during dead code analysis
[INFO] [stdout] 
[INFO] [stdout] 
[INFO] [stdout] warning: fields `message` and `status` are never read
[INFO] [stdout]  --> src/weather/qq.rs:7:9
[INFO] [stdout]   |
[INFO] [stdout] 5 | pub(crate) struct QQWeatherResult {
[INFO] [stdout]   |                   --------------- fields in this struct
[INFO] [stdout] 6 |     pub data: QQWeatherResultData,
[INFO] [stdout] 7 |     pub message: String,
[INFO] [stdout]   |         ^^^^^^^
[INFO] [stdout] 8 |     pub status: u32,
[INFO] [stdout]   |         ^^^^^^
[INFO] [stdout]   |
[INFO] [stdout]   = note: `QQWeatherResult` has a derived impl for the trait `Debug`, but this is intentionally ignored during dead code analysis
[INFO] [stdout] 
[INFO] [stdout] 
[INFO] [stdout] warning: field `update_time` is never read
[INFO] [stdout]   --> src/weather/qq.rs:23:9
[INFO] [stdout]    |
[INFO] [stdout] 19 | pub(crate) struct QQWeatherResultDataAir {
[INFO] [stdout]    |                   ---------------------- field in this struct
[INFO] [stdout] ...
[INFO] [stdout] 23 |     pub update_time: String,
[INFO] [stdout]    |         ^^^^^^^^^^^
[INFO] [stdout]    |
[INFO] [stdout]    = note: `QQWeatherResultDataAir` has a derived impl for the trait `Debug`, but this is intentionally ignored during dead code analysis
[INFO] [stdout] 
[INFO] [stdout] 
[INFO] [stdout] warning: fields `weather_short` and `update_time` are never read
[INFO] [stdout]   --> src/weather/qq.rs:33:9
[INFO] [stdout]    |
[INFO] [stdout] 28 | pub(crate) struct QQWeatherResultDataObserve {
[INFO] [stdout]    |                   -------------------------- fields in this struct
[INFO] [stdout] ...
[INFO] [stdout] 33 |     pub weather_short: String,
[INFO] [stdout]    |         ^^^^^^^^^^^^^
[INFO] [stdout] ...
[INFO] [stdout] 36 |     pub update_time: String,
[INFO] [stdout]    |         ^^^^^^^^^^^
[INFO] [stdout]    |
[INFO] [stdout]    = note: `QQWeatherResultDataObserve` has a derived impl for the trait `Debug`, but this is intentionally ignored during dead code analysis
[INFO] [stdout] 
[INFO] [stdout] 
[INFO] [stdout] warning: fields `mid`, `following`, `whisper`, `black`, and `follower` are never read
[INFO] [stdout]   --> src/bilibili/mod.rs:11:5
[INFO] [stdout]    |
[INFO] [stdout] 9  | pub struct Stat {
[INFO] [stdout]    |            ---- fields in this struct
[INFO] [stdout] 10 |     /// 用户id
[INFO] [stdout] 11 |     mid: u32,
[INFO] [stdout]    |     ^^^
[INFO] [stdout] 12 |     /// 关注数
[INFO] [stdout] 13 |     following: u32,
[INFO] [stdout]    |     ^^^^^^^^^
[INFO] [stdout] 14 |     ///
[INFO] [stdout] 15 |     whisper: u32,
[INFO] [stdout]    |     ^^^^^^^
[INFO] [stdout] 16 |     ///
[INFO] [stdout] 17 |     black: u32,
[INFO] [stdout]    |     ^^^^^
[INFO] [stdout] 18 |     /// 粉丝数
[INFO] [stdout] 19 |     follower: u32,
[INFO] [stdout]    |     ^^^^^^^^
[INFO] [stdout]    |
[INFO] [stdout]    = note: `Stat` has a derived impl for the trait `Debug`, but this is intentionally ignored during dead code analysis
[INFO] [stdout]    = note: `#[warn(dead_code)]` on by default
[INFO] [stdout] 
[INFO] [stdout] 
[INFO] [stdout] warning: fields `code`, `message`, and `ttl` are never read
[INFO] [stdout]  --> src/bilibili/user.rs:6:9
[INFO] [stdout]   |
[INFO] [stdout] 5 | pub(crate) struct StatResult {
[INFO] [stdout]   |                   ---------- fields in this struct
[INFO] [stdout] 6 |     pub code: u32,
[INFO] [stdout]   |         ^^^^
[INFO] [stdout] 7 |     pub message: String,
[INFO] [stdout]   |         ^^^^^^^
[INFO] [stdout] 8 |     pub ttl: u32,
[INFO] [stdout]   |         ^^^
[INFO] [stdout]   |
[INFO] [stdout]   = note: `StatResult` has a derived impl for the trait `Debug`, but this is intentionally ignored during dead code analysis
[INFO] [stdout] 
[INFO] [stdout] 
[INFO] [stdout] warning: multiple fields are never read
[INFO] [stdout]   --> src/weather/mod.rs:11:5
[INFO] [stdout]    |
[INFO] [stdout] 9  | pub struct Weather {
[INFO] [stdout]    |            ------- fields in this struct
[INFO] [stdout] 10 |     ///当前温度
[INFO] [stdout] 11 |     degree: String,
[INFO] [stdout]    |     ^^^^^^
[INFO] [stdout] ...
[INFO] [stdout] 14 |     humidity: String,
[INFO] [stdout]    |     ^^^^^^^^
[INFO] [stdout] ...
[INFO] [stdout] 17 |     weather: String,
[INFO] [stdout]    |     ^^^^^^^
[INFO] [stdout] ...
[INFO] [stdout] 20 |     weather_code: String,
[INFO] [stdout]    |     ^^^^^^^^^^^^
[INFO] [stdout] ...
[INFO] [stdout] 23 |     wind_direction: String,
[INFO] [stdout]    |     ^^^^^^^^^^^^^^
[INFO] [stdout] ...
[INFO] [stdout] 26 |     wind_power: String,
[INFO] [stdout]    |     ^^^^^^^^^^
[INFO] [stdout] ...
[INFO] [stdout] 29 |     aqi: u32,
[INFO] [stdout]    |     ^^^
[INFO] [stdout] ...
[INFO] [stdout] 32 |     aqi_level: u32,
[INFO] [stdout]    |     ^^^^^^^^^
[INFO] [stdout] ...
[INFO] [stdout] 35 |     aqi_name: String,
[INFO] [stdout]    |     ^^^^^^^^
[INFO] [stdout] ...
[INFO] [stdout] 38 |     max_degree: Option<String>,
[INFO] [stdout]    |     ^^^^^^^^^^
[INFO] [stdout] ...
[INFO] [stdout] 41 |     min_degree: Option<String>,
[INFO] [stdout]    |     ^^^^^^^^^^
[INFO] [stdout]    |
[INFO] [stdout]    = note: `Weather` has a derived impl for the trait `Debug`, but this is intentionally ignored during dead code analysis
[INFO] [stdout] 
[INFO] [stdout] 
[INFO] [stdout] warning: fields `message` and `status` are never read
[INFO] [stdout]  --> src/weather/qq.rs:7:9
[INFO] [stdout]   |
[INFO] [stdout] 5 | pub(crate) struct QQWeatherResult {
[INFO] [stdout]   |                   --------------- fields in this struct
[INFO] [stdout] 6 |     pub data: QQWeatherResultData,
[INFO] [stdout] 7 |     pub message: String,
[INFO] [stdout]   |         ^^^^^^^
[INFO] [stdout] 8 |     pub status: u32,
[INFO] [stdout]   |         ^^^^^^
[INFO] [stdout]   |
[INFO] [stdout]   = note: `QQWeatherResult` has a derived impl for the trait `Debug`, but this is intentionally ignored during dead code analysis
[INFO] [stdout] 
[INFO] [stdout] 
[INFO] [stdout] warning: field `update_time` is never read
[INFO] [stdout]   --> src/weather/qq.rs:23:9
[INFO] [stdout]    |
[INFO] [stdout] 19 | pub(crate) struct QQWeatherResultDataAir {
[INFO] [stdout]    |                   ---------------------- field in this struct
[INFO] [stdout] ...
[INFO] [stdout] 23 |     pub update_time: String,
[INFO] [stdout]    |         ^^^^^^^^^^^
[INFO] [stdout]    |
[INFO] [stdout]    = note: `QQWeatherResultDataAir` has a derived impl for the trait `Debug`, but this is intentionally ignored during dead code analysis
[INFO] [stdout] 
[INFO] [stdout] 
[INFO] [stdout] warning: fields `weather_short` and `update_time` are never read
[INFO] [stdout]   --> src/weather/qq.rs:33:9
[INFO] [stdout]    |
[INFO] [stdout] 28 | pub(crate) struct QQWeatherResultDataObserve {
[INFO] [stdout]    |                   -------------------------- fields in this struct
[INFO] [stdout] ...
[INFO] [stdout] 33 |     pub weather_short: String,
[INFO] [stdout]    |         ^^^^^^^^^^^^^
[INFO] [stdout] ...
[INFO] [stdout] 36 |     pub update_time: String,
[INFO] [stdout]    |         ^^^^^^^^^^^
[INFO] [stdout]    |
[INFO] [stdout]    = note: `QQWeatherResultDataObserve` has a derived impl for the trait `Debug`, but this is intentionally ignored during dead code analysis
[INFO] [stdout] 
[INFO] [stdout] 
[INFO] [stderr]     Finished `test` profile [unoptimized + debuginfo] target(s) in 9.45s
[INFO] running `Command { std: "docker" "inspect" "3a97ff29f267285a2c40cdf866416b0ac2f42bc52f28f71bd0c16f9ef18406aa", kill_on_drop: false }`
[INFO] running `Command { std: "docker" "rm" "-f" "3a97ff29f267285a2c40cdf866416b0ac2f42bc52f28f71bd0c16f9ef18406aa", kill_on_drop: false }`
[INFO] [stdout] 3a97ff29f267285a2c40cdf866416b0ac2f42bc52f28f71bd0c16f9ef18406aa
[INFO] running `Command { std: "docker" "create" "-v" "/var/lib/crater-agent-workspace/builds/worker-7-tc2/target:/opt/rustwide/target:rw,Z" "-v" "/var/lib/crater-agent-workspace/builds/worker-7-tc2/source:/opt/rustwide/workdir:ro,Z" "-v" "/var/lib/crater-agent-workspace/cargo-home:/opt/rustwide/cargo-home:ro,Z" "-v" "/var/lib/crater-agent-workspace/rustup-home:/opt/rustwide/rustup-home:ro,Z" "-e" "SOURCE_DIR=/opt/rustwide/workdir" "-e" "CARGO_TARGET_DIR=/opt/rustwide/target" "-e" "CARGO_INCREMENTAL=0" "-e" "RUST_BACKTRACE=full" "-e" "RUSTFLAGS=--cap-lints=forbid -Zrandomize-layout" "-e" "RUSTDOCFLAGS=--cap-lints=forbid" "-e" "CARGO_HOME=/opt/rustwide/cargo-home" "-e" "RUSTUP_HOME=/opt/rustwide/rustup-home" "-w" "/opt/rustwide/workdir" "-m" "1610612736" "--user" "0:0" "--network" "none" "ghcr.io/rust-lang/crates-build-env/linux@sha256:4a844ea9eb2546a2d2c7022eacef16ef2e8229c7fbb2c7d4d55a9ceca922f72d" "/opt/rustwide/cargo-home/bin/cargo" "+nightly-2024-10-28" "test" "--frozen", kill_on_drop: false }`
[INFO] [stdout] 86b74b3ccc64101f020ea711473983c2712cd7c30118756c6aa008b8726e7301
[INFO] running `Command { std: "docker" "start" "-a" "86b74b3ccc64101f020ea711473983c2712cd7c30118756c6aa008b8726e7301", kill_on_drop: false }`
[INFO] [stderr] warning: fields `mid`, `following`, `whisper`, `black`, and `follower` are never read
[INFO] [stderr]   --> src/bilibili/mod.rs:11:5
[INFO] [stderr]    |
[INFO] [stderr] 9  | pub struct Stat {
[INFO] [stderr]    |            ---- fields in this struct
[INFO] [stderr] 10 |     /// 用户id
[INFO] [stderr] 11 |     mid: u32,
[INFO] [stderr]    |     ^^^
[INFO] [stderr] 12 |     /// 关注数
[INFO] [stderr] 13 |     following: u32,
[INFO] [stderr]    |     ^^^^^^^^^
[INFO] [stderr] 14 |     ///
[INFO] [stderr] 15 |     whisper: u32,
[INFO] [stderr]    |     ^^^^^^^
[INFO] [stderr] 16 |     ///
[INFO] [stderr] 17 |     black: u32,
[INFO] [stderr]    |     ^^^^^
[INFO] [stderr] 18 |     /// 粉丝数
[INFO] [stderr] 19 |     follower: u32,
[INFO] [stderr]    |     ^^^^^^^^
[INFO] [stderr]    |
[INFO] [stderr]    = note: `Stat` has a derived impl for the trait `Debug`, but this is intentionally ignored during dead code analysis
[INFO] [stderr]    = note: `#[warn(dead_code)]` on by default
[INFO] [stderr] 
[INFO] [stderr] warning: fields `code`, `message`, and `ttl` are never read
[INFO] [stderr]  --> src/bilibili/user.rs:6:9
[INFO] [stderr]   |
[INFO] [stderr] 5 | pub(crate) struct StatResult {
[INFO] [stderr]   |                   ---------- fields in this struct
[INFO] [stderr] 6 |     pub code: u32,
[INFO] [stderr]   |         ^^^^
[INFO] [stderr] 7 |     pub message: String,
[INFO] [stderr]   |         ^^^^^^^
[INFO] [stderr] 8 |     pub ttl: u32,
[INFO] [stderr]   |         ^^^
[INFO] [stderr]   |
[INFO] [stderr]   = note: `StatResult` has a derived impl for the trait `Debug`, but this is intentionally ignored during dead code analysis
[INFO] [stderr] 
[INFO] [stderr] warning: multiple fields are never read
[INFO] [stderr]   --> src/weather/mod.rs:11:5
[INFO] [stderr]    |
[INFO] [stderr] 9  | pub struct Weather {
[INFO] [stderr]    |            ------- fields in this struct
[INFO] [stderr] 10 |     ///当前温度
[INFO] [stderr] 11 |     degree: String,
[INFO] [stderr]    |     ^^^^^^
[INFO] [stderr] ...
[INFO] [stderr] 14 |     humidity: String,
[INFO] [stderr]    |     ^^^^^^^^
[INFO] [stderr] ...
[INFO] [stderr] 17 |     weather: String,
[INFO] [stderr]    |     ^^^^^^^
[INFO] [stderr] ...
[INFO] [stderr] 20 |     weather_code: String,
[INFO] [stderr]    |     ^^^^^^^^^^^^
[INFO] [stderr] ...
[INFO] [stderr] 23 |     wind_direction: String,
[INFO] [stderr]    |     ^^^^^^^^^^^^^^
[INFO] [stderr] ...
[INFO] [stderr] 26 |     wind_power: String,
[INFO] [stderr]    |     ^^^^^^^^^^
[INFO] [stderr] ...
[INFO] [stderr] 29 |     aqi: u32,
[INFO] [stderr]    |     ^^^
[INFO] [stderr] ...
[INFO] [stderr] 32 |     aqi_level: u32,
[INFO] [stderr]    |     ^^^^^^^^^
[INFO] [stderr] ...
[INFO] [stderr] 35 |     aqi_name: String,
[INFO] [stderr]    |     ^^^^^^^^
[INFO] [stderr] ...
[INFO] [stderr] 38 |     max_degree: Option<String>,
[INFO] [stderr]    |     ^^^^^^^^^^
[INFO] [stderr] ...
[INFO] [stderr] 41 |     min_degree: Option<String>,
[INFO] [stderr]    |     ^^^^^^^^^^
[INFO] [stderr]    |
[INFO] [stderr]    = note: `Weather` has a derived impl for the trait `Debug`, but this is intentionally ignored during dead code analysis
[INFO] [stderr] 
[INFO] [stderr] warning: fields `message` and `status` are never read
[INFO] [stderr]  --> src/weather/qq.rs:7:9
[INFO] [stderr]   |
[INFO] [stderr] 5 | pub(crate) struct QQWeatherResult {
[INFO] [stderr]   |                   --------------- fields in this struct
[INFO] [stderr] 6 |     pub data: QQWeatherResultData,
[INFO] [stderr] 7 |     pub message: String,
[INFO] [stderr]   |         ^^^^^^^
[INFO] [stderr] 8 |     pub status: u32,
[INFO] [stderr]   |         ^^^^^^
[INFO] [stderr]   |
[INFO] [stderr]   = note: `QQWeatherResult` has a derived impl for the trait `Debug`, but this is intentionally ignored during dead code analysis
[INFO] [stderr] 
[INFO] [stderr] warning: field `update_time` is never read
[INFO] [stderr]   --> src/weather/qq.rs:23:9
[INFO] [stderr]    |
[INFO] [stderr] 19 | pub(crate) struct QQWeatherResultDataAir {
[INFO] [stderr]    |                   ---------------------- field in this struct
[INFO] [stderr] ...
[INFO] [stderr] 23 |     pub update_time: String,
[INFO] [stderr]    |         ^^^^^^^^^^^
[INFO] [stderr]    |
[INFO] [stderr]    = note: `QQWeatherResultDataAir` has a derived impl for the trait `Debug`, but this is intentionally ignored during dead code analysis
[INFO] [stderr] 
[INFO] [stderr] warning: fields `weather_short` and `update_time` are never read
[INFO] [stderr]   --> src/weather/qq.rs:33:9
[INFO] [stderr]    |
[INFO] [stderr] 28 | pub(crate) struct QQWeatherResultDataObserve {
[INFO] [stderr]    |                   -------------------------- fields in this struct
[INFO] [stderr] ...
[INFO] [stderr] 33 |     pub weather_short: String,
[INFO] [stderr]    |         ^^^^^^^^^^^^^
[INFO] [stderr] ...
[INFO] [stderr] 36 |     pub update_time: String,
[INFO] [stderr]    |         ^^^^^^^^^^^
[INFO] [stderr]    |
[INFO] [stderr]    = note: `QQWeatherResultDataObserve` has a derived impl for the trait `Debug`, but this is intentionally ignored during dead code analysis
[INFO] [stderr] 
[INFO] [stderr] warning: `public-api-rs` (lib) generated 6 warnings
[INFO] [stderr] warning: `public-api-rs` (lib test) generated 6 warnings (6 duplicates)
[INFO] [stderr]     Finished `test` profile [unoptimized + debuginfo] target(s) in 0.06s
[INFO] [stderr]      Running unittests src/lib.rs (/opt/rustwide/target/debug/deps/public_api_rs-bc52bdea084c9b11)
[INFO] [stdout] 
[INFO] [stdout] running 3 tests
[INFO] [stdout] test verify::regex::tests::test_verify ... ok
[INFO] [stdout] test bilibili::user::tests::test_get_stat ... FAILED
[INFO] [stdout] test weather::qq::tests::test_weather ... FAILED
[INFO] [stdout] 
[INFO] [stdout] failures:
[INFO] [stdout] 
[INFO] [stdout] ---- bilibili::user::tests::test_get_stat stdout ----
[INFO] [stdout] [src/bilibili/user.rs:43:13] &result = Err(
[INFO] [stdout]     reqwest::Error {
[INFO] [stdout]         kind: Request,
[INFO] [stdout]         url: Url {
[INFO] [stdout]             scheme: "https",
[INFO] [stdout]             cannot_be_a_base: false,
[INFO] [stdout]             username: "",
[INFO] [stdout]             password: None,
[INFO] [stdout]             host: Some(
[INFO] [stdout]                 Domain(
[INFO] [stdout]                     "api.bilibili.com",
[INFO] [stdout]                 ),
[INFO] [stdout]             ),
[INFO] [stdout]             port: None,
[INFO] [stdout]             path: "/x/relation/stat",
[INFO] [stdout]             query: Some(
[INFO] [stdout]                 "vmid=517327498",
[INFO] [stdout]             ),
[INFO] [stdout]             fragment: None,
[INFO] [stdout]         },
[INFO] [stdout]         source: hyper::Error(
[INFO] [stdout]             Connect,
[INFO] [stdout]             ConnectError(
[INFO] [stdout]                 "dns error",
[INFO] [stdout]                 Custom {
[INFO] [stdout]                     kind: Uncategorized,
[INFO] [stdout]                     error: "failed to lookup address information: Temporary failure in name resolution",
[INFO] [stdout]                 },
[INFO] [stdout]             ),
[INFO] [stdout]         ),
[INFO] [stdout]     },
[INFO] [stdout] )
[INFO] [stdout] thread 'bilibili::user::tests::test_get_stat' panicked at src/bilibili/user.rs:44:13:
[INFO] [stdout] assertion failed: result.is_ok()
[INFO] [stdout] stack backtrace:
[INFO] [stdout]    0:     0x569fe35500fa - std::backtrace_rs::backtrace::libunwind::trace::h207520d6e9873551
[INFO] [stdout]                                at /rustc/df4ca44d3fbc9301ee17f30f4d474e6ae4b05252/library/std/src/../../backtrace/src/backtrace/libunwind.rs:116:5
[INFO] [stdout]    1:     0x569fe35500fa - std::backtrace_rs::backtrace::trace_unsynchronized::h2ed7433f370e3eca
[INFO] [stdout]                                at /rustc/df4ca44d3fbc9301ee17f30f4d474e6ae4b05252/library/std/src/../../backtrace/src/backtrace/mod.rs:66:5
[INFO] [stdout]    2:     0x569fe35500fa - std::sys::backtrace::_print_fmt::h916fac51166b18d7
[INFO] [stdout]                                at /rustc/df4ca44d3fbc9301ee17f30f4d474e6ae4b05252/library/std/src/sys/backtrace.rs:66:9
[INFO] [stdout]    3:     0x569fe35500fa - <std::sys::backtrace::BacktraceLock::print::DisplayBacktrace as core::fmt::Display>::fmt::ha0a4c9b8ce3802e6
[INFO] [stdout]                                at /rustc/df4ca44d3fbc9301ee17f30f4d474e6ae4b05252/library/std/src/sys/backtrace.rs:39:26
[INFO] [stdout]    4:     0x569fe357a013 - core::fmt::rt::Argument::fmt::h4cfc8587d52b3eb5
[INFO] [stdout]                                at /rustc/df4ca44d3fbc9301ee17f30f4d474e6ae4b05252/library/core/src/fmt/rt.rs:177:76
[INFO] [stdout]    5:     0x569fe357a013 - core::fmt::write::h522cc39e5b36ae9f
[INFO] [stdout]                                at /rustc/df4ca44d3fbc9301ee17f30f4d474e6ae4b05252/library/core/src/fmt/mod.rs:1190:21
[INFO] [stdout]    6:     0x569fe354bee3 - std::io::Write::write_fmt::h7d3c26752da97734
[INFO] [stdout]                                at /rustc/df4ca44d3fbc9301ee17f30f4d474e6ae4b05252/library/std/src/io/mod.rs:1839:15
[INFO] [stdout]    7:     0x569fe354ff42 - std::sys::backtrace::BacktraceLock::print::h4b9e00b29e9c0942
[INFO] [stdout]                                at /rustc/df4ca44d3fbc9301ee17f30f4d474e6ae4b05252/library/std/src/sys/backtrace.rs:42:9
[INFO] [stdout]    8:     0x569fe355158a - std::panicking::default_hook::{{closure}}::hb59b88280d0324d9
[INFO] [stdout]                                at /rustc/df4ca44d3fbc9301ee17f30f4d474e6ae4b05252/library/std/src/panicking.rs:268:22
[INFO] [stdout]    9:     0x569fe3551394 - std::panicking::default_hook::he1dd496665be4a29
[INFO] [stdout]                                at /rustc/df4ca44d3fbc9301ee17f30f4d474e6ae4b05252/library/std/src/panicking.rs:292:9
[INFO] [stdout]   10:     0x569fe327bea9 - <alloc::boxed::Box<F,A> as core::ops::function::Fn<Args>>::call::h4ff71de18744e1dc
[INFO] [stdout]                                at /rustc/df4ca44d3fbc9301ee17f30f4d474e6ae4b05252/library/alloc/src/boxed.rs:2468:9
[INFO] [stdout]   11:     0x569fe327bea9 - test::test_main::{{closure}}::hcf7c055ce117aa81
[INFO] [stdout]                                at /rustc/df4ca44d3fbc9301ee17f30f4d474e6ae4b05252/library/test/src/lib.rs:133:21
[INFO] [stdout]   12:     0x569fe3551c88 - <alloc::boxed::Box<F,A> as core::ops::function::Fn<Args>>::call::h1d66c6bbd60c9692
[INFO] [stdout]                                at /rustc/df4ca44d3fbc9301ee17f30f4d474e6ae4b05252/library/alloc/src/boxed.rs:2468:9
[INFO] [stdout]   13:     0x569fe3551c88 - std::panicking::rust_panic_with_hook::h2ff17fe8f26dfcf8
[INFO] [stdout]                                at /rustc/df4ca44d3fbc9301ee17f30f4d474e6ae4b05252/library/std/src/panicking.rs:809:13
[INFO] [stdout]   14:     0x569fe3551a16 - std::panicking::begin_panic_handler::{{closure}}::h4fad77951c07e101
[INFO] [stdout]                                at /rustc/df4ca44d3fbc9301ee17f30f4d474e6ae4b05252/library/std/src/panicking.rs:667:13
[INFO] [stdout]   15:     0x569fe35505d9 - std::sys::backtrace::__rust_end_short_backtrace::hb1a25b3da5d0ea08
[INFO] [stdout]                                at /rustc/df4ca44d3fbc9301ee17f30f4d474e6ae4b05252/library/std/src/sys/backtrace.rs:170:18
[INFO] [stdout]   16:     0x569fe35516dc - rust_begin_unwind
[INFO] [stdout]                                at /rustc/df4ca44d3fbc9301ee17f30f4d474e6ae4b05252/library/std/src/panicking.rs:665:5
[INFO] [stdout]   17:     0x569fe35781e0 - core::panicking::panic_fmt::ha9db07b529f9b256
[INFO] [stdout]                                at /rustc/df4ca44d3fbc9301ee17f30f4d474e6ae4b05252/library/core/src/panicking.rs:75:14
[INFO] [stdout]   18:     0x569fe357826c - core::panicking::panic::h993086813d94accc
[INFO] [stdout]                                at /rustc/df4ca44d3fbc9301ee17f30f4d474e6ae4b05252/library/core/src/panicking.rs:152:5
[INFO] [stdout]   19:     0x569fe2ed5e3c - public_api_rs::bilibili::user::tests::test_get_stat::{{closure}}::h5186570381583054
[INFO] [stdout]                                at /opt/rustwide/workdir/src/bilibili/user.rs:44:13
[INFO] [stdout]   20:     0x569fe2ed4b0d - <core::pin::Pin<P> as core::future::future::Future>::poll::h600efc15cc871075
[INFO] [stdout]                                at /rustc/df4ca44d3fbc9301ee17f30f4d474e6ae4b05252/library/core/src/future/future.rs:123:9
[INFO] [stdout]   21:     0x569fe2eddf3f - tokio::runtime::scheduler::current_thread::CoreGuard::block_on::{{closure}}::{{closure}}::{{closure}}::h97f512237e9777d7
[INFO] [stdout]                                at /opt/rustwide/cargo-home/registry/src/index.crates.io-6f17d22bba15001f/tokio-1.41.0/src/runtime/scheduler/current_thread/mod.rs:729:57
[INFO] [stdout]   22:     0x569fe2eddde5 - tokio::runtime::coop::with_budget::hd0a067aa1110feb0
[INFO] [stdout]                                at /opt/rustwide/cargo-home/registry/src/index.crates.io-6f17d22bba15001f/tokio-1.41.0/src/runtime/coop.rs:107:5
[INFO] [stdout]   23:     0x569fe2eddde5 - tokio::runtime::coop::budget::he036af43e8173471
[INFO] [stdout]                                at /opt/rustwide/cargo-home/registry/src/index.crates.io-6f17d22bba15001f/tokio-1.41.0/src/runtime/coop.rs:73:5
[INFO] [stdout]   24:     0x569fe2eddde5 - tokio::runtime::scheduler::current_thread::CoreGuard::block_on::{{closure}}::{{closure}}::hade2deb57f15b875
[INFO] [stdout]                                at /opt/rustwide/cargo-home/registry/src/index.crates.io-6f17d22bba15001f/tokio-1.41.0/src/runtime/scheduler/current_thread/mod.rs:729:25
[INFO] [stdout]   25:     0x569fe2ed8c00 - tokio::runtime::scheduler::current_thread::Context::enter::h3313f3fc1dce92d5
[INFO] [stdout]                                at /opt/rustwide/cargo-home/registry/src/index.crates.io-6f17d22bba15001f/tokio-1.41.0/src/runtime/scheduler/current_thread/mod.rs:428:19
[INFO] [stdout]   26:     0x569fe2edb7ab - tokio::runtime::scheduler::current_thread::CoreGuard::block_on::{{closure}}::h4efce325d6ad2abe
[INFO] [stdout]                                at /opt/rustwide/cargo-home/registry/src/index.crates.io-6f17d22bba15001f/tokio-1.41.0/src/runtime/scheduler/current_thread/mod.rs:728:36
[INFO] [stdout]   27:     0x569fe2edb404 - tokio::runtime::scheduler::current_thread::CoreGuard::enter::{{closure}}::ha2977ff6db0912a6
[INFO] [stdout]                                at /opt/rustwide/cargo-home/registry/src/index.crates.io-6f17d22bba15001f/tokio-1.41.0/src/runtime/scheduler/current_thread/mod.rs:807:68
[INFO] [stdout]   28:     0x569fe2ed32cb - tokio::runtime::context::scoped::Scoped<T>::set::h448d6e196e56a5b6
[INFO] [stdout]                                at /opt/rustwide/cargo-home/registry/src/index.crates.io-6f17d22bba15001f/tokio-1.41.0/src/runtime/context/scoped.rs:40:9
[INFO] [stdout]   29:     0x569fe2ecc989 - tokio::runtime::context::set_scheduler::{{closure}}::h492241753bfd0364
[INFO] [stdout]                                at /opt/rustwide/cargo-home/registry/src/index.crates.io-6f17d22bba15001f/tokio-1.41.0/src/runtime/context.rs:180:26
[INFO] [stdout]   30:     0x569fe2ec783d - std::thread::local::LocalKey<T>::try_with::hc449ba0f99998764
[INFO] [stdout]                                at /rustc/df4ca44d3fbc9301ee17f30f4d474e6ae4b05252/library/std/src/thread/local.rs:283:12
[INFO] [stdout]   31:     0x569fe2ec679a - std::thread::local::LocalKey<T>::with::h5fcb355ff8d6d757
[INFO] [stdout]                                at /rustc/df4ca44d3fbc9301ee17f30f4d474e6ae4b05252/library/std/src/thread/local.rs:260:9
[INFO] [stdout]   32:     0x569fe2ecc83d - tokio::runtime::context::set_scheduler::h8ce4a4ab68f4e8ef
[INFO] [stdout]                                at /opt/rustwide/cargo-home/registry/src/index.crates.io-6f17d22bba15001f/tokio-1.41.0/src/runtime/context.rs:180:9
[INFO] [stdout]   33:     0x569fe2eda4f8 - tokio::runtime::scheduler::current_thread::CoreGuard::enter::h7ae74ea7c4253dfe
[INFO] [stdout]                                at /opt/rustwide/cargo-home/registry/src/index.crates.io-6f17d22bba15001f/tokio-1.41.0/src/runtime/scheduler/current_thread/mod.rs:807:27
[INFO] [stdout]   34:     0x569fe2edb543 - tokio::runtime::scheduler::current_thread::CoreGuard::block_on::hd3d041695cdbcf6f
[INFO] [stdout]                                at /opt/rustwide/cargo-home/registry/src/index.crates.io-6f17d22bba15001f/tokio-1.41.0/src/runtime/scheduler/current_thread/mod.rs:716:19
[INFO] [stdout]   35:     0x569fe2ed7ba7 - tokio::runtime::scheduler::current_thread::CurrentThread::block_on::{{closure}}::hf7f6f6fceb991adc
[INFO] [stdout]                                at /opt/rustwide/cargo-home/registry/src/index.crates.io-6f17d22bba15001f/tokio-1.41.0/src/runtime/scheduler/current_thread/mod.rs:196:28
[INFO] [stdout]   36:     0x569fe2ecd0e7 - tokio::runtime::context::runtime::enter_runtime::ha8510573bc920674
[INFO] [stdout]                                at /opt/rustwide/cargo-home/registry/src/index.crates.io-6f17d22bba15001f/tokio-1.41.0/src/runtime/context/runtime.rs:65:16
[INFO] [stdout]   37:     0x569fe2ed6ab4 - tokio::runtime::scheduler::current_thread::CurrentThread::block_on::ha2ddc14fed9d1937
[INFO] [stdout]                                at /opt/rustwide/cargo-home/registry/src/index.crates.io-6f17d22bba15001f/tokio-1.41.0/src/runtime/scheduler/current_thread/mod.rs:184:9
[INFO] [stdout]   38:     0x569fe2ed38e0 - tokio::runtime::runtime::Runtime::block_on_inner::h083e0f4d2277b4af
[INFO] [stdout]                                at /opt/rustwide/cargo-home/registry/src/index.crates.io-6f17d22bba15001f/tokio-1.41.0/src/runtime/runtime.rs:368:47
[INFO] [stdout]   39:     0x569fe2ed3e2f - tokio::runtime::runtime::Runtime::block_on::h70c3bf74683b26c9
[INFO] [stdout]                                at /opt/rustwide/cargo-home/registry/src/index.crates.io-6f17d22bba15001f/tokio-1.41.0/src/runtime/runtime.rs:342:13
[INFO] [stdout]   40:     0x569fe2ec8ff2 - tokio_test::block_on::h71774f907886adc8
[INFO] [stdout]                                at /opt/rustwide/cargo-home/registry/src/index.crates.io-6f17d22bba15001f/tokio-test-0.4.4/src/lib.rs:35:5
[INFO] [stdout]   41:     0x569fe2ed59b9 - public_api_rs::bilibili::user::tests::test_get_stat::h74a7e2205f4f8f94
[INFO] [stdout]                                at /opt/rustwide/workdir/src/bilibili/user.rs:41:9
[INFO] [stdout]   42:     0x569fe2ed5987 - public_api_rs::bilibili::user::tests::test_get_stat::{{closure}}::h65fb0e65502b99a5
[INFO] [stdout]                                at /opt/rustwide/workdir/src/bilibili/user.rs:40:23
[INFO] [stdout]   43:     0x569fe2eb9166 - core::ops::function::FnOnce::call_once::h448627f10f9c245b
[INFO] [stdout]                                at /rustc/df4ca44d3fbc9301ee17f30f4d474e6ae4b05252/library/core/src/ops/function.rs:250:5
[INFO] [stdout]   44:     0x569fe328077b - core::ops::function::FnOnce::call_once::h22c3ba5715e93f05
[INFO] [stdout]                                at /rustc/df4ca44d3fbc9301ee17f30f4d474e6ae4b05252/library/core/src/ops/function.rs:250:5
[INFO] [stdout]   45:     0x569fe328077b - test::__rust_begin_short_backtrace::h8e82d8113d0da17f
[INFO] [stdout]                                at /rustc/df4ca44d3fbc9301ee17f30f4d474e6ae4b05252/library/test/src/lib.rs:621:18
[INFO] [stdout]   46:     0x569fe32800f7 - test::run_test_in_process::{{closure}}::h33235f4f20b7b7c7
[INFO] [stdout]                                at /rustc/df4ca44d3fbc9301ee17f30f4d474e6ae4b05252/library/test/src/lib.rs:644:60
[INFO] [stdout]   47:     0x569fe32800f7 - <core::panic::unwind_safe::AssertUnwindSafe<F> as core::ops::function::FnOnce<()>>::call_once::hb5043206310c586f
[INFO] [stdout]                                at /rustc/df4ca44d3fbc9301ee17f30f4d474e6ae4b05252/library/core/src/panic/unwind_safe.rs:272:9
[INFO] [stdout]   48:     0x569fe32800f7 - std::panicking::try::do_call::h9ad4731a60ab23e2
[INFO] [stdout]                                at /rustc/df4ca44d3fbc9301ee17f30f4d474e6ae4b05252/library/std/src/panicking.rs:557:40
[INFO] [stdout]   49:     0x569fe32800f7 - std::panicking::try::h3824d23db772a716
[INFO] [stdout]                                at /rustc/df4ca44d3fbc9301ee17f30f4d474e6ae4b05252/library/std/src/panicking.rs:520:19
[INFO] [stdout]   50:     0x569fe32800f7 - std::panic::catch_unwind::h5afd514605fde46b
[INFO] [stdout]                                at /rustc/df4ca44d3fbc9301ee17f30f4d474e6ae4b05252/library/std/src/panic.rs:358:14
[INFO] [stdout]   51:     0x569fe32800f7 - test::run_test_in_process::h0d5cbfa7067d1720
[INFO] [stdout]                                at /rustc/df4ca44d3fbc9301ee17f30f4d474e6ae4b05252/library/test/src/lib.rs:644:27
[INFO] [stdout]   52:     0x569fe32800f7 - test::run_test::{{closure}}::h708eb8872708115d
[INFO] [stdout]                                at /rustc/df4ca44d3fbc9301ee17f30f4d474e6ae4b05252/library/test/src/lib.rs:565:43
[INFO] [stdout]   53:     0x569fe3243814 - test::run_test::{{closure}}::h392c51cee94713ab
[INFO] [stdout]                                at /rustc/df4ca44d3fbc9301ee17f30f4d474e6ae4b05252/library/test/src/lib.rs:595:41
[INFO] [stdout]   54:     0x569fe3243814 - std::sys::backtrace::__rust_begin_short_backtrace::h2f40290710935a8b
[INFO] [stdout]                                at /rustc/df4ca44d3fbc9301ee17f30f4d474e6ae4b05252/library/std/src/sys/backtrace.rs:154:18
[INFO] [stdout]   55:     0x569fe3246fbe - std::thread::Builder::spawn_unchecked_::{{closure}}::{{closure}}::h3fd968d89053a903
[INFO] [stdout]                                at /rustc/df4ca44d3fbc9301ee17f30f4d474e6ae4b05252/library/std/src/thread/mod.rs:541:17
[INFO] [stdout]   56:     0x569fe3246fbe - <core::panic::unwind_safe::AssertUnwindSafe<F> as core::ops::function::FnOnce<()>>::call_once::h743f637ba4229880
[INFO] [stdout]                                at /rustc/df4ca44d3fbc9301ee17f30f4d474e6ae4b05252/library/core/src/panic/unwind_safe.rs:272:9
[INFO] [stdout]   57:     0x569fe3246fbe - std::panicking::try::do_call::h07440897322525a6
[INFO] [stdout]                                at /rustc/df4ca44d3fbc9301ee17f30f4d474e6ae4b05252/library/std/src/panicking.rs:557:40
[INFO] [stdout]   58:     0x569fe3246fbe - std::panicking::try::he5a2e00188156637
[INFO] [stdout]                                at /rustc/df4ca44d3fbc9301ee17f30f4d474e6ae4b05252/library/std/src/panicking.rs:520:19
[INFO] [stdout]   59:     0x569fe3246fbe - std::panic::catch_unwind::hbaf3cae49b3c6433
[INFO] [stdout]                                at /rustc/df4ca44d3fbc9301ee17f30f4d474e6ae4b05252/library/std/src/panic.rs:358:14
[INFO] [stdout]   60:     0x569fe3246fbe - std::thread::Builder::spawn_unchecked_::{{closure}}::h8e141ea224820bce
[INFO] [stdout]                                at /rustc/df4ca44d3fbc9301ee17f30f4d474e6ae4b05252/library/std/src/thread/mod.rs:540:30
[INFO] [stdout]   61:     0x569fe3246fbe - core::ops::function::FnOnce::call_once{{vtable.shim}}::h90d312fedd7b8ea8
[INFO] [stdout]                                at /rustc/df4ca44d3fbc9301ee17f30f4d474e6ae4b05252/library/core/src/ops/function.rs:250:5
[INFO] [stdout]   62:     0x569fe3555ebb - <alloc::boxed::Box<F,A> as core::ops::function::FnOnce<Args>>::call_once::h69aa08ddb6adb8b6
[INFO] [stdout]                                at /rustc/df4ca44d3fbc9301ee17f30f4d474e6ae4b05252/library/alloc/src/boxed.rs:2454:9
[INFO] [stdout]   63:     0x569fe3555ebb - <alloc::boxed::Box<F,A> as core::ops::function::FnOnce<Args>>::call_once::h5aa36efdb79c806f
[INFO] [stdout]                                at /rustc/df4ca44d3fbc9301ee17f30f4d474e6ae4b05252/library/alloc/src/boxed.rs:2454:9
[INFO] [stdout]   64:     0x569fe3555ebb - std::sys::pal::unix::thread::Thread::new::thread_start::h6cd80a1b4be5158d
[INFO] [stdout]                                at /rustc/df4ca44d3fbc9301ee17f30f4d474e6ae4b05252/library/std/src/sys/pal/unix/thread.rs:105:17
[INFO] [stdout]   65:     0x7785aae05ac3 - <unknown>
[INFO] [stdout]   66:     0x7785aae96a04 - clone
[INFO] [stdout]   67:                0x0 - <unknown>
[INFO] [stdout] 
[INFO] [stdout] ---- weather::qq::tests::test_weather stdout ----
[INFO] [stdout] [src/weather/qq.rs:62:13] &result = Err(
[INFO] [stdout]     reqwest::Error {
[INFO] [stdout]         kind: Request,
[INFO] [stdout]         url: Url {
[INFO] [stdout]             scheme: "https",
[INFO] [stdout]             cannot_be_a_base: false,
[INFO] [stdout]             username: "",
[INFO] [stdout]             password: None,
[INFO] [stdout]             host: Some(
[INFO] [stdout]                 Domain(
[INFO] [stdout]                     "wis.qq.com",
[INFO] [stdout]                 ),
[INFO] [stdout]             ),
[INFO] [stdout]             port: None,
[INFO] [stdout]             path: "/weather/common",
[INFO] [stdout]             query: Some(
[INFO] [stdout]                 "source=pc&province=%E5%8C%97%E4%BA%AC%E5%B8%82&city=%E5%8C%97%E4%BA%AC%E5%B8%82&weather_type=observe|air",
[INFO] [stdout]             ),
[INFO] [stdout]             fragment: None,
[INFO] [stdout]         },
[INFO] [stdout]         source: hyper::Error(
[INFO] [stdout]             Connect,
[INFO] [stdout]             ConnectError(
[INFO] [stdout]                 "dns error",
[INFO] [stdout]                 Custom {
[INFO] [stdout]                     kind: Uncategorized,
[INFO] [stdout]                     error: "failed to lookup address information: Temporary failure in name resolution",
[INFO] [stdout]                 },
[INFO] [stdout]             ),
[INFO] [stdout]         ),
[INFO] [stdout]     },
[INFO] [stdout] )
[INFO] [stdout] thread 'weather::qq::tests::test_weather' panicked at src/weather/qq.rs:63:13:
[INFO] [stdout] assertion failed: result.is_ok()
[INFO] [stdout] stack backtrace:
[INFO] [stdout]    0:     0x569fe35500fa - std::backtrace_rs::backtrace::libunwind::trace::h207520d6e9873551
[INFO] [stdout]                                at /rustc/df4ca44d3fbc9301ee17f30f4d474e6ae4b05252/library/std/src/../../backtrace/src/backtrace/libunwind.rs:116:5
[INFO] [stdout]    1:     0x569fe35500fa - std::backtrace_rs::backtrace::trace_unsynchronized::h2ed7433f370e3eca
[INFO] [stdout]                                at /rustc/df4ca44d3fbc9301ee17f30f4d474e6ae4b05252/library/std/src/../../backtrace/src/backtrace/mod.rs:66:5
[INFO] [stdout]    2:     0x569fe35500fa - std::sys::backtrace::_print_fmt::h916fac51166b18d7
[INFO] [stdout]                                at /rustc/df4ca44d3fbc9301ee17f30f4d474e6ae4b05252/library/std/src/sys/backtrace.rs:66:9
[INFO] [stdout]    3:     0x569fe35500fa - <std::sys::backtrace::BacktraceLock::print::DisplayBacktrace as core::fmt::Display>::fmt::ha0a4c9b8ce3802e6
[INFO] [stdout]                                at /rustc/df4ca44d3fbc9301ee17f30f4d474e6ae4b05252/library/std/src/sys/backtrace.rs:39:26
[INFO] [stdout]    4:     0x569fe357a013 - core::fmt::rt::Argument::fmt::h4cfc8587d52b3eb5
[INFO] [stdout]                                at /rustc/df4ca44d3fbc9301ee17f30f4d474e6ae4b05252/library/core/src/fmt/rt.rs:177:76
[INFO] [stdout]    5:     0x569fe357a013 - core::fmt::write::h522cc39e5b36ae9f
[INFO] [stdout]                                at /rustc/df4ca44d3fbc9301ee17f30f4d474e6ae4b05252/library/core/src/fmt/mod.rs:1190:21
[INFO] [stdout]    6:     0x569fe354bee3 - std::io::Write::write_fmt::h7d3c26752da97734
[INFO] [stdout]                                at /rustc/df4ca44d3fbc9301ee17f30f4d474e6ae4b05252/library/std/src/io/mod.rs:1839:15
[INFO] [stdout]    7:     0x569fe354ff42 - std::sys::backtrace::BacktraceLock::print::h4b9e00b29e9c0942
[INFO] [stdout]                                at /rustc/df4ca44d3fbc9301ee17f30f4d474e6ae4b05252/library/std/src/sys/backtrace.rs:42:9
[INFO] [stdout]    8:     0x569fe355158a - std::panicking::default_hook::{{closure}}::hb59b88280d0324d9
[INFO] [stdout]                                at /rustc/df4ca44d3fbc9301ee17f30f4d474e6ae4b05252/library/std/src/panicking.rs:268:22
[INFO] [stdout]    9:     0x569fe3551394 - std::panicking::default_hook::he1dd496665be4a29
[INFO] [stdout]                                at /rustc/df4ca44d3fbc9301ee17f30f4d474e6ae4b05252/library/std/src/panicking.rs:292:9
[INFO] [stdout]   10:     0x569fe327bea9 - <alloc::boxed::Box<F,A> as core::ops::function::Fn<Args>>::call::h4ff71de18744e1dc
[INFO] [stdout]                                at /rustc/df4ca44d3fbc9301ee17f30f4d474e6ae4b05252/library/alloc/src/boxed.rs:2468:9
[INFO] [stdout]   11:     0x569fe327bea9 - test::test_main::{{closure}}::hcf7c055ce117aa81
[INFO] [stdout]                                at /rustc/df4ca44d3fbc9301ee17f30f4d474e6ae4b05252/library/test/src/lib.rs:133:21
[INFO] [stdout]   12:     0x569fe3551c88 - <alloc::boxed::Box<F,A> as core::ops::function::Fn<Args>>::call::h1d66c6bbd60c9692
[INFO] [stdout]                                at /rustc/df4ca44d3fbc9301ee17f30f4d474e6ae4b05252/library/alloc/src/boxed.rs:2468:9
[INFO] [stdout]   13:     0x569fe3551c88 - std::panicking::rust_panic_with_hook::h2ff17fe8f26dfcf8
[INFO] [stdout]                                at /rustc/df4ca44d3fbc9301ee17f30f4d474e6ae4b05252/library/std/src/panicking.rs:809:13
[INFO] [stdout]   14:     0x569fe3551a16 - std::panicking::begin_panic_handler::{{closure}}::h4fad77951c07e101
[INFO] [stdout]                                at /rustc/df4ca44d3fbc9301ee17f30f4d474e6ae4b05252/library/std/src/panicking.rs:667:13
[INFO] [stdout]   15:     0x569fe35505d9 - std::sys::backtrace::__rust_end_short_backtrace::hb1a25b3da5d0ea08
[INFO] [stdout]                                at /rustc/df4ca44d3fbc9301ee17f30f4d474e6ae4b05252/library/std/src/sys/backtrace.rs:170:18
[INFO] [stdout]   16:     0x569fe35516dc - rust_begin_unwind
[INFO] [stdout]                                at /rustc/df4ca44d3fbc9301ee17f30f4d474e6ae4b05252/library/std/src/panicking.rs:665:5
[INFO] [stdout]   17:     0x569fe35781e0 - core::panicking::panic_fmt::ha9db07b529f9b256
[INFO] [stdout]                                at /rustc/df4ca44d3fbc9301ee17f30f4d474e6ae4b05252/library/core/src/panicking.rs:75:14
[INFO] [stdout]   18:     0x569fe357826c - core::panicking::panic::h993086813d94accc
[INFO] [stdout]                                at /rustc/df4ca44d3fbc9301ee17f30f4d474e6ae4b05252/library/core/src/panicking.rs:152:5
[INFO] [stdout]   19:     0x569fe2ed6834 - public_api_rs::weather::qq::tests::test_weather::{{closure}}::h4b8a946f3b85bf80
[INFO] [stdout]                                at /opt/rustwide/workdir/src/weather/qq.rs:63:13
[INFO] [stdout]   20:     0x569fe2ed4b4d - <core::pin::Pin<P> as core::future::future::Future>::poll::h68834bd216f1556f
[INFO] [stdout]                                at /rustc/df4ca44d3fbc9301ee17f30f4d474e6ae4b05252/library/core/src/future/future.rs:123:9
[INFO] [stdout]   21:     0x569fe2eddeff - tokio::runtime::scheduler::current_thread::CoreGuard::block_on::{{closure}}::{{closure}}::{{closure}}::h2e80ba642e56b93d
[INFO] [stdout]                                at /opt/rustwide/cargo-home/registry/src/index.crates.io-6f17d22bba15001f/tokio-1.41.0/src/runtime/scheduler/current_thread/mod.rs:729:57
[INFO] [stdout]   22:     0x569fe2edd8e5 - tokio::runtime::coop::with_budget::hb2167094b669f84f
[INFO] [stdout]                                at /opt/rustwide/cargo-home/registry/src/index.crates.io-6f17d22bba15001f/tokio-1.41.0/src/runtime/coop.rs:107:5
[INFO] [stdout]   23:     0x569fe2edd8e5 - tokio::runtime::coop::budget::h0a1b11ef66ed22bc
[INFO] [stdout]                                at /opt/rustwide/cargo-home/registry/src/index.crates.io-6f17d22bba15001f/tokio-1.41.0/src/runtime/coop.rs:73:5
[INFO] [stdout]   24:     0x569fe2edd8e5 - tokio::runtime::scheduler::current_thread::CoreGuard::block_on::{{closure}}::{{closure}}::h05870bfe2bffb22d
[INFO] [stdout]                                at /opt/rustwide/cargo-home/registry/src/index.crates.io-6f17d22bba15001f/tokio-1.41.0/src/runtime/scheduler/current_thread/mod.rs:729:25
[INFO] [stdout]   25:     0x569fe2ed9800 - tokio::runtime::scheduler::current_thread::Context::enter::hae7ea393bb50a02a
[INFO] [stdout]                                at /opt/rustwide/cargo-home/registry/src/index.crates.io-6f17d22bba15001f/tokio-1.41.0/src/runtime/scheduler/current_thread/mod.rs:428:19
[INFO] [stdout]   26:     0x569fe2edc03b - tokio::runtime::scheduler::current_thread::CoreGuard::block_on::{{closure}}::h58404e17cd93e9b6
[INFO] [stdout]                                at /opt/rustwide/cargo-home/registry/src/index.crates.io-6f17d22bba15001f/tokio-1.41.0/src/runtime/scheduler/current_thread/mod.rs:728:36
[INFO] [stdout]   27:     0x569fe2edb3a4 - tokio::runtime::scheduler::current_thread::CoreGuard::enter::{{closure}}::h1ee5c7987456d0f9
[INFO] [stdout]                                at /opt/rustwide/cargo-home/registry/src/index.crates.io-6f17d22bba15001f/tokio-1.41.0/src/runtime/scheduler/current_thread/mod.rs:807:68
[INFO] [stdout]   28:     0x569fe2ed317b - tokio::runtime::context::scoped::Scoped<T>::set::h3ae170408f36f3a9
[INFO] [stdout]                                at /opt/rustwide/cargo-home/registry/src/index.crates.io-6f17d22bba15001f/tokio-1.41.0/src/runtime/context/scoped.rs:40:9
[INFO] [stdout]   29:     0x569fe2ecc909 - tokio::runtime::context::set_scheduler::{{closure}}::h0e453f80cb2b6425
[INFO] [stdout]                                at /opt/rustwide/cargo-home/registry/src/index.crates.io-6f17d22bba15001f/tokio-1.41.0/src/runtime/context.rs:180:26
[INFO] [stdout]   30:     0x569fe2ec73ad - std::thread::local::LocalKey<T>::try_with::h8ae4dc226d89af0c
[INFO] [stdout]                                at /rustc/df4ca44d3fbc9301ee17f30f4d474e6ae4b05252/library/std/src/thread/local.rs:283:12
[INFO] [stdout]   31:     0x569fe2ec680a - std::thread::local::LocalKey<T>::with::h8d1f1ee6bfc65872
[INFO] [stdout]                                at /rustc/df4ca44d3fbc9301ee17f30f4d474e6ae4b05252/library/std/src/thread/local.rs:260:9
[INFO] [stdout]   32:     0x569fe2ecc7fd - tokio::runtime::context::set_scheduler::h6ba309bbd128999b
[INFO] [stdout]                                at /opt/rustwide/cargo-home/registry/src/index.crates.io-6f17d22bba15001f/tokio-1.41.0/src/runtime/context.rs:180:9
[INFO] [stdout]   33:     0x569fe2edb158 - tokio::runtime::scheduler::current_thread::CoreGuard::enter::hb40ff1e4df51c615
[INFO] [stdout]                                at /opt/rustwide/cargo-home/registry/src/index.crates.io-6f17d22bba15001f/tokio-1.41.0/src/runtime/scheduler/current_thread/mod.rs:807:27
[INFO] [stdout]   34:     0x569fe2edb4e3 - tokio::runtime::scheduler::current_thread::CoreGuard::block_on::hb568c56763e01fcc
[INFO] [stdout]                                at /opt/rustwide/cargo-home/registry/src/index.crates.io-6f17d22bba15001f/tokio-1.41.0/src/runtime/scheduler/current_thread/mod.rs:716:19
[INFO] [stdout]   35:     0x569fe2ed7707 - tokio::runtime::scheduler::current_thread::CurrentThread::block_on::{{closure}}::h509e8ec3915351f4
[INFO] [stdout]                                at /opt/rustwide/cargo-home/registry/src/index.crates.io-6f17d22bba15001f/tokio-1.41.0/src/runtime/scheduler/current_thread/mod.rs:196:28
[INFO] [stdout]   36:     0x569fe2eccda7 - tokio::runtime::context::runtime::enter_runtime::h3e0a63eea6504eb3
[INFO] [stdout]                                at /opt/rustwide/cargo-home/registry/src/index.crates.io-6f17d22bba15001f/tokio-1.41.0/src/runtime/context/runtime.rs:65:16
[INFO] [stdout]   37:     0x569fe2ed6924 - tokio::runtime::scheduler::current_thread::CurrentThread::block_on::h0dfa662fccd22184
[INFO] [stdout]                                at /opt/rustwide/cargo-home/registry/src/index.crates.io-6f17d22bba15001f/tokio-1.41.0/src/runtime/scheduler/current_thread/mod.rs:184:9
[INFO] [stdout]   38:     0x569fe2ed3c10 - tokio::runtime::runtime::Runtime::block_on_inner::hfe926642b747ceff
[INFO] [stdout]                                at /opt/rustwide/cargo-home/registry/src/index.crates.io-6f17d22bba15001f/tokio-1.41.0/src/runtime/runtime.rs:368:47
[INFO] [stdout]   39:     0x569fe2ed40af - tokio::runtime::runtime::Runtime::block_on::hd5c87584a3766138
[INFO] [stdout]                                at /opt/rustwide/cargo-home/registry/src/index.crates.io-6f17d22bba15001f/tokio-1.41.0/src/runtime/runtime.rs:342:13
[INFO] [stdout]   40:     0x569fe2ec9222 - tokio_test::block_on::he6b40f3368ae4cf6
[INFO] [stdout]                                at /opt/rustwide/cargo-home/registry/src/index.crates.io-6f17d22bba15001f/tokio-test-0.4.4/src/lib.rs:35:5
[INFO] [stdout]   41:     0x569fe2ed63d9 - public_api_rs::weather::qq::tests::test_weather::h3f7fa58a59bc23b2
[INFO] [stdout]                                at /opt/rustwide/workdir/src/weather/qq.rs:60:9
[INFO] [stdout]   42:     0x569fe2ed63a7 - public_api_rs::weather::qq::tests::test_weather::{{closure}}::hdf7db3b9c34c325f
[INFO] [stdout]                                at /opt/rustwide/workdir/src/weather/qq.rs:59:22
[INFO] [stdout]   43:     0x569fe2eb8d86 - core::ops::function::FnOnce::call_once::h1b99cbe1e32e8753
[INFO] [stdout]                                at /rustc/df4ca44d3fbc9301ee17f30f4d474e6ae4b05252/library/core/src/ops/function.rs:250:5
[INFO] [stdout]   44:     0x569fe328077b - core::ops::function::FnOnce::call_once::h22c3ba5715e93f05
[INFO] [stdout]                                at /rustc/df4ca44d3fbc9301ee17f30f4d474e6ae4b05252/library/core/src/ops/function.rs:250:5
[INFO] [stdout]   45:     0x569fe328077b - test::__rust_begin_short_backtrace::h8e82d8113d0da17f
[INFO] [stdout]                                at /rustc/df4ca44d3fbc9301ee17f30f4d474e6ae4b05252/library/test/src/lib.rs:621:18
[INFO] [stdout]   46:     0x569fe32800f7 - test::run_test_in_process::{{closure}}::h33235f4f20b7b7c7
[INFO] [stdout]                                at /rustc/df4ca44d3fbc9301ee17f30f4d474e6ae4b05252/library/test/src/lib.rs:644:60
[INFO] [stdout]   47:     0x569fe32800f7 - <core::panic::unwind_safe::AssertUnwindSafe<F> as core::ops::function::FnOnce<()>>::call_once::hb5043206310c586f
[INFO] [stdout]                                at /rustc/df4ca44d3fbc9301ee17f30f4d474e6ae4b05252/library/core/src/panic/unwind_safe.rs:272:9
[INFO] [stdout]   48:     0x569fe32800f7 - std::panicking::try::do_call::h9ad4731a60ab23e2
[INFO] [stdout]                                at /rustc/df4ca44d3fbc9301ee17f30f4d474e6ae4b05252/library/std/src/panicking.rs:557:40
[INFO] [stdout]   49:     0x569fe32800f7 - std::panicking::try::h3824d23db772a716
[INFO] [stdout]                                at /rustc/df4ca44d3fbc9301ee17f30f4d474e6ae4b05252/library/std/src/panicking.rs:520:19
[INFO] [stdout]   50:     0x569fe32800f7 - std::panic::catch_unwind::h5afd514605fde46b
[INFO] [stdout]                                at /rustc/df4ca44d3fbc9301ee17f30f4d474e6ae4b05252/library/std/src/panic.rs:358:14
[INFO] [stdout]   51:     0x569fe32800f7 - test::run_test_in_process::h0d5cbfa7067d1720
[INFO] [stdout]                                at /rustc/df4ca44d3fbc9301ee17f30f4d474e6ae4b05252/library/test/src/lib.rs:644:27
[INFO] [stdout]   52:     0x569fe32800f7 - test::run_test::{{closure}}::h708eb8872708115d
[INFO] [stdout]                                at /rustc/df4ca44d3fbc9301ee17f30f4d474e6ae4b05252/library/test/src/lib.rs:565:43
[INFO] [stdout]   53:     0x569fe3243814 - test::run_test::{{closure}}::h392c51cee94713ab
[INFO] [stdout]                                at /rustc/df4ca44d3fbc9301ee17f30f4d474e6ae4b05252/library/test/src/lib.rs:595:41
[INFO] [stdout]   54:     0x569fe3243814 - std::sys::backtrace::__rust_begin_short_backtrace::h2f40290710935a8b
[INFO] [stdout]                                at /rustc/df4ca44d3fbc9301ee17f30f4d474e6ae4b05252/library/std/src/sys/backtrace.rs:154:18
[INFO] [stdout]   55:     0x569fe3246fbe - std::thread::Builder::spawn_unchecked_::{{closure}}::{{closure}}::h3fd968d89053a903
[INFO] [stdout]                                at /rustc/df4ca44d3fbc9301ee17f30f4d474e6ae4b05252/library/std/src/thread/mod.rs:541:17
[INFO] [stdout]   56:     0x569fe3246fbe - <core::panic::unwind_safe::AssertUnwindSafe<F> as core::ops::function::FnOnce<()>>::call_once::h743f637ba4229880
[INFO] [stdout]                                at /rustc/df4ca44d3fbc9301ee17f30f4d474e6ae4b05252/library/core/src/panic/unwind_safe.rs:272:9
[INFO] [stdout]   57:     0x569fe3246fbe - std::panicking::try::do_call::h07440897322525a6
[INFO] [stdout]                                at /rustc/df4ca44d3fbc9301ee17f30f4d474e6ae4b05252/library/std/src/panicking.rs:557:40
[INFO] [stdout]   58:     0x569fe3246fbe - std::panicking::try::he5a2e00188156637
[INFO] [stdout]                                at /rustc/df4ca44d3fbc9301ee17f30f4d474e6ae4b05252/library/std/src/panicking.rs:520:19
[INFO] [stdout]   59:     0x569fe3246fbe - std::panic::catch_unwind::hbaf3cae49b3c6433
[INFO] [stdout]                                at /rustc/df4ca44d3fbc9301ee17f30f4d474e6ae4b05252/library/std/src/panic.rs:358:14
[INFO] [stdout]   60:     0x569fe3246fbe - std::thread::Builder::spawn_unchecked_::{{closure}}::h8e141ea224820bce
[INFO] [stdout]                                at /rustc/df4ca44d3fbc9301ee17f30f4d474e6ae4b05252/library/std/src/thread/mod.rs:540:30
[INFO] [stdout]   61:     0x569fe3246fbe - core::ops::function::FnOnce::call_once{{vtable.shim}}::h90d312fedd7b8ea8
[INFO] [stdout]                                at /rustc/df4ca44d3fbc9301ee17f30f4d474e6ae4b05252/library/core/src/ops/function.rs:250:5
[INFO] [stdout]   62:     0x569fe3555ebb - <alloc::boxed::Box<F,A> as core::ops::function::FnOnce<Args>>::call_once::h69aa08ddb6adb8b6
[INFO] [stdout]                                at /rustc/df4ca44d3fbc9301ee17f30f4d474e6ae4b05252/library/alloc/src/boxed.rs:2454:9
[INFO] [stdout]   63:     0x569fe3555ebb - <alloc::boxed::Box<F,A> as core::ops::function::FnOnce<Args>>::call_once::h5aa36efdb79c806f
[INFO] [stdout]                                at /rustc/df4ca44d3fbc9301ee17f30f4d474e6ae4b05252/library/alloc/src/boxed.rs:2454:9
[INFO] [stdout]   64:     0x569fe3555ebb - std::sys::pal::unix::thread::Thread::new::thread_start::h6cd80a1b4be5158d
[INFO] [stdout]                                at /rustc/df4ca44d3fbc9301ee17f30f4d474e6ae4b05252/library/std/src/sys/pal/unix/thread.rs:105:17
[INFO] [stdout]   65:     0x7785aae05ac3 - <unknown>
[INFO] [stdout]   66:     0x7785aae96a04 - clone
[INFO] [stdout]   67:                0x0 - <unknown>
[INFO] [stdout] 
[INFO] [stdout] 
[INFO] [stdout] failures:
[INFO] [stdout]     bilibili::user::tests::test_get_stat
[INFO] [stdout]     weather::qq::tests::test_weather
[INFO] [stdout] 
[INFO] [stdout] test result: FAILED. 1 passed; 2 failed; 0 ignored; 0 measured; 0 filtered out; finished in 0.06s
[INFO] [stdout] 
[INFO] [stderr] error: test failed, to rerun pass `--lib`
[INFO] running `Command { std: "docker" "inspect" "86b74b3ccc64101f020ea711473983c2712cd7c30118756c6aa008b8726e7301", kill_on_drop: false }`
[INFO] running `Command { std: "docker" "rm" "-f" "86b74b3ccc64101f020ea711473983c2712cd7c30118756c6aa008b8726e7301", kill_on_drop: false }`
[INFO] [stdout] 86b74b3ccc64101f020ea711473983c2712cd7c30118756c6aa008b8726e7301
