[INFO] fetching crate pseudonym 0.2.3...
[INFO] testing pseudonym-0.2.3 against nightly-2024-10-28+rustflags=-Zrandomize-layout for randomize-layout
[INFO] extracting crate pseudonym 0.2.3 into /workspace/builds/worker-0-tc2/source
[INFO] validating manifest of crates.io crate pseudonym 0.2.3 on toolchain nightly-2024-10-28
[INFO] running `Command { std: CARGO_HOME="/workspace/cargo-home" RUSTUP_HOME="/workspace/rustup-home" "/workspace/cargo-home/bin/cargo" "+nightly-2024-10-28" "metadata" "--manifest-path" "Cargo.toml" "--no-deps", kill_on_drop: false }`
[INFO] removed /workspace/builds/worker-0-tc2/source/rust-toolchain
[INFO] started tweaking crates.io crate pseudonym 0.2.3
[INFO] removed 0 missing tests
[INFO] finished tweaking crates.io crate pseudonym 0.2.3
[INFO] tweaked toml for crates.io crate pseudonym 0.2.3 written to /workspace/builds/worker-0-tc2/source/Cargo.toml
[INFO] running `Command { std: CARGO_HOME="/workspace/cargo-home" RUSTUP_HOME="/workspace/rustup-home" "/workspace/cargo-home/bin/cargo" "+nightly-2024-10-28" "generate-lockfile" "--manifest-path" "Cargo.toml", kill_on_drop: false }`
[INFO] [stderr]     Blocking waiting for file lock on package cache
[INFO] [stderr]     Updating crates.io index
[INFO] [stderr]      Locking 34 packages to latest compatible versions
[INFO] running `Command { std: CARGO_HOME="/workspace/cargo-home" RUSTUP_HOME="/workspace/rustup-home" "/workspace/cargo-home/bin/cargo" "+nightly-2024-10-28" "fetch" "--manifest-path" "Cargo.toml", kill_on_drop: false }`
[INFO] [stderr]     Blocking waiting for file lock on package cache
[INFO] running `Command { std: "docker" "create" "-v" "/var/lib/crater-agent-workspace/builds/worker-0-tc2/target:/opt/rustwide/target:rw,Z" "-v" "/var/lib/crater-agent-workspace/builds/worker-0-tc2/source:/opt/rustwide/workdir:ro,Z" "-v" "/var/lib/crater-agent-workspace/cargo-home:/opt/rustwide/cargo-home:ro,Z" "-v" "/var/lib/crater-agent-workspace/rustup-home:/opt/rustwide/rustup-home:ro,Z" "-e" "SOURCE_DIR=/opt/rustwide/workdir" "-e" "CARGO_TARGET_DIR=/opt/rustwide/target" "-e" "CARGO_HOME=/opt/rustwide/cargo-home" "-e" "RUSTUP_HOME=/opt/rustwide/rustup-home" "-w" "/opt/rustwide/workdir" "-m" "1610612736" "--user" "0:0" "--network" "none" "ghcr.io/rust-lang/crates-build-env/linux@sha256:4a844ea9eb2546a2d2c7022eacef16ef2e8229c7fbb2c7d4d55a9ceca922f72d" "/opt/rustwide/cargo-home/bin/cargo" "+nightly-2024-10-28" "metadata" "--no-deps" "--format-version=1", kill_on_drop: false }`
[INFO] [stdout] a20fd9139e7ddd799f0b54fae2ace5f933b92fe1f529a2c1e1a3354f8d62488d
[INFO] running `Command { std: "docker" "start" "-a" "a20fd9139e7ddd799f0b54fae2ace5f933b92fe1f529a2c1e1a3354f8d62488d", kill_on_drop: false }`
[INFO] running `Command { std: "docker" "inspect" "a20fd9139e7ddd799f0b54fae2ace5f933b92fe1f529a2c1e1a3354f8d62488d", kill_on_drop: false }`
[INFO] running `Command { std: "docker" "rm" "-f" "a20fd9139e7ddd799f0b54fae2ace5f933b92fe1f529a2c1e1a3354f8d62488d", kill_on_drop: false }`
[INFO] [stdout] a20fd9139e7ddd799f0b54fae2ace5f933b92fe1f529a2c1e1a3354f8d62488d
[INFO] running `Command { std: "docker" "create" "-v" "/var/lib/crater-agent-workspace/builds/worker-0-tc2/target:/opt/rustwide/target:rw,Z" "-v" "/var/lib/crater-agent-workspace/builds/worker-0-tc2/source:/opt/rustwide/workdir:ro,Z" "-v" "/var/lib/crater-agent-workspace/cargo-home:/opt/rustwide/cargo-home:ro,Z" "-v" "/var/lib/crater-agent-workspace/rustup-home:/opt/rustwide/rustup-home:ro,Z" "-e" "SOURCE_DIR=/opt/rustwide/workdir" "-e" "CARGO_TARGET_DIR=/opt/rustwide/target" "-e" "CARGO_INCREMENTAL=0" "-e" "RUST_BACKTRACE=full" "-e" "RUSTFLAGS=--cap-lints=forbid -Zrandomize-layout" "-e" "RUSTDOCFLAGS=--cap-lints=forbid" "-e" "CARGO_HOME=/opt/rustwide/cargo-home" "-e" "RUSTUP_HOME=/opt/rustwide/rustup-home" "-w" "/opt/rustwide/workdir" "-m" "1610612736" "--user" "0:0" "--network" "none" "ghcr.io/rust-lang/crates-build-env/linux@sha256:4a844ea9eb2546a2d2c7022eacef16ef2e8229c7fbb2c7d4d55a9ceca922f72d" "/opt/rustwide/cargo-home/bin/cargo" "+nightly-2024-10-28" "build" "--frozen" "--message-format=json", kill_on_drop: false }`
[INFO] [stdout] 668ce0d0eb36728aca88a7c04b2ab334100054a79b5c67b4f7c3c0d3c0eb14c2
[INFO] running `Command { std: "docker" "start" "-a" "668ce0d0eb36728aca88a7c04b2ab334100054a79b5c67b4f7c3c0d3c0eb14c2", kill_on_drop: false }`
[INFO] [stderr]    Compiling syn v2.0.86
[INFO] [stderr]    Compiling pseudonym v0.2.3 (/opt/rustwide/workdir)
[INFO] [stdout] warning: variable does not need to be mutable
[INFO] [stdout]    --> src/lib.rs:225:17
[INFO] [stdout]     |
[INFO] [stdout] 225 |             let mut first_path_segment = path.segments.first_mut().unwrap();
[INFO] [stdout]     |                 ----^^^^^^^^^^^^^^^^^^
[INFO] [stdout]     |                 |
[INFO] [stdout]     |                 help: remove this `mut`
[INFO] [stdout]     |
[INFO] [stdout]     = note: `#[warn(unused_mut)]` on by default
[INFO] [stdout] 
[INFO] [stdout] 
[INFO] [stderr]     Finished `dev` profile [unoptimized + debuginfo] target(s) in 4.60s
[INFO] running `Command { std: "docker" "inspect" "668ce0d0eb36728aca88a7c04b2ab334100054a79b5c67b4f7c3c0d3c0eb14c2", kill_on_drop: false }`
[INFO] running `Command { std: "docker" "rm" "-f" "668ce0d0eb36728aca88a7c04b2ab334100054a79b5c67b4f7c3c0d3c0eb14c2", kill_on_drop: false }`
[INFO] [stdout] 668ce0d0eb36728aca88a7c04b2ab334100054a79b5c67b4f7c3c0d3c0eb14c2
[INFO] running `Command { std: "docker" "create" "-v" "/var/lib/crater-agent-workspace/builds/worker-0-tc2/target:/opt/rustwide/target:rw,Z" "-v" "/var/lib/crater-agent-workspace/builds/worker-0-tc2/source:/opt/rustwide/workdir:ro,Z" "-v" "/var/lib/crater-agent-workspace/cargo-home:/opt/rustwide/cargo-home:ro,Z" "-v" "/var/lib/crater-agent-workspace/rustup-home:/opt/rustwide/rustup-home:ro,Z" "-e" "SOURCE_DIR=/opt/rustwide/workdir" "-e" "CARGO_TARGET_DIR=/opt/rustwide/target" "-e" "CARGO_INCREMENTAL=0" "-e" "RUST_BACKTRACE=full" "-e" "RUSTFLAGS=--cap-lints=forbid -Zrandomize-layout" "-e" "RUSTDOCFLAGS=--cap-lints=forbid" "-e" "CARGO_HOME=/opt/rustwide/cargo-home" "-e" "RUSTUP_HOME=/opt/rustwide/rustup-home" "-w" "/opt/rustwide/workdir" "-m" "1610612736" "--user" "0:0" "--network" "none" "ghcr.io/rust-lang/crates-build-env/linux@sha256:4a844ea9eb2546a2d2c7022eacef16ef2e8229c7fbb2c7d4d55a9ceca922f72d" "/opt/rustwide/cargo-home/bin/cargo" "+nightly-2024-10-28" "test" "--frozen" "--no-run" "--message-format=json", kill_on_drop: false }`
[INFO] [stdout] d3fb6a8ff9c358c4b2ed6cc1e5aeaee9aa0e529232a6f1f6181f09c656f856ea
[INFO] running `Command { std: "docker" "start" "-a" "d3fb6a8ff9c358c4b2ed6cc1e5aeaee9aa0e529232a6f1f6181f09c656f856ea", kill_on_drop: false }`
[INFO] [stderr]    Compiling serde v1.0.214
[INFO] [stderr]    Compiling unicode-ident v1.0.13
[INFO] [stderr]    Compiling winnow v0.6.20
[INFO] [stderr]    Compiling target-triple v0.1.3
[INFO] [stderr]    Compiling proc-macro2 v1.0.89
[INFO] [stderr]    Compiling indexmap v2.6.0
[INFO] [stderr]    Compiling termcolor v1.4.1
[INFO] [stderr]    Compiling dissimilar v1.0.9
[INFO] [stderr]    Compiling glob v0.3.1
[INFO] [stderr]    Compiling quote v1.0.37
[INFO] [stderr]    Compiling syn v2.0.86
[INFO] [stderr]    Compiling toml_datetime v0.6.8
[INFO] [stderr]    Compiling serde_spanned v0.6.8
[INFO] [stderr]    Compiling serde_json v1.0.132
[INFO] [stderr]    Compiling toml_edit v0.22.22
[INFO] [stderr]    Compiling serde_derive v1.0.214
[INFO] [stderr]    Compiling pseudonym v0.2.3 (/opt/rustwide/workdir)
[INFO] [stdout] warning: variable does not need to be mutable
[INFO] [stdout]    --> src/lib.rs:225:17
[INFO] [stdout]     |
[INFO] [stdout] 225 |             let mut first_path_segment = path.segments.first_mut().unwrap();
[INFO] [stdout]     |                 ----^^^^^^^^^^^^^^^^^^
[INFO] [stdout]     |                 |
[INFO] [stdout]     |                 help: remove this `mut`
[INFO] [stdout]     |
[INFO] [stdout]     = note: `#[warn(unused_mut)]` on by default
[INFO] [stdout] 
[INFO] [stdout] 
[INFO] [stderr]    Compiling toml v0.8.19
[INFO] [stderr]    Compiling trybuild v1.0.101
[INFO] [stdout] warning: variable does not need to be mutable
[INFO] [stdout]    --> src/lib.rs:225:17
[INFO] [stdout]     |
[INFO] [stdout] 225 |             let mut first_path_segment = path.segments.first_mut().unwrap();
[INFO] [stdout]     |                 ----^^^^^^^^^^^^^^^^^^
[INFO] [stdout]     |                 |
[INFO] [stdout]     |                 help: remove this `mut`
[INFO] [stdout]     |
[INFO] [stdout]     = note: `#[warn(unused_mut)]` on by default
[INFO] [stdout] 
[INFO] [stdout] 
[INFO] [stderr]     Finished `test` profile [unoptimized + debuginfo] target(s) in 17.27s
[INFO] running `Command { std: "docker" "inspect" "d3fb6a8ff9c358c4b2ed6cc1e5aeaee9aa0e529232a6f1f6181f09c656f856ea", kill_on_drop: false }`
[INFO] running `Command { std: "docker" "rm" "-f" "d3fb6a8ff9c358c4b2ed6cc1e5aeaee9aa0e529232a6f1f6181f09c656f856ea", kill_on_drop: false }`
[INFO] [stdout] d3fb6a8ff9c358c4b2ed6cc1e5aeaee9aa0e529232a6f1f6181f09c656f856ea
[INFO] running `Command { std: "docker" "create" "-v" "/var/lib/crater-agent-workspace/builds/worker-0-tc2/target:/opt/rustwide/target:rw,Z" "-v" "/var/lib/crater-agent-workspace/builds/worker-0-tc2/source:/opt/rustwide/workdir:ro,Z" "-v" "/var/lib/crater-agent-workspace/cargo-home:/opt/rustwide/cargo-home:ro,Z" "-v" "/var/lib/crater-agent-workspace/rustup-home:/opt/rustwide/rustup-home:ro,Z" "-e" "SOURCE_DIR=/opt/rustwide/workdir" "-e" "CARGO_TARGET_DIR=/opt/rustwide/target" "-e" "CARGO_INCREMENTAL=0" "-e" "RUST_BACKTRACE=full" "-e" "RUSTFLAGS=--cap-lints=forbid -Zrandomize-layout" "-e" "RUSTDOCFLAGS=--cap-lints=forbid" "-e" "CARGO_HOME=/opt/rustwide/cargo-home" "-e" "RUSTUP_HOME=/opt/rustwide/rustup-home" "-w" "/opt/rustwide/workdir" "-m" "1610612736" "--user" "0:0" "--network" "none" "ghcr.io/rust-lang/crates-build-env/linux@sha256:4a844ea9eb2546a2d2c7022eacef16ef2e8229c7fbb2c7d4d55a9ceca922f72d" "/opt/rustwide/cargo-home/bin/cargo" "+nightly-2024-10-28" "test" "--frozen", kill_on_drop: false }`
[INFO] [stdout] 36c1be9ff5c2b39027b9b5c98db21f30b31463b56d3e720eee8423b42f32f6a7
[INFO] running `Command { std: "docker" "start" "-a" "36c1be9ff5c2b39027b9b5c98db21f30b31463b56d3e720eee8423b42f32f6a7", kill_on_drop: false }`
[INFO] [stderr] warning: variable does not need to be mutable
[INFO] [stderr]    --> src/lib.rs:225:17
[INFO] [stderr]     |
[INFO] [stderr] 225 |             let mut first_path_segment = path.segments.first_mut().unwrap();
[INFO] [stderr]     |                 ----^^^^^^^^^^^^^^^^^^
[INFO] [stderr]     |                 |
[INFO] [stderr]     |                 help: remove this `mut`
[INFO] [stderr]     |
[INFO] [stderr]     = note: `#[warn(unused_mut)]` on by default
[INFO] [stderr] 
[INFO] [stderr] warning: `pseudonym` (lib) generated 1 warning (run `cargo fix --lib -p pseudonym` to apply 1 suggestion)
[INFO] [stderr] warning: `pseudonym` (lib test) generated 1 warning (1 duplicate)
[INFO] [stderr]     Finished `test` profile [unoptimized + debuginfo] target(s) in 0.04s
[INFO] [stderr]      Running unittests src/lib.rs (/opt/rustwide/target/debug/deps/pseudonym-728694b04fdbc9b0)
[INFO] [stdout] 
[INFO] [stdout] running 0 tests
[INFO] [stdout] 
[INFO] [stdout] test result: ok. 0 passed; 0 failed; 0 ignored; 0 measured; 0 filtered out; finished in 0.00s
[INFO] [stdout] 
[INFO] [stderr]      Running tests/macro_tests.rs (/opt/rustwide/target/debug/deps/tests-5837433618339182)
[INFO] [stdout] 
[INFO] [stdout] running 1 test
[INFO] [stderr]    Compiling proc-macro2 v1.0.89
[INFO] [stderr]    Compiling unicode-ident v1.0.13
[INFO] [stderr]    Compiling quote v1.0.37
[INFO] [stderr]    Compiling syn v2.0.86
[INFO] [stderr]    Compiling pseudonym v0.2.3 (/opt/rustwide/workdir)
[INFO] [stderr] warning: variable does not need to be mutable
[INFO] [stderr]    --> /opt/rustwide/workdir/src/lib.rs:225:17
[INFO] [stderr]     |
[INFO] [stderr] 225 |             let mut first_path_segment = path.segments.first_mut().unwrap();
[INFO] [stderr]     |                 ----^^^^^^^^^^^^^^^^^^
[INFO] [stderr]     |                 |
[INFO] [stderr]     |                 help: remove this `mut`
[INFO] [stderr]     |
[INFO] [stderr]     = note: `#[warn(unused_mut)]` on by default
[INFO] [stderr] 
[INFO] [stderr] warning: `pseudonym` (lib) generated 1 warning (run `cargo fix --lib -p pseudonym` to apply 1 suggestion)
[INFO] [stderr]    Compiling pseudonym-tests v0.0.0 (/opt/rustwide/target/tests/trybuild/pseudonym)
[INFO] [stderr]     Finished `dev` profile [unoptimized + debuginfo] target(s) in 7.45s
[INFO] [stderr] 
[INFO] [stderr] 
[INFO] [stderr] test tests/fail/01_item_fn.rs [should fail to compile] ... ok
[INFO] [stderr] test tests/fail/02_item_struct.rs [should fail to compile] ... ok
[INFO] [stderr] test tests/fail/03_item_impl.rs [should fail to compile] ... mismatch
[INFO] [stderr] 
[INFO] [stderr] EXPECTED:
[INFO] [stderr] ┈┈┈┈┈┈┈┈┈┈┈┈┈┈┈┈┈┈┈┈┈┈┈┈┈┈┈┈┈┈┈┈┈┈┈┈┈┈┈┈┈┈┈┈┈┈┈┈┈┈┈┈┈┈┈┈┈┈┈┈
[INFO] [stderr] error: unexpected end of input, expected identifier
[INFO] [stderr]   --> tests/fail/03_item_impl.rs:6:1
[INFO] [stderr]    |
[INFO] [stderr] 6  | / #[alias(
[INFO] [stderr] 7  | |     S1,
[INFO] [stderr] 8  | |     deprecated(S2),
[INFO] [stderr] 9  | |     deprecated(S3, since = "0.1.0"),
[INFO] [stderr] 10 | |     deprecated(S4, note = "deprecation note"),
[INFO] [stderr] 11 | |     deprecated(S5, since = "0.1.0", note = "deprecation note"),
[INFO] [stderr] 12 | | )]
[INFO] [stderr]    | |__^
[INFO] [stderr]    |
[INFO] [stderr]    = note: this error originates in the attribute macro `alias` (in Nightly builds, run with -Z macro-backtrace for more info)
[INFO] [stderr] 
[INFO] [stderr] error[E0433]: failed to resolve: use of undeclared type `S3`
[INFO] [stderr]   --> tests/fail/03_item_impl.rs:23:16
[INFO] [stderr]    |
[INFO] [stderr] 23 |     assert_eq!(S3::new().0, 5);
[INFO] [stderr]    |                ^^ use of undeclared type `S3`
[INFO] [stderr] 
[INFO] [stderr] error[E0433]: failed to resolve: use of undeclared type `S4`
[INFO] [stderr]   --> tests/fail/03_item_impl.rs:24:16
[INFO] [stderr]    |
[INFO] [stderr] 24 |     assert_eq!(S4::new().0, 5);
[INFO] [stderr]    |                ^^ use of undeclared type `S4`
[INFO] [stderr] 
[INFO] [stderr] error[E0433]: failed to resolve: use of undeclared type `S5`
[INFO] [stderr]   --> tests/fail/03_item_impl.rs:25:16
[INFO] [stderr]    |
[INFO] [stderr] 25 |     assert_eq!(S5::new().0, 5);
[INFO] [stderr]    |                ^^ use of undeclared type `S5`
[INFO] [stderr] 
[INFO] [stderr] error[E0599]: no function or associated item named `new` found for struct `S` in the current scope
[INFO] [stderr]   --> tests/fail/03_item_impl.rs:20:19
[INFO] [stderr]    |
[INFO] [stderr] 4  | struct S(i32);
[INFO] [stderr]    | -------------- function or associated item `new` not found for this
[INFO] [stderr] ...
[INFO] [stderr] 20 |     assert_eq!(S::new().0, 5);
[INFO] [stderr]    |                   ^^^ function or associated item not found in `S`
[INFO] [stderr] 
[INFO] [stderr] error[E0599]: no function or associated item named `new` found for struct `S1` in the current scope
[INFO] [stderr]   --> tests/fail/03_item_impl.rs:21:20
[INFO] [stderr]    |
[INFO] [stderr] 4  | struct S(i32);
[INFO] [stderr]    | -------------- function or associated item `new` not found for this
[INFO] [stderr] ...
[INFO] [stderr] 21 |     assert_eq!(S1::new().0, 5);
[INFO] [stderr]    |                    ^^^ function or associated item not found in `S1`
[INFO] [stderr] 
[INFO] [stderr] error[E0599]: no function or associated item named `new` found for struct `S2` in the current scope
[INFO] [stderr]   --> tests/fail/03_item_impl.rs:22:20
[INFO] [stderr]    |
[INFO] [stderr] 4  | struct S(i32);
[INFO] [stderr]    | -------------- function or associated item `new` not found for this
[INFO] [stderr] ...
[INFO] [stderr] 22 |     assert_eq!(S2::new().0, 5);
[INFO] [stderr]    |                    ^^^ function or associated item not found in `S2`
[INFO] [stderr] ┈┈┈┈┈┈┈┈┈┈┈┈┈┈┈┈┈┈┈┈┈┈┈┈┈┈┈┈┈┈┈┈┈┈┈┈┈┈┈┈┈┈┈┈┈┈┈┈┈┈┈┈┈┈┈┈┈┈┈┈
[INFO] [stderr] 
[INFO] [stderr] ACTUAL OUTPUT:
[INFO] [stderr] ┈┈┈┈┈┈┈┈┈┈┈┈┈┈┈┈┈┈┈┈┈┈┈┈┈┈┈┈┈┈┈┈┈┈┈┈┈┈┈┈┈┈┈┈┈┈┈┈┈┈┈┈┈┈┈┈┈┈┈┈
[INFO] [stderr] error: unexpected end of input, expected identifier
[INFO] [stderr]   --> tests/fail/03_item_impl.rs:6:1
[INFO] [stderr]    |
[INFO] [stderr] 6  | / #[alias(
[INFO] [stderr] 7  | |     S1,
[INFO] [stderr] 8  | |     deprecated(S2),
[INFO] [stderr] 9  | |     deprecated(S3, since = "0.1.0"),
[INFO] [stderr] 10 | |     deprecated(S4, note = "deprecation note"),
[INFO] [stderr] 11 | |     deprecated(S5, since = "0.1.0", note = "deprecation note"),
[INFO] [stderr] 12 | | )]
[INFO] [stderr]    | |__^
[INFO] [stderr]    |
[INFO] [stderr]    = note: this error originates in the attribute macro `alias` (in Nightly builds, run with -Z macro-backtrace for more info)
[INFO] [stderr] 
[INFO] [stderr] error[E0599]: no function or associated item named `new` found for struct `S` in the current scope
[INFO] [stderr]   --> tests/fail/03_item_impl.rs:20:19
[INFO] [stderr]    |
[INFO] [stderr] 4  | struct S(i32);
[INFO] [stderr]    | -------- function or associated item `new` not found for this struct
[INFO] [stderr] ...
[INFO] [stderr] 20 |     assert_eq!(S::new().0, 5);
[INFO] [stderr]    |                   ^^^ function or associated item not found in `S`
[INFO] [stderr] 
[INFO] [stderr] error[E0599]: no function or associated item named `new` found for struct `S1` in the current scope
[INFO] [stderr]   --> tests/fail/03_item_impl.rs:21:20
[INFO] [stderr]    |
[INFO] [stderr] 4  | struct S(i32);
[INFO] [stderr]    | -------------- function or associated item `new` not found for this struct
[INFO] [stderr] ...
[INFO] [stderr] 21 |     assert_eq!(S1::new().0, 5);
[INFO] [stderr]    |                    ^^^ function or associated item not found in `S1`
[INFO] [stderr] 
[INFO] [stderr] error[E0599]: no function or associated item named `new` found for struct `S2` in the current scope
[INFO] [stderr]   --> tests/fail/03_item_impl.rs:22:20
[INFO] [stderr]    |
[INFO] [stderr] 4  | struct S(i32);
[INFO] [stderr]    | -------------- function or associated item `new` not found for this struct
[INFO] [stderr] ...
[INFO] [stderr] 22 |     assert_eq!(S2::new().0, 5);
[INFO] [stderr]    |                    ^^^ function or associated item not found in `S2`
[INFO] [stderr] 
[INFO] [stderr] error[E0433]: failed to resolve: use of undeclared type `S3`
[INFO] [stderr]   --> tests/fail/03_item_impl.rs:23:16
[INFO] [stderr]    |
[INFO] [stderr] 23 |     assert_eq!(S3::new().0, 5);
[INFO] [stderr]    |                ^^
[INFO] [stderr]    |                |
[INFO] [stderr]    |                use of undeclared type `S3`
[INFO] [stderr]    |                help: a struct with a similar name exists: `S`
[INFO] [stderr] 
[INFO] [stderr] error[E0433]: failed to resolve: use of undeclared type `S4`
[INFO] [stderr]   --> tests/fail/03_item_impl.rs:24:16
[INFO] [stderr]    |
[INFO] [stderr] 24 |     assert_eq!(S4::new().0, 5);
[INFO] [stderr]    |                ^^
[INFO] [stderr]    |                |
[INFO] [stderr]    |                use of undeclared type `S4`
[INFO] [stderr]    |                help: a struct with a similar name exists: `S`
[INFO] [stderr] 
[INFO] [stderr] error[E0433]: failed to resolve: use of undeclared type `S5`
[INFO] [stderr]   --> tests/fail/03_item_impl.rs:25:16
[INFO] [stderr]    |
[INFO] [stderr] 25 |     assert_eq!(S5::new().0, 5);
[INFO] [stderr]    |                ^^
[INFO] [stderr]    |                |
[INFO] [stderr]    |                use of undeclared type `S5`
[INFO] [stderr]    |                help: a struct with a similar name exists: `S`
[INFO] [stderr] ┈┈┈┈┈┈┈┈┈┈┈┈┈┈┈┈┈┈┈┈┈┈┈┈┈┈┈┈┈┈┈┈┈┈┈┈┈┈┈┈┈┈┈┈┈┈┈┈┈┈┈┈┈┈┈┈┈┈┈┈
[INFO] [stderr] note: If the actual output is the correct output you can bless it by rerunning
[INFO] [stderr]       your test with the environment variable TRYBUILD=overwrite
[INFO] [stderr] 
[INFO] [stderr] test tests/fail/04_item_trait.rs [should fail to compile] ... ok
[INFO] [stderr] test tests/pass/01_item_fn.rs [should pass] ... ok
[INFO] [stderr] 
[INFO] [stderr] WARNINGS:
[INFO] [stderr] ┈┈┈┈┈┈┈┈┈┈┈┈┈┈┈┈┈┈┈┈┈┈┈┈┈┈┈┈┈┈┈┈┈┈┈┈┈┈┈┈┈┈┈┈┈┈┈┈┈┈┈┈┈┈┈┈┈┈┈┈
[INFO] [stderr] warning: use of deprecated function `c`
[INFO] [stderr]   --> tests/pass/01_item_fn.rs:17:16
[INFO] [stderr]    |
[INFO] [stderr] 17 |     assert_eq!(c(), 5);
[INFO] [stderr]    |                ^
[INFO] [stderr]    |
[INFO] [stderr]    = note: `#[warn(deprecated)]` on by default
[INFO] [stderr] 
[INFO] [stderr] warning: use of deprecated function `d`
[INFO] [stderr]   --> tests/pass/01_item_fn.rs:18:16
[INFO] [stderr]    |
[INFO] [stderr] 18 |     assert_eq!(d(), 5);
[INFO] [stderr]    |                ^
[INFO] [stderr] 
[INFO] [stderr] warning: use of deprecated function `e`: deprecation note
[INFO] [stderr]   --> tests/pass/01_item_fn.rs:19:16
[INFO] [stderr]    |
[INFO] [stderr] 19 |     assert_eq!(e(), 5);
[INFO] [stderr]    |                ^
[INFO] [stderr] 
[INFO] [stderr] warning: use of deprecated function `f`: deprecation note
[INFO] [stderr]   --> tests/pass/01_item_fn.rs:20:16
[INFO] [stderr]    |
[INFO] [stderr] 20 |     assert_eq!(f(), 5);
[INFO] [stderr]    |                ^
[INFO] [stderr] ┈┈┈┈┈┈┈┈┈┈┈┈┈┈┈┈┈┈┈┈┈┈┈┈┈┈┈┈┈┈┈┈┈┈┈┈┈┈┈┈┈┈┈┈┈┈┈┈┈┈┈┈┈┈┈┈┈┈┈┈
[INFO] [stderr] 
[INFO] [stderr] STDERR:
[INFO] [stderr] ┈┈┈┈┈┈┈┈┈┈┈┈┈┈┈┈┈┈┈┈┈┈┈┈┈┈┈┈┈┈┈┈┈┈┈┈┈┈┈┈┈┈┈┈┈┈┈┈┈┈┈┈┈┈┈┈┈┈┈┈
[INFO] [stderr] warning: variable does not need to be mutable
[INFO] [stderr]    --> /opt/rustwide/workdir/src/lib.rs:225:17
[INFO] [stderr]     |
[INFO] [stderr] 225 |             let mut first_path_segment = path.segments.first_mut().unwrap();
[INFO] [stderr]     |                 ----^^^^^^^^^^^^^^^^^^
[INFO] [stderr]     |                 |
[INFO] [stderr]     |                 help: remove this `mut`
[INFO] [stderr]     |
[INFO] [stderr]     = note: `#[warn(unused_mut)]` on by default
[INFO] [stderr] 
[INFO] [stderr] warning: use of deprecated function `c`
[INFO] [stderr]   --> /opt/rustwide/workdir/tests/pass/01_item_fn.rs:17:16
[INFO] [stderr]    |
[INFO] [stderr] 17 |     assert_eq!(c(), 5);
[INFO] [stderr]    |                ^
[INFO] [stderr]    |
[INFO] [stderr]    = note: `#[warn(deprecated)]` on by default
[INFO] [stderr] 
[INFO] [stderr] warning: use of deprecated function `d`
[INFO] [stderr]   --> /opt/rustwide/workdir/tests/pass/01_item_fn.rs:18:16
[INFO] [stderr]    |
[INFO] [stderr] 18 |     assert_eq!(d(), 5);
[INFO] [stderr]    |                ^
[INFO] [stderr] 
[INFO] [stderr] warning: use of deprecated function `e`: deprecation note
[INFO] [stderr]   --> /opt/rustwide/workdir/tests/pass/01_item_fn.rs:19:16
[INFO] [stderr]    |
[INFO] [stderr] 19 |     assert_eq!(e(), 5);
[INFO] [stderr]    |                ^
[INFO] [stderr] 
[INFO] [stderr] warning: use of deprecated function `f`: deprecation note
[INFO] [stderr]   --> /opt/rustwide/workdir/tests/pass/01_item_fn.rs:20:16
[INFO] [stderr]    |
[INFO] [stderr] 20 |     assert_eq!(f(), 5);
[INFO] [stderr]    |                ^
[INFO] [stderr] ┈┈┈┈┈┈┈┈┈┈┈┈┈┈┈┈┈┈┈┈┈┈┈┈┈┈┈┈┈┈┈┈┈┈┈┈┈┈┈┈┈┈┈┈┈┈┈┈┈┈┈┈┈┈┈┈┈┈┈┈
[INFO] [stderr] 
[INFO] [stderr] test tests/pass/02_item_struct.rs [should pass] ... ok
[INFO] [stderr] 
[INFO] [stderr] WARNINGS:
[INFO] [stderr] ┈┈┈┈┈┈┈┈┈┈┈┈┈┈┈┈┈┈┈┈┈┈┈┈┈┈┈┈┈┈┈┈┈┈┈┈┈┈┈┈┈┈┈┈┈┈┈┈┈┈┈┈┈┈┈┈┈┈┈┈
[INFO] [stderr] warning: use of deprecated tuple struct `S2`
[INFO] [stderr]   --> tests/pass/02_item_struct.rs:15:16
[INFO] [stderr]    |
[INFO] [stderr] 15 |     assert_eq!(S2(5).0, 5);
[INFO] [stderr]    |                ^^
[INFO] [stderr]    |
[INFO] [stderr]    = note: `#[warn(deprecated)]` on by default
[INFO] [stderr] 
[INFO] [stderr] warning: use of deprecated tuple struct `S3`
[INFO] [stderr]   --> tests/pass/02_item_struct.rs:16:16
[INFO] [stderr]    |
[INFO] [stderr] 16 |     assert_eq!(S3(5).0, 5);
[INFO] [stderr]    |                ^^
[INFO] [stderr] 
[INFO] [stderr] warning: use of deprecated tuple struct `S4`: deprecation note
[INFO] [stderr]   --> tests/pass/02_item_struct.rs:17:16
[INFO] [stderr]    |
[INFO] [stderr] 17 |     assert_eq!(S4(5).0, 5);
[INFO] [stderr]    |                ^^
[INFO] [stderr] 
[INFO] [stderr] warning: use of deprecated tuple struct `S5`: deprecation note
[INFO] [stderr]   --> tests/pass/02_item_struct.rs:18:16
[INFO] [stderr]    |
[INFO] [stderr] 18 |     assert_eq!(S5(5).0, 5);
[INFO] [stderr]    |                ^^
[INFO] [stderr] 
[INFO] [stderr] warning: use of deprecated field `S2::0`
[INFO] [stderr]   --> tests/pass/02_item_struct.rs:15:16
[INFO] [stderr]    |
[INFO] [stderr] 15 |     assert_eq!(S2(5).0, 5);
[INFO] [stderr]    |                ^^^^^^^
[INFO] [stderr] 
[INFO] [stderr] warning: use of deprecated field `S3::0`
[INFO] [stderr]   --> tests/pass/02_item_struct.rs:16:16
[INFO] [stderr]    |
[INFO] [stderr] 16 |     assert_eq!(S3(5).0, 5);
[INFO] [stderr]    |                ^^^^^^^
[INFO] [stderr] 
[INFO] [stderr] warning: use of deprecated field `S4::0`: deprecation note
[INFO] [stderr]   --> tests/pass/02_item_struct.rs:17:16
[INFO] [stderr]    |
[INFO] [stderr] 17 |     assert_eq!(S4(5).0, 5);
[INFO] [stderr]    |                ^^^^^^^
[INFO] [stderr] 
[INFO] [stderr] warning: use of deprecated field `S5::0`: deprecation note
[INFO] [stderr]   --> tests/pass/02_item_struct.rs:18:16
[INFO] [stderr]    |
[INFO] [stderr] 18 |     assert_eq!(S5(5).0, 5);
[INFO] [stderr]    |                ^^^^^^^
[INFO] [stderr] ┈┈┈┈┈┈┈┈┈┈┈┈┈┈┈┈┈┈┈┈┈┈┈┈┈┈┈┈┈┈┈┈┈┈┈┈┈┈┈┈┈┈┈┈┈┈┈┈┈┈┈┈┈┈┈┈┈┈┈┈
[INFO] [stderr] 
[INFO] [stderr] STDERR:
[INFO] [stderr] ┈┈┈┈┈┈┈┈┈┈┈┈┈┈┈┈┈┈┈┈┈┈┈┈┈┈┈┈┈┈┈┈┈┈┈┈┈┈┈┈┈┈┈┈┈┈┈┈┈┈┈┈┈┈┈┈┈┈┈┈
[INFO] [stderr] warning: variable does not need to be mutable
[INFO] [stderr]    --> /opt/rustwide/workdir/src/lib.rs:225:17
[INFO] [stderr]     |
[INFO] [stderr] 225 |             let mut first_path_segment = path.segments.first_mut().unwrap();
[INFO] [stderr]     |                 ----^^^^^^^^^^^^^^^^^^
[INFO] [stderr]     |                 |
[INFO] [stderr]     |                 help: remove this `mut`
[INFO] [stderr]     |
[INFO] [stderr]     = note: `#[warn(unused_mut)]` on by default
[INFO] [stderr] 
[INFO] [stderr] warning: use of deprecated tuple struct `S2`
[INFO] [stderr]   --> /opt/rustwide/workdir/tests/pass/02_item_struct.rs:15:16
[INFO] [stderr]    |
[INFO] [stderr] 15 |     assert_eq!(S2(5).0, 5);
[INFO] [stderr]    |                ^^
[INFO] [stderr]    |
[INFO] [stderr]    = note: `#[warn(deprecated)]` on by default
[INFO] [stderr] 
[INFO] [stderr] warning: use of deprecated tuple struct `S3`
[INFO] [stderr]   --> /opt/rustwide/workdir/tests/pass/02_item_struct.rs:16:16
[INFO] [stderr]    |
[INFO] [stderr] 16 |     assert_eq!(S3(5).0, 5);
[INFO] [stderr]    |                ^^
[INFO] [stderr] 
[INFO] [stderr] warning: use of deprecated tuple struct `S4`: deprecation note
[INFO] [stderr]   --> /opt/rustwide/workdir/tests/pass/02_item_struct.rs:17:16
[INFO] [stderr]    |
[INFO] [stderr] 17 |     assert_eq!(S4(5).0, 5);
[INFO] [stderr]    |                ^^
[INFO] [stderr] 
[INFO] [stderr] warning: use of deprecated tuple struct `S5`: deprecation note
[INFO] [stderr]   --> /opt/rustwide/workdir/tests/pass/02_item_struct.rs:18:16
[INFO] [stderr]    |
[INFO] [stderr] 18 |     assert_eq!(S5(5).0, 5);
[INFO] [stderr]    |                ^^
[INFO] [stderr] 
[INFO] [stderr] warning: use of deprecated field `S2::0`
[INFO] [stderr]   --> /opt/rustwide/workdir/tests/pass/02_item_struct.rs:15:16
[INFO] [stderr]    |
[INFO] [stderr] 15 |     assert_eq!(S2(5).0, 5);
[INFO] [stderr]    |                ^^^^^^^
[INFO] [stderr] 
[INFO] [stderr] warning: use of deprecated field `S3::0`
[INFO] [stderr]   --> /opt/rustwide/workdir/tests/pass/02_item_struct.rs:16:16
[INFO] [stderr]    |
[INFO] [stderr] 16 |     assert_eq!(S3(5).0, 5);
[INFO] [stderr]    |                ^^^^^^^
[INFO] [stderr] 
[INFO] [stderr] warning: use of deprecated field `S4::0`: deprecation note
[INFO] [stderr]   --> /opt/rustwide/workdir/tests/pass/02_item_struct.rs:17:16
[INFO] [stderr]    |
[INFO] [stderr] 17 |     assert_eq!(S4(5).0, 5);
[INFO] [stderr]    |                ^^^^^^^
[INFO] [stderr] 
[INFO] [stderr] warning: use of deprecated field `S5::0`: deprecation note
[INFO] [stderr]   --> /opt/rustwide/workdir/tests/pass/02_item_struct.rs:18:16
[INFO] [stderr]    |
[INFO] [stderr] 18 |     assert_eq!(S5(5).0, 5);
[INFO] [stderr]    |                ^^^^^^^
[INFO] [stderr] ┈┈┈┈┈┈┈┈┈┈┈┈┈┈┈┈┈┈┈┈┈┈┈┈┈┈┈┈┈┈┈┈┈┈┈┈┈┈┈┈┈┈┈┈┈┈┈┈┈┈┈┈┈┈┈┈┈┈┈┈
[INFO] [stderr] 
[INFO] [stderr] test tests/pass/03_item_impl.rs [should pass] ... ok
[INFO] [stderr] 
[INFO] [stderr] WARNINGS:
[INFO] [stderr] ┈┈┈┈┈┈┈┈┈┈┈┈┈┈┈┈┈┈┈┈┈┈┈┈┈┈┈┈┈┈┈┈┈┈┈┈┈┈┈┈┈┈┈┈┈┈┈┈┈┈┈┈┈┈┈┈┈┈┈┈
[INFO] [stderr] warning: use of deprecated associated function `S2::new`
[INFO] [stderr]   --> tests/pass/03_item_impl.rs:22:20
[INFO] [stderr]    |
[INFO] [stderr] 22 |     assert_eq!(S2::new().0, 5);
[INFO] [stderr]    |                    ^^^
[INFO] [stderr]    |
[INFO] [stderr]    = note: `#[warn(deprecated)]` on by default
[INFO] [stderr] 
[INFO] [stderr] warning: use of deprecated associated function `S3::new`
[INFO] [stderr]   --> tests/pass/03_item_impl.rs:23:20
[INFO] [stderr]    |
[INFO] [stderr] 23 |     assert_eq!(S3::new().0, 5);
[INFO] [stderr]    |                    ^^^
[INFO] [stderr] 
[INFO] [stderr] warning: use of deprecated associated function `S4::new`: deprecation note
[INFO] [stderr]   --> tests/pass/03_item_impl.rs:24:20
[INFO] [stderr]    |
[INFO] [stderr] 24 |     assert_eq!(S4::new().0, 5);
[INFO] [stderr]    |                    ^^^
[INFO] [stderr] 
[INFO] [stderr] warning: use of deprecated associated function `S5::new`: deprecation note
[INFO] [stderr]   --> tests/pass/03_item_impl.rs:25:20
[INFO] [stderr]    |
[INFO] [stderr] 25 |     assert_eq!(S5::new().0, 5);
[INFO] [stderr]    |                    ^^^
[INFO] [stderr] ┈┈┈┈┈┈┈┈┈┈┈┈┈┈┈┈┈┈┈┈┈┈┈┈┈┈┈┈┈┈┈┈┈┈┈┈┈┈┈┈┈┈┈┈┈┈┈┈┈┈┈┈┈┈┈┈┈┈┈┈
[INFO] [stderr] 
[INFO] [stderr] STDERR:
[INFO] [stderr] ┈┈┈┈┈┈┈┈┈┈┈┈┈┈┈┈┈┈┈┈┈┈┈┈┈┈┈┈┈┈┈┈┈┈┈┈┈┈┈┈┈┈┈┈┈┈┈┈┈┈┈┈┈┈┈┈┈┈┈┈
[INFO] [stderr] warning: variable does not need to be mutable
[INFO] [stderr]    --> /opt/rustwide/workdir/src/lib.rs:225:17
[INFO] [stderr]     |
[INFO] [stderr] 225 |             let mut first_path_segment = path.segments.first_mut().unwrap();
[INFO] [stderr]     |                 ----^^^^^^^^^^^^^^^^^^
[INFO] [stderr]     |                 |
[INFO] [stderr]     |                 help: remove this `mut`
[INFO] [stderr]     |
[INFO] [stderr]     = note: `#[warn(unused_mut)]` on by default
[INFO] [stderr] 
[INFO] [stderr] warning: use of deprecated associated function `S2::new`
[INFO] [stderr]   --> /opt/rustwide/workdir/tests/pass/03_item_impl.rs:22:20
[INFO] [stderr]    |
[INFO] [stderr] 22 |     assert_eq!(S2::new().0, 5);
[INFO] [stderr]    |                    ^^^
[INFO] [stderr]    |
[INFO] [stderr]    = note: `#[warn(deprecated)]` on by default
[INFO] [stderr] 
[INFO] [stderr] warning: use of deprecated associated function `S3::new`
[INFO] [stderr]   --> /opt/rustwide/workdir/tests/pass/03_item_impl.rs:23:20
[INFO] [stderr]    |
[INFO] [stderr] 23 |     assert_eq!(S3::new().0, 5);
[INFO] [stderr]    |                    ^^^
[INFO] [stderr] 
[INFO] [stderr] warning: use of deprecated associated function `S4::new`: deprecation note
[INFO] [stderr]   --> /opt/rustwide/workdir/tests/pass/03_item_impl.rs:24:20
[INFO] [stderr]    |
[INFO] [stderr] 24 |     assert_eq!(S4::new().0, 5);
[INFO] [stderr]    |                    ^^^
[INFO] [stderr] 
[INFO] [stderr] warning: use of deprecated associated function `S5::new`: deprecation note
[INFO] [stderr]   --> /opt/rustwide/workdir/tests/pass/03_item_impl.rs:25:20
[INFO] [stderr]    |
[INFO] [stderr] 25 |     assert_eq!(S5::new().0, 5);
[INFO] [stderr]    |                    ^^^
[INFO] [stderr] ┈┈┈┈┈┈┈┈┈┈┈┈┈┈┈┈┈┈┈┈┈┈┈┈┈┈┈┈┈┈┈┈┈┈┈┈┈┈┈┈┈┈┈┈┈┈┈┈┈┈┈┈┈┈┈┈┈┈┈┈
[INFO] [stderr] 
[INFO] [stderr] test tests/pass/04_item_trait.rs [should pass] ... ok
[INFO] [stderr] 
[INFO] [stderr] STDERR:
[INFO] [stderr] ┈┈┈┈┈┈┈┈┈┈┈┈┈┈┈┈┈┈┈┈┈┈┈┈┈┈┈┈┈┈┈┈┈┈┈┈┈┈┈┈┈┈┈┈┈┈┈┈┈┈┈┈┈┈┈┈┈┈┈┈
[INFO] [stderr] warning: variable does not need to be mutable
[INFO] [stderr]    --> /opt/rustwide/workdir/src/lib.rs:225:17
[INFO] [stderr]     |
[INFO] [stderr] 225 |             let mut first_path_segment = path.segments.first_mut().unwrap();
[INFO] [stderr]     |                 ----^^^^^^^^^^^^^^^^^^
[INFO] [stderr]     |                 |
[INFO] [stderr]     |                 help: remove this `mut`
[INFO] [stderr]     |
[INFO] [stderr]     = note: `#[warn(unused_mut)]` on by default
[INFO] [stderr] ┈┈┈┈┈┈┈┈┈┈┈┈┈┈┈┈┈┈┈┈┈┈┈┈┈┈┈┈┈┈┈┈┈┈┈┈┈┈┈┈┈┈┈┈┈┈┈┈┈┈┈┈┈┈┈┈┈┈┈┈
[INFO] [stderr] 
[INFO] [stderr] test tests/pass/05_item_const.rs [should pass] ... ok
[INFO] [stderr] 
[INFO] [stderr] STDERR:
[INFO] [stderr] ┈┈┈┈┈┈┈┈┈┈┈┈┈┈┈┈┈┈┈┈┈┈┈┈┈┈┈┈┈┈┈┈┈┈┈┈┈┈┈┈┈┈┈┈┈┈┈┈┈┈┈┈┈┈┈┈┈┈┈┈
[INFO] [stderr] warning: variable does not need to be mutable
[INFO] [stderr]    --> /opt/rustwide/workdir/src/lib.rs:225:17
[INFO] [stderr]     |
[INFO] [stderr] 225 |             let mut first_path_segment = path.segments.first_mut().unwrap();
[INFO] [stderr]     |                 ----^^^^^^^^^^^^^^^^^^
[INFO] [stderr]     |                 |
[INFO] [stderr]     |                 help: remove this `mut`
[INFO] [stderr]     |
[INFO] [stderr]     = note: `#[warn(unused_mut)]` on by default
[INFO] [stderr] ┈┈┈┈┈┈┈┈┈┈┈┈┈┈┈┈┈┈┈┈┈┈┈┈┈┈┈┈┈┈┈┈┈┈┈┈┈┈┈┈┈┈┈┈┈┈┈┈┈┈┈┈┈┈┈┈┈┈┈┈
[INFO] [stderr] 
[INFO] [stderr] 
[INFO] [stderr] 
[INFO] [stdout] test compile ... FAILED
[INFO] [stdout] 
[INFO] [stdout] failures:
[INFO] [stdout] 
[INFO] [stdout] ---- compile stdout ----
[INFO] [stdout] thread 'compile' panicked at /opt/rustwide/cargo-home/registry/src/index.crates.io-6f17d22bba15001f/trybuild-1.0.101/src/run.rs:101:13:
[INFO] [stdout] 1 of 9 tests failed
[INFO] [stdout] stack backtrace:
[INFO] [stdout]    0:     0x5947e147c27a - std::backtrace_rs::backtrace::libunwind::trace::h207520d6e9873551
[INFO] [stdout]                                at /rustc/df4ca44d3fbc9301ee17f30f4d474e6ae4b05252/library/std/src/../../backtrace/src/backtrace/libunwind.rs:116:5
[INFO] [stdout]    1:     0x5947e147c27a - std::backtrace_rs::backtrace::trace_unsynchronized::h2ed7433f370e3eca
[INFO] [stdout]                                at /rustc/df4ca44d3fbc9301ee17f30f4d474e6ae4b05252/library/std/src/../../backtrace/src/backtrace/mod.rs:66:5
[INFO] [stdout]    2:     0x5947e147c27a - std::sys::backtrace::_print_fmt::h916fac51166b18d7
[INFO] [stdout]                                at /rustc/df4ca44d3fbc9301ee17f30f4d474e6ae4b05252/library/std/src/sys/backtrace.rs:66:9
[INFO] [stdout]    3:     0x5947e147c27a - <std::sys::backtrace::BacktraceLock::print::DisplayBacktrace as core::fmt::Display>::fmt::ha0a4c9b8ce3802e6
[INFO] [stdout]                                at /rustc/df4ca44d3fbc9301ee17f30f4d474e6ae4b05252/library/std/src/sys/backtrace.rs:39:26
[INFO] [stdout]    4:     0x5947e14a6743 - core::fmt::rt::Argument::fmt::h4cfc8587d52b3eb5
[INFO] [stdout]                                at /rustc/df4ca44d3fbc9301ee17f30f4d474e6ae4b05252/library/core/src/fmt/rt.rs:177:76
[INFO] [stdout]    5:     0x5947e14a6743 - core::fmt::write::h522cc39e5b36ae9f
[INFO] [stdout]                                at /rustc/df4ca44d3fbc9301ee17f30f4d474e6ae4b05252/library/core/src/fmt/mod.rs:1190:21
[INFO] [stdout]    6:     0x5947e14782b3 - std::io::Write::write_fmt::h7d3c26752da97734
[INFO] [stdout]                                at /rustc/df4ca44d3fbc9301ee17f30f4d474e6ae4b05252/library/std/src/io/mod.rs:1839:15
[INFO] [stdout]    7:     0x5947e147c0c2 - std::sys::backtrace::BacktraceLock::print::h4b9e00b29e9c0942
[INFO] [stdout]                                at /rustc/df4ca44d3fbc9301ee17f30f4d474e6ae4b05252/library/std/src/sys/backtrace.rs:42:9
[INFO] [stdout]    8:     0x5947e147dd0a - std::panicking::default_hook::{{closure}}::hb59b88280d0324d9
[INFO] [stdout]                                at /rustc/df4ca44d3fbc9301ee17f30f4d474e6ae4b05252/library/std/src/panicking.rs:268:22
[INFO] [stdout]    9:     0x5947e147db14 - std::panicking::default_hook::he1dd496665be4a29
[INFO] [stdout]                                at /rustc/df4ca44d3fbc9301ee17f30f4d474e6ae4b05252/library/std/src/panicking.rs:292:9
[INFO] [stdout]   10:     0x5947e1444809 - <alloc::boxed::Box<F,A> as core::ops::function::Fn<Args>>::call::h4ff71de18744e1dc
[INFO] [stdout]                                at /rustc/df4ca44d3fbc9301ee17f30f4d474e6ae4b05252/library/alloc/src/boxed.rs:2468:9
[INFO] [stdout]   11:     0x5947e1444809 - test::test_main::{{closure}}::hcf7c055ce117aa81
[INFO] [stdout]                                at /rustc/df4ca44d3fbc9301ee17f30f4d474e6ae4b05252/library/test/src/lib.rs:133:21
[INFO] [stdout]   12:     0x5947e147e408 - <alloc::boxed::Box<F,A> as core::ops::function::Fn<Args>>::call::h1d66c6bbd60c9692
[INFO] [stdout]                                at /rustc/df4ca44d3fbc9301ee17f30f4d474e6ae4b05252/library/alloc/src/boxed.rs:2468:9
[INFO] [stdout]   13:     0x5947e147e408 - std::panicking::rust_panic_with_hook::h2ff17fe8f26dfcf8
[INFO] [stdout]                                at /rustc/df4ca44d3fbc9301ee17f30f4d474e6ae4b05252/library/std/src/panicking.rs:809:13
[INFO] [stdout]   14:     0x5947e147e1ca - std::panicking::begin_panic_handler::{{closure}}::h4fad77951c07e101
[INFO] [stdout]                                at /rustc/df4ca44d3fbc9301ee17f30f4d474e6ae4b05252/library/std/src/panicking.rs:674:13
[INFO] [stdout]   15:     0x5947e147c759 - std::sys::backtrace::__rust_end_short_backtrace::hb1a25b3da5d0ea08
[INFO] [stdout]                                at /rustc/df4ca44d3fbc9301ee17f30f4d474e6ae4b05252/library/std/src/sys/backtrace.rs:170:18
[INFO] [stdout]   16:     0x5947e147de5c - rust_begin_unwind
[INFO] [stdout]                                at /rustc/df4ca44d3fbc9301ee17f30f4d474e6ae4b05252/library/std/src/panicking.rs:665:5
[INFO] [stdout]   17:     0x5947e14a4af0 - core::panicking::panic_fmt::ha9db07b529f9b256
[INFO] [stdout]                                at /rustc/df4ca44d3fbc9301ee17f30f4d474e6ae4b05252/library/core/src/panicking.rs:75:14
[INFO] [stdout]   18:     0x5947e114e955 - trybuild::run::<impl trybuild::Runner>::run::h82b406578f7c910a
[INFO] [stdout]                                at /opt/rustwide/cargo-home/registry/src/index.crates.io-6f17d22bba15001f/trybuild-1.0.101/src/run.rs:101:13
[INFO] [stdout]   19:     0x5947e1153e38 - <trybuild::TestCases as core::ops::drop::Drop>::drop::h98c77d88f0c7c387
[INFO] [stdout]                                at /opt/rustwide/cargo-home/registry/src/index.crates.io-6f17d22bba15001f/trybuild-1.0.101/src/lib.rs:340:13
[INFO] [stdout]   20:     0x5947e113f687 - core::ptr::drop_in_place<trybuild::TestCases>::h992ea2be62936643
[INFO] [stdout]                                at /rustc/df4ca44d3fbc9301ee17f30f4d474e6ae4b05252/library/core/src/ptr/mod.rs:521:1
[INFO] [stdout]   21:     0x5947e113ff2b - tests::compile::he7973dc2e845ee21
[INFO] [stdout]                                at /opt/rustwide/workdir/tests/macro_tests.rs:6:1
[INFO] [stdout]   22:     0x5947e113fea7 - tests::compile::{{closure}}::h4cea8e852bab4738
[INFO] [stdout]                                at /opt/rustwide/workdir/tests/macro_tests.rs:2:13
[INFO] [stdout]   23:     0x5947e113f5e6 - core::ops::function::FnOnce::call_once::h33c6d346faa74112
[INFO] [stdout]                                at /rustc/df4ca44d3fbc9301ee17f30f4d474e6ae4b05252/library/core/src/ops/function.rs:250:5
[INFO] [stdout]   24:     0x5947e14490db - core::ops::function::FnOnce::call_once::h22c3ba5715e93f05
[INFO] [stdout]                                at /rustc/df4ca44d3fbc9301ee17f30f4d474e6ae4b05252/library/core/src/ops/function.rs:250:5
[INFO] [stdout]   25:     0x5947e14490db - test::__rust_begin_short_backtrace::h8e82d8113d0da17f
[INFO] [stdout]                                at /rustc/df4ca44d3fbc9301ee17f30f4d474e6ae4b05252/library/test/src/lib.rs:621:18
[INFO] [stdout]   26:     0x5947e1448a57 - test::run_test_in_process::{{closure}}::h33235f4f20b7b7c7
[INFO] [stdout]                                at /rustc/df4ca44d3fbc9301ee17f30f4d474e6ae4b05252/library/test/src/lib.rs:644:60
[INFO] [stdout]   27:     0x5947e1448a57 - <core::panic::unwind_safe::AssertUnwindSafe<F> as core::ops::function::FnOnce<()>>::call_once::hb5043206310c586f
[INFO] [stdout]                                at /rustc/df4ca44d3fbc9301ee17f30f4d474e6ae4b05252/library/core/src/panic/unwind_safe.rs:272:9
[INFO] [stdout]   28:     0x5947e1448a57 - std::panicking::try::do_call::h9ad4731a60ab23e2
[INFO] [stdout]                                at /rustc/df4ca44d3fbc9301ee17f30f4d474e6ae4b05252/library/std/src/panicking.rs:557:40
[INFO] [stdout]   29:     0x5947e1448a57 - std::panicking::try::h3824d23db772a716
[INFO] [stdout]                                at /rustc/df4ca44d3fbc9301ee17f30f4d474e6ae4b05252/library/std/src/panicking.rs:520:19
[INFO] [stdout]   30:     0x5947e1448a57 - std::panic::catch_unwind::h5afd514605fde46b
[INFO] [stdout]                                at /rustc/df4ca44d3fbc9301ee17f30f4d474e6ae4b05252/library/std/src/panic.rs:358:14
[INFO] [stdout]   31:     0x5947e1448a57 - test::run_test_in_process::h0d5cbfa7067d1720
[INFO] [stdout]                                at /rustc/df4ca44d3fbc9301ee17f30f4d474e6ae4b05252/library/test/src/lib.rs:644:27
[INFO] [stdout]   32:     0x5947e1448a57 - test::run_test::{{closure}}::h708eb8872708115d
[INFO] [stdout]                                at /rustc/df4ca44d3fbc9301ee17f30f4d474e6ae4b05252/library/test/src/lib.rs:565:43
[INFO] [stdout]   33:     0x5947e140c174 - test::run_test::{{closure}}::h392c51cee94713ab
[INFO] [stdout]                                at /rustc/df4ca44d3fbc9301ee17f30f4d474e6ae4b05252/library/test/src/lib.rs:595:41
[INFO] [stdout]   34:     0x5947e140c174 - std::sys::backtrace::__rust_begin_short_backtrace::h2f40290710935a8b
[INFO] [stdout]                                at /rustc/df4ca44d3fbc9301ee17f30f4d474e6ae4b05252/library/std/src/sys/backtrace.rs:154:18
[INFO] [stdout]   35:     0x5947e140f91e - std::thread::Builder::spawn_unchecked_::{{closure}}::{{closure}}::h3fd968d89053a903
[INFO] [stdout]                                at /rustc/df4ca44d3fbc9301ee17f30f4d474e6ae4b05252/library/std/src/thread/mod.rs:541:17
[INFO] [stdout]   36:     0x5947e140f91e - <core::panic::unwind_safe::AssertUnwindSafe<F> as core::ops::function::FnOnce<()>>::call_once::h743f637ba4229880
[INFO] [stdout]                                at /rustc/df4ca44d3fbc9301ee17f30f4d474e6ae4b05252/library/core/src/panic/unwind_safe.rs:272:9
[INFO] [stdout]   37:     0x5947e140f91e - std::panicking::try::do_call::h07440897322525a6
[INFO] [stdout]                                at /rustc/df4ca44d3fbc9301ee17f30f4d474e6ae4b05252/library/std/src/panicking.rs:557:40
[INFO] [stdout]   38:     0x5947e140f91e - std::panicking::try::he5a2e00188156637
[INFO] [stdout]                                at /rustc/df4ca44d3fbc9301ee17f30f4d474e6ae4b05252/library/std/src/panicking.rs:520:19
[INFO] [stdout]   39:     0x5947e140f91e - std::panic::catch_unwind::hbaf3cae49b3c6433
[INFO] [stdout]                                at /rustc/df4ca44d3fbc9301ee17f30f4d474e6ae4b05252/library/std/src/panic.rs:358:14
[INFO] [stdout]   40:     0x5947e140f91e - std::thread::Builder::spawn_unchecked_::{{closure}}::h8e141ea224820bce
[INFO] [stdout]                                at /rustc/df4ca44d3fbc9301ee17f30f4d474e6ae4b05252/library/std/src/thread/mod.rs:540:30
[INFO] [stdout]   41:     0x5947e140f91e - core::ops::function::FnOnce::call_once{{vtable.shim}}::h90d312fedd7b8ea8
[INFO] [stdout]                                at /rustc/df4ca44d3fbc9301ee17f30f4d474e6ae4b05252/library/core/src/ops/function.rs:250:5
[INFO] [stdout]   42:     0x5947e14831cb - <alloc::boxed::Box<F,A> as core::ops::function::FnOnce<Args>>::call_once::h69aa08ddb6adb8b6
[INFO] [stdout]                                at /rustc/df4ca44d3fbc9301ee17f30f4d474e6ae4b05252/library/alloc/src/boxed.rs:2454:9
[INFO] [stdout]   43:     0x5947e14831cb - <alloc::boxed::Box<F,A> as core::ops::function::FnOnce<Args>>::call_once::h5aa36efdb79c806f
[INFO] [stdout]                                at /rustc/df4ca44d3fbc9301ee17f30f4d474e6ae4b05252/library/alloc/src/boxed.rs:2454:9
[INFO] [stdout]   44:     0x5947e14831cb - std::sys::pal::unix::thread::Thread::new::thread_start::h6cd80a1b4be5158d
[INFO] [stdout]                                at /rustc/df4ca44d3fbc9301ee17f30f4d474e6ae4b05252/library/std/src/sys/pal/unix/thread.rs:105:17
[INFO] [stdout]   45:     0x74668a7e2ac3 - <unknown>
[INFO] [stdout]   46:     0x74668a873a04 - clone
[INFO] [stdout]   47:                0x0 - <unknown>
[INFO] [stdout] 
[INFO] [stdout] 
[INFO] [stdout] failures:
[INFO] [stdout]     compile
[INFO] [stdout] 
[INFO] [stdout] test result: FAILED. 0 passed; 1 failed; 0 ignored; 0 measured; 0 filtered out; finished in 9.18s
[INFO] [stdout] 
[INFO] [stderr] error: test failed, to rerun pass `--test tests`
[INFO] running `Command { std: "docker" "inspect" "36c1be9ff5c2b39027b9b5c98db21f30b31463b56d3e720eee8423b42f32f6a7", kill_on_drop: false }`
[INFO] running `Command { std: "docker" "rm" "-f" "36c1be9ff5c2b39027b9b5c98db21f30b31463b56d3e720eee8423b42f32f6a7", kill_on_drop: false }`
[INFO] [stdout] 36c1be9ff5c2b39027b9b5c98db21f30b31463b56d3e720eee8423b42f32f6a7
