[INFO] fetching crate prowl-queue 0.1.4...
[INFO] testing prowl-queue-0.1.4 against nightly-2024-10-28+rustflags=-Zrandomize-layout for randomize-layout
[INFO] extracting crate prowl-queue 0.1.4 into /workspace/builds/worker-4-tc2/source
[INFO] validating manifest of crates.io crate prowl-queue 0.1.4 on toolchain nightly-2024-10-28
[INFO] running `Command { std: CARGO_HOME="/workspace/cargo-home" RUSTUP_HOME="/workspace/rustup-home" "/workspace/cargo-home/bin/cargo" "+nightly-2024-10-28" "metadata" "--manifest-path" "Cargo.toml" "--no-deps", kill_on_drop: false }`
[INFO] started tweaking crates.io crate prowl-queue 0.1.4
[INFO] finished tweaking crates.io crate prowl-queue 0.1.4
[INFO] tweaked toml for crates.io crate prowl-queue 0.1.4 written to /workspace/builds/worker-4-tc2/source/Cargo.toml
[INFO] running `Command { std: CARGO_HOME="/workspace/cargo-home" RUSTUP_HOME="/workspace/rustup-home" "/workspace/cargo-home/bin/cargo" "+nightly-2024-10-28" "generate-lockfile" "--manifest-path" "Cargo.toml", kill_on_drop: false }`
[INFO] [stderr]     Updating crates.io index
[INFO] [stderr]      Locking 140 packages to latest compatible versions
[INFO] [stderr]       Adding derive-getters v0.2.1 (available: v0.5.0)
[INFO] [stderr]       Adding derive-new v0.5.9 (available: v0.7.0)
[INFO] running `Command { std: CARGO_HOME="/workspace/cargo-home" RUSTUP_HOME="/workspace/rustup-home" "/workspace/cargo-home/bin/cargo" "+nightly-2024-10-28" "fetch" "--manifest-path" "Cargo.toml", kill_on_drop: false }`
[INFO] running `Command { std: "docker" "create" "-v" "/var/lib/crater-agent-workspace/builds/worker-4-tc2/target:/opt/rustwide/target:rw,Z" "-v" "/var/lib/crater-agent-workspace/builds/worker-4-tc2/source:/opt/rustwide/workdir:ro,Z" "-v" "/var/lib/crater-agent-workspace/cargo-home:/opt/rustwide/cargo-home:ro,Z" "-v" "/var/lib/crater-agent-workspace/rustup-home:/opt/rustwide/rustup-home:ro,Z" "-e" "SOURCE_DIR=/opt/rustwide/workdir" "-e" "CARGO_TARGET_DIR=/opt/rustwide/target" "-e" "CARGO_HOME=/opt/rustwide/cargo-home" "-e" "RUSTUP_HOME=/opt/rustwide/rustup-home" "-w" "/opt/rustwide/workdir" "-m" "1610612736" "--user" "0:0" "--network" "none" "ghcr.io/rust-lang/crates-build-env/linux@sha256:4a844ea9eb2546a2d2c7022eacef16ef2e8229c7fbb2c7d4d55a9ceca922f72d" "/opt/rustwide/cargo-home/bin/cargo" "+nightly-2024-10-28" "metadata" "--no-deps" "--format-version=1", kill_on_drop: false }`
[INFO] [stdout] 8f718e96f877329efaa9d0bdb8621652c047f9669644874ceae4cd4ecd6e294a
[INFO] running `Command { std: "docker" "start" "-a" "8f718e96f877329efaa9d0bdb8621652c047f9669644874ceae4cd4ecd6e294a", kill_on_drop: false }`
[INFO] running `Command { std: "docker" "inspect" "8f718e96f877329efaa9d0bdb8621652c047f9669644874ceae4cd4ecd6e294a", kill_on_drop: false }`
[INFO] running `Command { std: "docker" "rm" "-f" "8f718e96f877329efaa9d0bdb8621652c047f9669644874ceae4cd4ecd6e294a", kill_on_drop: false }`
[INFO] [stdout] 8f718e96f877329efaa9d0bdb8621652c047f9669644874ceae4cd4ecd6e294a
[INFO] running `Command { std: "docker" "create" "-v" "/var/lib/crater-agent-workspace/builds/worker-4-tc2/target:/opt/rustwide/target:rw,Z" "-v" "/var/lib/crater-agent-workspace/builds/worker-4-tc2/source:/opt/rustwide/workdir:ro,Z" "-v" "/var/lib/crater-agent-workspace/cargo-home:/opt/rustwide/cargo-home:ro,Z" "-v" "/var/lib/crater-agent-workspace/rustup-home:/opt/rustwide/rustup-home:ro,Z" "-e" "SOURCE_DIR=/opt/rustwide/workdir" "-e" "CARGO_TARGET_DIR=/opt/rustwide/target" "-e" "CARGO_INCREMENTAL=0" "-e" "RUST_BACKTRACE=full" "-e" "RUSTFLAGS=--cap-lints=forbid -Zrandomize-layout" "-e" "RUSTDOCFLAGS=--cap-lints=forbid" "-e" "CARGO_HOME=/opt/rustwide/cargo-home" "-e" "RUSTUP_HOME=/opt/rustwide/rustup-home" "-w" "/opt/rustwide/workdir" "-m" "1610612736" "--user" "0:0" "--network" "none" "ghcr.io/rust-lang/crates-build-env/linux@sha256:4a844ea9eb2546a2d2c7022eacef16ef2e8229c7fbb2c7d4d55a9ceca922f72d" "/opt/rustwide/cargo-home/bin/cargo" "+nightly-2024-10-28" "build" "--frozen" "--message-format=json", kill_on_drop: false }`
[INFO] [stdout] e86320a46cf1826beea1d6c439f9e69b54d349a91646fa5779eb271859c02a07
[INFO] running `Command { std: "docker" "start" "-a" "e86320a46cf1826beea1d6c439f9e69b54d349a91646fa5779eb271859c02a07", kill_on_drop: false }`
[INFO] [stderr]    Compiling proc-macro2 v1.0.89
[INFO] [stderr]    Compiling pin-project-lite v0.2.15
[INFO] [stderr]    Compiling smallvec v1.13.2
[INFO] [stderr]    Compiling tracing-core v0.1.32
[INFO] [stderr]    Compiling futures-task v0.3.31
[INFO] [stderr]    Compiling http v0.2.12
[INFO] [stderr]    Compiling signal-hook-registry v1.4.2
[INFO] [stderr]    Compiling syn v1.0.109
[INFO] [stderr]    Compiling serde v1.0.214
[INFO] [stderr]    Compiling futures-channel v0.3.31
[INFO] [stderr]    Compiling thiserror v1.0.66
[INFO] [stderr]    Compiling base64 v0.21.7
[INFO] [stderr]    Compiling encoding_rs v0.8.35
[INFO] [stderr]    Compiling sync_wrapper v0.1.2
[INFO] [stderr]    Compiling urlencoding v2.1.3
[INFO] [stderr]    Compiling futures-util v0.3.31
[INFO] [stderr]    Compiling parking_lot_core v0.9.10
[INFO] [stderr]    Compiling rustls-pemfile v1.0.4
[INFO] [stderr]    Compiling parking_lot v0.12.3
[INFO] [stderr]    Compiling tracing v0.1.40
[INFO] [stderr]    Compiling quote v1.0.37
[INFO] [stderr]    Compiling syn v2.0.86
[INFO] [stderr]    Compiling http-body v0.4.6
[INFO] [stderr]    Compiling derive-getters v0.2.1
[INFO] [stderr]    Compiling derive-new v0.5.9
[INFO] [stderr]    Compiling serde_urlencoded v0.7.1
[INFO] [stderr]    Compiling tokio-macros v2.4.0
[INFO] [stderr]    Compiling openssl-macros v0.1.1
[INFO] [stderr]    Compiling thiserror-impl v1.0.66
[INFO] [stderr]    Compiling openssl v0.10.68
[INFO] [stderr]    Compiling tokio v1.41.0
[INFO] [stderr]    Compiling native-tls v0.2.12
[INFO] [stderr]    Compiling tokio-util v0.7.12
[INFO] [stderr]    Compiling tokio-native-tls v0.3.1
[INFO] [stderr]    Compiling h2 v0.3.26
[INFO] [stderr]    Compiling hyper v0.14.31
[INFO] [stderr]    Compiling hyper-tls v0.5.0
[INFO] [stderr]    Compiling reqwest v0.11.27
[INFO] [stderr]    Compiling prowl v0.2.5
[INFO] [stderr]    Compiling prowl-queue v0.1.4 (/opt/rustwide/workdir)
[INFO] [stderr]     Finished `dev` profile [unoptimized + debuginfo] target(s) in 17.47s
[INFO] running `Command { std: "docker" "inspect" "e86320a46cf1826beea1d6c439f9e69b54d349a91646fa5779eb271859c02a07", kill_on_drop: false }`
[INFO] running `Command { std: "docker" "rm" "-f" "e86320a46cf1826beea1d6c439f9e69b54d349a91646fa5779eb271859c02a07", kill_on_drop: false }`
[INFO] [stdout] e86320a46cf1826beea1d6c439f9e69b54d349a91646fa5779eb271859c02a07
[INFO] running `Command { std: "docker" "create" "-v" "/var/lib/crater-agent-workspace/builds/worker-4-tc2/target:/opt/rustwide/target:rw,Z" "-v" "/var/lib/crater-agent-workspace/builds/worker-4-tc2/source:/opt/rustwide/workdir:ro,Z" "-v" "/var/lib/crater-agent-workspace/cargo-home:/opt/rustwide/cargo-home:ro,Z" "-v" "/var/lib/crater-agent-workspace/rustup-home:/opt/rustwide/rustup-home:ro,Z" "-e" "SOURCE_DIR=/opt/rustwide/workdir" "-e" "CARGO_TARGET_DIR=/opt/rustwide/target" "-e" "CARGO_INCREMENTAL=0" "-e" "RUST_BACKTRACE=full" "-e" "RUSTFLAGS=--cap-lints=forbid -Zrandomize-layout" "-e" "RUSTDOCFLAGS=--cap-lints=forbid" "-e" "CARGO_HOME=/opt/rustwide/cargo-home" "-e" "RUSTUP_HOME=/opt/rustwide/rustup-home" "-w" "/opt/rustwide/workdir" "-m" "1610612736" "--user" "0:0" "--network" "none" "ghcr.io/rust-lang/crates-build-env/linux@sha256:4a844ea9eb2546a2d2c7022eacef16ef2e8229c7fbb2c7d4d55a9ceca922f72d" "/opt/rustwide/cargo-home/bin/cargo" "+nightly-2024-10-28" "test" "--frozen" "--no-run" "--message-format=json", kill_on_drop: false }`
[INFO] [stdout] 0c6806ce6867b6b0a730202e1879bcfd1db3ac102a839e8244c237e11188f9ac
[INFO] running `Command { std: "docker" "start" "-a" "0c6806ce6867b6b0a730202e1879bcfd1db3ac102a839e8244c237e11188f9ac", kill_on_drop: false }`
[INFO] [stderr]    Compiling prowl-queue v0.1.4 (/opt/rustwide/workdir)
[INFO] [stderr]     Finished `test` profile [unoptimized + debuginfo] target(s) in 0.27s
[INFO] running `Command { std: "docker" "inspect" "0c6806ce6867b6b0a730202e1879bcfd1db3ac102a839e8244c237e11188f9ac", kill_on_drop: false }`
[INFO] running `Command { std: "docker" "rm" "-f" "0c6806ce6867b6b0a730202e1879bcfd1db3ac102a839e8244c237e11188f9ac", kill_on_drop: false }`
[INFO] [stdout] 0c6806ce6867b6b0a730202e1879bcfd1db3ac102a839e8244c237e11188f9ac
[INFO] running `Command { std: "docker" "create" "-v" "/var/lib/crater-agent-workspace/builds/worker-4-tc2/target:/opt/rustwide/target:rw,Z" "-v" "/var/lib/crater-agent-workspace/builds/worker-4-tc2/source:/opt/rustwide/workdir:ro,Z" "-v" "/var/lib/crater-agent-workspace/cargo-home:/opt/rustwide/cargo-home:ro,Z" "-v" "/var/lib/crater-agent-workspace/rustup-home:/opt/rustwide/rustup-home:ro,Z" "-e" "SOURCE_DIR=/opt/rustwide/workdir" "-e" "CARGO_TARGET_DIR=/opt/rustwide/target" "-e" "CARGO_INCREMENTAL=0" "-e" "RUST_BACKTRACE=full" "-e" "RUSTFLAGS=--cap-lints=forbid -Zrandomize-layout" "-e" "RUSTDOCFLAGS=--cap-lints=forbid" "-e" "CARGO_HOME=/opt/rustwide/cargo-home" "-e" "RUSTUP_HOME=/opt/rustwide/rustup-home" "-w" "/opt/rustwide/workdir" "-m" "1610612736" "--user" "0:0" "--network" "none" "ghcr.io/rust-lang/crates-build-env/linux@sha256:4a844ea9eb2546a2d2c7022eacef16ef2e8229c7fbb2c7d4d55a9ceca922f72d" "/opt/rustwide/cargo-home/bin/cargo" "+nightly-2024-10-28" "test" "--frozen", kill_on_drop: false }`
[INFO] [stdout] 2a7bea7bc8b77f61af9a962b29888a7c56d0e2d555c2f7cc4cf2d67f09622723
[INFO] running `Command { std: "docker" "start" "-a" "2a7bea7bc8b77f61af9a962b29888a7c56d0e2d555c2f7cc4cf2d67f09622723", kill_on_drop: false }`
[INFO] [stderr]     Finished `test` profile [unoptimized + debuginfo] target(s) in 0.07s
[INFO] [stderr]      Running unittests src/lib.rs (/opt/rustwide/target/debug/deps/prowl_queue-965b73199e8d2a8c)
[INFO] [stdout] 
[INFO] [stdout] running 0 tests
[INFO] [stdout] 
[INFO] [stdout] test result: ok. 0 passed; 0 failed; 0 ignored; 0 measured; 0 filtered out; finished in 0.00s
[INFO] [stdout] 
[INFO] [stderr]    Doc-tests prowl_queue
[INFO] [stdout] 
[INFO] [stdout] running 1 test
[INFO] [stdout] test src/lib.rs - (line 2) ... FAILED
[INFO] [stdout] 
[INFO] [stdout] failures:
[INFO] [stdout] 
[INFO] [stdout] ---- src/lib.rs - (line 2) stdout ----
[INFO] [stdout] error: unexpected token: `...`
[INFO] [stdout]  --> src/lib.rs:7:49
[INFO] [stdout]   |
[INFO] [stdout] 7 |     let notification = prowl::Notification::new(...)
[INFO] [stdout]   |                                                 ^^^
[INFO] [stdout]   |
[INFO] [stdout] help: use `..` for an exclusive range
[INFO] [stdout]   |
[INFO] [stdout] 7 |     let notification = prowl::Notification::new(..)
[INFO] [stdout]   |                                                 ~~
[INFO] [stdout] help: or `..=` for an inclusive range
[INFO] [stdout]   |
[INFO] [stdout] 7 |     let notification = prowl::Notification::new(..=)
[INFO] [stdout]   |                                                 ~~~
[INFO] [stdout] 
[INFO] [stdout] error[E0586]: inclusive range with no end
[INFO] [stdout]  --> src/lib.rs:7:49
[INFO] [stdout]   |
[INFO] [stdout] 7 |     let notification = prowl::Notification::new(...)
[INFO] [stdout]   |                                                 ^^^
[INFO] [stdout]   |
[INFO] [stdout]   = note: inclusive ranges must be bounded at the end (`..=b` or `a..=b`)
[INFO] [stdout] help: use `..` instead
[INFO] [stdout]   |
[INFO] [stdout] 7 -     let notification = prowl::Notification::new(...)
[INFO] [stdout] 7 +     let notification = prowl::Notification::new(..)
[INFO] [stdout]   |
[INFO] [stdout] 
[INFO] [stdout] error: expected `;`, found `sender`
[INFO] [stdout]  --> src/lib.rs:7:53
[INFO] [stdout]   |
[INFO] [stdout] 7 |     let notification = prowl::Notification::new(...)
[INFO] [stdout]   |                                                     ^ help: add `;` here
[INFO] [stdout] 8 |     sender.add(notification).expect("Failed to add notification");
[INFO] [stdout]   |     ------ unexpected token
[INFO] [stdout] 
[INFO] [stdout] error[E0061]: this function takes 6 arguments but 1 argument was supplied
[INFO] [stdout]   --> src/lib.rs:7:24
[INFO] [stdout]    |
[INFO] [stdout] 7  |     let notification = prowl::Notification::new(...)
[INFO] [stdout]    |                        ^^^^^^^^^^^^^^^^^^^^^^^^----- multiple arguments are missing
[INFO] [stdout]    |
[INFO] [stdout] note: associated function defined here
[INFO] [stdout]   --> /opt/rustwide/cargo-home/registry/src/index.crates.io-6f17d22bba15001f/prowl-0.2.5/src/lib.rs:97:12
[INFO] [stdout]    |
[INFO] [stdout] 97 |     pub fn new(
[INFO] [stdout]    |            ^^^
[INFO] [stdout] help: provide the arguments
[INFO] [stdout]    |
[INFO] [stdout] 7  |     let notification = prowl::Notification::new(..., /* Option<Priority> */, /* Option<String> */, /* String */, /* String */, /* String */)
[INFO] [stdout]    |                                                ~~~~~~~~~~~~~~~~~~~~~~~~~~~~~~~~~~~~~~~~~~~~~~~~~~~~~~~~~~~~~~~~~~~~~~~~~~~~~~~~~~~~~~~~~~~~~
[INFO] [stdout] 
[INFO] [stdout] error[E0308]: mismatched types
[INFO] [stdout]   --> src/lib.rs:8:16
[INFO] [stdout]    |
[INFO] [stdout] 8  |     sender.add(notification).expect("Failed to add notification");
[INFO] [stdout]    |            --- ^^^^^^^^^^^^ expected `Notification`, found `Result<Notification, CreationError>`
[INFO] [stdout]    |            |
[INFO] [stdout]    |            arguments to this method are incorrect
[INFO] [stdout]    |
[INFO] [stdout]    = note: expected struct `Notification`
[INFO] [stdout]                 found enum `Result<Notification, CreationError>`
[INFO] [stdout] note: method defined here
[INFO] [stdout]   --> /opt/rustwide/workdir/src/queue.rs:51:12
[INFO] [stdout]    |
[INFO] [stdout] 51 |     pub fn add(&self, notification: Notification) -> Result<(), Box<AddError>> {
[INFO] [stdout]    |            ^^^
[INFO] [stdout] help: consider using `Result::expect` to unwrap the `Result<Notification, CreationError>` value, panicking if the value is a `Result::Err`
[INFO] [stdout]    |
[INFO] [stdout] 8  |     sender.add(notification.expect("REASON")).expect("Failed to add notification");
[INFO] [stdout]    |                            +++++++++++++++++
[INFO] [stdout] 
[INFO] [stdout] error: aborting due to 5 previous errors
[INFO] [stdout] 
[INFO] [stdout] Some errors have detailed explanations: E0061, E0308, E0586.
[INFO] [stdout] For more information about an error, try `rustc --explain E0061`.
[INFO] [stdout] Couldn't compile the test.
[INFO] [stdout] 
[INFO] [stdout] failures:
[INFO] [stdout]     src/lib.rs - (line 2)
[INFO] [stdout] 
[INFO] [stdout] test result: FAILED. 0 passed; 1 failed; 0 ignored; 0 measured; 0 filtered out; finished in 0.08s
[INFO] [stdout] 
[INFO] [stderr] error: doctest failed, to rerun pass `--doc`
[INFO] running `Command { std: "docker" "inspect" "2a7bea7bc8b77f61af9a962b29888a7c56d0e2d555c2f7cc4cf2d67f09622723", kill_on_drop: false }`
[INFO] running `Command { std: "docker" "rm" "-f" "2a7bea7bc8b77f61af9a962b29888a7c56d0e2d555c2f7cc4cf2d67f09622723", kill_on_drop: false }`
[INFO] [stdout] 2a7bea7bc8b77f61af9a962b29888a7c56d0e2d555c2f7cc4cf2d67f09622723
