[INFO] fetching crate prog_rs 0.2.0...
[INFO] testing prog_rs-0.2.0 against nightly-2024-10-28 for randomize-layout
[INFO] extracting crate prog_rs 0.2.0 into /workspace/builds/worker-6-tc1/source
[INFO] validating manifest of crates.io crate prog_rs 0.2.0 on toolchain nightly-2024-10-28
[INFO] running `Command { std: CARGO_HOME="/workspace/cargo-home" RUSTUP_HOME="/workspace/rustup-home" "/workspace/cargo-home/bin/cargo" "+nightly-2024-10-28" "metadata" "--manifest-path" "Cargo.toml" "--no-deps", kill_on_drop: false }`
[INFO] started tweaking crates.io crate prog_rs 0.2.0
[INFO] finished tweaking crates.io crate prog_rs 0.2.0
[INFO] tweaked toml for crates.io crate prog_rs 0.2.0 written to /workspace/builds/worker-6-tc1/source/Cargo.toml
[INFO] crate crates.io crate prog_rs 0.2.0 already has a lockfile, it will not be regenerated
[INFO] running `Command { std: CARGO_HOME="/workspace/cargo-home" RUSTUP_HOME="/workspace/rustup-home" "/workspace/cargo-home/bin/cargo" "+nightly-2024-10-28" "fetch" "--manifest-path" "Cargo.toml", kill_on_drop: false }`
[INFO] [stderr]  Downloading crates ...
[INFO] [stderr]   Downloaded term_size v0.3.1
[INFO] running `Command { std: "docker" "create" "-v" "/var/lib/crater-agent-workspace/builds/worker-6-tc1/target:/opt/rustwide/target:rw,Z" "-v" "/var/lib/crater-agent-workspace/builds/worker-6-tc1/source:/opt/rustwide/workdir:ro,Z" "-v" "/var/lib/crater-agent-workspace/cargo-home:/opt/rustwide/cargo-home:ro,Z" "-v" "/var/lib/crater-agent-workspace/rustup-home:/opt/rustwide/rustup-home:ro,Z" "-e" "SOURCE_DIR=/opt/rustwide/workdir" "-e" "CARGO_TARGET_DIR=/opt/rustwide/target" "-e" "CARGO_HOME=/opt/rustwide/cargo-home" "-e" "RUSTUP_HOME=/opt/rustwide/rustup-home" "-w" "/opt/rustwide/workdir" "-m" "1610612736" "--user" "0:0" "--network" "none" "ghcr.io/rust-lang/crates-build-env/linux@sha256:4a844ea9eb2546a2d2c7022eacef16ef2e8229c7fbb2c7d4d55a9ceca922f72d" "/opt/rustwide/cargo-home/bin/cargo" "+nightly-2024-10-28" "metadata" "--no-deps" "--format-version=1", kill_on_drop: false }`
[INFO] [stdout] 35c332e10dbbda71c5a7faf978ee4f20cdc649323abca3489134c1a7f7a80d5c
[INFO] running `Command { std: "docker" "start" "-a" "35c332e10dbbda71c5a7faf978ee4f20cdc649323abca3489134c1a7f7a80d5c", kill_on_drop: false }`
[INFO] running `Command { std: "docker" "inspect" "35c332e10dbbda71c5a7faf978ee4f20cdc649323abca3489134c1a7f7a80d5c", kill_on_drop: false }`
[INFO] running `Command { std: "docker" "rm" "-f" "35c332e10dbbda71c5a7faf978ee4f20cdc649323abca3489134c1a7f7a80d5c", kill_on_drop: false }`
[INFO] [stdout] 35c332e10dbbda71c5a7faf978ee4f20cdc649323abca3489134c1a7f7a80d5c
[INFO] running `Command { std: "docker" "create" "-v" "/var/lib/crater-agent-workspace/builds/worker-6-tc1/target:/opt/rustwide/target:rw,Z" "-v" "/var/lib/crater-agent-workspace/builds/worker-6-tc1/source:/opt/rustwide/workdir:ro,Z" "-v" "/var/lib/crater-agent-workspace/cargo-home:/opt/rustwide/cargo-home:ro,Z" "-v" "/var/lib/crater-agent-workspace/rustup-home:/opt/rustwide/rustup-home:ro,Z" "-e" "SOURCE_DIR=/opt/rustwide/workdir" "-e" "CARGO_TARGET_DIR=/opt/rustwide/target" "-e" "CARGO_INCREMENTAL=0" "-e" "RUST_BACKTRACE=full" "-e" "RUSTFLAGS=--cap-lints=forbid" "-e" "RUSTDOCFLAGS=--cap-lints=forbid" "-e" "CARGO_HOME=/opt/rustwide/cargo-home" "-e" "RUSTUP_HOME=/opt/rustwide/rustup-home" "-w" "/opt/rustwide/workdir" "-m" "1610612736" "--user" "0:0" "--network" "none" "ghcr.io/rust-lang/crates-build-env/linux@sha256:4a844ea9eb2546a2d2c7022eacef16ef2e8229c7fbb2c7d4d55a9ceca922f72d" "/opt/rustwide/cargo-home/bin/cargo" "+nightly-2024-10-28" "build" "--frozen" "--message-format=json", kill_on_drop: false }`
[INFO] [stdout] e820491c530b268cc7db00f5caafd36838354a87f16362e84cf4ef988e4277ee
[INFO] running `Command { std: "docker" "start" "-a" "e820491c530b268cc7db00f5caafd36838354a87f16362e84cf4ef988e4277ee", kill_on_drop: false }`
[INFO] [stderr]    Compiling libc v0.2.66
[INFO] [stderr]    Compiling term_size v0.3.1
[INFO] [stderr]    Compiling prog_rs v0.2.0 (/opt/rustwide/workdir)
[INFO] [stderr]     Finished `dev` profile [unoptimized + debuginfo] target(s) in 1.47s
[INFO] running `Command { std: "docker" "inspect" "e820491c530b268cc7db00f5caafd36838354a87f16362e84cf4ef988e4277ee", kill_on_drop: false }`
[INFO] running `Command { std: "docker" "rm" "-f" "e820491c530b268cc7db00f5caafd36838354a87f16362e84cf4ef988e4277ee", kill_on_drop: false }`
[INFO] [stdout] e820491c530b268cc7db00f5caafd36838354a87f16362e84cf4ef988e4277ee
[INFO] running `Command { std: "docker" "create" "-v" "/var/lib/crater-agent-workspace/builds/worker-6-tc1/target:/opt/rustwide/target:rw,Z" "-v" "/var/lib/crater-agent-workspace/builds/worker-6-tc1/source:/opt/rustwide/workdir:ro,Z" "-v" "/var/lib/crater-agent-workspace/cargo-home:/opt/rustwide/cargo-home:ro,Z" "-v" "/var/lib/crater-agent-workspace/rustup-home:/opt/rustwide/rustup-home:ro,Z" "-e" "SOURCE_DIR=/opt/rustwide/workdir" "-e" "CARGO_TARGET_DIR=/opt/rustwide/target" "-e" "CARGO_INCREMENTAL=0" "-e" "RUST_BACKTRACE=full" "-e" "RUSTFLAGS=--cap-lints=forbid" "-e" "RUSTDOCFLAGS=--cap-lints=forbid" "-e" "CARGO_HOME=/opt/rustwide/cargo-home" "-e" "RUSTUP_HOME=/opt/rustwide/rustup-home" "-w" "/opt/rustwide/workdir" "-m" "1610612736" "--user" "0:0" "--network" "none" "ghcr.io/rust-lang/crates-build-env/linux@sha256:4a844ea9eb2546a2d2c7022eacef16ef2e8229c7fbb2c7d4d55a9ceca922f72d" "/opt/rustwide/cargo-home/bin/cargo" "+nightly-2024-10-28" "test" "--frozen" "--no-run" "--message-format=json", kill_on_drop: false }`
[INFO] [stdout] 758f383939bad7506e0740cd61b04a5ca7952c519d1c45c4eaf0e51aa610686a
[INFO] running `Command { std: "docker" "start" "-a" "758f383939bad7506e0740cd61b04a5ca7952c519d1c45c4eaf0e51aa610686a", kill_on_drop: false }`
[INFO] [stderr]    Compiling prog_rs v0.2.0 (/opt/rustwide/workdir)
[INFO] [stderr]     Finished `test` profile [unoptimized + debuginfo] target(s) in 0.28s
[INFO] running `Command { std: "docker" "inspect" "758f383939bad7506e0740cd61b04a5ca7952c519d1c45c4eaf0e51aa610686a", kill_on_drop: false }`
[INFO] running `Command { std: "docker" "rm" "-f" "758f383939bad7506e0740cd61b04a5ca7952c519d1c45c4eaf0e51aa610686a", kill_on_drop: false }`
[INFO] [stdout] 758f383939bad7506e0740cd61b04a5ca7952c519d1c45c4eaf0e51aa610686a
[INFO] running `Command { std: "docker" "create" "-v" "/var/lib/crater-agent-workspace/builds/worker-6-tc1/target:/opt/rustwide/target:rw,Z" "-v" "/var/lib/crater-agent-workspace/builds/worker-6-tc1/source:/opt/rustwide/workdir:ro,Z" "-v" "/var/lib/crater-agent-workspace/cargo-home:/opt/rustwide/cargo-home:ro,Z" "-v" "/var/lib/crater-agent-workspace/rustup-home:/opt/rustwide/rustup-home:ro,Z" "-e" "SOURCE_DIR=/opt/rustwide/workdir" "-e" "CARGO_TARGET_DIR=/opt/rustwide/target" "-e" "CARGO_INCREMENTAL=0" "-e" "RUST_BACKTRACE=full" "-e" "RUSTFLAGS=--cap-lints=forbid" "-e" "RUSTDOCFLAGS=--cap-lints=forbid" "-e" "CARGO_HOME=/opt/rustwide/cargo-home" "-e" "RUSTUP_HOME=/opt/rustwide/rustup-home" "-w" "/opt/rustwide/workdir" "-m" "1610612736" "--user" "0:0" "--network" "none" "ghcr.io/rust-lang/crates-build-env/linux@sha256:4a844ea9eb2546a2d2c7022eacef16ef2e8229c7fbb2c7d4d55a9ceca922f72d" "/opt/rustwide/cargo-home/bin/cargo" "+nightly-2024-10-28" "test" "--frozen", kill_on_drop: false }`
[INFO] [stdout] fd5272a3ad993ab9fe7feba881a31a5ad6e8fbfeddf141a86a283d3e57d2d077
[INFO] running `Command { std: "docker" "start" "-a" "fd5272a3ad993ab9fe7feba881a31a5ad6e8fbfeddf141a86a283d3e57d2d077", kill_on_drop: false }`
[INFO] [stderr]     Finished `test` profile [unoptimized + debuginfo] target(s) in 0.01s
[INFO] [stderr]      Running unittests src/lib.rs (/opt/rustwide/target/debug/deps/prog_rs-bfe59d61a257db65)
[INFO] [stdout] 
[INFO] [stdout] running 0 tests
[INFO] [stdout] 
[INFO] [stdout] test result: ok. 0 passed; 0 failed; 0 ignored; 0 measured; 0 filtered out; finished in 0.00s
[INFO] [stdout] 
[INFO] [stderr]      Running unittests src/bin/showcase.rs (/opt/rustwide/target/debug/deps/showcase-ed9cc0090a4fe4cd)
[INFO] [stdout] 
[INFO] [stdout] running 0 tests
[INFO] [stdout] 
[INFO] [stdout] test result: ok. 0 passed; 0 failed; 0 ignored; 0 measured; 0 filtered out; finished in 0.00s
[INFO] [stdout] 
[INFO] [stderr]    Doc-tests prog_rs
[INFO] [stdout] 
[INFO] [stdout] running 9 tests
[INFO] [stdout] test src/lib.rs - (line 23) ... FAILED
[INFO] [stdout] test src/lib.rs - (line 61) ... FAILED
[INFO] [stdout] test src/progress.rs - progress::WithProgress::with_prefix (line 305) ... FAILED
[INFO] [stdout] test src/iter_progress.rs - iter_progress::IterProgress (line 9) ... FAILED
[INFO] [stdout] test src/lib.rs - (line 43) ... FAILED
[INFO] [stdout] test src/file_progress.rs - file_progress::FileProgress (line 13) ... FAILED
[INFO] [stdout] test src/progress.rs - progress::Progress (line 89) ... FAILED
[INFO] [stdout] test src/progress.rs - progress::WithProgress::with_progress (line 245) ... FAILED
[INFO] [stdout] test src/lib.rs - (line 13) ... ok
[INFO] [stdout] 
[INFO] [stdout] failures:
[INFO] [stdout] 
[INFO] [stdout] ---- src/lib.rs - (line 23) stdout ----
[INFO] [stdout] error[E0425]: cannot find function `do_something` in this scope
[INFO] [stdout]   --> src/lib.rs:33:5
[INFO] [stdout]    |
[INFO] [stdout] 13 |     do_something();
[INFO] [stdout]    |     ^^^^^^^^^^^^ not found in this scope
[INFO] [stdout] 
[INFO] [stdout] error: aborting due to 1 previous error
[INFO] [stdout] 
[INFO] [stdout] For more information about this error, try `rustc --explain E0425`.
[INFO] [stdout] Couldn't compile the test.
[INFO] [stdout] ---- src/lib.rs - (line 61) stdout ----
[INFO] [stdout] error[E0433]: failed to resolve: use of undeclared type `File`
[INFO] [stdout]  --> src/lib.rs:65:9
[INFO] [stdout]   |
[INFO] [stdout] 7 | let f = File::open("../../data/addresses/bano.csv")
[INFO] [stdout]   |         ^^^^ use of undeclared type `File`
[INFO] [stdout]   |
[INFO] [stdout] help: consider importing this struct
[INFO] [stdout]   |
[INFO] [stdout] 2 + use std::fs::File;
[INFO] [stdout]   |
[INFO] [stdout] 
[INFO] [stdout] error[E0433]: failed to resolve: use of undeclared type `BarPosition`
[INFO] [stdout]   --> src/lib.rs:69:24
[INFO] [stdout]    |
[INFO] [stdout] 11 |     .with_bar_position(BarPosition::Right);
[INFO] [stdout]    |                        ^^^^^^^^^^^ use of undeclared type `BarPosition`
[INFO] [stdout]    |
[INFO] [stdout] help: consider importing this enum
[INFO] [stdout]    |
[INFO] [stdout] 2  + use prog_rs::BarPosition;
[INFO] [stdout]    |
[INFO] [stdout] 
[INFO] [stdout] error[E0433]: failed to resolve: use of undeclared type `BufReader`
[INFO] [stdout]   --> src/lib.rs:70:9
[INFO] [stdout]    |
[INFO] [stdout] 12 | let f = BufReader::new(f);
[INFO] [stdout]    |         ^^^^^^^^^ use of undeclared type `BufReader`
[INFO] [stdout]    |
[INFO] [stdout] help: consider importing this struct
[INFO] [stdout]    |
[INFO] [stdout] 2  + use std::io::BufReader;
[INFO] [stdout]    |
[INFO] [stdout] 
[INFO] [stdout] error: aborting due to 3 previous errors
[INFO] [stdout] 
[INFO] [stdout] For more information about this error, try `rustc --explain E0433`.
[INFO] [stdout] Couldn't compile the test.
[INFO] [stdout] ---- src/progress.rs - progress::WithProgress::with_prefix (line 305) stdout ----
[INFO] [stdout] error[E0425]: cannot find function `do_something` in this scope
[INFO] [stdout]   --> src/progress.rs:313:5
[INFO] [stdout]    |
[INFO] [stdout] 11 |     do_something(i);
[INFO] [stdout]    |     ^^^^^^^^^^^^ not found in this scope
[INFO] [stdout] 
[INFO] [stdout] error: aborting due to 1 previous error
[INFO] [stdout] 
[INFO] [stdout] For more information about this error, try `rustc --explain E0425`.
[INFO] [stdout] Couldn't compile the test.
[INFO] [stdout] ---- src/iter_progress.rs - iter_progress::IterProgress (line 9) stdout ----
[INFO] [stdout] error[E0425]: cannot find function `do_something` in this scope
[INFO] [stdout]   --> src/iter_progress.rs:19:5
[INFO] [stdout]    |
[INFO] [stdout] 13 |     do_something();
[INFO] [stdout]    |     ^^^^^^^^^^^^ not found in this scope
[INFO] [stdout] 
[INFO] [stdout] error: aborting due to 1 previous error
[INFO] [stdout] 
[INFO] [stdout] For more information about this error, try `rustc --explain E0425`.
[INFO] [stdout] Couldn't compile the test.
[INFO] [stdout] ---- src/lib.rs - (line 43) stdout ----
[INFO] [stdout] error[E0433]: failed to resolve: use of undeclared type `Progress`
[INFO] [stdout]  --> src/lib.rs:44:20
[INFO] [stdout]   |
[INFO] [stdout] 3 | let mut progress = Progress::new()
[INFO] [stdout]   |                    ^^^^^^^^ use of undeclared type `Progress`
[INFO] [stdout]   |
[INFO] [stdout] help: consider importing this struct
[INFO] [stdout]   |
[INFO] [stdout] 2 + use prog_rs::Progress;
[INFO] [stdout]   |
[INFO] [stdout] 
[INFO] [stdout] error[E0433]: failed to resolve: use of undeclared type `Duration`
[INFO] [stdout]  --> src/lib.rs:47:25
[INFO] [stdout]   |
[INFO] [stdout] 6 |     .with_refresh_delay(Duration::from_millis(100))
[INFO] [stdout]   |                         ^^^^^^^^ use of undeclared type `Duration`
[INFO] [stdout]   |
[INFO] [stdout] help: consider importing this struct
[INFO] [stdout]   |
[INFO] [stdout] 2 + use std::time::Duration;
[INFO] [stdout]   |
[INFO] [stdout] 
[INFO] [stdout] error[E0433]: failed to resolve: use of undeclared type `OutputStream`
[INFO] [stdout]  --> src/lib.rs:48:25
[INFO] [stdout]   |
[INFO] [stdout] 7 |     .with_output_stream(OutputStream::StdErr);
[INFO] [stdout]   |                         ^^^^^^^^^^^^ use of undeclared type `OutputStream`
[INFO] [stdout]   |
[INFO] [stdout] help: consider importing this enum
[INFO] [stdout]   |
[INFO] [stdout] 2 + use prog_rs::OutputStream;
[INFO] [stdout]   |
[INFO] [stdout] 
[INFO] [stdout] error[E0425]: cannot find function `sleep` in this scope
[INFO] [stdout]   --> src/lib.rs:54:5
[INFO] [stdout]    |
[INFO] [stdout] 13 |     sleep(Duration::from_nanos(110));
[INFO] [stdout]    |     ^^^^^ not found in this scope
[INFO] [stdout]    |
[INFO] [stdout] help: consider importing this function
[INFO] [stdout]    |
[INFO] [stdout] 2  + use std::thread::sleep;
[INFO] [stdout]    |
[INFO] [stdout] 
[INFO] [stdout] error[E0433]: failed to resolve: use of undeclared type `Duration`
[INFO] [stdout]   --> src/lib.rs:54:11
[INFO] [stdout]    |
[INFO] [stdout] 13 |     sleep(Duration::from_nanos(110));
[INFO] [stdout]    |           ^^^^^^^^ use of undeclared type `Duration`
[INFO] [stdout]    |
[INFO] [stdout] help: consider importing this struct
[INFO] [stdout]    |
[INFO] [stdout] 2  + use std::time::Duration;
[INFO] [stdout]    |
[INFO] [stdout] 
[INFO] [stdout] error: aborting due to 5 previous errors
[INFO] [stdout] 
[INFO] [stdout] Some errors have detailed explanations: E0425, E0433.
[INFO] [stdout] For more information about an error, try `rustc --explain E0425`.
[INFO] [stdout] Couldn't compile the test.
[INFO] [stdout] ---- src/file_progress.rs - file_progress::FileProgress (line 13) stdout ----
[INFO] [stdout] error[E0433]: failed to resolve: use of undeclared type `File`
[INFO] [stdout]  --> src/file_progress.rs:17:9
[INFO] [stdout]   |
[INFO] [stdout] 7 | let f = File::open("../../data/addresses/bano.csv")
[INFO] [stdout]   |         ^^^^ use of undeclared type `File`
[INFO] [stdout]   |
[INFO] [stdout] help: consider importing this struct
[INFO] [stdout]   |
[INFO] [stdout] 2 + use std::fs::File;
[INFO] [stdout]   |
[INFO] [stdout] 
[INFO] [stdout] error[E0433]: failed to resolve: use of undeclared type `BarPosition`
[INFO] [stdout]   --> src/file_progress.rs:21:24
[INFO] [stdout]    |
[INFO] [stdout] 11 |     .with_bar_position(BarPosition::Right);
[INFO] [stdout]    |                        ^^^^^^^^^^^ use of undeclared type `BarPosition`
[INFO] [stdout]    |
[INFO] [stdout] help: consider importing this enum
[INFO] [stdout]    |
[INFO] [stdout] 2  + use prog_rs::BarPosition;
[INFO] [stdout]    |
[INFO] [stdout] 
[INFO] [stdout] error[E0433]: failed to resolve: use of undeclared type `BufReader`
[INFO] [stdout]   --> src/file_progress.rs:22:9
[INFO] [stdout]    |
[INFO] [stdout] 12 | let f = BufReader::new(f);
[INFO] [stdout]    |         ^^^^^^^^^ use of undeclared type `BufReader`
[INFO] [stdout]    |
[INFO] [stdout] help: consider importing this struct
[INFO] [stdout]    |
[INFO] [stdout] 2  + use std::io::BufReader;
[INFO] [stdout]    |
[INFO] [stdout] 
[INFO] [stdout] error: aborting due to 3 previous errors
[INFO] [stdout] 
[INFO] [stdout] For more information about this error, try `rustc --explain E0433`.
[INFO] [stdout] Couldn't compile the test.
[INFO] [stdout] ---- src/progress.rs - progress::Progress (line 89) stdout ----
[INFO] [stdout] error[E0433]: failed to resolve: use of undeclared type `Progress`
[INFO] [stdout]  --> src/progress.rs:90:20
[INFO] [stdout]   |
[INFO] [stdout] 3 | let mut progress = Progress::new()
[INFO] [stdout]   |                    ^^^^^^^^ use of undeclared type `Progress`
[INFO] [stdout]   |
[INFO] [stdout] help: consider importing this struct
[INFO] [stdout]   |
[INFO] [stdout] 2 + use prog_rs::Progress;
[INFO] [stdout]   |
[INFO] [stdout] 
[INFO] [stdout] error[E0433]: failed to resolve: use of undeclared type `Duration`
[INFO] [stdout]  --> src/progress.rs:93:25
[INFO] [stdout]   |
[INFO] [stdout] 6 |     .with_refresh_delay(Duration::from_millis(100))
[INFO] [stdout]   |                         ^^^^^^^^ use of undeclared type `Duration`
[INFO] [stdout]   |
[INFO] [stdout] help: consider importing this struct
[INFO] [stdout]   |
[INFO] [stdout] 2 + use std::time::Duration;
[INFO] [stdout]   |
[INFO] [stdout] 
[INFO] [stdout] error[E0433]: failed to resolve: use of undeclared type `OutputStream`
[INFO] [stdout]  --> src/progress.rs:94:25
[INFO] [stdout]   |
[INFO] [stdout] 7 |     .with_output_stream(OutputStream::StdErr);
[INFO] [stdout]   |                         ^^^^^^^^^^^^ use of undeclared type `OutputStream`
[INFO] [stdout]   |
[INFO] [stdout] help: consider importing this enum
[INFO] [stdout]   |
[INFO] [stdout] 2 + use prog_rs::OutputStream;
[INFO] [stdout]   |
[INFO] [stdout] 
[INFO] [stdout] error[E0425]: cannot find function `sleep` in this scope
[INFO] [stdout]   --> src/progress.rs:100:5
[INFO] [stdout]    |
[INFO] [stdout] 13 |     sleep(Duration::from_nanos(110));
[INFO] [stdout]    |     ^^^^^ not found in this scope
[INFO] [stdout]    |
[INFO] [stdout] help: consider importing this function
[INFO] [stdout]    |
[INFO] [stdout] 2  + use std::thread::sleep;
[INFO] [stdout]    |
[INFO] [stdout] 
[INFO] [stdout] error[E0433]: failed to resolve: use of undeclared type `Duration`
[INFO] [stdout]   --> src/progress.rs:100:11
[INFO] [stdout]    |
[INFO] [stdout] 13 |     sleep(Duration::from_nanos(110));
[INFO] [stdout]    |           ^^^^^^^^ use of undeclared type `Duration`
[INFO] [stdout]    |
[INFO] [stdout] help: consider importing this struct
[INFO] [stdout]    |
[INFO] [stdout] 2  + use std::time::Duration;
[INFO] [stdout]    |
[INFO] [stdout] 
[INFO] [stdout] error: aborting due to 5 previous errors
[INFO] [stdout] 
[INFO] [stdout] Some errors have detailed explanations: E0425, E0433.
[INFO] [stdout] For more information about an error, try `rustc --explain E0425`.
[INFO] [stdout] Couldn't compile the test.
[INFO] [stdout] ---- src/progress.rs - progress::WithProgress::with_progress (line 245) stdout ----
[INFO] [stdout] error[E0425]: cannot find function `do_something` in this scope
[INFO] [stdout]   --> src/progress.rs:255:5
[INFO] [stdout]    |
[INFO] [stdout] 13 |     do_something(i);
[INFO] [stdout]    |     ^^^^^^^^^^^^ not found in this scope
[INFO] [stdout] 
[INFO] [stdout] error[E0425]: cannot find function `do_something` in this scope
[INFO] [stdout]   --> src/progress.rs:259:5
[INFO] [stdout]    |
[INFO] [stdout] 17 |     do_something(i);
[INFO] [stdout]    |     ^^^^^^^^^^^^ not found in this scope
[INFO] [stdout] 
[INFO] [stdout] error: aborting due to 2 previous errors
[INFO] [stdout] 
[INFO] [stdout] For more information about this error, try `rustc --explain E0425`.
[INFO] [stdout] Couldn't compile the test.
[INFO] [stdout] 
[INFO] [stdout] failures:
[INFO] [stdout]     src/file_progress.rs - file_progress::FileProgress (line 13)
[INFO] [stdout]     src/iter_progress.rs - iter_progress::IterProgress (line 9)
[INFO] [stdout]     src/lib.rs - (line 23)
[INFO] [stdout]     src/lib.rs - (line 43)
[INFO] [stdout]     src/lib.rs - (line 61)
[INFO] [stdout]     src/progress.rs - progress::Progress (line 89)
[INFO] [stdout]     src/progress.rs - progress::WithProgress::with_prefix (line 305)
[INFO] [stdout]     src/progress.rs - progress::WithProgress::with_progress (line 245)
[INFO] [stdout] 
[INFO] [stdout] test result: FAILED. 1 passed; 8 failed; 0 ignored; 0 measured; 0 filtered out; finished in 5.48s
[INFO] [stdout] 
[INFO] [stderr] error: doctest failed, to rerun pass `--doc`
[INFO] running `Command { std: "docker" "inspect" "fd5272a3ad993ab9fe7feba881a31a5ad6e8fbfeddf141a86a283d3e57d2d077", kill_on_drop: false }`
[INFO] running `Command { std: "docker" "rm" "-f" "fd5272a3ad993ab9fe7feba881a31a5ad6e8fbfeddf141a86a283d3e57d2d077", kill_on_drop: false }`
[INFO] [stdout] fd5272a3ad993ab9fe7feba881a31a5ad6e8fbfeddf141a86a283d3e57d2d077
