[INFO] fetching crate proclet 0.3.0...
[INFO] testing proclet-0.3.0 against nightly-2024-10-28 for randomize-layout
[INFO] extracting crate proclet 0.3.0 into /workspace/builds/worker-0-tc1/source
[INFO] validating manifest of crates.io crate proclet 0.3.0 on toolchain nightly-2024-10-28
[INFO] running `Command { std: CARGO_HOME="/workspace/cargo-home" RUSTUP_HOME="/workspace/rustup-home" "/workspace/cargo-home/bin/cargo" "+nightly-2024-10-28" "metadata" "--manifest-path" "Cargo.toml" "--no-deps", kill_on_drop: false }`
[INFO] started tweaking crates.io crate proclet 0.3.0
[INFO] finished tweaking crates.io crate proclet 0.3.0
[INFO] tweaked toml for crates.io crate proclet 0.3.0 written to /workspace/builds/worker-0-tc1/source/Cargo.toml
[INFO] running `Command { std: CARGO_HOME="/workspace/cargo-home" RUSTUP_HOME="/workspace/rustup-home" "/workspace/cargo-home/bin/cargo" "+nightly-2024-10-28" "generate-lockfile" "--manifest-path" "Cargo.toml", kill_on_drop: false }`
[INFO] [stderr]     Updating crates.io index
[INFO] [stderr]      Locking 2 packages to latest compatible versions
[INFO] running `Command { std: CARGO_HOME="/workspace/cargo-home" RUSTUP_HOME="/workspace/rustup-home" "/workspace/cargo-home/bin/cargo" "+nightly-2024-10-28" "fetch" "--manifest-path" "Cargo.toml", kill_on_drop: false }`
[INFO] running `Command { std: "docker" "create" "-v" "/var/lib/crater-agent-workspace/builds/worker-0-tc1/target:/opt/rustwide/target:rw,Z" "-v" "/var/lib/crater-agent-workspace/builds/worker-0-tc1/source:/opt/rustwide/workdir:ro,Z" "-v" "/var/lib/crater-agent-workspace/cargo-home:/opt/rustwide/cargo-home:ro,Z" "-v" "/var/lib/crater-agent-workspace/rustup-home:/opt/rustwide/rustup-home:ro,Z" "-e" "SOURCE_DIR=/opt/rustwide/workdir" "-e" "CARGO_TARGET_DIR=/opt/rustwide/target" "-e" "CARGO_HOME=/opt/rustwide/cargo-home" "-e" "RUSTUP_HOME=/opt/rustwide/rustup-home" "-w" "/opt/rustwide/workdir" "-m" "1610612736" "--user" "0:0" "--network" "none" "ghcr.io/rust-lang/crates-build-env/linux@sha256:4a844ea9eb2546a2d2c7022eacef16ef2e8229c7fbb2c7d4d55a9ceca922f72d" "/opt/rustwide/cargo-home/bin/cargo" "+nightly-2024-10-28" "metadata" "--no-deps" "--format-version=1", kill_on_drop: false }`
[INFO] [stdout] fc531fd861d1377952bf1c0e35658b20a35881e0905d934e5e8707eef9f98f56
[INFO] running `Command { std: "docker" "start" "-a" "fc531fd861d1377952bf1c0e35658b20a35881e0905d934e5e8707eef9f98f56", kill_on_drop: false }`
[INFO] running `Command { std: "docker" "inspect" "fc531fd861d1377952bf1c0e35658b20a35881e0905d934e5e8707eef9f98f56", kill_on_drop: false }`
[INFO] running `Command { std: "docker" "rm" "-f" "fc531fd861d1377952bf1c0e35658b20a35881e0905d934e5e8707eef9f98f56", kill_on_drop: false }`
[INFO] [stdout] fc531fd861d1377952bf1c0e35658b20a35881e0905d934e5e8707eef9f98f56
[INFO] running `Command { std: "docker" "create" "-v" "/var/lib/crater-agent-workspace/builds/worker-0-tc1/target:/opt/rustwide/target:rw,Z" "-v" "/var/lib/crater-agent-workspace/builds/worker-0-tc1/source:/opt/rustwide/workdir:ro,Z" "-v" "/var/lib/crater-agent-workspace/cargo-home:/opt/rustwide/cargo-home:ro,Z" "-v" "/var/lib/crater-agent-workspace/rustup-home:/opt/rustwide/rustup-home:ro,Z" "-e" "SOURCE_DIR=/opt/rustwide/workdir" "-e" "CARGO_TARGET_DIR=/opt/rustwide/target" "-e" "CARGO_INCREMENTAL=0" "-e" "RUST_BACKTRACE=full" "-e" "RUSTFLAGS=--cap-lints=forbid" "-e" "RUSTDOCFLAGS=--cap-lints=forbid" "-e" "CARGO_HOME=/opt/rustwide/cargo-home" "-e" "RUSTUP_HOME=/opt/rustwide/rustup-home" "-w" "/opt/rustwide/workdir" "-m" "1610612736" "--user" "0:0" "--network" "none" "ghcr.io/rust-lang/crates-build-env/linux@sha256:4a844ea9eb2546a2d2c7022eacef16ef2e8229c7fbb2c7d4d55a9ceca922f72d" "/opt/rustwide/cargo-home/bin/cargo" "+nightly-2024-10-28" "build" "--frozen" "--message-format=json", kill_on_drop: false }`
[INFO] [stdout] f3e4c653d37fbf2c58bd9222f539f777070fd1005a7b6f1652a9a9d1f764c723
[INFO] running `Command { std: "docker" "start" "-a" "f3e4c653d37fbf2c58bd9222f539f777070fd1005a7b6f1652a9a9d1f764c723", kill_on_drop: false }`
[INFO] [stderr]    Compiling proclet v0.3.0 (/opt/rustwide/workdir)
[INFO] [stderr]     Finished `dev` profile [unoptimized + debuginfo] target(s) in 0.74s
[INFO] running `Command { std: "docker" "inspect" "f3e4c653d37fbf2c58bd9222f539f777070fd1005a7b6f1652a9a9d1f764c723", kill_on_drop: false }`
[INFO] running `Command { std: "docker" "rm" "-f" "f3e4c653d37fbf2c58bd9222f539f777070fd1005a7b6f1652a9a9d1f764c723", kill_on_drop: false }`
[INFO] [stdout] f3e4c653d37fbf2c58bd9222f539f777070fd1005a7b6f1652a9a9d1f764c723
[INFO] running `Command { std: "docker" "create" "-v" "/var/lib/crater-agent-workspace/builds/worker-0-tc1/target:/opt/rustwide/target:rw,Z" "-v" "/var/lib/crater-agent-workspace/builds/worker-0-tc1/source:/opt/rustwide/workdir:ro,Z" "-v" "/var/lib/crater-agent-workspace/cargo-home:/opt/rustwide/cargo-home:ro,Z" "-v" "/var/lib/crater-agent-workspace/rustup-home:/opt/rustwide/rustup-home:ro,Z" "-e" "SOURCE_DIR=/opt/rustwide/workdir" "-e" "CARGO_TARGET_DIR=/opt/rustwide/target" "-e" "CARGO_INCREMENTAL=0" "-e" "RUST_BACKTRACE=full" "-e" "RUSTFLAGS=--cap-lints=forbid" "-e" "RUSTDOCFLAGS=--cap-lints=forbid" "-e" "CARGO_HOME=/opt/rustwide/cargo-home" "-e" "RUSTUP_HOME=/opt/rustwide/rustup-home" "-w" "/opt/rustwide/workdir" "-m" "1610612736" "--user" "0:0" "--network" "none" "ghcr.io/rust-lang/crates-build-env/linux@sha256:4a844ea9eb2546a2d2c7022eacef16ef2e8229c7fbb2c7d4d55a9ceca922f72d" "/opt/rustwide/cargo-home/bin/cargo" "+nightly-2024-10-28" "test" "--frozen" "--no-run" "--message-format=json", kill_on_drop: false }`
[INFO] [stdout] ca7be71f9b30dff76329b519c81ea4586c2780cac7a62cf32ab65663960f7535
[INFO] running `Command { std: "docker" "start" "-a" "ca7be71f9b30dff76329b519c81ea4586c2780cac7a62cf32ab65663960f7535", kill_on_drop: false }`
[INFO] [stderr]    Compiling proclet v0.3.0 (/opt/rustwide/workdir)
[INFO] [stderr]     Finished `test` profile [unoptimized + debuginfo] target(s) in 0.88s
[INFO] running `Command { std: "docker" "inspect" "ca7be71f9b30dff76329b519c81ea4586c2780cac7a62cf32ab65663960f7535", kill_on_drop: false }`
[INFO] running `Command { std: "docker" "rm" "-f" "ca7be71f9b30dff76329b519c81ea4586c2780cac7a62cf32ab65663960f7535", kill_on_drop: false }`
[INFO] [stdout] ca7be71f9b30dff76329b519c81ea4586c2780cac7a62cf32ab65663960f7535
[INFO] running `Command { std: "docker" "create" "-v" "/var/lib/crater-agent-workspace/builds/worker-0-tc1/target:/opt/rustwide/target:rw,Z" "-v" "/var/lib/crater-agent-workspace/builds/worker-0-tc1/source:/opt/rustwide/workdir:ro,Z" "-v" "/var/lib/crater-agent-workspace/cargo-home:/opt/rustwide/cargo-home:ro,Z" "-v" "/var/lib/crater-agent-workspace/rustup-home:/opt/rustwide/rustup-home:ro,Z" "-e" "SOURCE_DIR=/opt/rustwide/workdir" "-e" "CARGO_TARGET_DIR=/opt/rustwide/target" "-e" "CARGO_INCREMENTAL=0" "-e" "RUST_BACKTRACE=full" "-e" "RUSTFLAGS=--cap-lints=forbid" "-e" "RUSTDOCFLAGS=--cap-lints=forbid" "-e" "CARGO_HOME=/opt/rustwide/cargo-home" "-e" "RUSTUP_HOME=/opt/rustwide/rustup-home" "-w" "/opt/rustwide/workdir" "-m" "1610612736" "--user" "0:0" "--network" "none" "ghcr.io/rust-lang/crates-build-env/linux@sha256:4a844ea9eb2546a2d2c7022eacef16ef2e8229c7fbb2c7d4d55a9ceca922f72d" "/opt/rustwide/cargo-home/bin/cargo" "+nightly-2024-10-28" "test" "--frozen", kill_on_drop: false }`
[INFO] [stdout] 180cad90b4046a76c1213d237cd2e095099bc476c00cf580a24e0fedac3bbb5d
[INFO] running `Command { std: "docker" "start" "-a" "180cad90b4046a76c1213d237cd2e095099bc476c00cf580a24e0fedac3bbb5d", kill_on_drop: false }`
[INFO] [stderr]     Finished `test` profile [unoptimized + debuginfo] target(s) in 0.01s
[INFO] [stderr]      Running unittests src/lib.rs (/opt/rustwide/target/debug/deps/proclet-d9b0254e5701e340)
[INFO] [stdout] 
[INFO] [stdout] running 0 tests
[INFO] [stdout] 
[INFO] [stdout] test result: ok. 0 passed; 0 failed; 0 ignored; 0 measured; 0 filtered out; finished in 0.00s
[INFO] [stdout] 
[INFO] [stderr]    Doc-tests proclet
[INFO] [stdout] 
[INFO] [stdout] running 2 tests
[INFO] [stdout] test src/../README.md - (line 34) ... FAILED
[INFO] [stdout] test src/../README.md - (line 14) ... FAILED
[INFO] [stdout] 
[INFO] [stdout] failures:
[INFO] [stdout] 
[INFO] [stdout] ---- src/../README.md - (line 34) stdout ----
[INFO] [stdout] error[E0433]: failed to resolve: use of undeclared type `StringLiteral`
[INFO] [stdout]  --> src/../README.md:35:14
[INFO] [stdout]   |
[INFO] [stdout] 3 | let string = StringLiteral::parse(input)?;
[INFO] [stdout]   |              ^^^^^^^^^^^^^ use of undeclared type `StringLiteral`
[INFO] [stdout]   |
[INFO] [stdout] help: consider importing one of these items
[INFO] [stdout]   |
[INFO] [stdout] 2 + use proclet::StringLiteral;
[INFO] [stdout]   |
[INFO] [stdout] 2 + use proclet::pm1::StringLiteral;
[INFO] [stdout]   |
[INFO] [stdout] 
[INFO] [stdout] error[E0425]: cannot find value `input` in this scope
[INFO] [stdout]  --> src/../README.md:35:35
[INFO] [stdout]   |
[INFO] [stdout] 3 | let string = StringLiteral::parse(input)?;
[INFO] [stdout]   |                                   ^^^^^ not found in this scope
[INFO] [stdout] 
[INFO] [stdout] error: aborting due to 2 previous errors
[INFO] [stdout] 
[INFO] [stdout] Some errors have detailed explanations: E0425, E0433.
[INFO] [stdout] For more information about an error, try `rustc --explain E0425`.
[INFO] [stdout] Couldn't compile the test.
[INFO] [stdout] ---- src/../README.md - (line 14) stdout ----
[INFO] [stdout] error: the `#[proc_macro]` attribute is only usable with crates of the `proc-macro` crate type
[INFO] [stdout]  --> src/../README.md:16:1
[INFO] [stdout]   |
[INFO] [stdout] 5 | #[proc_macro]
[INFO] [stdout]   | ^^^^^^^^^^^^^
[INFO] [stdout] 
[INFO] [stdout] error[E0412]: cannot find type `TokenStream` in this scope
[INFO] [stdout]  --> src/../README.md:17:29
[INFO] [stdout]   |
[INFO] [stdout] 6 | pub fn my_proc_macro(input: TokenStream) -> TokenStream {
[INFO] [stdout]   |                             ^^^^^^^^^^^ not found in this scope
[INFO] [stdout]   |
[INFO] [stdout] help: consider importing this trait
[INFO] [stdout]   |
[INFO] [stdout] 2 + use proclet::TokenStream;
[INFO] [stdout]   |
[INFO] [stdout] 
[INFO] [stdout] error[E0412]: cannot find type `TokenStream` in this scope
[INFO] [stdout]  --> src/../README.md:17:45
[INFO] [stdout]   |
[INFO] [stdout] 6 | pub fn my_proc_macro(input: TokenStream) -> TokenStream {
[INFO] [stdout]   |                                             ^^^^^^^^^^^ not found in this scope
[INFO] [stdout]   |
[INFO] [stdout] help: consider importing this trait
[INFO] [stdout]   |
[INFO] [stdout] 2 + use proclet::TokenStream;
[INFO] [stdout]   |
[INFO] [stdout] 
[INFO] [stdout] error[E0423]: expected function, found crate `proclet`
[INFO] [stdout]  --> src/../README.md:18:5
[INFO] [stdout]   |
[INFO] [stdout] 7 |     proclet(input, |input| {
[INFO] [stdout]   |     ^^^^^^^ not a function
[INFO] [stdout]   |
[INFO] [stdout] help: consider importing this function instead
[INFO] [stdout]   |
[INFO] [stdout] 2 + use proclet::proclet;
[INFO] [stdout]   |
[INFO] [stdout] 
[INFO] [stdout] error[E0425]: cannot find function `punctuated` in this scope
[INFO] [stdout]  --> src/../README.md:19:20
[INFO] [stdout]   |
[INFO] [stdout] 8 |         let args = punctuated(StringLiteral::parser(), op(",")).parse_all(input)?;
[INFO] [stdout]   |                    ^^^^^^^^^^ not found in this scope
[INFO] [stdout]   |
[INFO] [stdout] help: consider importing this function
[INFO] [stdout]   |
[INFO] [stdout] 2 + use proclet::punctuated;
[INFO] [stdout]   |
[INFO] [stdout] 
[INFO] [stdout] error[E0433]: failed to resolve: use of undeclared type `StringLiteral`
[INFO] [stdout]  --> src/../README.md:19:31
[INFO] [stdout]   |
[INFO] [stdout] 8 |         let args = punctuated(StringLiteral::parser(), op(",")).parse_all(input)?;
[INFO] [stdout]   |                               ^^^^^^^^^^^^^ use of undeclared type `StringLiteral`
[INFO] [stdout]   |
[INFO] [stdout] help: consider importing one of these items
[INFO] [stdout]   |
[INFO] [stdout] 2 + use proclet::StringLiteral;
[INFO] [stdout]   |
[INFO] [stdout] 2 + use proclet::pm1::StringLiteral;
[INFO] [stdout]   |
[INFO] [stdout] 
[INFO] [stdout] error[E0425]: cannot find function `op` in this scope
[INFO] [stdout]  --> src/../README.md:19:56
[INFO] [stdout]   |
[INFO] [stdout] 8 |         let args = punctuated(StringLiteral::parser(), op(",")).parse_all(input)?;
[INFO] [stdout]   |                                                        ^^ not found in this scope
[INFO] [stdout]   |
[INFO] [stdout] help: consider importing this function
[INFO] [stdout]   |
[INFO] [stdout] 2 + use proclet::op;
[INFO] [stdout]   |
[INFO] [stdout] 
[INFO] [stdout] error: aborting due to 7 previous errors
[INFO] [stdout] 
[INFO] [stdout] Some errors have detailed explanations: E0412, E0423, E0425, E0433.
[INFO] [stdout] For more information about an error, try `rustc --explain E0412`.
[INFO] [stdout] Couldn't compile the test.
[INFO] [stdout] 
[INFO] [stdout] failures:
[INFO] [stdout]     src/../README.md - (line 14)
[INFO] [stdout]     src/../README.md - (line 34)
[INFO] [stdout] 
[INFO] [stdout] test result: FAILED. 0 passed; 2 failed; 0 ignored; 0 measured; 0 filtered out; finished in 0.05s
[INFO] [stdout] 
[INFO] [stderr] error: doctest failed, to rerun pass `--doc`
[INFO] running `Command { std: "docker" "inspect" "180cad90b4046a76c1213d237cd2e095099bc476c00cf580a24e0fedac3bbb5d", kill_on_drop: false }`
[INFO] running `Command { std: "docker" "rm" "-f" "180cad90b4046a76c1213d237cd2e095099bc476c00cf580a24e0fedac3bbb5d", kill_on_drop: false }`
[INFO] [stdout] 180cad90b4046a76c1213d237cd2e095099bc476c00cf580a24e0fedac3bbb5d
