[INFO] fetching crate process-wrap 8.0.2...
[INFO] testing process-wrap-8.0.2 against nightly-2024-10-28+rustflags=-Zrandomize-layout for randomize-layout
[INFO] extracting crate process-wrap 8.0.2 into /workspace/builds/worker-1-tc2/source
[INFO] validating manifest of crates.io crate process-wrap 8.0.2 on toolchain nightly-2024-10-28
[INFO] running `Command { std: CARGO_HOME="/workspace/cargo-home" RUSTUP_HOME="/workspace/rustup-home" "/workspace/cargo-home/bin/cargo" "+nightly-2024-10-28" "metadata" "--manifest-path" "Cargo.toml" "--no-deps", kill_on_drop: false }`
[INFO] started tweaking crates.io crate process-wrap 8.0.2
[INFO] finished tweaking crates.io crate process-wrap 8.0.2
[INFO] tweaked toml for crates.io crate process-wrap 8.0.2 written to /workspace/builds/worker-1-tc2/source/Cargo.toml
[INFO] running `Command { std: CARGO_HOME="/workspace/cargo-home" RUSTUP_HOME="/workspace/rustup-home" "/workspace/cargo-home/bin/cargo" "+nightly-2024-10-28" "generate-lockfile" "--manifest-path" "Cargo.toml", kill_on_drop: false }`
[INFO] [stderr]     Blocking waiting for file lock on package cache
[INFO] [stderr]     Updating crates.io index
[INFO] [stderr]     Blocking waiting for file lock on package cache
[INFO] [stderr]      Locking 118 packages to latest compatible versions
[INFO] [stderr]       Adding nix v0.28.0 (available: v0.29.0)
[INFO] [stderr]       Adding remoteprocess v0.4.13 (available: v0.5.0)
[INFO] [stderr]       Adding windows v0.56.0 (available: v0.58.0)
[INFO] running `Command { std: CARGO_HOME="/workspace/cargo-home" RUSTUP_HOME="/workspace/rustup-home" "/workspace/cargo-home/bin/cargo" "+nightly-2024-10-28" "fetch" "--manifest-path" "Cargo.toml", kill_on_drop: false }`
[INFO] [stderr]     Blocking waiting for file lock on package cache
[INFO] running `Command { std: "docker" "create" "-v" "/var/lib/crater-agent-workspace/builds/worker-1-tc2/target:/opt/rustwide/target:rw,Z" "-v" "/var/lib/crater-agent-workspace/builds/worker-1-tc2/source:/opt/rustwide/workdir:ro,Z" "-v" "/var/lib/crater-agent-workspace/cargo-home:/opt/rustwide/cargo-home:ro,Z" "-v" "/var/lib/crater-agent-workspace/rustup-home:/opt/rustwide/rustup-home:ro,Z" "-e" "SOURCE_DIR=/opt/rustwide/workdir" "-e" "CARGO_TARGET_DIR=/opt/rustwide/target" "-e" "CARGO_HOME=/opt/rustwide/cargo-home" "-e" "RUSTUP_HOME=/opt/rustwide/rustup-home" "-w" "/opt/rustwide/workdir" "-m" "1610612736" "--user" "0:0" "--network" "none" "ghcr.io/rust-lang/crates-build-env/linux@sha256:4a844ea9eb2546a2d2c7022eacef16ef2e8229c7fbb2c7d4d55a9ceca922f72d" "/opt/rustwide/cargo-home/bin/cargo" "+nightly-2024-10-28" "metadata" "--no-deps" "--format-version=1", kill_on_drop: false }`
[INFO] [stdout] 7ed47f0a59c9436fdd6a902ec5c9df46bab65e73fff7b58a2494d5c92d5fc74f
[INFO] running `Command { std: "docker" "start" "-a" "7ed47f0a59c9436fdd6a902ec5c9df46bab65e73fff7b58a2494d5c92d5fc74f", kill_on_drop: false }`
[INFO] running `Command { std: "docker" "inspect" "7ed47f0a59c9436fdd6a902ec5c9df46bab65e73fff7b58a2494d5c92d5fc74f", kill_on_drop: false }`
[INFO] running `Command { std: "docker" "rm" "-f" "7ed47f0a59c9436fdd6a902ec5c9df46bab65e73fff7b58a2494d5c92d5fc74f", kill_on_drop: false }`
[INFO] [stdout] 7ed47f0a59c9436fdd6a902ec5c9df46bab65e73fff7b58a2494d5c92d5fc74f
[INFO] running `Command { std: "docker" "create" "-v" "/var/lib/crater-agent-workspace/builds/worker-1-tc2/target:/opt/rustwide/target:rw,Z" "-v" "/var/lib/crater-agent-workspace/builds/worker-1-tc2/source:/opt/rustwide/workdir:ro,Z" "-v" "/var/lib/crater-agent-workspace/cargo-home:/opt/rustwide/cargo-home:ro,Z" "-v" "/var/lib/crater-agent-workspace/rustup-home:/opt/rustwide/rustup-home:ro,Z" "-e" "SOURCE_DIR=/opt/rustwide/workdir" "-e" "CARGO_TARGET_DIR=/opt/rustwide/target" "-e" "CARGO_INCREMENTAL=0" "-e" "RUST_BACKTRACE=full" "-e" "RUSTFLAGS=--cap-lints=forbid -Zrandomize-layout" "-e" "RUSTDOCFLAGS=--cap-lints=forbid" "-e" "CARGO_HOME=/opt/rustwide/cargo-home" "-e" "RUSTUP_HOME=/opt/rustwide/rustup-home" "-w" "/opt/rustwide/workdir" "-m" "1610612736" "--user" "0:0" "--network" "none" "ghcr.io/rust-lang/crates-build-env/linux@sha256:4a844ea9eb2546a2d2c7022eacef16ef2e8229c7fbb2c7d4d55a9ceca922f72d" "/opt/rustwide/cargo-home/bin/cargo" "+nightly-2024-10-28" "build" "--frozen" "--message-format=json", kill_on_drop: false }`
[INFO] [stdout] e4bc6a887cc09691004021aed7a1a83d155b3367ab1d851c82ee0b45006f924c
[INFO] running `Command { std: "docker" "start" "-a" "e4bc6a887cc09691004021aed7a1a83d155b3367ab1d851c82ee0b45006f924c", kill_on_drop: false }`
[INFO] [stderr]    Compiling proc-macro2 v1.0.89
[INFO] [stderr]    Compiling unicode-ident v1.0.13
[INFO] [stderr]    Compiling once_cell v1.20.2
[INFO] [stderr]    Compiling pin-project-lite v0.2.15
[INFO] [stderr]    Compiling hashbrown v0.15.0
[INFO] [stderr]    Compiling equivalent v1.0.1
[INFO] [stderr]    Compiling tracing-core v0.1.32
[INFO] [stderr]    Compiling indexmap v2.6.0
[INFO] [stderr]    Compiling quote v1.0.37
[INFO] [stderr]    Compiling syn v2.0.86
[INFO] [stderr]    Compiling tracing-attributes v0.1.27
[INFO] [stderr]    Compiling tracing v0.1.40
[INFO] [stderr]    Compiling process-wrap v8.0.2 (/opt/rustwide/workdir)
[INFO] [stderr]     Finished `dev` profile [unoptimized + debuginfo] target(s) in 8.29s
[INFO] running `Command { std: "docker" "inspect" "e4bc6a887cc09691004021aed7a1a83d155b3367ab1d851c82ee0b45006f924c", kill_on_drop: false }`
[INFO] running `Command { std: "docker" "rm" "-f" "e4bc6a887cc09691004021aed7a1a83d155b3367ab1d851c82ee0b45006f924c", kill_on_drop: false }`
[INFO] [stdout] e4bc6a887cc09691004021aed7a1a83d155b3367ab1d851c82ee0b45006f924c
[INFO] running `Command { std: "docker" "create" "-v" "/var/lib/crater-agent-workspace/builds/worker-1-tc2/target:/opt/rustwide/target:rw,Z" "-v" "/var/lib/crater-agent-workspace/builds/worker-1-tc2/source:/opt/rustwide/workdir:ro,Z" "-v" "/var/lib/crater-agent-workspace/cargo-home:/opt/rustwide/cargo-home:ro,Z" "-v" "/var/lib/crater-agent-workspace/rustup-home:/opt/rustwide/rustup-home:ro,Z" "-e" "SOURCE_DIR=/opt/rustwide/workdir" "-e" "CARGO_TARGET_DIR=/opt/rustwide/target" "-e" "CARGO_INCREMENTAL=0" "-e" "RUST_BACKTRACE=full" "-e" "RUSTFLAGS=--cap-lints=forbid -Zrandomize-layout" "-e" "RUSTDOCFLAGS=--cap-lints=forbid" "-e" "CARGO_HOME=/opt/rustwide/cargo-home" "-e" "RUSTUP_HOME=/opt/rustwide/rustup-home" "-w" "/opt/rustwide/workdir" "-m" "1610612736" "--user" "0:0" "--network" "none" "ghcr.io/rust-lang/crates-build-env/linux@sha256:4a844ea9eb2546a2d2c7022eacef16ef2e8229c7fbb2c7d4d55a9ceca922f72d" "/opt/rustwide/cargo-home/bin/cargo" "+nightly-2024-10-28" "test" "--frozen" "--no-run" "--message-format=json", kill_on_drop: false }`
[INFO] [stdout] 09f918a386a25116a88f6c4389a14d3bf2317474a58271b587224ac6ecfbf788
[INFO] running `Command { std: "docker" "start" "-a" "09f918a386a25116a88f6c4389a14d3bf2317474a58271b587224ac6ecfbf788", kill_on_drop: false }`
[INFO] [stderr]    Compiling libc v0.2.161
[INFO] [stderr]    Compiling cfg-if v1.0.0
[INFO] [stderr]    Compiling memchr v2.7.4
[INFO] [stderr]    Compiling adler2 v2.0.0
[INFO] [stderr]    Compiling static_assertions v1.1.0
[INFO] [stderr]    Compiling cpp_demangle v0.4.4
[INFO] [stderr]    Compiling byteorder v1.5.0
[INFO] [stderr]    Compiling syn v2.0.86
[INFO] [stderr]    Compiling crc32fast v1.4.2
[INFO] [stderr]    Compiling twox-hash v1.6.3
[INFO] [stderr]    Compiling miniz_oxide v0.8.0
[INFO] [stderr]    Compiling proc-maps v0.3.2
[INFO] [stderr]    Compiling stable_deref_trait v1.2.0
[INFO] [stderr]    Compiling log v0.4.22
[INFO] [stderr]    Compiling regex-syntax v0.8.5
[INFO] [stderr]    Compiling gimli v0.28.1
[INFO] [stderr]    Compiling smallvec v1.13.2
[INFO] [stderr]    Compiling aho-corasick v1.1.3
[INFO] [stderr]    Compiling flate2 v1.0.34
[INFO] [stderr]    Compiling fallible-iterator v0.3.0
[INFO] [stderr]    Compiling bitflags v1.3.2
[INFO] [stderr]    Compiling plain v0.2.3
[INFO] [stderr]    Compiling rustc-demangle v0.1.24
[INFO] [stderr]    Compiling remoteprocess v0.4.13
[INFO] [stderr]    Compiling bytes v1.8.0
[INFO] [stderr]    Compiling memmap2 v0.5.10
[INFO] [stderr]    Compiling read-process-memory v0.1.6
[INFO] [stderr]    Compiling memmap v0.7.0
[INFO] [stderr]    Compiling mio v1.0.2
[INFO] [stderr]    Compiling nix v0.26.4
[INFO] [stderr]    Compiling signal-hook-registry v1.4.2
[INFO] [stderr]    Compiling regex-automata v0.4.8
[INFO] [stderr]    Compiling lazy_static v1.5.0
[INFO] [stderr]    Compiling derive_more v0.99.18
[INFO] [stderr]    Compiling scroll_derive v0.11.1
[INFO] [stderr]    Compiling tracing-attributes v0.1.27
[INFO] [stderr]    Compiling tokio-macros v2.4.0
[INFO] [stderr]    Compiling scroll v0.11.0
[INFO] [stderr]    Compiling tokio v1.41.0
[INFO] [stderr]    Compiling goblin v0.7.1
[INFO] [stderr]    Compiling regex v1.11.1
[INFO] [stderr]    Compiling tracing v0.1.40
[INFO] [stderr]    Compiling process-wrap v8.0.2 (/opt/rustwide/workdir)
[INFO] [stderr]    Compiling ruzstd v0.5.0
[INFO] [stderr]    Compiling object v0.32.2
[INFO] [stderr]    Compiling addr2line v0.21.0
[INFO] [stderr]     Finished `test` profile [unoptimized + debuginfo] target(s) in 30.27s
[INFO] running `Command { std: "docker" "inspect" "09f918a386a25116a88f6c4389a14d3bf2317474a58271b587224ac6ecfbf788", kill_on_drop: false }`
[INFO] running `Command { std: "docker" "rm" "-f" "09f918a386a25116a88f6c4389a14d3bf2317474a58271b587224ac6ecfbf788", kill_on_drop: false }`
[INFO] [stdout] 09f918a386a25116a88f6c4389a14d3bf2317474a58271b587224ac6ecfbf788
[INFO] running `Command { std: "docker" "create" "-v" "/var/lib/crater-agent-workspace/builds/worker-1-tc2/target:/opt/rustwide/target:rw,Z" "-v" "/var/lib/crater-agent-workspace/builds/worker-1-tc2/source:/opt/rustwide/workdir:ro,Z" "-v" "/var/lib/crater-agent-workspace/cargo-home:/opt/rustwide/cargo-home:ro,Z" "-v" "/var/lib/crater-agent-workspace/rustup-home:/opt/rustwide/rustup-home:ro,Z" "-e" "SOURCE_DIR=/opt/rustwide/workdir" "-e" "CARGO_TARGET_DIR=/opt/rustwide/target" "-e" "CARGO_INCREMENTAL=0" "-e" "RUST_BACKTRACE=full" "-e" "RUSTFLAGS=--cap-lints=forbid -Zrandomize-layout" "-e" "RUSTDOCFLAGS=--cap-lints=forbid" "-e" "CARGO_HOME=/opt/rustwide/cargo-home" "-e" "RUSTUP_HOME=/opt/rustwide/rustup-home" "-w" "/opt/rustwide/workdir" "-m" "1610612736" "--user" "0:0" "--network" "none" "ghcr.io/rust-lang/crates-build-env/linux@sha256:4a844ea9eb2546a2d2c7022eacef16ef2e8229c7fbb2c7d4d55a9ceca922f72d" "/opt/rustwide/cargo-home/bin/cargo" "+nightly-2024-10-28" "test" "--frozen", kill_on_drop: false }`
[INFO] [stdout] af2396c1ea0dcd7a8c0b8fecee9844a1e42b7586b49e3a80dfc424660438c164
[INFO] running `Command { std: "docker" "start" "-a" "af2396c1ea0dcd7a8c0b8fecee9844a1e42b7586b49e3a80dfc424660438c164", kill_on_drop: false }`
[INFO] [stderr]     Finished `test` profile [unoptimized + debuginfo] target(s) in 0.12s
[INFO] [stderr]      Running unittests src/lib.rs (/opt/rustwide/target/debug/deps/process_wrap-f3fbe35d2b6a7574)
[INFO] [stderr]      Running tests/multiproc_helper.rs (/opt/rustwide/target/debug/deps/multiproc_helper-c1480ebd810872c9)
[INFO] [stdout] 
[INFO] [stdout] running 0 tests
[INFO] [stdout] 
[INFO] [stdout] test result: ok. 0 passed; 0 failed; 0 ignored; 0 measured; 0 filtered out; finished in 0.00s
[INFO] [stdout] 
[INFO] [stdout] 
[INFO] [stdout] running 0 tests
[INFO] [stdout] 
[INFO] [stdout] test result: ok. 0 passed; 0 failed; 0 ignored; 0 measured; 0 filtered out; finished in 0.00s
[INFO] [stdout] 
[INFO] [stderr]      Running tests/std_unix.rs (/opt/rustwide/target/debug/deps/std_unix-91d225294dff119f)
[INFO] [stdout] 
[INFO] [stdout] running 0 tests
[INFO] [stdout] 
[INFO] [stdout] test result: ok. 0 passed; 0 failed; 0 ignored; 0 measured; 0 filtered out; finished in 0.00s
[INFO] [stdout] 
[INFO] [stderr]      Running tests/std_windows.rs (/opt/rustwide/target/debug/deps/std_windows-6ecc646b4973bb5d)
[INFO] [stdout] 
[INFO] [stdout] running 0 tests
[INFO] [stdout] 
[INFO] [stdout] test result: ok. 0 passed; 0 failed; 0 ignored; 0 measured; 0 filtered out; finished in 0.00s
[INFO] [stdout] 
[INFO] [stderr]      Running tests/tokio_unix.rs (/opt/rustwide/target/debug/deps/tokio_unix-56e287d638b9c374)
[INFO] [stdout] 
[INFO] [stdout] running 0 tests
[INFO] [stdout] 
[INFO] [stdout] test result: ok. 0 passed; 0 failed; 0 ignored; 0 measured; 0 filtered out; finished in 0.00s
[INFO] [stdout] 
[INFO] [stderr]      Running tests/tokio_windows.rs (/opt/rustwide/target/debug/deps/tokio_windows-c54dc8590b727a27)
[INFO] [stdout] 
[INFO] [stdout] running 0 tests
[INFO] [stdout] 
[INFO] [stdout] test result: ok. 0 passed; 0 failed; 0 ignored; 0 measured; 0 filtered out; finished in 0.00s
[INFO] [stdout] 
[INFO] [stderr]    Doc-tests process_wrap
[INFO] [stdout] 
[INFO] [stdout] running 7 tests
[INFO] [stdout] test src/lib.rs - (line 99) ... ignored
[INFO] [stdout] test src/lib.rs - (line 121) ... FAILED
[INFO] [stdout] test src/lib.rs - (line 64) ... FAILED
[INFO] [stdout] test src/lib.rs - (line 55) ... FAILED
[INFO] [stdout] test src/lib.rs - (line 91) ... FAILED
[INFO] [stdout] test src/lib.rs - (line 10) - compile ... FAILED
[INFO] [stdout] test src/lib.rs - (line 43) ... FAILED
[INFO] [stderr] error: doctest failed, to rerun pass `--doc`
[INFO] [stdout] 
[INFO] [stdout] failures:
[INFO] [stdout] 
[INFO] [stdout] ---- src/lib.rs - (line 121) stdout ----
[INFO] [stdout] error[E0432]: unresolved import `process_wrap::tokio`
[INFO] [stdout]  --> src/lib.rs:123:19
[INFO] [stdout]   |
[INFO] [stdout] 5 | use process_wrap::tokio::*;
[INFO] [stdout]   |                   ^^^^^ could not find `tokio` in `process_wrap`
[INFO] [stdout] 
[INFO] [stdout] error: aborting due to 1 previous error
[INFO] [stdout] 
[INFO] [stdout] For more information about this error, try `rustc --explain E0432`.
[INFO] [stdout] Couldn't compile the test.
[INFO] [stdout] ---- src/lib.rs - (line 64) stdout ----
[INFO] [stdout] error[E0432]: unresolved import `process_wrap::std`
[INFO] [stdout]  --> src/lib.rs:66:19
[INFO] [stdout]   |
[INFO] [stdout] 5 | use process_wrap::std::*;
[INFO] [stdout]   |                   ^^^ could not find `std` in `process_wrap`
[INFO] [stdout] 
[INFO] [stdout] error: aborting due to 1 previous error
[INFO] [stdout] 
[INFO] [stdout] For more information about this error, try `rustc --explain E0432`.
[INFO] [stdout] Couldn't compile the test.
[INFO] [stdout] ---- src/lib.rs - (line 55) stdout ----
[INFO] [stdout] error[E0432]: unresolved import `process_wrap::std`
[INFO] [stdout]  --> src/lib.rs:57:19
[INFO] [stdout]   |
[INFO] [stdout] 5 | use process_wrap::std::*;
[INFO] [stdout]   |                   ^^^ could not find `std` in `process_wrap`
[INFO] [stdout] 
[INFO] [stdout] error: aborting due to 1 previous error
[INFO] [stdout] 
[INFO] [stdout] For more information about this error, try `rustc --explain E0432`.
[INFO] [stdout] Couldn't compile the test.
[INFO] [stdout] ---- src/lib.rs - (line 91) stdout ----
[INFO] [stdout] error[E0432]: unresolved import `process_wrap::tokio`
[INFO] [stdout]  --> src/lib.rs:93:19
[INFO] [stdout]   |
[INFO] [stdout] 5 | use process_wrap::tokio::*;
[INFO] [stdout]   |                   ^^^^^ could not find `tokio` in `process_wrap`
[INFO] [stdout] 
[INFO] [stdout] error: aborting due to 1 previous error
[INFO] [stdout] 
[INFO] [stdout] For more information about this error, try `rustc --explain E0432`.
[INFO] [stdout] Couldn't compile the test.
[INFO] [stdout] ---- src/lib.rs - (line 10) stdout ----
[INFO] [stdout] error[E0432]: unresolved import `process_wrap::std`
[INFO] [stdout]  --> src/lib.rs:14:19
[INFO] [stdout]   |
[INFO] [stdout] 6 | use process_wrap::std::*;
[INFO] [stdout]   |                   ^^^ could not find `std` in `process_wrap`
[INFO] [stdout] 
[INFO] [stdout] error: aborting due to 1 previous error
[INFO] [stdout] 
[INFO] [stdout] For more information about this error, try `rustc --explain E0432`.
[INFO] [stdout] Couldn't compile the test.
[INFO] [stdout] ---- src/lib.rs - (line 43) stdout ----
[INFO] [stdout] error[E0432]: unresolved import `process_wrap::std`
[INFO] [stdout]  --> src/lib.rs:45:19
[INFO] [stdout]   |
[INFO] [stdout] 5 | use process_wrap::std::*;
[INFO] [stdout]   |                   ^^^ could not find `std` in `process_wrap`
[INFO] [stdout] 
[INFO] [stdout] error: aborting due to 1 previous error
[INFO] [stdout] 
[INFO] [stdout] For more information about this error, try `rustc --explain E0432`.
[INFO] [stdout] Couldn't compile the test.
[INFO] [stdout] 
[INFO] [stdout] failures:
[INFO] [stdout]     src/lib.rs - (line 10)
[INFO] [stdout]     src/lib.rs - (line 121)
[INFO] [stdout]     src/lib.rs - (line 43)
[INFO] [stdout]     src/lib.rs - (line 55)
[INFO] [stdout]     src/lib.rs - (line 64)
[INFO] [stdout]     src/lib.rs - (line 91)
[INFO] [stdout] 
[INFO] [stdout] test result: FAILED. 0 passed; 6 failed; 1 ignored; 0 measured; 0 filtered out; finished in 0.24s
[INFO] [stdout] 
[INFO] running `Command { std: "docker" "inspect" "af2396c1ea0dcd7a8c0b8fecee9844a1e42b7586b49e3a80dfc424660438c164", kill_on_drop: false }`
[INFO] running `Command { std: "docker" "rm" "-f" "af2396c1ea0dcd7a8c0b8fecee9844a1e42b7586b49e3a80dfc424660438c164", kill_on_drop: false }`
[INFO] [stdout] af2396c1ea0dcd7a8c0b8fecee9844a1e42b7586b49e3a80dfc424660438c164
