[INFO] fetching crate procc-ll 0.1.0...
[INFO] testing procc-ll-0.1.0 against nightly-2024-10-28+rustflags=-Zrandomize-layout for randomize-layout
[INFO] extracting crate procc-ll 0.1.0 into /workspace/builds/worker-5-tc2/source
[INFO] validating manifest of crates.io crate procc-ll 0.1.0 on toolchain nightly-2024-10-28
[INFO] running `Command { std: CARGO_HOME="/workspace/cargo-home" RUSTUP_HOME="/workspace/rustup-home" "/workspace/cargo-home/bin/cargo" "+nightly-2024-10-28" "metadata" "--manifest-path" "Cargo.toml" "--no-deps", kill_on_drop: false }`
[INFO] started tweaking crates.io crate procc-ll 0.1.0
[INFO] finished tweaking crates.io crate procc-ll 0.1.0
[INFO] tweaked toml for crates.io crate procc-ll 0.1.0 written to /workspace/builds/worker-5-tc2/source/Cargo.toml
[INFO] running `Command { std: CARGO_HOME="/workspace/cargo-home" RUSTUP_HOME="/workspace/rustup-home" "/workspace/cargo-home/bin/cargo" "+nightly-2024-10-28" "generate-lockfile" "--manifest-path" "Cargo.toml", kill_on_drop: false }`
[INFO] [stderr]     Updating crates.io index
[INFO] [stderr]      Locking 28 packages to latest compatible versions
[INFO] running `Command { std: CARGO_HOME="/workspace/cargo-home" RUSTUP_HOME="/workspace/rustup-home" "/workspace/cargo-home/bin/cargo" "+nightly-2024-10-28" "fetch" "--manifest-path" "Cargo.toml", kill_on_drop: false }`
[INFO] running `Command { std: "docker" "create" "-v" "/var/lib/crater-agent-workspace/builds/worker-5-tc2/target:/opt/rustwide/target:rw,Z" "-v" "/var/lib/crater-agent-workspace/builds/worker-5-tc2/source:/opt/rustwide/workdir:ro,Z" "-v" "/var/lib/crater-agent-workspace/cargo-home:/opt/rustwide/cargo-home:ro,Z" "-v" "/var/lib/crater-agent-workspace/rustup-home:/opt/rustwide/rustup-home:ro,Z" "-e" "SOURCE_DIR=/opt/rustwide/workdir" "-e" "CARGO_TARGET_DIR=/opt/rustwide/target" "-e" "CARGO_HOME=/opt/rustwide/cargo-home" "-e" "RUSTUP_HOME=/opt/rustwide/rustup-home" "-w" "/opt/rustwide/workdir" "-m" "1610612736" "--user" "0:0" "--network" "none" "ghcr.io/rust-lang/crates-build-env/linux@sha256:4a844ea9eb2546a2d2c7022eacef16ef2e8229c7fbb2c7d4d55a9ceca922f72d" "/opt/rustwide/cargo-home/bin/cargo" "+nightly-2024-10-28" "metadata" "--no-deps" "--format-version=1", kill_on_drop: false }`
[INFO] [stdout] d6e874a9f448c7057b6b26e361eb5ebcbcc8f924b4d95e583ca287eecc677af1
[INFO] running `Command { std: "docker" "start" "-a" "d6e874a9f448c7057b6b26e361eb5ebcbcc8f924b4d95e583ca287eecc677af1", kill_on_drop: false }`
[INFO] running `Command { std: "docker" "inspect" "d6e874a9f448c7057b6b26e361eb5ebcbcc8f924b4d95e583ca287eecc677af1", kill_on_drop: false }`
[INFO] running `Command { std: "docker" "rm" "-f" "d6e874a9f448c7057b6b26e361eb5ebcbcc8f924b4d95e583ca287eecc677af1", kill_on_drop: false }`
[INFO] [stdout] d6e874a9f448c7057b6b26e361eb5ebcbcc8f924b4d95e583ca287eecc677af1
[INFO] running `Command { std: "docker" "create" "-v" "/var/lib/crater-agent-workspace/builds/worker-5-tc2/target:/opt/rustwide/target:rw,Z" "-v" "/var/lib/crater-agent-workspace/builds/worker-5-tc2/source:/opt/rustwide/workdir:ro,Z" "-v" "/var/lib/crater-agent-workspace/cargo-home:/opt/rustwide/cargo-home:ro,Z" "-v" "/var/lib/crater-agent-workspace/rustup-home:/opt/rustwide/rustup-home:ro,Z" "-e" "SOURCE_DIR=/opt/rustwide/workdir" "-e" "CARGO_TARGET_DIR=/opt/rustwide/target" "-e" "CARGO_INCREMENTAL=0" "-e" "RUST_BACKTRACE=full" "-e" "RUSTFLAGS=--cap-lints=forbid -Zrandomize-layout" "-e" "RUSTDOCFLAGS=--cap-lints=forbid" "-e" "CARGO_HOME=/opt/rustwide/cargo-home" "-e" "RUSTUP_HOME=/opt/rustwide/rustup-home" "-w" "/opt/rustwide/workdir" "-m" "1610612736" "--user" "0:0" "--network" "none" "ghcr.io/rust-lang/crates-build-env/linux@sha256:4a844ea9eb2546a2d2c7022eacef16ef2e8229c7fbb2c7d4d55a9ceca922f72d" "/opt/rustwide/cargo-home/bin/cargo" "+nightly-2024-10-28" "build" "--frozen" "--message-format=json", kill_on_drop: false }`
[INFO] [stdout] f2643d8aeec2fb097802f94b47be9500af86947340565c3c429424c35ce6b02f
[INFO] running `Command { std: "docker" "start" "-a" "f2643d8aeec2fb097802f94b47be9500af86947340565c3c429424c35ce6b02f", kill_on_drop: false }`
[INFO] [stderr]    Compiling aho-corasick v1.1.3
[INFO] [stderr]    Compiling utf8parse v0.2.2
[INFO] [stderr]    Compiling anstyle-query v1.1.2
[INFO] [stderr]    Compiling colorchoice v1.0.3
[INFO] [stderr]    Compiling is_terminal_polyfill v1.70.1
[INFO] [stderr]    Compiling anstyle v1.0.9
[INFO] [stderr]    Compiling humantime v2.1.0
[INFO] [stderr]    Compiling anstyle-parse v0.2.6
[INFO] [stderr]    Compiling anstream v0.6.17
[INFO] [stderr]    Compiling regex-automata v0.4.8
[INFO] [stderr]    Compiling regex v1.11.1
[INFO] [stderr]    Compiling env_filter v0.1.2
[INFO] [stderr]    Compiling env_logger v0.11.5
[INFO] [stderr]    Compiling procc-ll v0.1.0 (/opt/rustwide/workdir)
[INFO] [stdout] warning: unused doc comment
[INFO] [stdout]  --> src/program.rs:9:1
[INFO] [stdout]   |
[INFO] [stdout] 9 | /// Contains the regex of the functions
[INFO] [stdout]   | ^^^^^^^^^^^^^^^^^^^^^^^^^^^^^^^^^^^^^^^ rustdoc does not generate documentation for macro invocations
[INFO] [stdout]   |
[INFO] [stdout]   = help: to document an item produced by a macro, the macro must produce the documentation as part of its expansion
[INFO] [stdout]   = note: `#[warn(unused_doc_comments)]` on by default
[INFO] [stdout] 
[INFO] [stdout] 
[INFO] [stdout] warning: associated function `new_from_context` is never used
[INFO] [stdout]   --> src/program.rs:29:19
[INFO] [stdout]    |
[INFO] [stdout] 25 | impl ProgramBlock {
[INFO] [stdout]    | ----------------- associated function in this implementation
[INFO] [stdout] ...
[INFO] [stdout] 29 |     pub(crate) fn new_from_context(context: crate::context::Context) -> Self {
[INFO] [stdout]    |                   ^^^^^^^^^^^^^^^^
[INFO] [stdout]    |
[INFO] [stdout]    = note: `#[warn(dead_code)]` on by default
[INFO] [stdout] 
[INFO] [stdout] 
[INFO] [stderr]     Finished `dev` profile [unoptimized + debuginfo] target(s) in 4.84s
[INFO] running `Command { std: "docker" "inspect" "f2643d8aeec2fb097802f94b47be9500af86947340565c3c429424c35ce6b02f", kill_on_drop: false }`
[INFO] running `Command { std: "docker" "rm" "-f" "f2643d8aeec2fb097802f94b47be9500af86947340565c3c429424c35ce6b02f", kill_on_drop: false }`
[INFO] [stdout] f2643d8aeec2fb097802f94b47be9500af86947340565c3c429424c35ce6b02f
[INFO] running `Command { std: "docker" "create" "-v" "/var/lib/crater-agent-workspace/builds/worker-5-tc2/target:/opt/rustwide/target:rw,Z" "-v" "/var/lib/crater-agent-workspace/builds/worker-5-tc2/source:/opt/rustwide/workdir:ro,Z" "-v" "/var/lib/crater-agent-workspace/cargo-home:/opt/rustwide/cargo-home:ro,Z" "-v" "/var/lib/crater-agent-workspace/rustup-home:/opt/rustwide/rustup-home:ro,Z" "-e" "SOURCE_DIR=/opt/rustwide/workdir" "-e" "CARGO_TARGET_DIR=/opt/rustwide/target" "-e" "CARGO_INCREMENTAL=0" "-e" "RUST_BACKTRACE=full" "-e" "RUSTFLAGS=--cap-lints=forbid -Zrandomize-layout" "-e" "RUSTDOCFLAGS=--cap-lints=forbid" "-e" "CARGO_HOME=/opt/rustwide/cargo-home" "-e" "RUSTUP_HOME=/opt/rustwide/rustup-home" "-w" "/opt/rustwide/workdir" "-m" "1610612736" "--user" "0:0" "--network" "none" "ghcr.io/rust-lang/crates-build-env/linux@sha256:4a844ea9eb2546a2d2c7022eacef16ef2e8229c7fbb2c7d4d55a9ceca922f72d" "/opt/rustwide/cargo-home/bin/cargo" "+nightly-2024-10-28" "test" "--frozen" "--no-run" "--message-format=json", kill_on_drop: false }`
[INFO] [stdout] edd8c269196cf1130cf01833f729c766f7add4b3a5af7aed63b7cac232660762
[INFO] running `Command { std: "docker" "start" "-a" "edd8c269196cf1130cf01833f729c766f7add4b3a5af7aed63b7cac232660762", kill_on_drop: false }`
[INFO] [stderr]    Compiling procc-ll v0.1.0 (/opt/rustwide/workdir)
[INFO] [stdout] warning: unused doc comment
[INFO] [stdout]  --> src/program.rs:9:1
[INFO] [stdout]   |
[INFO] [stdout] 9 | /// Contains the regex of the functions
[INFO] [stdout]   | ^^^^^^^^^^^^^^^^^^^^^^^^^^^^^^^^^^^^^^^ rustdoc does not generate documentation for macro invocations
[INFO] [stdout]   |
[INFO] [stdout]   = help: to document an item produced by a macro, the macro must produce the documentation as part of its expansion
[INFO] [stdout]   = note: `#[warn(unused_doc_comments)]` on by default
[INFO] [stdout] 
[INFO] [stdout] 
[INFO] [stdout] warning: associated function `new_from_context` is never used
[INFO] [stdout]   --> src/program.rs:29:19
[INFO] [stdout]    |
[INFO] [stdout] 25 | impl ProgramBlock {
[INFO] [stdout]    | ----------------- associated function in this implementation
[INFO] [stdout] ...
[INFO] [stdout] 29 |     pub(crate) fn new_from_context(context: crate::context::Context) -> Self {
[INFO] [stdout]    |                   ^^^^^^^^^^^^^^^^
[INFO] [stdout]    |
[INFO] [stdout]    = note: `#[warn(dead_code)]` on by default
[INFO] [stdout] 
[INFO] [stdout] 
[INFO] [stdout] warning: unused doc comment
[INFO] [stdout]  --> src/program.rs:9:1
[INFO] [stdout]   |
[INFO] [stdout] 9 | /// Contains the regex of the functions
[INFO] [stdout]   | ^^^^^^^^^^^^^^^^^^^^^^^^^^^^^^^^^^^^^^^ rustdoc does not generate documentation for macro invocations
[INFO] [stdout]   |
[INFO] [stdout]   = help: to document an item produced by a macro, the macro must produce the documentation as part of its expansion
[INFO] [stdout]   = note: `#[warn(unused_doc_comments)]` on by default
[INFO] [stdout] 
[INFO] [stdout] 
[INFO] [stdout] warning: associated function `new_from_context` is never used
[INFO] [stdout]   --> src/program.rs:29:19
[INFO] [stdout]    |
[INFO] [stdout] 25 | impl ProgramBlock {
[INFO] [stdout]    | ----------------- associated function in this implementation
[INFO] [stdout] ...
[INFO] [stdout] 29 |     pub(crate) fn new_from_context(context: crate::context::Context) -> Self {
[INFO] [stdout]    |                   ^^^^^^^^^^^^^^^^
[INFO] [stdout]    |
[INFO] [stdout]    = note: `#[warn(dead_code)]` on by default
[INFO] [stdout] 
[INFO] [stdout] 
[INFO] [stderr]     Finished `test` profile [unoptimized + debuginfo] target(s) in 0.49s
[INFO] running `Command { std: "docker" "inspect" "edd8c269196cf1130cf01833f729c766f7add4b3a5af7aed63b7cac232660762", kill_on_drop: false }`
[INFO] running `Command { std: "docker" "rm" "-f" "edd8c269196cf1130cf01833f729c766f7add4b3a5af7aed63b7cac232660762", kill_on_drop: false }`
[INFO] [stdout] edd8c269196cf1130cf01833f729c766f7add4b3a5af7aed63b7cac232660762
[INFO] running `Command { std: "docker" "create" "-v" "/var/lib/crater-agent-workspace/builds/worker-5-tc2/target:/opt/rustwide/target:rw,Z" "-v" "/var/lib/crater-agent-workspace/builds/worker-5-tc2/source:/opt/rustwide/workdir:ro,Z" "-v" "/var/lib/crater-agent-workspace/cargo-home:/opt/rustwide/cargo-home:ro,Z" "-v" "/var/lib/crater-agent-workspace/rustup-home:/opt/rustwide/rustup-home:ro,Z" "-e" "SOURCE_DIR=/opt/rustwide/workdir" "-e" "CARGO_TARGET_DIR=/opt/rustwide/target" "-e" "CARGO_INCREMENTAL=0" "-e" "RUST_BACKTRACE=full" "-e" "RUSTFLAGS=--cap-lints=forbid -Zrandomize-layout" "-e" "RUSTDOCFLAGS=--cap-lints=forbid" "-e" "CARGO_HOME=/opt/rustwide/cargo-home" "-e" "RUSTUP_HOME=/opt/rustwide/rustup-home" "-w" "/opt/rustwide/workdir" "-m" "1610612736" "--user" "0:0" "--network" "none" "ghcr.io/rust-lang/crates-build-env/linux@sha256:4a844ea9eb2546a2d2c7022eacef16ef2e8229c7fbb2c7d4d55a9ceca922f72d" "/opt/rustwide/cargo-home/bin/cargo" "+nightly-2024-10-28" "test" "--frozen", kill_on_drop: false }`
[INFO] [stdout] 1bc90a43079afc1431a486aedb6b98f71928027117b2c688c864e142b60cdc56
[INFO] running `Command { std: "docker" "start" "-a" "1bc90a43079afc1431a486aedb6b98f71928027117b2c688c864e142b60cdc56", kill_on_drop: false }`
[INFO] [stderr] warning: unused doc comment
[INFO] [stderr]  --> src/program.rs:9:1
[INFO] [stderr]   |
[INFO] [stderr] 9 | /// Contains the regex of the functions
[INFO] [stderr]   | ^^^^^^^^^^^^^^^^^^^^^^^^^^^^^^^^^^^^^^^ rustdoc does not generate documentation for macro invocations
[INFO] [stderr]   |
[INFO] [stderr]   = help: to document an item produced by a macro, the macro must produce the documentation as part of its expansion
[INFO] [stderr]   = note: `#[warn(unused_doc_comments)]` on by default
[INFO] [stderr] 
[INFO] [stderr] warning: associated function `new_from_context` is never used
[INFO] [stderr]   --> src/program.rs:29:19
[INFO] [stderr]    |
[INFO] [stderr] 25 | impl ProgramBlock {
[INFO] [stderr]    | ----------------- associated function in this implementation
[INFO] [stderr] ...
[INFO] [stderr] 29 |     pub(crate) fn new_from_context(context: crate::context::Context) -> Self {
[INFO] [stderr]    |                   ^^^^^^^^^^^^^^^^
[INFO] [stderr]    |
[INFO] [stderr]    = note: `#[warn(dead_code)]` on by default
[INFO] [stderr] 
[INFO] [stderr] warning: `procc-ll` (lib) generated 2 warnings
[INFO] [stderr] warning: `procc-ll` (lib test) generated 2 warnings (2 duplicates)
[INFO] [stderr]     Finished `test` profile [unoptimized + debuginfo] target(s) in 0.02s
[INFO] [stderr]      Running unittests src/lib.rs (/opt/rustwide/target/debug/deps/procc_ll-f8451852f942fb05)
[INFO] [stdout] 
[INFO] [stdout] running 4 tests
[INFO] [stdout] test tests::create_program ... ok
[INFO] [stdout] test tests::execute_key ... ok
[INFO] [stdout] test tests::execute_function ... ok
[INFO] [stdout] test tests::execute_token ... ok
[INFO] [stdout] 
[INFO] [stdout] test result: ok. 4 passed; 0 failed; 0 ignored; 0 measured; 0 filtered out; finished in 0.01s
[INFO] [stdout] 
[INFO] [stderr]    Doc-tests procc_ll
[INFO] [stdout] 
[INFO] [stdout] running 5 tests
[INFO] [stdout] test src/program.rs - program::Program (line 124) ... FAILED
[INFO] [stdout] test src/program.rs - program::ProgramBlock (line 15) ... FAILED
[INFO] [stdout] test src/lib.rs - measure_time (line 11) ... FAILED
[INFO] [stdout] test src/context.rs - context::Context (line 10) ... FAILED
[INFO] [stdout] test src/program.rs - program::ProgramBlock::exec (line 34) ... FAILED
[INFO] [stdout] 
[INFO] [stdout] failures:
[INFO] [stdout] 
[INFO] [stdout] ---- src/program.rs - program::Program (line 124) stdout ----
[INFO] [stdout] error[E0433]: failed to resolve: use of undeclared crate or module `processor`
[INFO] [stdout]  --> src/program.rs:125:5
[INFO] [stdout]   |
[INFO] [stdout] 3 | use processor::program::Program;
[INFO] [stdout]   |     ^^^^^^^^^ use of undeclared crate or module `processor`
[INFO] [stdout] 
[INFO] [stdout] error: aborting due to 1 previous error
[INFO] [stdout] 
[INFO] [stdout] For more information about this error, try `rustc --explain E0433`.
[INFO] [stdout] Couldn't compile the test.
[INFO] [stdout] ---- src/program.rs - program::ProgramBlock (line 15) stdout ----
[INFO] [stdout] error[E0433]: failed to resolve: use of undeclared crate or module `processor`
[INFO] [stdout]  --> src/program.rs:16:5
[INFO] [stdout]   |
[INFO] [stdout] 3 | use processor::program::{Program, ProgramBlock};
[INFO] [stdout]   |     ^^^^^^^^^ use of undeclared crate or module `processor`
[INFO] [stdout] 
[INFO] [stdout] error: aborting due to 1 previous error
[INFO] [stdout] 
[INFO] [stdout] For more information about this error, try `rustc --explain E0433`.
[INFO] [stdout] Couldn't compile the test.
[INFO] [stdout] ---- src/lib.rs - measure_time (line 11) stdout ----
[INFO] [stdout] error[E0432]: unresolved import `processor`
[INFO] [stdout]  --> src/lib.rs:12:5
[INFO] [stdout]   |
[INFO] [stdout] 3 | use processor::measure_time;
[INFO] [stdout]   |     ^^^^^^^^^ use of undeclared crate or module `processor`
[INFO] [stdout] 
[INFO] [stdout] error: aborting due to 1 previous error
[INFO] [stdout] 
[INFO] [stdout] For more information about this error, try `rustc --explain E0432`.
[INFO] [stdout] Couldn't compile the test.
[INFO] [stdout] ---- src/context.rs - context::Context (line 10) stdout ----
[INFO] [stdout] error[E0433]: failed to resolve: use of undeclared crate or module `processor`
[INFO] [stdout]  --> src/context.rs:11:5
[INFO] [stdout]   |
[INFO] [stdout] 3 | use processor::context::Context;
[INFO] [stdout]   |     ^^^^^^^^^ use of undeclared crate or module `processor`
[INFO] [stdout] 
[INFO] [stdout] error[E0433]: failed to resolve: use of undeclared crate or module `processor`
[INFO] [stdout]  --> src/context.rs:15:5
[INFO] [stdout]   |
[INFO] [stdout] 7 |     processor::values::Values::Null
[INFO] [stdout]   |     ^^^^^^^^^ use of undeclared crate or module `processor`
[INFO] [stdout]   |
[INFO] [stdout] help: consider importing one of these items
[INFO] [stdout]   |
[INFO] [stdout] 2 + use std::collections::btree_map::Values;
[INFO] [stdout]   |
[INFO] [stdout] 2 + use std::collections::hash_map::Values;
[INFO] [stdout]   |
[INFO] [stdout] 2 + use procc_ll::values::Values;
[INFO] [stdout]   |
[INFO] [stdout] help: if you import `Values`, refer to it directly
[INFO] [stdout]   |
[INFO] [stdout] 7 -     processor::values::Values::Null
[INFO] [stdout] 7 +     Values::Null
[INFO] [stdout]   |
[INFO] [stdout] 
[INFO] [stdout] error: aborting due to 2 previous errors
[INFO] [stdout] 
[INFO] [stdout] For more information about this error, try `rustc --explain E0433`.
[INFO] [stdout] Couldn't compile the test.
[INFO] [stdout] ---- src/program.rs - program::ProgramBlock::exec (line 34) stdout ----
[INFO] [stdout] error[E0433]: failed to resolve: use of undeclared crate or module `processor`
[INFO] [stdout]  --> src/program.rs:35:5
[INFO] [stdout]   |
[INFO] [stdout] 3 | use processor::program::{Program, ProgramBlock};
[INFO] [stdout]   |     ^^^^^^^^^ use of undeclared crate or module `processor`
[INFO] [stdout] 
[INFO] [stdout] error[E0433]: failed to resolve: use of undeclared crate or module `processor`
[INFO] [stdout]   --> src/program.rs:42:5
[INFO] [stdout]    |
[INFO] [stdout] 10 |     processor::values::Values::Null
[INFO] [stdout]    |     ^^^^^^^^^ use of undeclared crate or module `processor`
[INFO] [stdout]    |
[INFO] [stdout] help: consider importing one of these items
[INFO] [stdout]    |
[INFO] [stdout] 2  + use std::collections::btree_map::Values;
[INFO] [stdout]    |
[INFO] [stdout] 2  + use std::collections::hash_map::Values;
[INFO] [stdout]    |
[INFO] [stdout] 2  + use procc_ll::values::Values;
[INFO] [stdout]    |
[INFO] [stdout] help: if you import `Values`, refer to it directly
[INFO] [stdout]    |
[INFO] [stdout] 10 -     processor::values::Values::Null
[INFO] [stdout] 10 +     Values::Null
[INFO] [stdout]    |
[INFO] [stdout] 
[INFO] [stdout] error: aborting due to 2 previous errors
[INFO] [stdout] 
[INFO] [stdout] For more information about this error, try `rustc --explain E0433`.
[INFO] [stdout] Couldn't compile the test.
[INFO] [stdout] 
[INFO] [stdout] failures:
[INFO] [stdout]     src/context.rs - context::Context (line 10)
[INFO] [stdout]     src/lib.rs - measure_time (line 11)
[INFO] [stdout]     src/program.rs - program::Program (line 124)
[INFO] [stdout]     src/program.rs - program::ProgramBlock (line 15)
[INFO] [stdout]     src/program.rs - program::ProgramBlock::exec (line 34)
[INFO] [stdout] 
[INFO] [stdout] test result: FAILED. 0 passed; 5 failed; 0 ignored; 0 measured; 0 filtered out; finished in 0.07s
[INFO] [stdout] 
[INFO] [stderr] error: doctest failed, to rerun pass `--doc`
[INFO] running `Command { std: "docker" "inspect" "1bc90a43079afc1431a486aedb6b98f71928027117b2c688c864e142b60cdc56", kill_on_drop: false }`
[INFO] running `Command { std: "docker" "rm" "-f" "1bc90a43079afc1431a486aedb6b98f71928027117b2c688c864e142b60cdc56", kill_on_drop: false }`
[INFO] [stdout] 1bc90a43079afc1431a486aedb6b98f71928027117b2c688c864e142b60cdc56
