[INFO] fetching crate prefixed-tsid 0.3.0...
[INFO] testing prefixed-tsid-0.3.0 against nightly-2024-10-28+rustflags=-Zrandomize-layout for randomize-layout
[INFO] extracting crate prefixed-tsid 0.3.0 into /workspace/builds/worker-3-tc2/source
[INFO] validating manifest of crates.io crate prefixed-tsid 0.3.0 on toolchain nightly-2024-10-28
[INFO] running `Command { std: CARGO_HOME="/workspace/cargo-home" RUSTUP_HOME="/workspace/rustup-home" "/workspace/cargo-home/bin/cargo" "+nightly-2024-10-28" "metadata" "--manifest-path" "Cargo.toml" "--no-deps", kill_on_drop: false }`
[INFO] started tweaking crates.io crate prefixed-tsid 0.3.0
[INFO] finished tweaking crates.io crate prefixed-tsid 0.3.0
[INFO] tweaked toml for crates.io crate prefixed-tsid 0.3.0 written to /workspace/builds/worker-3-tc2/source/Cargo.toml
[INFO] running `Command { std: CARGO_HOME="/workspace/cargo-home" RUSTUP_HOME="/workspace/rustup-home" "/workspace/cargo-home/bin/cargo" "+nightly-2024-10-28" "generate-lockfile" "--manifest-path" "Cargo.toml", kill_on_drop: false }`
[INFO] [stderr]     Updating crates.io index
[INFO] [stderr]     Blocking waiting for file lock on package cache
[INFO] [stderr]      Locking 215 packages to latest compatible versions
[INFO] running `Command { std: CARGO_HOME="/workspace/cargo-home" RUSTUP_HOME="/workspace/rustup-home" "/workspace/cargo-home/bin/cargo" "+nightly-2024-10-28" "fetch" "--manifest-path" "Cargo.toml", kill_on_drop: false }`
[INFO] [stderr]     Blocking waiting for file lock on package cache
[INFO] running `Command { std: "docker" "create" "-v" "/var/lib/crater-agent-workspace/builds/worker-3-tc2/target:/opt/rustwide/target:rw,Z" "-v" "/var/lib/crater-agent-workspace/builds/worker-3-tc2/source:/opt/rustwide/workdir:ro,Z" "-v" "/var/lib/crater-agent-workspace/cargo-home:/opt/rustwide/cargo-home:ro,Z" "-v" "/var/lib/crater-agent-workspace/rustup-home:/opt/rustwide/rustup-home:ro,Z" "-e" "SOURCE_DIR=/opt/rustwide/workdir" "-e" "CARGO_TARGET_DIR=/opt/rustwide/target" "-e" "CARGO_HOME=/opt/rustwide/cargo-home" "-e" "RUSTUP_HOME=/opt/rustwide/rustup-home" "-w" "/opt/rustwide/workdir" "-m" "1610612736" "--user" "0:0" "--network" "none" "ghcr.io/rust-lang/crates-build-env/linux@sha256:4a844ea9eb2546a2d2c7022eacef16ef2e8229c7fbb2c7d4d55a9ceca922f72d" "/opt/rustwide/cargo-home/bin/cargo" "+nightly-2024-10-28" "metadata" "--no-deps" "--format-version=1", kill_on_drop: false }`
[INFO] [stdout] 254a2a5e421e0891f7586a0183e8b4a64957e9358d2c19fa641c8571667ad3a0
[INFO] running `Command { std: "docker" "start" "-a" "254a2a5e421e0891f7586a0183e8b4a64957e9358d2c19fa641c8571667ad3a0", kill_on_drop: false }`
[INFO] running `Command { std: "docker" "inspect" "254a2a5e421e0891f7586a0183e8b4a64957e9358d2c19fa641c8571667ad3a0", kill_on_drop: false }`
[INFO] running `Command { std: "docker" "rm" "-f" "254a2a5e421e0891f7586a0183e8b4a64957e9358d2c19fa641c8571667ad3a0", kill_on_drop: false }`
[INFO] [stdout] 254a2a5e421e0891f7586a0183e8b4a64957e9358d2c19fa641c8571667ad3a0
[INFO] running `Command { std: "docker" "create" "-v" "/var/lib/crater-agent-workspace/builds/worker-3-tc2/target:/opt/rustwide/target:rw,Z" "-v" "/var/lib/crater-agent-workspace/builds/worker-3-tc2/source:/opt/rustwide/workdir:ro,Z" "-v" "/var/lib/crater-agent-workspace/cargo-home:/opt/rustwide/cargo-home:ro,Z" "-v" "/var/lib/crater-agent-workspace/rustup-home:/opt/rustwide/rustup-home:ro,Z" "-e" "SOURCE_DIR=/opt/rustwide/workdir" "-e" "CARGO_TARGET_DIR=/opt/rustwide/target" "-e" "CARGO_INCREMENTAL=0" "-e" "RUST_BACKTRACE=full" "-e" "RUSTFLAGS=--cap-lints=forbid -Zrandomize-layout" "-e" "RUSTDOCFLAGS=--cap-lints=forbid" "-e" "CARGO_HOME=/opt/rustwide/cargo-home" "-e" "RUSTUP_HOME=/opt/rustwide/rustup-home" "-w" "/opt/rustwide/workdir" "-m" "1610612736" "--user" "0:0" "--network" "none" "ghcr.io/rust-lang/crates-build-env/linux@sha256:4a844ea9eb2546a2d2c7022eacef16ef2e8229c7fbb2c7d4d55a9ceca922f72d" "/opt/rustwide/cargo-home/bin/cargo" "+nightly-2024-10-28" "build" "--frozen" "--message-format=json", kill_on_drop: false }`
[INFO] [stdout] d76f33b0021616859097dbceb4ce5ede84adb06543fc7f48a684a83f03058636
[INFO] running `Command { std: "docker" "start" "-a" "d76f33b0021616859097dbceb4ce5ede84adb06543fc7f48a684a83f03058636", kill_on_drop: false }`
[INFO] [stderr]    Compiling siphasher v0.3.11
[INFO] [stderr]    Compiling byteorder v1.5.0
[INFO] [stderr]    Compiling rand_core v0.6.4
[INFO] [stderr]    Compiling anyhow v1.0.92
[INFO] [stderr]    Compiling libc v0.2.161
[INFO] [stderr]    Compiling serde v1.0.214
[INFO] [stderr]    Compiling syn v2.0.86
[INFO] [stderr]    Compiling rand v0.8.5
[INFO] [stderr]    Compiling phf_shared v0.11.2
[INFO] [stderr]    Compiling getrandom v0.2.15
[INFO] [stderr]    Compiling phf_generator v0.11.2
[INFO] [stderr]    Compiling zerocopy-derive v0.7.35
[INFO] [stderr]    Compiling phf_macros v0.11.2
[INFO] [stderr]    Compiling serde_derive v1.0.214
[INFO] [stderr]    Compiling phf v0.11.2
[INFO] [stderr]    Compiling zerocopy v0.7.35
[INFO] [stderr]    Compiling ppv-lite86 v0.2.20
[INFO] [stderr]    Compiling rand_chacha v0.3.1
[INFO] [stderr]    Compiling tsid v0.3.1
[INFO] [stderr]    Compiling prefixed-tsid v0.3.0 (/opt/rustwide/workdir)
[INFO] [stderr]     Finished `dev` profile [unoptimized + debuginfo] target(s) in 7.41s
[INFO] running `Command { std: "docker" "inspect" "d76f33b0021616859097dbceb4ce5ede84adb06543fc7f48a684a83f03058636", kill_on_drop: false }`
[INFO] running `Command { std: "docker" "rm" "-f" "d76f33b0021616859097dbceb4ce5ede84adb06543fc7f48a684a83f03058636", kill_on_drop: false }`
[INFO] [stdout] d76f33b0021616859097dbceb4ce5ede84adb06543fc7f48a684a83f03058636
[INFO] running `Command { std: "docker" "create" "-v" "/var/lib/crater-agent-workspace/builds/worker-3-tc2/target:/opt/rustwide/target:rw,Z" "-v" "/var/lib/crater-agent-workspace/builds/worker-3-tc2/source:/opt/rustwide/workdir:ro,Z" "-v" "/var/lib/crater-agent-workspace/cargo-home:/opt/rustwide/cargo-home:ro,Z" "-v" "/var/lib/crater-agent-workspace/rustup-home:/opt/rustwide/rustup-home:ro,Z" "-e" "SOURCE_DIR=/opt/rustwide/workdir" "-e" "CARGO_TARGET_DIR=/opt/rustwide/target" "-e" "CARGO_INCREMENTAL=0" "-e" "RUST_BACKTRACE=full" "-e" "RUSTFLAGS=--cap-lints=forbid -Zrandomize-layout" "-e" "RUSTDOCFLAGS=--cap-lints=forbid" "-e" "CARGO_HOME=/opt/rustwide/cargo-home" "-e" "RUSTUP_HOME=/opt/rustwide/rustup-home" "-w" "/opt/rustwide/workdir" "-m" "1610612736" "--user" "0:0" "--network" "none" "ghcr.io/rust-lang/crates-build-env/linux@sha256:4a844ea9eb2546a2d2c7022eacef16ef2e8229c7fbb2c7d4d55a9ceca922f72d" "/opt/rustwide/cargo-home/bin/cargo" "+nightly-2024-10-28" "test" "--frozen" "--no-run" "--message-format=json", kill_on_drop: false }`
[INFO] [stdout] 9d77a9090eab5d6997d0b4fb1ba3c7e60739c38f1d0f5396ed59fd490d895f99
[INFO] running `Command { std: "docker" "start" "-a" "9d77a9090eab5d6997d0b4fb1ba3c7e60739c38f1d0f5396ed59fd490d895f99", kill_on_drop: false }`
[INFO] [stderr]    Compiling prefixed-tsid v0.3.0 (/opt/rustwide/workdir)
[INFO] [stderr]     Finished `test` profile [unoptimized + debuginfo] target(s) in 0.23s
[INFO] running `Command { std: "docker" "inspect" "9d77a9090eab5d6997d0b4fb1ba3c7e60739c38f1d0f5396ed59fd490d895f99", kill_on_drop: false }`
[INFO] running `Command { std: "docker" "rm" "-f" "9d77a9090eab5d6997d0b4fb1ba3c7e60739c38f1d0f5396ed59fd490d895f99", kill_on_drop: false }`
[INFO] [stdout] 9d77a9090eab5d6997d0b4fb1ba3c7e60739c38f1d0f5396ed59fd490d895f99
[INFO] running `Command { std: "docker" "create" "-v" "/var/lib/crater-agent-workspace/builds/worker-3-tc2/target:/opt/rustwide/target:rw,Z" "-v" "/var/lib/crater-agent-workspace/builds/worker-3-tc2/source:/opt/rustwide/workdir:ro,Z" "-v" "/var/lib/crater-agent-workspace/cargo-home:/opt/rustwide/cargo-home:ro,Z" "-v" "/var/lib/crater-agent-workspace/rustup-home:/opt/rustwide/rustup-home:ro,Z" "-e" "SOURCE_DIR=/opt/rustwide/workdir" "-e" "CARGO_TARGET_DIR=/opt/rustwide/target" "-e" "CARGO_INCREMENTAL=0" "-e" "RUST_BACKTRACE=full" "-e" "RUSTFLAGS=--cap-lints=forbid -Zrandomize-layout" "-e" "RUSTDOCFLAGS=--cap-lints=forbid" "-e" "CARGO_HOME=/opt/rustwide/cargo-home" "-e" "RUSTUP_HOME=/opt/rustwide/rustup-home" "-w" "/opt/rustwide/workdir" "-m" "1610612736" "--user" "0:0" "--network" "none" "ghcr.io/rust-lang/crates-build-env/linux@sha256:4a844ea9eb2546a2d2c7022eacef16ef2e8229c7fbb2c7d4d55a9ceca922f72d" "/opt/rustwide/cargo-home/bin/cargo" "+nightly-2024-10-28" "test" "--frozen", kill_on_drop: false }`
[INFO] [stdout] fce2bac3fe266a763099f9e8562f950408ae47cae2ac10740726973b329692ad
[INFO] running `Command { std: "docker" "start" "-a" "fce2bac3fe266a763099f9e8562f950408ae47cae2ac10740726973b329692ad", kill_on_drop: false }`
[INFO] [stderr]     Finished `test` profile [unoptimized + debuginfo] target(s) in 0.08s
[INFO] [stderr]      Running unittests src/lib.rs (/opt/rustwide/target/debug/deps/prefixed_tsid-5fa033ab97adcbc4)
[INFO] [stdout] 
[INFO] [stderr]    Doc-tests prefixed_tsid
[INFO] [stdout] running 0 tests
[INFO] [stdout] 
[INFO] [stdout] test result: ok. 0 passed; 0 failed; 0 ignored; 0 measured; 0 filtered out; finished in 0.00s
[INFO] [stdout] 
[INFO] [stdout] 
[INFO] [stdout] running 3 tests
[INFO] [stdout] test src/../README.md - (line 7) ... FAILED
[INFO] [stdout] test src/../README.md - (line 29) ... FAILED
[INFO] [stdout] test src/../README.md - (line 13) ... FAILED
[INFO] [stdout] 
[INFO] [stdout] failures:
[INFO] [stdout] 
[INFO] [stdout] ---- src/../README.md - (line 7) stdout ----
[INFO] [stdout] error[E0425]: cannot find value `org_0GTM2MERJJE1T` in this scope
[INFO] [stdout]  --> src/../README.md:8:1
[INFO] [stdout]   |
[INFO] [stdout] 3 | org_0GTM2MERJJE1T
[INFO] [stdout]   | ^^^^^^^^^^^^^^^^^ not found in this scope
[INFO] [stdout] 
[INFO] [stdout] error: aborting due to 1 previous error
[INFO] [stdout] 
[INFO] [stdout] For more information about this error, try `rustc --explain E0425`.
[INFO] [stdout] Couldn't compile the test.
[INFO] [stdout] ---- src/../README.md - (line 29) stdout ----
[INFO] [stdout] error[E0433]: failed to resolve: use of undeclared type `TSIDDatabaseID`
[INFO] [stdout]  --> src/../README.md:30:14
[INFO] [stdout]   |
[INFO] [stdout] 3 | let org_id = TSIDDatabaseID::<IDOrganisation>::random();
[INFO] [stdout]   |              ^^^^^^^^^^^^^^ use of undeclared type `TSIDDatabaseID`
[INFO] [stdout]   |
[INFO] [stdout] help: consider importing this struct
[INFO] [stdout]   |
[INFO] [stdout] 2 + use prefixed_tsid::tsid::TSIDDatabaseID;
[INFO] [stdout]   |
[INFO] [stdout] 
[INFO] [stdout] error[E0412]: cannot find type `IDOrganisation` in this scope
[INFO] [stdout]  --> src/../README.md:30:31
[INFO] [stdout]   |
[INFO] [stdout] 3 | let org_id = TSIDDatabaseID::<IDOrganisation>::random();
[INFO] [stdout]   |                               ^^^^^^^^^^^^^^ not found in this scope
[INFO] [stdout]   |
[INFO] [stdout] help: consider importing this struct
[INFO] [stdout]   |
[INFO] [stdout] 2 + use prefixed_tsid::resources::IDOrganisation;
[INFO] [stdout]   |
[INFO] [stdout] 
[INFO] [stdout] error: aborting due to 2 previous errors
[INFO] [stdout] 
[INFO] [stdout] Some errors have detailed explanations: E0412, E0433.
[INFO] [stdout] For more information about an error, try `rustc --explain E0412`.
[INFO] [stdout] Couldn't compile the test.
[INFO] [stdout] ---- src/../README.md - (line 13) stdout ----
[INFO] [stdout] error: cannot find macro `id_resource_type` in this scope
[INFO] [stdout]  --> src/../README.md:14:1
[INFO] [stdout]   |
[INFO] [stdout] 3 | id_resource_type!(IDOrganisation, "org");
[INFO] [stdout]   | ^^^^^^^^^^^^^^^^
[INFO] [stdout]   |
[INFO] [stdout] help: consider importing this macro
[INFO] [stdout]   |
[INFO] [stdout] 2 + use prefixed_tsid::id_resource_type;
[INFO] [stdout]   |
[INFO] [stdout] 
[INFO] [stdout] error[E0405]: cannot find trait `TSIDResource` in this scope
[INFO] [stdout]  --> src/../README.md:20:6
[INFO] [stdout]   |
[INFO] [stdout] 9 | impl TSIDResource for IDOrganisation {
[INFO] [stdout]   |      ^^^^^^^^^^^^ not found in this scope
[INFO] [stdout]   |
[INFO] [stdout] help: consider importing this trait
[INFO] [stdout]   |
[INFO] [stdout] 2 + use prefixed_tsid::resources::TSIDResource;
[INFO] [stdout]   |
[INFO] [stdout] 
[INFO] [stdout] error: aborting due to 2 previous errors
[INFO] [stdout] 
[INFO] [stdout] For more information about this error, try `rustc --explain E0405`.
[INFO] [stdout] Couldn't compile the test.
[INFO] [stdout] 
[INFO] [stdout] failures:
[INFO] [stdout]     src/../README.md - (line 13)
[INFO] [stdout]     src/../README.md - (line 29)
[INFO] [stdout]     src/../README.md - (line 7)
[INFO] [stdout] 
[INFO] [stdout] test result: FAILED. 0 passed; 3 failed; 0 ignored; 0 measured; 0 filtered out; finished in 0.11s
[INFO] [stdout] 
[INFO] [stderr] error: doctest failed, to rerun pass `--doc`
[INFO] running `Command { std: "docker" "inspect" "fce2bac3fe266a763099f9e8562f950408ae47cae2ac10740726973b329692ad", kill_on_drop: false }`
[INFO] running `Command { std: "docker" "rm" "-f" "fce2bac3fe266a763099f9e8562f950408ae47cae2ac10740726973b329692ad", kill_on_drop: false }`
[INFO] [stdout] fce2bac3fe266a763099f9e8562f950408ae47cae2ac10740726973b329692ad
