[INFO] fetching crate poot 0.1.1...
[INFO] testing poot-0.1.1 against nightly-2024-10-28+rustflags=-Zrandomize-layout for randomize-layout
[INFO] extracting crate poot 0.1.1 into /workspace/builds/worker-0-tc2/source
[INFO] validating manifest of crates.io crate poot 0.1.1 on toolchain nightly-2024-10-28
[INFO] running `Command { std: CARGO_HOME="/workspace/cargo-home" RUSTUP_HOME="/workspace/rustup-home" "/workspace/cargo-home/bin/cargo" "+nightly-2024-10-28" "metadata" "--manifest-path" "Cargo.toml" "--no-deps", kill_on_drop: false }`
[INFO] started tweaking crates.io crate poot 0.1.1
[INFO] finished tweaking crates.io crate poot 0.1.1
[INFO] tweaked toml for crates.io crate poot 0.1.1 written to /workspace/builds/worker-0-tc2/source/Cargo.toml
[INFO] crate crates.io crate poot 0.1.1 already has a lockfile, it will not be regenerated
[INFO] running `Command { std: CARGO_HOME="/workspace/cargo-home" RUSTUP_HOME="/workspace/rustup-home" "/workspace/cargo-home/bin/cargo" "+nightly-2024-10-28" "fetch" "--manifest-path" "Cargo.toml", kill_on_drop: false }`
[INFO] running `Command { std: "docker" "create" "-v" "/var/lib/crater-agent-workspace/builds/worker-0-tc2/target:/opt/rustwide/target:rw,Z" "-v" "/var/lib/crater-agent-workspace/builds/worker-0-tc2/source:/opt/rustwide/workdir:ro,Z" "-v" "/var/lib/crater-agent-workspace/cargo-home:/opt/rustwide/cargo-home:ro,Z" "-v" "/var/lib/crater-agent-workspace/rustup-home:/opt/rustwide/rustup-home:ro,Z" "-e" "SOURCE_DIR=/opt/rustwide/workdir" "-e" "CARGO_TARGET_DIR=/opt/rustwide/target" "-e" "CARGO_HOME=/opt/rustwide/cargo-home" "-e" "RUSTUP_HOME=/opt/rustwide/rustup-home" "-w" "/opt/rustwide/workdir" "-m" "1610612736" "--user" "0:0" "--network" "none" "ghcr.io/rust-lang/crates-build-env/linux@sha256:4a844ea9eb2546a2d2c7022eacef16ef2e8229c7fbb2c7d4d55a9ceca922f72d" "/opt/rustwide/cargo-home/bin/cargo" "+nightly-2024-10-28" "metadata" "--no-deps" "--format-version=1", kill_on_drop: false }`
[INFO] [stdout] c17390d9ad1980858adfed7afb1d46573e4e592e10969675b88fdb13afedeb5e
[INFO] running `Command { std: "docker" "start" "-a" "c17390d9ad1980858adfed7afb1d46573e4e592e10969675b88fdb13afedeb5e", kill_on_drop: false }`
[INFO] running `Command { std: "docker" "inspect" "c17390d9ad1980858adfed7afb1d46573e4e592e10969675b88fdb13afedeb5e", kill_on_drop: false }`
[INFO] running `Command { std: "docker" "rm" "-f" "c17390d9ad1980858adfed7afb1d46573e4e592e10969675b88fdb13afedeb5e", kill_on_drop: false }`
[INFO] [stdout] c17390d9ad1980858adfed7afb1d46573e4e592e10969675b88fdb13afedeb5e
[INFO] running `Command { std: "docker" "create" "-v" "/var/lib/crater-agent-workspace/builds/worker-0-tc2/target:/opt/rustwide/target:rw,Z" "-v" "/var/lib/crater-agent-workspace/builds/worker-0-tc2/source:/opt/rustwide/workdir:ro,Z" "-v" "/var/lib/crater-agent-workspace/cargo-home:/opt/rustwide/cargo-home:ro,Z" "-v" "/var/lib/crater-agent-workspace/rustup-home:/opt/rustwide/rustup-home:ro,Z" "-e" "SOURCE_DIR=/opt/rustwide/workdir" "-e" "CARGO_TARGET_DIR=/opt/rustwide/target" "-e" "CARGO_INCREMENTAL=0" "-e" "RUST_BACKTRACE=full" "-e" "RUSTFLAGS=--cap-lints=forbid -Zrandomize-layout" "-e" "RUSTDOCFLAGS=--cap-lints=forbid" "-e" "CARGO_HOME=/opt/rustwide/cargo-home" "-e" "RUSTUP_HOME=/opt/rustwide/rustup-home" "-w" "/opt/rustwide/workdir" "-m" "1610612736" "--user" "0:0" "--network" "none" "ghcr.io/rust-lang/crates-build-env/linux@sha256:4a844ea9eb2546a2d2c7022eacef16ef2e8229c7fbb2c7d4d55a9ceca922f72d" "/opt/rustwide/cargo-home/bin/cargo" "+nightly-2024-10-28" "build" "--frozen" "--message-format=json", kill_on_drop: false }`
[INFO] [stdout] 294f15f11ff7383133ccda5078ec4f4eb1abd9c367f6558b6d44f1ae78f8cea0
[INFO] running `Command { std: "docker" "start" "-a" "294f15f11ff7383133ccda5078ec4f4eb1abd9c367f6558b6d44f1ae78f8cea0", kill_on_drop: false }`
[INFO] [stderr]    Compiling libc v0.2.126
[INFO] [stderr]    Compiling autocfg v1.1.0
[INFO] [stderr]    Compiling proc-macro2 v1.0.40
[INFO] [stderr]    Compiling quote v1.0.20
[INFO] [stderr]    Compiling unicode-ident v1.0.1
[INFO] [stderr]    Compiling syn v1.0.98
[INFO] [stderr]    Compiling cc v1.0.73
[INFO] [stderr]    Compiling once_cell v1.12.0
[INFO] [stderr]    Compiling log v0.4.17
[INFO] [stderr]    Compiling version_check v0.9.4
[INFO] [stderr]    Compiling memchr v2.5.0
[INFO] [stderr]    Compiling pin-project-lite v0.2.9
[INFO] [stderr]    Compiling bytes v1.1.0
[INFO] [stderr]    Compiling pkg-config v0.3.25
[INFO] [stderr]    Compiling futures-core v0.3.21
[INFO] [stderr]    Compiling parking_lot_core v0.9.3
[INFO] [stderr]    Compiling smallvec v1.8.1
[INFO] [stderr]    Compiling scopeguard v1.1.0
[INFO] [stderr]    Compiling futures-channel v0.3.21
[INFO] [stderr]    Compiling futures-task v0.3.21
[INFO] [stderr]    Compiling futures-sink v0.3.21
[INFO] [stderr]    Compiling itoa v1.0.2
[INFO] [stderr]    Compiling typenum v1.15.0
[INFO] [stderr]    Compiling futures-util v0.3.21
[INFO] [stderr]    Compiling futures-io v0.3.21
[INFO] [stderr]    Compiling foreign-types-shared v0.1.1
[INFO] [stderr]    Compiling slab v0.4.6
[INFO] [stderr]    Compiling generic-array v0.14.5
[INFO] [stderr]    Compiling openssl v0.10.40
[INFO] [stderr]    Compiling foreign-types v0.3.2
[INFO] [stderr]    Compiling lock_api v0.4.7
[INFO] [stderr]    Compiling http v0.2.8
[INFO] [stderr]    Compiling tinyvec_macros v0.1.0
[INFO] [stderr]    Compiling spin v0.5.2
[INFO] [stderr]    Compiling openssl-probe v0.1.5
[INFO] [stderr]    Compiling httparse v1.7.1
[INFO] [stderr]    Compiling native-tls v0.2.10
[INFO] [stderr]    Compiling untrusted v0.7.1
[INFO] [stderr]    Compiling serde_derive v1.0.137
[INFO] [stderr]    Compiling matches v0.1.9
[INFO] [stderr]    Compiling tinyvec v1.6.0
[INFO] [stderr]    Compiling serde v1.0.137
[INFO] [stderr]    Compiling percent-encoding v2.1.0
[INFO] [stderr]    Compiling indexmap v1.9.1
[INFO] [stderr]    Compiling unicase v2.6.0
[INFO] [stderr]    Compiling tracing-core v0.1.28
[INFO] [stderr]    Compiling form_urlencoded v1.0.1
[INFO] [stderr]    Compiling base64 v0.13.0
[INFO] [stderr]    Compiling unicode-bidi v0.3.8
[INFO] [stderr]    Compiling rustls v0.20.6
[INFO] [stderr]    Compiling socket2 v0.4.4
[INFO] [stderr]    Compiling num_cpus v1.13.1
[INFO] [stderr]    Compiling signal-hook-registry v1.4.0
[INFO] [stderr]    Compiling mio v0.8.4
[INFO] [stderr]    Compiling getrandom v0.2.7
[INFO] [stderr]    Compiling parking_lot v0.12.1
[INFO] [stderr]    Compiling tracing v0.1.35
[INFO] [stderr]    Compiling openssl-sys v0.9.74
[INFO] [stderr]    Compiling ring v0.16.20
[INFO] [stderr]    Compiling rand_core v0.6.3
[INFO] [stderr]    Compiling hashbrown v0.12.1
[INFO] [stderr]    Compiling ppv-lite86 v0.2.16
[INFO] [stderr]    Compiling unicode-normalization v0.1.20
[INFO] [stderr]    Compiling num-traits v0.2.15
[INFO] [stderr]    Compiling cpufeatures v0.2.2
[INFO] [stderr]    Compiling try-lock v0.2.3
[INFO] [stderr]    Compiling serde_json v1.0.81
[INFO] [stderr]    Compiling ryu v1.0.10
[INFO] [stderr]    Compiling want v0.3.0
[INFO] [stderr]    Compiling http-body v0.4.5
[INFO] [stderr]    Compiling mime_guess v2.0.4
[INFO] [stderr]    Compiling rustls-pemfile v1.0.0
[INFO] [stderr]    Compiling rand_chacha v0.3.1
[INFO] [stderr]    Compiling num-integer v0.1.45
[INFO] [stderr]    Compiling byteorder v1.4.3
[INFO] [stderr]    Compiling httpdate v1.0.2
[INFO] [stderr]    Compiling encoding_rs v0.8.31
[INFO] [stderr]    Compiling tower-service v0.3.2
[INFO] [stderr]    Compiling async-trait v0.1.56
[INFO] [stderr]    Compiling utf-8 v0.7.6
[INFO] [stderr]    Compiling rand v0.8.5
[INFO] [stderr]    Compiling idna v0.2.3
[INFO] [stderr]    Compiling rustls-native-certs v0.6.2
[INFO] [stderr]    Compiling mime v0.3.16
[INFO] [stderr]    Compiling time v0.1.44
[INFO] [stderr]    Compiling ipnet v2.5.0
[INFO] [stderr]    Compiling lazy_static v1.4.0
[INFO] [stderr]    Compiling dotenv v0.15.0
[INFO] [stderr]    Compiling block-buffer v0.10.2
[INFO] [stderr]    Compiling crypto-common v0.1.6
[INFO] [stderr]    Compiling digest v0.10.3
[INFO] [stderr]    Compiling url v2.2.2
[INFO] [stderr]    Compiling sha-1 v0.10.0
[INFO] [stderr]    Compiling tokio-macros v1.8.0
[INFO] [stderr]    Compiling futures-macro v0.3.21
[INFO] [stderr]    Compiling openssl-macros v0.1.0
[INFO] [stderr]    Compiling thiserror-impl v1.0.31
[INFO] [stderr]    Compiling sct v0.7.0
[INFO] [stderr]    Compiling webpki v0.22.0
[INFO] [stderr]    Compiling tokio v1.19.2
[INFO] [stderr]    Compiling thiserror v1.0.31
[INFO] [stderr]    Compiling futures-executor v0.3.21
[INFO] [stderr]    Compiling futures v0.3.21
[INFO] [stderr]    Compiling tungstenite v0.17.3
[INFO] [stderr]    Compiling tokio-native-tls v0.3.0
[INFO] [stderr]    Compiling tokio-util v0.7.3
[INFO] [stderr]    Compiling tokio-rustls v0.23.4
[INFO] [stderr]    Compiling tokio-tungstenite v0.17.2
[INFO] [stderr]    Compiling h2 v0.3.13
[INFO] [stderr]    Compiling serde_urlencoded v0.7.1
[INFO] [stderr]    Compiling chrono v0.4.19
[INFO] [stderr]    Compiling simplesocket v1.0.0
[INFO] [stderr]    Compiling hyper v0.14.19
[INFO] [stderr]    Compiling hyper-tls v0.5.0
[INFO] [stderr]    Compiling reqwest v0.11.11
[INFO] [stderr]    Compiling poot v0.1.1 (/opt/rustwide/workdir)
[INFO] [stdout] warning: unreachable pattern
[INFO] [stdout]   --> src/subscriptions/general_update.rs:73:13
[INFO] [stdout]    |
[INFO] [stdout] 66 |             GeneralUpdateEvent::NewPostAdded(post) => {
[INFO] [stdout]    |             -------------------------------------- matches all the relevant values
[INFO] [stdout] ...
[INFO] [stdout] 73 |             _ => {
[INFO] [stdout]    |             ^ no value can reach this
[INFO] [stdout]    |
[INFO] [stdout]    = note: `#[warn(unreachable_patterns)]` on by default
[INFO] [stdout] 
[INFO] [stdout] 
[INFO] [stdout] warning: fields `mod_id`, `reason`, `ban_length`, `issued`, and `infraction_type` are never read
[INFO] [stdout]   --> src/model/client_user.rs:14:5
[INFO] [stdout]    |
[INFO] [stdout] 12 | pub struct Infraction {
[INFO] [stdout]    |            ---------- fields in this struct
[INFO] [stdout] 13 |     #[serde(rename = "ModID")]
[INFO] [stdout] 14 |     mod_id: UserId,
[INFO] [stdout]    |     ^^^^^^
[INFO] [stdout] ...
[INFO] [stdout] 17 |     reason: String,
[INFO] [stdout]    |     ^^^^^^
[INFO] [stdout] ...
[INFO] [stdout] 21 |     ban_length: Value,
[INFO] [stdout]    |     ^^^^^^^^^^
[INFO] [stdout] ...
[INFO] [stdout] 24 |     issued: DateTime<Utc>,
[INFO] [stdout]    |     ^^^^^^
[INFO] [stdout] ...
[INFO] [stdout] 27 |     infraction_type: InfractionType,
[INFO] [stdout]    |     ^^^^^^^^^^^^^^^
[INFO] [stdout]    |
[INFO] [stdout]    = note: `Infraction` has a derived impl for the trait `Debug`, but this is intentionally ignored during dead code analysis
[INFO] [stdout]    = note: `#[warn(dead_code)]` on by default
[INFO] [stdout] 
[INFO] [stdout] 
[INFO] [stdout] warning: fields `id`, `icon`, `invite`, `owner`, `last_checked`, and `last_content` are never read
[INFO] [stdout]   --> src/model/group.rs:51:5
[INFO] [stdout]    |
[INFO] [stdout] 50 | pub struct Group {
[INFO] [stdout]    |            ----- fields in this struct
[INFO] [stdout] 51 |     id: GroupId,
[INFO] [stdout]    |     ^^
[INFO] [stdout] 52 |     icon: String,
[INFO] [stdout]    |     ^^^^
[INFO] [stdout] 53 |     invite: GroupInviteType,
[INFO] [stdout]    |     ^^^^^^
[INFO] [stdout] 54 |     owner: UserId,
[INFO] [stdout]    |     ^^^^^
[INFO] [stdout] 55 |     last_checked: DateTime<Utc>,
[INFO] [stdout]    |     ^^^^^^^^^^^^
[INFO] [stdout] 56 |     last_content: DateTime<Utc>,
[INFO] [stdout]    |     ^^^^^^^^^^^^
[INFO] [stdout]    |
[INFO] [stdout]    = note: `Group` has a derived impl for the trait `Debug`, but this is intentionally ignored during dead code analysis
[INFO] [stdout] 
[INFO] [stdout] 
[INFO] [stdout] warning: trait `GroupActions` is never used
[INFO] [stdout]   --> src/model/group.rs:60:7
[INFO] [stdout]    |
[INFO] [stdout] 60 | trait GroupActions {
[INFO] [stdout]    |       ^^^^^^^^^^^^
[INFO] [stdout] 
[INFO] [stdout] 
[INFO] [stdout] warning: fields `has_mentions`, `user`, and `created_at` are never read
[INFO] [stdout]   --> src/model/post.rs:22:9
[INFO] [stdout]    |
[INFO] [stdout] 15 | pub(crate) struct PostRaw {
[INFO] [stdout]    |                   ------- fields in this struct
[INFO] [stdout] ...
[INFO] [stdout] 22 |     pub has_mentions: bool,
[INFO] [stdout]    |         ^^^^^^^^^^^^
[INFO] [stdout] ...
[INFO] [stdout] 25 |     pub user: UserId,
[INFO] [stdout]    |         ^^^^
[INFO] [stdout] ...
[INFO] [stdout] 28 |     pub created_at: DateTime<Utc>,
[INFO] [stdout]    |         ^^^^^^^^^^
[INFO] [stdout] 
[INFO] [stdout] 
[INFO] [stdout] warning: fields `id`, `username`, and `roles` are never read
[INFO] [stdout]   --> src/model/user.rs:10:5
[INFO] [stdout]    |
[INFO] [stdout] 9  | pub struct User {
[INFO] [stdout]    |            ---- fields in this struct
[INFO] [stdout] 10 |     id: UserId,
[INFO] [stdout]    |     ^^
[INFO] [stdout] 11 |     username: String,
[INFO] [stdout]    |     ^^^^^^^^
[INFO] [stdout] 12 |     roles: Vec<Role>,
[INFO] [stdout]    |     ^^^^^
[INFO] [stdout]    |
[INFO] [stdout]    = note: `User` has a derived impl for the trait `Debug`, but this is intentionally ignored during dead code analysis
[INFO] [stdout] 
[INFO] [stdout] 
[INFO] [stdout] warning: fields `timestamp` and `user_id` are never read
[INFO] [stdout]   --> src/subscriptions/general_update.rs:29:9
[INFO] [stdout]    |
[INFO] [stdout] 27 | pub struct NewPostAdded {
[INFO] [stdout]    |            ------------ fields in this struct
[INFO] [stdout] 28 |     #[serde(rename = "Timestamp")]
[INFO] [stdout] 29 |     pub timestamp: u64,
[INFO] [stdout]    |         ^^^^^^^^^
[INFO] [stdout] 30 |     #[serde(rename = "UserID")]
[INFO] [stdout] 31 |     pub user_id: UserId,
[INFO] [stdout]    |         ^^^^^^^
[INFO] [stdout]    |
[INFO] [stdout]    = note: `NewPostAdded` has a derived impl for the trait `Debug`, but this is intentionally ignored during dead code analysis
[INFO] [stdout] 
[INFO] [stdout] 
[INFO] [stdout] warning: unused pinned boxed `Future` trait object that must be used
[INFO] [stdout]   --> src/subscriptions/general_update.rs:70:21
[INFO] [stdout]    |
[INFO] [stdout] 70 |                     ctx.events.on_post(ctx.clone(), post);
[INFO] [stdout]    |                     ^^^^^^^^^^^^^^^^^^^^^^^^^^^^^^^^^^^^^
[INFO] [stdout]    |
[INFO] [stdout]    = note: futures do nothing unless you `.await` or poll them
[INFO] [stdout]    = note: `#[warn(unused_must_use)]` on by default
[INFO] [stdout] 
[INFO] [stdout] 
[INFO] [stdout] warning: unused return value of `Events::on_post` that must be used
[INFO] [stdout]   --> src/subscriptions/general_update.rs:70:21
[INFO] [stdout]    |
[INFO] [stdout] 70 |                     ctx.events.on_post(ctx.clone(), post);
[INFO] [stdout]    |                     ^^^^^^^^^^^^^^^^^^^^^^^^^^^^^^^^^^^^^
[INFO] [stdout]    |
[INFO] [stdout] help: use `let _ = ...` to ignore the resulting value
[INFO] [stdout]    |
[INFO] [stdout] 70 |                     let _ = ctx.events.on_post(ctx.clone(), post);
[INFO] [stdout]    |                     +++++++
[INFO] [stdout] 
[INFO] [stdout] 
[INFO] [stderr]     Finished `dev` profile [unoptimized + debuginfo] target(s) in 19.01s
[INFO] running `Command { std: "docker" "inspect" "294f15f11ff7383133ccda5078ec4f4eb1abd9c367f6558b6d44f1ae78f8cea0", kill_on_drop: false }`
[INFO] running `Command { std: "docker" "rm" "-f" "294f15f11ff7383133ccda5078ec4f4eb1abd9c367f6558b6d44f1ae78f8cea0", kill_on_drop: false }`
[INFO] [stdout] 294f15f11ff7383133ccda5078ec4f4eb1abd9c367f6558b6d44f1ae78f8cea0
[INFO] running `Command { std: "docker" "create" "-v" "/var/lib/crater-agent-workspace/builds/worker-0-tc2/target:/opt/rustwide/target:rw,Z" "-v" "/var/lib/crater-agent-workspace/builds/worker-0-tc2/source:/opt/rustwide/workdir:ro,Z" "-v" "/var/lib/crater-agent-workspace/cargo-home:/opt/rustwide/cargo-home:ro,Z" "-v" "/var/lib/crater-agent-workspace/rustup-home:/opt/rustwide/rustup-home:ro,Z" "-e" "SOURCE_DIR=/opt/rustwide/workdir" "-e" "CARGO_TARGET_DIR=/opt/rustwide/target" "-e" "CARGO_INCREMENTAL=0" "-e" "RUST_BACKTRACE=full" "-e" "RUSTFLAGS=--cap-lints=forbid -Zrandomize-layout" "-e" "RUSTDOCFLAGS=--cap-lints=forbid" "-e" "CARGO_HOME=/opt/rustwide/cargo-home" "-e" "RUSTUP_HOME=/opt/rustwide/rustup-home" "-w" "/opt/rustwide/workdir" "-m" "1610612736" "--user" "0:0" "--network" "none" "ghcr.io/rust-lang/crates-build-env/linux@sha256:4a844ea9eb2546a2d2c7022eacef16ef2e8229c7fbb2c7d4d55a9ceca922f72d" "/opt/rustwide/cargo-home/bin/cargo" "+nightly-2024-10-28" "test" "--frozen" "--no-run" "--message-format=json", kill_on_drop: false }`
[INFO] [stdout] 58f1a300e9eb922bee04a71c699bf7f65c6b8102ccf44eb13f25000bc70ef030
[INFO] running `Command { std: "docker" "start" "-a" "58f1a300e9eb922bee04a71c699bf7f65c6b8102ccf44eb13f25000bc70ef030", kill_on_drop: false }`
[INFO] [stdout] warning: unreachable pattern
[INFO] [stdout]   --> src/subscriptions/general_update.rs:73:13
[INFO] [stdout]    |
[INFO] [stdout] 66 |             GeneralUpdateEvent::NewPostAdded(post) => {
[INFO] [stdout]    |             -------------------------------------- matches all the relevant values
[INFO] [stdout] ...
[INFO] [stdout] 73 |             _ => {
[INFO] [stdout]    |             ^ no value can reach this
[INFO] [stdout]    |
[INFO] [stdout]    = note: `#[warn(unreachable_patterns)]` on by default
[INFO] [stdout] 
[INFO] [stdout] 
[INFO] [stdout] warning: fields `mod_id`, `reason`, `ban_length`, `issued`, and `infraction_type` are never read
[INFO] [stdout]   --> src/model/client_user.rs:14:5
[INFO] [stdout]    |
[INFO] [stdout] 12 | pub struct Infraction {
[INFO] [stdout]    |            ---------- fields in this struct
[INFO] [stdout] 13 |     #[serde(rename = "ModID")]
[INFO] [stdout] 14 |     mod_id: UserId,
[INFO] [stdout]    |     ^^^^^^
[INFO] [stdout] ...
[INFO] [stdout] 17 |     reason: String,
[INFO] [stdout]    |     ^^^^^^
[INFO] [stdout] ...
[INFO] [stdout] 21 |     ban_length: Value,
[INFO] [stdout]    |     ^^^^^^^^^^
[INFO] [stdout] ...
[INFO] [stdout] 24 |     issued: DateTime<Utc>,
[INFO] [stdout]    |     ^^^^^^
[INFO] [stdout] ...
[INFO] [stdout] 27 |     infraction_type: InfractionType,
[INFO] [stdout]    |     ^^^^^^^^^^^^^^^
[INFO] [stdout]    |
[INFO] [stdout]    = note: `Infraction` has a derived impl for the trait `Debug`, but this is intentionally ignored during dead code analysis
[INFO] [stdout]    = note: `#[warn(dead_code)]` on by default
[INFO] [stdout] 
[INFO] [stdout] 
[INFO] [stdout] warning: fields `id`, `icon`, `invite`, `owner`, `last_checked`, and `last_content` are never read
[INFO] [stdout]   --> src/model/group.rs:51:5
[INFO] [stdout]    |
[INFO] [stdout] 50 | pub struct Group {
[INFO] [stdout]    |            ----- fields in this struct
[INFO] [stdout] 51 |     id: GroupId,
[INFO] [stdout]    |     ^^
[INFO] [stdout] 52 |     icon: String,
[INFO] [stdout]    |     ^^^^
[INFO] [stdout] 53 |     invite: GroupInviteType,
[INFO] [stdout]    |     ^^^^^^
[INFO] [stdout] 54 |     owner: UserId,
[INFO] [stdout]    |     ^^^^^
[INFO] [stdout] 55 |     last_checked: DateTime<Utc>,
[INFO] [stdout]    |     ^^^^^^^^^^^^
[INFO] [stdout] 56 |     last_content: DateTime<Utc>,
[INFO] [stdout]    |     ^^^^^^^^^^^^
[INFO] [stdout]    |
[INFO] [stdout]    = note: `Group` has a derived impl for the trait `Debug`, but this is intentionally ignored during dead code analysis
[INFO] [stdout] 
[INFO] [stdout] 
[INFO] [stdout] warning: trait `GroupActions` is never used
[INFO] [stdout]   --> src/model/group.rs:60:7
[INFO] [stdout]    |
[INFO] [stdout] 60 | trait GroupActions {
[INFO] [stdout]    |       ^^^^^^^^^^^^
[INFO] [stdout] 
[INFO] [stdout] 
[INFO] [stdout] warning: fields `has_mentions`, `user`, and `created_at` are never read
[INFO] [stdout]   --> src/model/post.rs:22:9
[INFO] [stdout]    |
[INFO] [stdout] 15 | pub(crate) struct PostRaw {
[INFO] [stdout]    |                   ------- fields in this struct
[INFO] [stdout] ...
[INFO] [stdout] 22 |     pub has_mentions: bool,
[INFO] [stdout]    |         ^^^^^^^^^^^^
[INFO] [stdout] ...
[INFO] [stdout] 25 |     pub user: UserId,
[INFO] [stdout]    |         ^^^^
[INFO] [stdout] ...
[INFO] [stdout] 28 |     pub created_at: DateTime<Utc>,
[INFO] [stdout]    |         ^^^^^^^^^^
[INFO] [stdout] 
[INFO] [stdout] 
[INFO] [stdout] warning: fields `id`, `username`, and `roles` are never read
[INFO] [stdout]   --> src/model/user.rs:10:5
[INFO] [stdout]    |
[INFO] [stdout] 9  | pub struct User {
[INFO] [stdout]    |            ---- fields in this struct
[INFO] [stdout] 10 |     id: UserId,
[INFO] [stdout]    |     ^^
[INFO] [stdout] 11 |     username: String,
[INFO] [stdout]    |     ^^^^^^^^
[INFO] [stdout] 12 |     roles: Vec<Role>,
[INFO] [stdout]    |     ^^^^^
[INFO] [stdout]    |
[INFO] [stdout]    = note: `User` has a derived impl for the trait `Debug`, but this is intentionally ignored during dead code analysis
[INFO] [stdout] 
[INFO] [stdout] 
[INFO] [stdout] warning: fields `timestamp` and `user_id` are never read
[INFO] [stdout]   --> src/subscriptions/general_update.rs:29:9
[INFO] [stdout]    |
[INFO] [stdout] 27 | pub struct NewPostAdded {
[INFO] [stdout]    |            ------------ fields in this struct
[INFO] [stdout] 28 |     #[serde(rename = "Timestamp")]
[INFO] [stdout] 29 |     pub timestamp: u64,
[INFO] [stdout]    |         ^^^^^^^^^
[INFO] [stdout] 30 |     #[serde(rename = "UserID")]
[INFO] [stdout] 31 |     pub user_id: UserId,
[INFO] [stdout]    |         ^^^^^^^
[INFO] [stdout]    |
[INFO] [stdout]    = note: `NewPostAdded` has a derived impl for the trait `Debug`, but this is intentionally ignored during dead code analysis
[INFO] [stdout] 
[INFO] [stdout] 
[INFO] [stdout] warning: unused pinned boxed `Future` trait object that must be used
[INFO] [stdout]   --> src/subscriptions/general_update.rs:70:21
[INFO] [stdout]    |
[INFO] [stdout] 70 |                     ctx.events.on_post(ctx.clone(), post);
[INFO] [stdout]    |                     ^^^^^^^^^^^^^^^^^^^^^^^^^^^^^^^^^^^^^
[INFO] [stdout]    |
[INFO] [stdout]    = note: futures do nothing unless you `.await` or poll them
[INFO] [stdout]    = note: `#[warn(unused_must_use)]` on by default
[INFO] [stdout] 
[INFO] [stdout] 
[INFO] [stdout] warning: unused return value of `Events::on_post` that must be used
[INFO] [stdout]   --> src/subscriptions/general_update.rs:70:21
[INFO] [stdout]    |
[INFO] [stdout] 70 |                     ctx.events.on_post(ctx.clone(), post);
[INFO] [stdout]    |                     ^^^^^^^^^^^^^^^^^^^^^^^^^^^^^^^^^^^^^
[INFO] [stdout]    |
[INFO] [stdout] help: use `let _ = ...` to ignore the resulting value
[INFO] [stdout]    |
[INFO] [stdout] 70 |                     let _ = ctx.events.on_post(ctx.clone(), post);
[INFO] [stdout]    |                     +++++++
[INFO] [stdout] 
[INFO] [stdout] 
[INFO] [stderr]    Compiling poot v0.1.1 (/opt/rustwide/workdir)
[INFO] [stdout] warning: unreachable pattern
[INFO] [stdout]   --> src/subscriptions/general_update.rs:73:13
[INFO] [stdout]    |
[INFO] [stdout] 66 |             GeneralUpdateEvent::NewPostAdded(post) => {
[INFO] [stdout]    |             -------------------------------------- matches all the relevant values
[INFO] [stdout] ...
[INFO] [stdout] 73 |             _ => {
[INFO] [stdout]    |             ^ no value can reach this
[INFO] [stdout]    |
[INFO] [stdout]    = note: `#[warn(unreachable_patterns)]` on by default
[INFO] [stdout] 
[INFO] [stdout] 
[INFO] [stdout] warning: fields `mod_id`, `reason`, `ban_length`, `issued`, and `infraction_type` are never read
[INFO] [stdout]   --> src/model/client_user.rs:14:5
[INFO] [stdout]    |
[INFO] [stdout] 12 | pub struct Infraction {
[INFO] [stdout]    |            ---------- fields in this struct
[INFO] [stdout] 13 |     #[serde(rename = "ModID")]
[INFO] [stdout] 14 |     mod_id: UserId,
[INFO] [stdout]    |     ^^^^^^
[INFO] [stdout] ...
[INFO] [stdout] 17 |     reason: String,
[INFO] [stdout]    |     ^^^^^^
[INFO] [stdout] ...
[INFO] [stdout] 21 |     ban_length: Value,
[INFO] [stdout]    |     ^^^^^^^^^^
[INFO] [stdout] ...
[INFO] [stdout] 24 |     issued: DateTime<Utc>,
[INFO] [stdout]    |     ^^^^^^
[INFO] [stdout] ...
[INFO] [stdout] 27 |     infraction_type: InfractionType,
[INFO] [stdout]    |     ^^^^^^^^^^^^^^^
[INFO] [stdout]    |
[INFO] [stdout]    = note: `Infraction` has a derived impl for the trait `Debug`, but this is intentionally ignored during dead code analysis
[INFO] [stdout]    = note: `#[warn(dead_code)]` on by default
[INFO] [stdout] 
[INFO] [stdout] 
[INFO] [stdout] warning: fields `id`, `icon`, `invite`, `owner`, `last_checked`, and `last_content` are never read
[INFO] [stdout]   --> src/model/group.rs:51:5
[INFO] [stdout]    |
[INFO] [stdout] 50 | pub struct Group {
[INFO] [stdout]    |            ----- fields in this struct
[INFO] [stdout] 51 |     id: GroupId,
[INFO] [stdout]    |     ^^
[INFO] [stdout] 52 |     icon: String,
[INFO] [stdout]    |     ^^^^
[INFO] [stdout] 53 |     invite: GroupInviteType,
[INFO] [stdout]    |     ^^^^^^
[INFO] [stdout] 54 |     owner: UserId,
[INFO] [stdout]    |     ^^^^^
[INFO] [stdout] 55 |     last_checked: DateTime<Utc>,
[INFO] [stdout]    |     ^^^^^^^^^^^^
[INFO] [stdout] 56 |     last_content: DateTime<Utc>,
[INFO] [stdout]    |     ^^^^^^^^^^^^
[INFO] [stdout]    |
[INFO] [stdout]    = note: `Group` has a derived impl for the trait `Debug`, but this is intentionally ignored during dead code analysis
[INFO] [stdout] 
[INFO] [stdout] 
[INFO] [stdout] warning: trait `GroupActions` is never used
[INFO] [stdout]   --> src/model/group.rs:60:7
[INFO] [stdout]    |
[INFO] [stdout] 60 | trait GroupActions {
[INFO] [stdout]    |       ^^^^^^^^^^^^
[INFO] [stdout] 
[INFO] [stdout] 
[INFO] [stdout] warning: fields `has_mentions`, `user`, and `created_at` are never read
[INFO] [stdout]   --> src/model/post.rs:22:9
[INFO] [stdout]    |
[INFO] [stdout] 15 | pub(crate) struct PostRaw {
[INFO] [stdout]    |                   ------- fields in this struct
[INFO] [stdout] ...
[INFO] [stdout] 22 |     pub has_mentions: bool,
[INFO] [stdout]    |         ^^^^^^^^^^^^
[INFO] [stdout] ...
[INFO] [stdout] 25 |     pub user: UserId,
[INFO] [stdout]    |         ^^^^
[INFO] [stdout] ...
[INFO] [stdout] 28 |     pub created_at: DateTime<Utc>,
[INFO] [stdout]    |         ^^^^^^^^^^
[INFO] [stdout] 
[INFO] [stdout] 
[INFO] [stdout] warning: fields `id`, `username`, and `roles` are never read
[INFO] [stdout]   --> src/model/user.rs:10:5
[INFO] [stdout]    |
[INFO] [stdout] 9  | pub struct User {
[INFO] [stdout]    |            ---- fields in this struct
[INFO] [stdout] 10 |     id: UserId,
[INFO] [stdout]    |     ^^
[INFO] [stdout] 11 |     username: String,
[INFO] [stdout]    |     ^^^^^^^^
[INFO] [stdout] 12 |     roles: Vec<Role>,
[INFO] [stdout]    |     ^^^^^
[INFO] [stdout]    |
[INFO] [stdout]    = note: `User` has a derived impl for the trait `Debug`, but this is intentionally ignored during dead code analysis
[INFO] [stdout] 
[INFO] [stdout] 
[INFO] [stdout] warning: fields `timestamp` and `user_id` are never read
[INFO] [stdout]   --> src/subscriptions/general_update.rs:29:9
[INFO] [stdout]    |
[INFO] [stdout] 27 | pub struct NewPostAdded {
[INFO] [stdout]    |            ------------ fields in this struct
[INFO] [stdout] 28 |     #[serde(rename = "Timestamp")]
[INFO] [stdout] 29 |     pub timestamp: u64,
[INFO] [stdout]    |         ^^^^^^^^^
[INFO] [stdout] 30 |     #[serde(rename = "UserID")]
[INFO] [stdout] 31 |     pub user_id: UserId,
[INFO] [stdout]    |         ^^^^^^^
[INFO] [stdout]    |
[INFO] [stdout]    = note: `NewPostAdded` has a derived impl for the trait `Debug`, but this is intentionally ignored during dead code analysis
[INFO] [stdout] 
[INFO] [stdout] 
[INFO] [stdout] warning: unused pinned boxed `Future` trait object that must be used
[INFO] [stdout]   --> src/subscriptions/general_update.rs:70:21
[INFO] [stdout]    |
[INFO] [stdout] 70 |                     ctx.events.on_post(ctx.clone(), post);
[INFO] [stdout]    |                     ^^^^^^^^^^^^^^^^^^^^^^^^^^^^^^^^^^^^^
[INFO] [stdout]    |
[INFO] [stdout]    = note: futures do nothing unless you `.await` or poll them
[INFO] [stdout]    = note: `#[warn(unused_must_use)]` on by default
[INFO] [stdout] 
[INFO] [stdout] 
[INFO] [stdout] warning: unused return value of `Events::on_post` that must be used
[INFO] [stdout]   --> src/subscriptions/general_update.rs:70:21
[INFO] [stdout]    |
[INFO] [stdout] 70 |                     ctx.events.on_post(ctx.clone(), post);
[INFO] [stdout]    |                     ^^^^^^^^^^^^^^^^^^^^^^^^^^^^^^^^^^^^^
[INFO] [stdout]    |
[INFO] [stdout] help: use `let _ = ...` to ignore the resulting value
[INFO] [stdout]    |
[INFO] [stdout] 70 |                     let _ = ctx.events.on_post(ctx.clone(), post);
[INFO] [stdout]    |                     +++++++
[INFO] [stdout] 
[INFO] [stdout] 
[INFO] [stderr]     Finished `test` profile [unoptimized + debuginfo] target(s) in 3.91s
[INFO] running `Command { std: "docker" "inspect" "58f1a300e9eb922bee04a71c699bf7f65c6b8102ccf44eb13f25000bc70ef030", kill_on_drop: false }`
[INFO] running `Command { std: "docker" "rm" "-f" "58f1a300e9eb922bee04a71c699bf7f65c6b8102ccf44eb13f25000bc70ef030", kill_on_drop: false }`
[INFO] [stdout] 58f1a300e9eb922bee04a71c699bf7f65c6b8102ccf44eb13f25000bc70ef030
[INFO] running `Command { std: "docker" "create" "-v" "/var/lib/crater-agent-workspace/builds/worker-0-tc2/target:/opt/rustwide/target:rw,Z" "-v" "/var/lib/crater-agent-workspace/builds/worker-0-tc2/source:/opt/rustwide/workdir:ro,Z" "-v" "/var/lib/crater-agent-workspace/cargo-home:/opt/rustwide/cargo-home:ro,Z" "-v" "/var/lib/crater-agent-workspace/rustup-home:/opt/rustwide/rustup-home:ro,Z" "-e" "SOURCE_DIR=/opt/rustwide/workdir" "-e" "CARGO_TARGET_DIR=/opt/rustwide/target" "-e" "CARGO_INCREMENTAL=0" "-e" "RUST_BACKTRACE=full" "-e" "RUSTFLAGS=--cap-lints=forbid -Zrandomize-layout" "-e" "RUSTDOCFLAGS=--cap-lints=forbid" "-e" "CARGO_HOME=/opt/rustwide/cargo-home" "-e" "RUSTUP_HOME=/opt/rustwide/rustup-home" "-w" "/opt/rustwide/workdir" "-m" "1610612736" "--user" "0:0" "--network" "none" "ghcr.io/rust-lang/crates-build-env/linux@sha256:4a844ea9eb2546a2d2c7022eacef16ef2e8229c7fbb2c7d4d55a9ceca922f72d" "/opt/rustwide/cargo-home/bin/cargo" "+nightly-2024-10-28" "test" "--frozen", kill_on_drop: false }`
[INFO] [stdout] e01d6dd618e763fc613146d148ae6ab9b0bd2b8e17b6424da35c766dce5aa174
[INFO] running `Command { std: "docker" "start" "-a" "e01d6dd618e763fc613146d148ae6ab9b0bd2b8e17b6424da35c766dce5aa174", kill_on_drop: false }`
[INFO] [stderr] warning: unreachable pattern
[INFO] [stderr]   --> src/subscriptions/general_update.rs:73:13
[INFO] [stderr]    |
[INFO] [stderr] 66 |             GeneralUpdateEvent::NewPostAdded(post) => {
[INFO] [stderr]    |             -------------------------------------- matches all the relevant values
[INFO] [stderr] ...
[INFO] [stderr] 73 |             _ => {
[INFO] [stderr]    |             ^ no value can reach this
[INFO] [stderr]    |
[INFO] [stderr]    = note: `#[warn(unreachable_patterns)]` on by default
[INFO] [stderr] 
[INFO] [stderr] warning: fields `mod_id`, `reason`, `ban_length`, `issued`, and `infraction_type` are never read
[INFO] [stderr]   --> src/model/client_user.rs:14:5
[INFO] [stderr]    |
[INFO] [stderr] 12 | pub struct Infraction {
[INFO] [stderr]    |            ---------- fields in this struct
[INFO] [stderr] 13 |     #[serde(rename = "ModID")]
[INFO] [stderr] 14 |     mod_id: UserId,
[INFO] [stderr]    |     ^^^^^^
[INFO] [stderr] ...
[INFO] [stderr] 17 |     reason: String,
[INFO] [stderr]    |     ^^^^^^
[INFO] [stderr] ...
[INFO] [stderr] 21 |     ban_length: Value,
[INFO] [stderr]    |     ^^^^^^^^^^
[INFO] [stderr] ...
[INFO] [stderr] 24 |     issued: DateTime<Utc>,
[INFO] [stderr]    |     ^^^^^^
[INFO] [stderr] ...
[INFO] [stderr] 27 |     infraction_type: InfractionType,
[INFO] [stderr]    |     ^^^^^^^^^^^^^^^
[INFO] [stderr]    |
[INFO] [stderr]    = note: `Infraction` has a derived impl for the trait `Debug`, but this is intentionally ignored during dead code analysis
[INFO] [stderr]    = note: `#[warn(dead_code)]` on by default
[INFO] [stderr] 
[INFO] [stderr] warning: fields `id`, `icon`, `invite`, `owner`, `last_checked`, and `last_content` are never read
[INFO] [stderr]   --> src/model/group.rs:51:5
[INFO] [stderr]    |
[INFO] [stderr] 50 | pub struct Group {
[INFO] [stderr]    |            ----- fields in this struct
[INFO] [stderr] 51 |     id: GroupId,
[INFO] [stderr]    |     ^^
[INFO] [stderr] 52 |     icon: String,
[INFO] [stderr]    |     ^^^^
[INFO] [stderr] 53 |     invite: GroupInviteType,
[INFO] [stderr]    |     ^^^^^^
[INFO] [stderr] 54 |     owner: UserId,
[INFO] [stderr]    |     ^^^^^
[INFO] [stderr] 55 |     last_checked: DateTime<Utc>,
[INFO] [stderr]    |     ^^^^^^^^^^^^
[INFO] [stderr] 56 |     last_content: DateTime<Utc>,
[INFO] [stderr]    |     ^^^^^^^^^^^^
[INFO] [stderr]    |
[INFO] [stderr]    = note: `Group` has a derived impl for the trait `Debug`, but this is intentionally ignored during dead code analysis
[INFO] [stderr] 
[INFO] [stderr] warning: trait `GroupActions` is never used
[INFO] [stderr]   --> src/model/group.rs:60:7
[INFO] [stderr]    |
[INFO] [stderr] 60 | trait GroupActions {
[INFO] [stderr]    |       ^^^^^^^^^^^^
[INFO] [stderr] 
[INFO] [stderr] warning: fields `has_mentions`, `user`, and `created_at` are never read
[INFO] [stderr]   --> src/model/post.rs:22:9
[INFO] [stderr]    |
[INFO] [stderr] 15 | pub(crate) struct PostRaw {
[INFO] [stderr]    |                   ------- fields in this struct
[INFO] [stderr] ...
[INFO] [stderr] 22 |     pub has_mentions: bool,
[INFO] [stderr]    |         ^^^^^^^^^^^^
[INFO] [stderr] ...
[INFO] [stderr] 25 |     pub user: UserId,
[INFO] [stderr]    |         ^^^^
[INFO] [stderr] ...
[INFO] [stderr] 28 |     pub created_at: DateTime<Utc>,
[INFO] [stderr]    |         ^^^^^^^^^^
[INFO] [stderr] 
[INFO] [stderr] warning: fields `id`, `username`, and `roles` are never read
[INFO] [stderr]   --> src/model/user.rs:10:5
[INFO] [stderr]    |
[INFO] [stderr] 9  | pub struct User {
[INFO] [stderr]    |            ---- fields in this struct
[INFO] [stderr] 10 |     id: UserId,
[INFO] [stderr]    |     ^^
[INFO] [stderr] 11 |     username: String,
[INFO] [stderr]    |     ^^^^^^^^
[INFO] [stderr] 12 |     roles: Vec<Role>,
[INFO] [stderr]    |     ^^^^^
[INFO] [stderr]    |
[INFO] [stderr]    = note: `User` has a derived impl for the trait `Debug`, but this is intentionally ignored during dead code analysis
[INFO] [stderr] 
[INFO] [stderr] warning: fields `timestamp` and `user_id` are never read
[INFO] [stderr]   --> src/subscriptions/general_update.rs:29:9
[INFO] [stderr]    |
[INFO] [stderr] 27 | pub struct NewPostAdded {
[INFO] [stderr]    |            ------------ fields in this struct
[INFO] [stderr] 28 |     #[serde(rename = "Timestamp")]
[INFO] [stderr] 29 |     pub timestamp: u64,
[INFO] [stderr]    |         ^^^^^^^^^
[INFO] [stderr] 30 |     #[serde(rename = "UserID")]
[INFO] [stderr] 31 |     pub user_id: UserId,
[INFO] [stderr]    |         ^^^^^^^
[INFO] [stderr]    |
[INFO] [stderr]    = note: `NewPostAdded` has a derived impl for the trait `Debug`, but this is intentionally ignored during dead code analysis
[INFO] [stderr] 
[INFO] [stderr] warning: unused pinned boxed `Future` trait object that must be used
[INFO] [stderr]   --> src/subscriptions/general_update.rs:70:21
[INFO] [stderr]    |
[INFO] [stderr] 70 |                     ctx.events.on_post(ctx.clone(), post);
[INFO] [stderr]    |                     ^^^^^^^^^^^^^^^^^^^^^^^^^^^^^^^^^^^^^
[INFO] [stderr]    |
[INFO] [stderr]    = note: futures do nothing unless you `.await` or poll them
[INFO] [stderr]    = note: `#[warn(unused_must_use)]` on by default
[INFO] [stderr] 
[INFO] [stderr] warning: unused return value of `Events::on_post` that must be used
[INFO] [stderr]   --> src/subscriptions/general_update.rs:70:21
[INFO] [stderr]    |
[INFO] [stderr] 70 |                     ctx.events.on_post(ctx.clone(), post);
[INFO] [stderr]    |                     ^^^^^^^^^^^^^^^^^^^^^^^^^^^^^^^^^^^^^
[INFO] [stderr]    |
[INFO] [stderr] help: use `let _ = ...` to ignore the resulting value
[INFO] [stderr]    |
[INFO] [stderr] 70 |                     let _ = ctx.events.on_post(ctx.clone(), post);
[INFO] [stderr]    |                     +++++++
[INFO] [stderr] 
[INFO] [stderr] warning: `poot` (lib) generated 9 warnings
[INFO] [stderr] warning: `poot` (lib test) generated 9 warnings (9 duplicates)
[INFO] [stderr]     Finished `test` profile [unoptimized + debuginfo] target(s) in 0.38s
[INFO] [stderr]      Running unittests src/lib.rs (/opt/rustwide/target/debug/deps/poot-8716ae0ca3f37f5a)
[INFO] [stdout] 
[INFO] [stdout] running 2 tests
[INFO] [stdout] test model::role::test ... ok
[INFO] [stdout] test test::test ... FAILED
[INFO] [stdout] 
[INFO] [stdout] failures:
[INFO] [stdout] 
[INFO] [stdout] ---- test::test stdout ----
[INFO] [stdout] thread 'test::test' panicked at src/lib.rs:127:46:
[INFO] [stdout] called `Result::unwrap()` on an `Err` value: NotPresent
[INFO] [stdout] stack backtrace:
[INFO] [stdout]    0:     0x633620bcba3a - std::backtrace_rs::backtrace::libunwind::trace::h207520d6e9873551
[INFO] [stdout]                                at /rustc/df4ca44d3fbc9301ee17f30f4d474e6ae4b05252/library/std/src/../../backtrace/src/backtrace/libunwind.rs:116:5
[INFO] [stdout]    1:     0x633620bcba3a - std::backtrace_rs::backtrace::trace_unsynchronized::h2ed7433f370e3eca
[INFO] [stdout]                                at /rustc/df4ca44d3fbc9301ee17f30f4d474e6ae4b05252/library/std/src/../../backtrace/src/backtrace/mod.rs:66:5
[INFO] [stdout]    2:     0x633620bcba3a - std::sys::backtrace::_print_fmt::h916fac51166b18d7
[INFO] [stdout]                                at /rustc/df4ca44d3fbc9301ee17f30f4d474e6ae4b05252/library/std/src/sys/backtrace.rs:66:9
[INFO] [stdout]    3:     0x633620bcba3a - <std::sys::backtrace::BacktraceLock::print::DisplayBacktrace as core::fmt::Display>::fmt::ha0a4c9b8ce3802e6
[INFO] [stdout]                                at /rustc/df4ca44d3fbc9301ee17f30f4d474e6ae4b05252/library/std/src/sys/backtrace.rs:39:26
[INFO] [stdout]    4:     0x633620bf6173 - core::fmt::rt::Argument::fmt::h4cfc8587d52b3eb5
[INFO] [stdout]                                at /rustc/df4ca44d3fbc9301ee17f30f4d474e6ae4b05252/library/core/src/fmt/rt.rs:177:76
[INFO] [stdout]    5:     0x633620bf6173 - core::fmt::write::h522cc39e5b36ae9f
[INFO] [stdout]                                at /rustc/df4ca44d3fbc9301ee17f30f4d474e6ae4b05252/library/core/src/fmt/mod.rs:1190:21
[INFO] [stdout]    6:     0x633620bc7853 - std::io::Write::write_fmt::h7d3c26752da97734
[INFO] [stdout]                                at /rustc/df4ca44d3fbc9301ee17f30f4d474e6ae4b05252/library/std/src/io/mod.rs:1839:15
[INFO] [stdout]    7:     0x633620bcb882 - std::sys::backtrace::BacktraceLock::print::h4b9e00b29e9c0942
[INFO] [stdout]                                at /rustc/df4ca44d3fbc9301ee17f30f4d474e6ae4b05252/library/std/src/sys/backtrace.rs:42:9
[INFO] [stdout]    8:     0x633620bcceca - std::panicking::default_hook::{{closure}}::hb59b88280d0324d9
[INFO] [stdout]                                at /rustc/df4ca44d3fbc9301ee17f30f4d474e6ae4b05252/library/std/src/panicking.rs:268:22
[INFO] [stdout]    9:     0x633620bcccd4 - std::panicking::default_hook::he1dd496665be4a29
[INFO] [stdout]                                at /rustc/df4ca44d3fbc9301ee17f30f4d474e6ae4b05252/library/std/src/panicking.rs:292:9
[INFO] [stdout]   10:     0x633620852629 - <alloc::boxed::Box<F,A> as core::ops::function::Fn<Args>>::call::h4ff71de18744e1dc
[INFO] [stdout]                                at /rustc/df4ca44d3fbc9301ee17f30f4d474e6ae4b05252/library/alloc/src/boxed.rs:2468:9
[INFO] [stdout]   11:     0x633620852629 - test::test_main::{{closure}}::hcf7c055ce117aa81
[INFO] [stdout]                                at /rustc/df4ca44d3fbc9301ee17f30f4d474e6ae4b05252/library/test/src/lib.rs:133:21
[INFO] [stdout]   12:     0x633620bcd5c8 - <alloc::boxed::Box<F,A> as core::ops::function::Fn<Args>>::call::h1d66c6bbd60c9692
[INFO] [stdout]                                at /rustc/df4ca44d3fbc9301ee17f30f4d474e6ae4b05252/library/alloc/src/boxed.rs:2468:9
[INFO] [stdout]   13:     0x633620bcd5c8 - std::panicking::rust_panic_with_hook::h2ff17fe8f26dfcf8
[INFO] [stdout]                                at /rustc/df4ca44d3fbc9301ee17f30f4d474e6ae4b05252/library/std/src/panicking.rs:809:13
[INFO] [stdout]   14:     0x633620bcd38a - std::panicking::begin_panic_handler::{{closure}}::h4fad77951c07e101
[INFO] [stdout]                                at /rustc/df4ca44d3fbc9301ee17f30f4d474e6ae4b05252/library/std/src/panicking.rs:674:13
[INFO] [stdout]   15:     0x633620bcbf19 - std::sys::backtrace::__rust_end_short_backtrace::hb1a25b3da5d0ea08
[INFO] [stdout]                                at /rustc/df4ca44d3fbc9301ee17f30f4d474e6ae4b05252/library/std/src/sys/backtrace.rs:170:18
[INFO] [stdout]   16:     0x633620bcd01c - rust_begin_unwind
[INFO] [stdout]                                at /rustc/df4ca44d3fbc9301ee17f30f4d474e6ae4b05252/library/std/src/panicking.rs:665:5
[INFO] [stdout]   17:     0x633620bf3e40 - core::panicking::panic_fmt::ha9db07b529f9b256
[INFO] [stdout]                                at /rustc/df4ca44d3fbc9301ee17f30f4d474e6ae4b05252/library/core/src/panicking.rs:75:14
[INFO] [stdout]   18:     0x633620bf42c6 - core::result::unwrap_failed::h5e8218e4d4338b8a
[INFO] [stdout]                                at /rustc/df4ca44d3fbc9301ee17f30f4d474e6ae4b05252/library/core/src/result.rs:1698:5
[INFO] [stdout]   19:     0x63362054fc74 - core::result::Result<T,E>::unwrap::h0db2ab35985e8f5b
[INFO] [stdout]                                at /rustc/df4ca44d3fbc9301ee17f30f4d474e6ae4b05252/library/core/src/result.rs:1103:23
[INFO] [stdout]   20:     0x63362054fc74 - poot::test::test::{{closure}}::h1a9c4990182cafcf
[INFO] [stdout]                                at /opt/rustwide/workdir/src/lib.rs:127:26
[INFO] [stdout]   21:     0x6336205786dd - <core::pin::Pin<P> as core::future::future::Future>::poll::h84c7e09e0994595a
[INFO] [stdout]                                at /rustc/df4ca44d3fbc9301ee17f30f4d474e6ae4b05252/library/core/src/future/future.rs:123:9
[INFO] [stdout]   22:     0x63362055501f - tokio::runtime::basic_scheduler::CoreGuard::block_on::{{closure}}::{{closure}}::{{closure}}::hbd9e11753834ae89
[INFO] [stdout]                                at /opt/rustwide/cargo-home/registry/src/index.crates.io-6f17d22bba15001f/tokio-1.19.2/src/runtime/basic_scheduler.rs:508:48
[INFO] [stdout]   23:     0x633620569313 - tokio::coop::with_budget::{{closure}}::heec941a49765d601
[INFO] [stdout]                                at /opt/rustwide/cargo-home/registry/src/index.crates.io-6f17d22bba15001f/tokio-1.19.2/src/coop.rs:102:9
[INFO] [stdout]   24:     0x63362055db3a - std::thread::local::LocalKey<T>::try_with::ha6a492e46a1caa8b
[INFO] [stdout]                                at /rustc/df4ca44d3fbc9301ee17f30f4d474e6ae4b05252/library/std/src/thread/local.rs:283:12
[INFO] [stdout]   25:     0x63362055d6ca - std::thread::local::LocalKey<T>::with::hb330f49e767ae182
[INFO] [stdout]                                at /rustc/df4ca44d3fbc9301ee17f30f4d474e6ae4b05252/library/std/src/thread/local.rs:260:9
[INFO] [stdout]   26:     0x633620554fb9 - tokio::coop::with_budget::h4e7cfc459dd4b845
[INFO] [stdout]                                at /opt/rustwide/cargo-home/registry/src/index.crates.io-6f17d22bba15001f/tokio-1.19.2/src/coop.rs:95:5
[INFO] [stdout]   27:     0x633620554fb9 - tokio::coop::budget::h5f41dff9c3d1bc91
[INFO] [stdout]                                at /opt/rustwide/cargo-home/registry/src/index.crates.io-6f17d22bba15001f/tokio-1.19.2/src/coop.rs:72:5
[INFO] [stdout]   28:     0x633620554fb9 - tokio::runtime::basic_scheduler::CoreGuard::block_on::{{closure}}::{{closure}}::hc268ea22830a246a
[INFO] [stdout]                                at /opt/rustwide/cargo-home/registry/src/index.crates.io-6f17d22bba15001f/tokio-1.19.2/src/runtime/basic_scheduler.rs:508:25
[INFO] [stdout]   29:     0x633620553040 - tokio::runtime::basic_scheduler::Context::enter::hfb2ee4833ca6e905
[INFO] [stdout]                                at /opt/rustwide/cargo-home/registry/src/index.crates.io-6f17d22bba15001f/tokio-1.19.2/src/runtime/basic_scheduler.rs:362:19
[INFO] [stdout]   30:     0x633620554943 - tokio::runtime::basic_scheduler::CoreGuard::block_on::{{closure}}::h5daeb6c4581e2ee6
[INFO] [stdout]                                at /opt/rustwide/cargo-home/registry/src/index.crates.io-6f17d22bba15001f/tokio-1.19.2/src/runtime/basic_scheduler.rs:507:36
[INFO] [stdout]   31:     0x633620554714 - tokio::runtime::basic_scheduler::CoreGuard::enter::{{closure}}::hd5180868a8d24786
[INFO] [stdout]                                at /opt/rustwide/cargo-home/registry/src/index.crates.io-6f17d22bba15001f/tokio-1.19.2/src/runtime/basic_scheduler.rs:565:57
[INFO] [stdout]   32:     0x63362055c07d - tokio::macros::scoped_tls::ScopedKey<T>::set::h04a270f90ce9802a
[INFO] [stdout]                                at /opt/rustwide/cargo-home/registry/src/index.crates.io-6f17d22bba15001f/tokio-1.19.2/src/macros/scoped_tls.rs:61:9
[INFO] [stdout]   33:     0x6336205544ec - tokio::runtime::basic_scheduler::CoreGuard::enter::h0847f24bc7c6f558
[INFO] [stdout]                                at /opt/rustwide/cargo-home/registry/src/index.crates.io-6f17d22bba15001f/tokio-1.19.2/src/runtime/basic_scheduler.rs:565:27
[INFO] [stdout]   34:     0x63362055472a - tokio::runtime::basic_scheduler::CoreGuard::block_on::hb5ec8326aaed28a2
[INFO] [stdout]                                at /opt/rustwide/cargo-home/registry/src/index.crates.io-6f17d22bba15001f/tokio-1.19.2/src/runtime/basic_scheduler.rs:498:9
[INFO] [stdout]   35:     0x6336205527dd - tokio::runtime::basic_scheduler::BasicScheduler::block_on::h75cabf3464443b6e
[INFO] [stdout]                                at /opt/rustwide/cargo-home/registry/src/index.crates.io-6f17d22bba15001f/tokio-1.19.2/src/runtime/basic_scheduler.rs:174:24
[INFO] [stdout]   36:     0x63362056b4a4 - tokio::runtime::Runtime::block_on::h161e6ed736a5c12a
[INFO] [stdout]                                at /opt/rustwide/cargo-home/registry/src/index.crates.io-6f17d22bba15001f/tokio-1.19.2/src/runtime/mod.rs:480:46
[INFO] [stdout]   37:     0x63362054fa5a - poot::test::test::h811b8e2122332bc2
[INFO] [stdout]                                at /opt/rustwide/workdir/src/lib.rs:125:9
[INFO] [stdout]   38:     0x63362054f8f7 - poot::test::test::{{closure}}::habeeecf7d4dc8640
[INFO] [stdout]                                at /opt/rustwide/workdir/src/lib.rs:123:24
[INFO] [stdout]   39:     0x633620523b06 - core::ops::function::FnOnce::call_once::h752cd001d0c6d437
[INFO] [stdout]                                at /rustc/df4ca44d3fbc9301ee17f30f4d474e6ae4b05252/library/core/src/ops/function.rs:250:5
[INFO] [stdout]   40:     0x633620856efb - core::ops::function::FnOnce::call_once::h22c3ba5715e93f05
[INFO] [stdout]                                at /rustc/df4ca44d3fbc9301ee17f30f4d474e6ae4b05252/library/core/src/ops/function.rs:250:5
[INFO] [stdout]   41:     0x633620856efb - test::__rust_begin_short_backtrace::h8e82d8113d0da17f
[INFO] [stdout]                                at /rustc/df4ca44d3fbc9301ee17f30f4d474e6ae4b05252/library/test/src/lib.rs:621:18
[INFO] [stdout]   42:     0x633620856877 - test::run_test_in_process::{{closure}}::h33235f4f20b7b7c7
[INFO] [stdout]                                at /rustc/df4ca44d3fbc9301ee17f30f4d474e6ae4b05252/library/test/src/lib.rs:644:60
[INFO] [stdout]   43:     0x633620856877 - <core::panic::unwind_safe::AssertUnwindSafe<F> as core::ops::function::FnOnce<()>>::call_once::hb5043206310c586f
[INFO] [stdout]                                at /rustc/df4ca44d3fbc9301ee17f30f4d474e6ae4b05252/library/core/src/panic/unwind_safe.rs:272:9
[INFO] [stdout]   44:     0x633620856877 - std::panicking::try::do_call::h9ad4731a60ab23e2
[INFO] [stdout]                                at /rustc/df4ca44d3fbc9301ee17f30f4d474e6ae4b05252/library/std/src/panicking.rs:557:40
[INFO] [stdout]   45:     0x633620856877 - std::panicking::try::h3824d23db772a716
[INFO] [stdout]                                at /rustc/df4ca44d3fbc9301ee17f30f4d474e6ae4b05252/library/std/src/panicking.rs:520:19
[INFO] [stdout]   46:     0x633620856877 - std::panic::catch_unwind::h5afd514605fde46b
[INFO] [stdout]                                at /rustc/df4ca44d3fbc9301ee17f30f4d474e6ae4b05252/library/std/src/panic.rs:358:14
[INFO] [stdout]   47:     0x633620856877 - test::run_test_in_process::h0d5cbfa7067d1720
[INFO] [stdout]                                at /rustc/df4ca44d3fbc9301ee17f30f4d474e6ae4b05252/library/test/src/lib.rs:644:27
[INFO] [stdout]   48:     0x633620856877 - test::run_test::{{closure}}::h708eb8872708115d
[INFO] [stdout]                                at /rustc/df4ca44d3fbc9301ee17f30f4d474e6ae4b05252/library/test/src/lib.rs:565:43
[INFO] [stdout]   49:     0x633620819f94 - test::run_test::{{closure}}::h392c51cee94713ab
[INFO] [stdout]                                at /rustc/df4ca44d3fbc9301ee17f30f4d474e6ae4b05252/library/test/src/lib.rs:595:41
[INFO] [stdout]   50:     0x633620819f94 - std::sys::backtrace::__rust_begin_short_backtrace::h2f40290710935a8b
[INFO] [stdout]                                at /rustc/df4ca44d3fbc9301ee17f30f4d474e6ae4b05252/library/std/src/sys/backtrace.rs:154:18
[INFO] [stdout]   51:     0x63362081d73e - std::thread::Builder::spawn_unchecked_::{{closure}}::{{closure}}::h3fd968d89053a903
[INFO] [stdout]                                at /rustc/df4ca44d3fbc9301ee17f30f4d474e6ae4b05252/library/std/src/thread/mod.rs:541:17
[INFO] [stdout]   52:     0x63362081d73e - <core::panic::unwind_safe::AssertUnwindSafe<F> as core::ops::function::FnOnce<()>>::call_once::h743f637ba4229880
[INFO] [stdout]                                at /rustc/df4ca44d3fbc9301ee17f30f4d474e6ae4b05252/library/core/src/panic/unwind_safe.rs:272:9
[INFO] [stdout]   53:     0x63362081d73e - std::panicking::try::do_call::h07440897322525a6
[INFO] [stdout]                                at /rustc/df4ca44d3fbc9301ee17f30f4d474e6ae4b05252/library/std/src/panicking.rs:557:40
[INFO] [stdout]   54:     0x63362081d73e - std::panicking::try::he5a2e00188156637
[INFO] [stdout]                                at /rustc/df4ca44d3fbc9301ee17f30f4d474e6ae4b05252/library/std/src/panicking.rs:520:19
[INFO] [stdout]   55:     0x63362081d73e - std::panic::catch_unwind::hbaf3cae49b3c6433
[INFO] [stdout]                                at /rustc/df4ca44d3fbc9301ee17f30f4d474e6ae4b05252/library/std/src/panic.rs:358:14
[INFO] [stdout]   56:     0x63362081d73e - std::thread::Builder::spawn_unchecked_::{{closure}}::h8e141ea224820bce
[INFO] [stdout]                                at /rustc/df4ca44d3fbc9301ee17f30f4d474e6ae4b05252/library/std/src/thread/mod.rs:540:30
[INFO] [stdout]   57:     0x63362081d73e - core::ops::function::FnOnce::call_once{{vtable.shim}}::h90d312fedd7b8ea8
[INFO] [stdout]                                at /rustc/df4ca44d3fbc9301ee17f30f4d474e6ae4b05252/library/core/src/ops/function.rs:250:5
[INFO] [stdout]   58:     0x633620bd192b - <alloc::boxed::Box<F,A> as core::ops::function::FnOnce<Args>>::call_once::h69aa08ddb6adb8b6
[INFO] [stdout]                                at /rustc/df4ca44d3fbc9301ee17f30f4d474e6ae4b05252/library/alloc/src/boxed.rs:2454:9
[INFO] [stdout]   59:     0x633620bd192b - <alloc::boxed::Box<F,A> as core::ops::function::FnOnce<Args>>::call_once::h5aa36efdb79c806f
[INFO] [stdout]                                at /rustc/df4ca44d3fbc9301ee17f30f4d474e6ae4b05252/library/alloc/src/boxed.rs:2454:9
[INFO] [stdout]   60:     0x633620bd192b - std::sys::pal::unix::thread::Thread::new::thread_start::h6cd80a1b4be5158d
[INFO] [stdout]                                at /rustc/df4ca44d3fbc9301ee17f30f4d474e6ae4b05252/library/std/src/sys/pal/unix/thread.rs:105:17
[INFO] [stdout]   61:     0x702dc97d0ac3 - <unknown>
[INFO] [stdout]   62:     0x702dc9861a04 - clone
[INFO] [stdout]   63:                0x0 - <unknown>
[INFO] [stdout] 
[INFO] [stdout] 
[INFO] [stdout] failures:
[INFO] [stdout]     test::test
[INFO] [stdout] 
[INFO] [stdout] test result: FAILED. 1 passed; 1 failed; 0 ignored; 0 measured; 0 filtered out; finished in 0.05s
[INFO] [stdout] 
[INFO] [stderr] error: test failed, to rerun pass `--lib`
[INFO] running `Command { std: "docker" "inspect" "e01d6dd618e763fc613146d148ae6ab9b0bd2b8e17b6424da35c766dce5aa174", kill_on_drop: false }`
[INFO] running `Command { std: "docker" "rm" "-f" "e01d6dd618e763fc613146d148ae6ab9b0bd2b8e17b6424da35c766dce5aa174", kill_on_drop: false }`
[INFO] [stdout] e01d6dd618e763fc613146d148ae6ab9b0bd2b8e17b6424da35c766dce5aa174
