[INFO] fetching crate polymesh-api 3.8.1...
[INFO] testing polymesh-api-3.8.1 against nightly-2024-10-28 for randomize-layout
[INFO] extracting crate polymesh-api 3.8.1 into /workspace/builds/worker-5-tc1/source
[INFO] validating manifest of crates.io crate polymesh-api 3.8.1 on toolchain nightly-2024-10-28
[INFO] running `Command { std: CARGO_HOME="/workspace/cargo-home" RUSTUP_HOME="/workspace/rustup-home" "/workspace/cargo-home/bin/cargo" "+nightly-2024-10-28" "metadata" "--manifest-path" "Cargo.toml" "--no-deps", kill_on_drop: false }`
[INFO] started tweaking crates.io crate polymesh-api 3.8.1
[INFO] finished tweaking crates.io crate polymesh-api 3.8.1
[INFO] tweaked toml for crates.io crate polymesh-api 3.8.1 written to /workspace/builds/worker-5-tc1/source/Cargo.toml
[INFO] running `Command { std: CARGO_HOME="/workspace/cargo-home" RUSTUP_HOME="/workspace/rustup-home" "/workspace/cargo-home/bin/cargo" "+nightly-2024-10-28" "generate-lockfile" "--manifest-path" "Cargo.toml", kill_on_drop: false }`
[INFO] [stderr]     Updating crates.io index
[INFO] [stderr]      Locking 535 packages to latest compatible versions
[INFO] [stderr]       Adding curve25519-dalek v3.2.0 (available: v3.2.1)
[INFO] [stderr]       Adding env_logger v0.9.3 (available: v0.11.5)
[INFO] [stderr]       Adding frame-metadata v15.1.0 (available: v15.2.0)
[INFO] [stderr]       Adding ink v4.3.0 (available: v5.0.0)
[INFO] [stderr]       Adding serde-big-array v0.4.1 (available: v0.5.1)
[INFO] [stderr]       Adding sp-arithmetic v21.0.0 (available: v26.0.0)
[INFO] [stderr]       Adding subtle v2.4.1 (available: v2.6.1)
[INFO] [stderr]       Adding unicode-normalization v0.1.22 (available: v0.1.24)
[INFO] running `Command { std: CARGO_HOME="/workspace/cargo-home" RUSTUP_HOME="/workspace/rustup-home" "/workspace/cargo-home/bin/cargo" "+nightly-2024-10-28" "fetch" "--manifest-path" "Cargo.toml", kill_on_drop: false }`
[INFO] [stderr]  Downloading crates ...
[INFO] [stderr]   Downloaded sp-debug-derive v12.0.0
[INFO] [stderr]   Downloaded polymesh-api-ink v1.5.0
[INFO] [stderr]   Downloaded sp-weights v25.0.0
[INFO] [stderr]   Downloaded sp-core v26.0.0
[INFO] [stderr]   Downloaded sp-core-hashing v13.0.0
[INFO] [stderr]   Downloaded jsonrpsee v0.20.4
[INFO] [stderr]   Downloaded sp-runtime-interface v22.0.0
[INFO] [stderr]   Downloaded sp-application-crypto v28.0.0
[INFO] [stderr]   Downloaded jsonrpsee-http-client v0.20.4
[INFO] [stderr]   Downloaded sp-io v28.0.0
[INFO] [stderr]   Downloaded subxt-macro v0.33.0
[INFO] [stderr]   Downloaded soketto v0.7.1
[INFO] [stderr]   Downloaded base58 v0.2.0
[INFO] [stderr]   Downloaded ink_metadata v4.3.0
[INFO] [stderr]   Downloaded sp-keystore v0.32.0
[INFO] [stderr]   Downloaded ink v4.3.0
[INFO] [stderr]   Downloaded sp-state-machine v0.33.0
[INFO] [stderr]   Downloaded trie-db v0.28.0
[INFO] [stderr]   Downloaded ink_codegen v4.3.0
[INFO] [stderr]   Downloaded sp-runtime v29.0.0
[INFO] [stderr]   Downloaded polymesh-api-client v3.8.0
[INFO] [stderr]   Downloaded scale-decode v0.10.0
[INFO] [stderr]   Downloaded wasmi v0.31.2
[INFO] [stderr]   Downloaded smoldot-light v0.12.0
[INFO] [stderr]   Downloaded jsonrpsee-core v0.20.4
[INFO] [stderr]   Downloaded subxt v0.33.0
[INFO] [stderr]   Downloaded ink_macro v4.3.0
[INFO] [stderr]   Downloaded ink_env v4.3.0
[INFO] [stderr]   Downloaded scale-decode v0.9.0
[INFO] [stderr]   Downloaded sp-trie v27.0.0
[INFO] [stderr]   Downloaded frame-metadata v15.1.0
[INFO] [stderr]   Downloaded sp-runtime-interface-proc-macro v15.0.0
[INFO] [stderr]   Downloaded sp-wasm-interface v18.0.0
[INFO] [stderr]   Downloaded sp-panic-handler v12.0.0
[INFO] [stderr]   Downloaded yap v0.11.0
[INFO] [stderr]   Downloaded wasmi_core v0.13.0
[INFO] [stderr]   Downloaded subxt-codegen v0.33.0
[INFO] [stderr]   Downloaded ink_allocator v4.3.0
[INFO] [stderr]   Downloaded scale-encode v0.5.0
[INFO] [stderr]   Downloaded ink_storage_traits v4.3.0
[INFO] [stderr]   Downloaded bounded-collections v0.1.9
[INFO] [stderr]   Downloaded scale-value v0.13.0
[INFO] [stderr]   Downloaded subxt-lightclient v0.33.0
[INFO] [stderr]   Downloaded jsonrpsee-wasm-client v0.20.4
[INFO] [stderr]   Downloaded gloo-net v0.4.0
[INFO] [stderr]   Downloaded jsonrpsee-client-transport v0.20.4
[INFO] [stderr]   Downloaded jsonrpsee-ws-client v0.20.4
[INFO] [stderr]   Downloaded polymesh-api-codegen v3.6.1
[INFO] [stderr]   Downloaded polymesh-api-codegen-macro v3.6.1
[INFO] [stderr]   Downloaded ink_ir v4.3.0
[INFO] [stderr]   Downloaded sp-externalities v0.23.0
[INFO] [stderr]   Downloaded subxt-metadata v0.33.0
[INFO] [stderr]   Downloaded scale-encode-derive v0.5.0
[INFO] [stderr]   Downloaded scale-decode-derive v0.9.0
[INFO] [stderr]   Downloaded jsonrpsee-types v0.20.4
[INFO] [stderr]   Downloaded ink_prelude v4.3.0
[INFO] [stderr]   Downloaded scale-bits v0.4.0
[INFO] [stderr]   Downloaded ink_primitives v4.3.0
[INFO] [stderr]   Downloaded sp-tracing v14.0.0
[INFO] [stderr]   Downloaded scale-decode-derive v0.10.0
[INFO] [stderr]   Downloaded wasmi_arena v0.4.1
[INFO] [stderr]   Downloaded subxt-signer v0.33.0
[INFO] [stderr]   Downloaded ink_engine v4.3.0
[INFO] [stderr]   Downloaded ink_storage v4.3.0
[INFO] [stderr]   Downloaded sp-arithmetic v21.0.0
[INFO] [stderr]   Downloaded sp-storage v17.0.0
[INFO] [stderr]   Downloaded smoldot v0.14.0
[INFO] [stderr]   Downloaded sp-std v12.0.0
[INFO] running `Command { std: "docker" "create" "-v" "/var/lib/crater-agent-workspace/builds/worker-5-tc1/target:/opt/rustwide/target:rw,Z" "-v" "/var/lib/crater-agent-workspace/builds/worker-5-tc1/source:/opt/rustwide/workdir:ro,Z" "-v" "/var/lib/crater-agent-workspace/cargo-home:/opt/rustwide/cargo-home:ro,Z" "-v" "/var/lib/crater-agent-workspace/rustup-home:/opt/rustwide/rustup-home:ro,Z" "-e" "SOURCE_DIR=/opt/rustwide/workdir" "-e" "CARGO_TARGET_DIR=/opt/rustwide/target" "-e" "CARGO_HOME=/opt/rustwide/cargo-home" "-e" "RUSTUP_HOME=/opt/rustwide/rustup-home" "-w" "/opt/rustwide/workdir" "-m" "1610612736" "--user" "0:0" "--network" "none" "ghcr.io/rust-lang/crates-build-env/linux@sha256:4a844ea9eb2546a2d2c7022eacef16ef2e8229c7fbb2c7d4d55a9ceca922f72d" "/opt/rustwide/cargo-home/bin/cargo" "+nightly-2024-10-28" "metadata" "--no-deps" "--format-version=1", kill_on_drop: false }`
[INFO] [stdout] 77a4863cab16270844e46189c6d89e0610e7070e52be30b39039ed72e8b36a87
[INFO] running `Command { std: "docker" "start" "-a" "77a4863cab16270844e46189c6d89e0610e7070e52be30b39039ed72e8b36a87", kill_on_drop: false }`
[INFO] running `Command { std: "docker" "inspect" "77a4863cab16270844e46189c6d89e0610e7070e52be30b39039ed72e8b36a87", kill_on_drop: false }`
[INFO] running `Command { std: "docker" "rm" "-f" "77a4863cab16270844e46189c6d89e0610e7070e52be30b39039ed72e8b36a87", kill_on_drop: false }`
[INFO] [stdout] 77a4863cab16270844e46189c6d89e0610e7070e52be30b39039ed72e8b36a87
[INFO] running `Command { std: "docker" "create" "-v" "/var/lib/crater-agent-workspace/builds/worker-5-tc1/target:/opt/rustwide/target:rw,Z" "-v" "/var/lib/crater-agent-workspace/builds/worker-5-tc1/source:/opt/rustwide/workdir:ro,Z" "-v" "/var/lib/crater-agent-workspace/cargo-home:/opt/rustwide/cargo-home:ro,Z" "-v" "/var/lib/crater-agent-workspace/rustup-home:/opt/rustwide/rustup-home:ro,Z" "-e" "SOURCE_DIR=/opt/rustwide/workdir" "-e" "CARGO_TARGET_DIR=/opt/rustwide/target" "-e" "CARGO_INCREMENTAL=0" "-e" "RUST_BACKTRACE=full" "-e" "RUSTFLAGS=--cap-lints=forbid" "-e" "RUSTDOCFLAGS=--cap-lints=forbid" "-e" "CARGO_HOME=/opt/rustwide/cargo-home" "-e" "RUSTUP_HOME=/opt/rustwide/rustup-home" "-w" "/opt/rustwide/workdir" "-m" "1610612736" "--user" "0:0" "--network" "none" "ghcr.io/rust-lang/crates-build-env/linux@sha256:4a844ea9eb2546a2d2c7022eacef16ef2e8229c7fbb2c7d4d55a9ceca922f72d" "/opt/rustwide/cargo-home/bin/cargo" "+nightly-2024-10-28" "build" "--frozen" "--message-format=json", kill_on_drop: false }`
[INFO] [stdout] 8ddc26dd21f60b24b53cdba551be43f9a0a70b0b4f0baae11b8642b36b584467
[INFO] running `Command { std: "docker" "start" "-a" "8ddc26dd21f60b24b53cdba551be43f9a0a70b0b4f0baae11b8642b36b584467", kill_on_drop: false }`
[INFO] [stderr]    Compiling serde v1.0.214
[INFO] [stderr]    Compiling byteorder v1.5.0
[INFO] [stderr]    Compiling syn v2.0.86
[INFO] [stderr]    Compiling getrandom v0.2.15
[INFO] [stderr]    Compiling subtle v2.4.1
[INFO] [stderr]    Compiling syn v1.0.109
[INFO] [stderr]    Compiling futures-core v0.3.31
[INFO] [stderr]    Compiling arrayvec v0.7.6
[INFO] [stderr]    Compiling smallvec v1.13.2
[INFO] [stderr]    Compiling rand_core v0.6.4
[INFO] [stderr]    Compiling byte-slice-cast v1.2.2
[INFO] [stderr]    Compiling unicode-normalization v0.1.22
[INFO] [stderr]    Compiling futures-channel v0.3.31
[INFO] [stderr]    Compiling tracing-core v0.1.32
[INFO] [stderr]    Compiling ahash v0.7.8
[INFO] [stderr]    Compiling futures-io v0.3.31
[INFO] [stderr]    Compiling futures-task v0.3.31
[INFO] [stderr]    Compiling serde_json v1.0.132
[INFO] [stderr]    Compiling parking_lot_core v0.9.10
[INFO] [stderr]    Compiling indexmap v1.9.3
[INFO] [stderr]    Compiling digest v0.10.7
[INFO] [stderr]    Compiling parking_lot v0.12.3
[INFO] [stderr]    Compiling hashbrown v0.12.3
[INFO] [stderr]    Compiling idna v0.5.0
[INFO] [stderr]    Compiling ahash v0.8.11
[INFO] [stderr]    Compiling keccak v0.1.5
[INFO] [stderr]    Compiling wasm-bindgen-shared v0.2.95
[INFO] [stderr]    Compiling log v0.4.22
[INFO] [stderr]    Compiling arrayref v0.3.9
[INFO] [stderr]    Compiling semver v1.0.23
[INFO] [stderr]    Compiling url v2.5.2
[INFO] [stderr]    Compiling memchr v2.7.4
[INFO] [stderr]    Compiling bumpalo v3.16.0
[INFO] [stderr]    Compiling getrandom v0.1.16
[INFO] [stderr]    Compiling num-traits v0.2.19
[INFO] [stderr]    Compiling crunchy v0.2.2
[INFO] [stderr]    Compiling io-lifetimes v1.0.11
[INFO] [stderr]    Compiling fallible-iterator v0.2.0
[INFO] [stderr]    Compiling target-lexicon v0.12.16
[INFO] [stderr]    Compiling stable_deref_trait v1.2.0
[INFO] [stderr]    Compiling aho-corasick v1.1.3
[INFO] [stderr]    Compiling rustc_version v0.4.1
[INFO] [stderr]    Compiling rustix v0.38.38
[INFO] [stderr]    Compiling rand_core v0.5.1
[INFO] [stderr]    Compiling num_cpus v1.16.0
[INFO] [stderr]    Compiling memoffset v0.8.0
[INFO] [stderr]    Compiling crc32fast v1.4.2
[INFO] [stderr]    Compiling bitflags v2.6.0
[INFO] [stderr]    Compiling rustix v0.36.17
[INFO] [stderr]    Compiling linux-raw-sys v0.4.14
[INFO] [stderr]    Compiling constant_time_eq v0.3.1
[INFO] [stderr]    Compiling wasm-bindgen v0.2.95
[INFO] [stderr]    Compiling libc v0.2.161
[INFO] [stderr]    Compiling curve25519-dalek v4.1.3
[INFO] [stderr]    Compiling digest v0.9.0
[INFO] [stderr]    Compiling wasmtime-runtime v8.0.1
[INFO] [stderr]    Compiling regex-automata v0.4.8
[INFO] [stderr]    Compiling linux-raw-sys v0.1.4
[INFO] [stderr]    Compiling base64 v0.13.1
[INFO] [stderr]    Compiling cpp_demangle v0.3.5
[INFO] [stderr]    Compiling wasm-bindgen-backend v0.2.95
[INFO] [stderr]    Compiling sp-std v12.0.0
[INFO] [stderr]    Compiling memfd v0.6.4
[INFO] [stderr]    Compiling libsecp256k1-core v0.3.0
[INFO] [stderr]    Compiling wasm-bindgen-macro-support v0.2.95
[INFO] [stderr]    Compiling parity-scale-codec-derive v3.6.12
[INFO] [stderr]    Compiling impl-trait-for-tuples v0.2.2
[INFO] [stderr]    Compiling regex v1.11.1
[INFO] [stderr]    Compiling serde_derive v1.0.214
[INFO] [stderr]    Compiling zerocopy-derive v0.7.35
[INFO] [stderr]    Compiling thiserror-impl v1.0.66
[INFO] [stderr]    Compiling tracing-attributes v0.1.27
[INFO] [stderr]    Compiling zerocopy v0.7.35
[INFO] [stderr]    Compiling futures-macro v0.3.31
[INFO] [stderr]    Compiling thiserror v1.0.66
[INFO] [stderr]    Compiling zeroize_derive v1.4.2
[INFO] [stderr]    Compiling ppv-lite86 v0.2.20
[INFO] [stderr]    Compiling tracing v0.1.40
[INFO] [stderr]    Compiling rand_chacha v0.3.1
[INFO] [stderr]    Compiling derive_more-impl v1.0.0
[INFO] [stderr]    Compiling futures-util v0.3.31
[INFO] [stderr]    Compiling rand v0.8.5
[INFO] [stderr]    Compiling zeroize v1.8.1
[INFO] [stderr]    Compiling scale-info-derive v2.11.5
[INFO] [stderr]    Compiling hashbrown v0.13.2
[INFO] [stderr]    Compiling wasm-bindgen-macro v0.2.95
[INFO] [stderr]    Compiling tokio-macros v2.4.0
[INFO] [stderr]    Compiling Inflector v0.11.4
[INFO] [stderr]    Compiling curve25519-dalek-derive v0.1.1
[INFO] [stderr]    Compiling derive_more v1.0.0
[INFO] [stderr]    Compiling sha2 v0.10.8
[INFO] [stderr]    Compiling psm v0.1.23
[INFO] [stderr]    Compiling generic-array v0.12.4
[INFO] [stderr]    Compiling wasmtime-jit-debug v8.0.1
[INFO] [stderr]    Compiling wasmtime-asm-macros v8.0.1
[INFO] [stderr]    Compiling bitcoin-internals v0.2.0
[INFO] [stderr]    Compiling ref-cast v1.0.23
[INFO] [stderr]    Compiling regex-syntax v0.6.29
[INFO] [stderr]    Compiling js-sys v0.3.72
[INFO] [stderr]    Compiling ref-cast-impl v1.0.23
[INFO] [stderr]    Compiling wasmtime-jit-icache-coherence v8.0.1
[INFO] [stderr]    Compiling signal-hook-registry v1.4.2
[INFO] [stderr]    Compiling wasmtime v8.0.1
[INFO] [stderr]    Compiling rustc-hex v2.1.0
[INFO] [stderr]    Compiling winnow v0.5.40
[INFO] [stderr]    Compiling byte-tools v0.3.1
[INFO] [stderr]    Compiling block-padding v0.1.5
[INFO] [stderr]    Compiling chrono v0.4.38
[INFO] [stderr]    Compiling futures-executor v0.3.31
[INFO] [stderr]    Compiling futures v0.3.31
[INFO] [stderr]    Compiling regex-automata v0.1.10
[INFO] [stderr]    Compiling tokio v1.41.0
[INFO] [stderr]    Compiling toml_edit v0.19.15
[INFO] [stderr]    Compiling digest v0.8.1
[INFO] [stderr]    Compiling getrandom_or_panic v0.0.3
[INFO] [stderr]    Compiling merlin v3.0.0
[INFO] [stderr]    Compiling sp-debug-derive v12.0.0
[INFO] [stderr]    Compiling matchers v0.0.1
[INFO] [stderr]    Compiling libsecp256k1-gen-ecmult v0.3.0
[INFO] [stderr]    Compiling libsecp256k1-gen-genmult v0.3.0
[INFO] [stderr]    Compiling http v0.2.12
[INFO] [stderr]    Compiling sharded-slab v0.1.7
[INFO] [stderr]    Compiling tracing-log v0.1.4
[INFO] [stderr]    Compiling parity-scale-codec v3.6.12
[INFO] [stderr]    Compiling cranelift-entity v0.95.1
[INFO] [stderr]    Compiling gimli v0.27.3
[INFO] [stderr]    Compiling wasmparser v0.102.0
[INFO] [stderr]    Compiling object v0.30.4
[INFO] [stderr]    Compiling scale-info v2.11.5
[INFO] [stderr]    Compiling hex v0.4.3
[INFO] [stderr]    Compiling bincode v1.3.3
[INFO] [stderr]    Compiling impl-serde v0.4.0
[INFO] [stderr]    Compiling serde_bytes v0.11.15
[INFO] [stderr]    Compiling tracing-serde v0.1.3
[INFO] [stderr]    Compiling crypto-mac v0.11.1
[INFO] [stderr]    Compiling crypto-mac v0.8.0
[INFO] [stderr]    Compiling secp256k1-sys v0.6.1
[INFO] [stderr]    Compiling thread_local v1.1.8
[INFO] [stderr]    Compiling unicode-xid v0.2.6
[INFO] [stderr]    Compiling hash-db v0.16.0
[INFO] [stderr]    Compiling hex-conservative v0.1.2
[INFO] [stderr]    Compiling ring v0.17.8
[INFO] [stderr]    Compiling tracing-subscriber v0.2.25
[INFO] [stderr]    Compiling bitcoin_hashes v0.13.0
[INFO] [stderr]    Compiling ss58-registry v1.51.0
[INFO] [stderr]    Compiling hmac v0.8.1
[INFO] [stderr]    Compiling schnorrkel v0.11.4
[INFO] [stderr]    Compiling addr2line v0.19.0
[INFO] [stderr]    Compiling wasmtime-types v8.0.1
[INFO] [stderr]    Compiling sp-storage v17.0.0
[INFO] [stderr]    Compiling uint v0.9.5
[INFO] [stderr]    Compiling proc-macro-crate v1.3.1
[INFO] [stderr]    Compiling wasmtime-environ v8.0.1
[INFO] [stderr]    Compiling impl-codec v0.6.0
[INFO] [stderr]    Compiling libsecp256k1 v0.7.1
[INFO] [stderr]    Compiling block-buffer v0.7.3
[INFO] [stderr]    Compiling fixed-hash v0.8.0
[INFO] [stderr]    Compiling twox-hash v1.6.3
[INFO] [stderr]    Compiling rand_chacha v0.2.2
[INFO] [stderr]    Compiling blake2b_simd v1.0.2
[INFO] [stderr]    Compiling sha3 v0.10.8
[INFO] [stderr]    Compiling opaque-debug v0.2.3
[INFO] [stderr]    Compiling fake-simd v0.1.2
[INFO] [stderr]    Compiling environmental v1.1.4
[INFO] [stderr]    Compiling sha2 v0.8.2
[INFO] [stderr]    Compiling sp-externalities v0.23.0
[INFO] [stderr]    Compiling sp-core-hashing v13.0.0
[INFO] [stderr]    Compiling rand v0.7.3
[INFO] [stderr]    Compiling primitive-types v0.12.2
[INFO] [stderr]    Compiling sp-runtime-interface-proc-macro v15.0.0
[INFO] [stderr]    Compiling sp-tracing v14.0.0
[INFO] [stderr]    Compiling bip39 v2.1.0
[INFO] [stderr]    Compiling hmac-drbg v0.3.0
[INFO] [stderr]    Compiling tokio-util v0.7.12
[INFO] [stderr]    Compiling pbkdf2 v0.8.0
[INFO] [stderr]    Compiling hmac v0.11.0
[INFO] [stderr]    Compiling curve25519-dalek v2.1.3
[INFO] [stderr]    Compiling merlin v2.0.1
[INFO] [stderr]    Compiling wasmtime-jit v8.0.1
[INFO] [stderr]    Compiling secrecy v0.8.0
[INFO] [stderr]    Compiling curve25519-dalek v3.2.0
[INFO] [stderr]    Compiling dyn-clonable-impl v0.9.0
[INFO] [stderr]    Compiling num-format v0.4.4
[INFO] [stderr]    Compiling dyn-clone v1.0.17
[INFO] [stderr]    Compiling rustls v0.21.12
[INFO] [stderr]    Compiling arrayvec v0.5.2
[INFO] [stderr]    Compiling ed25519-zebra v3.1.0
[INFO] [stderr]    Compiling dyn-clonable v0.9.0
[INFO] [stderr]    Compiling schnorrkel v0.9.1
[INFO] [stderr]    Compiling h2 v0.3.26
[INFO] [stderr]    Compiling substrate-bip39 v0.4.6
[INFO] [stderr]    Compiling secp256k1 v0.24.3
[INFO] [stderr]    Compiling rustls-webpki v0.101.7
[INFO] [stderr]    Compiling sct v0.7.1
[INFO] [stderr]    Compiling bounded-collections v0.1.9
[INFO] [stderr]    Compiling http-body v0.4.6
[INFO] [stderr]    Compiling pin-project-internal v1.1.7
[INFO] [stderr]    Compiling hash256-std-hasher v0.15.2
[INFO] [stderr]    Compiling blake2 v0.10.6
[INFO] [stderr]    Compiling sp-wasm-interface v18.0.0
[INFO] [stderr]    Compiling bs58 v0.5.1
[INFO] [stderr]    Compiling array-bytes v6.2.3
[INFO] [stderr]    Compiling rustls-pemfile v1.0.4
[INFO] [stderr]    Compiling wasm-bindgen-futures v0.4.45
[INFO] [stderr]    Compiling sp-runtime-interface v22.0.0
[INFO] [stderr]    Compiling gloo-timers v0.2.6
[INFO] [stderr]    Compiling pin-project v1.1.7
[INFO] [stderr]    Compiling beef v0.5.2
[INFO] [stderr]    Compiling event-listener v2.5.3
[INFO] [stderr]    Compiling send_wrapper v0.4.0
[INFO] [stderr]    Compiling rustls-native-certs v0.6.3
[INFO] [stderr]    Compiling futures-timer v3.0.3
[INFO] [stderr]    Compiling async-lock v2.8.0
[INFO] [stderr]    Compiling jsonrpsee-types v0.20.4
[INFO] [stderr]    Compiling web-sys v0.3.72
[INFO] [stderr]    Compiling async-trait v0.1.83
[INFO] [stderr]    Compiling object v0.36.5
[INFO] [stderr]    Compiling rustc-hash v1.1.0
[INFO] [stderr]    Compiling sp-core v26.0.0
[INFO] [stderr]    Compiling hyper v0.14.31
[INFO] [stderr]    Compiling tokio-rustls v0.24.1
[INFO] [stderr]    Compiling trie-root v0.18.0
[INFO] [stderr]    Compiling trie-db v0.28.0
[INFO] [stderr]    Compiling memory-db v0.32.0
[INFO] [stderr]    Compiling schnellru v0.2.3
[INFO] [stderr]    Compiling sha-1 v0.9.8
[INFO] [stderr]    Compiling signature v2.2.0
[INFO] [stderr]    Compiling nohash-hasher v0.2.0
[INFO] [stderr]    Compiling ed25519 v2.2.3
[INFO] [stderr]    Compiling soketto v0.7.1
[INFO] [stderr]    Compiling sp-trie v27.0.0
[INFO] [stderr]    Compiling sp-io v28.0.0
[INFO] [stderr]    Compiling secp256k1-sys v0.9.2
[INFO] [stderr]    Compiling webpki-roots v0.25.4
[INFO] [stderr]    Compiling sp-keystore v0.32.0
[INFO] [stderr]    Compiling backtrace v0.3.74
[INFO] [stderr]    Compiling ed25519-dalek v2.1.1
[INFO] [stderr]    Compiling integer-sqrt v0.1.5
[INFO] [stderr]    Compiling proc-macro-error-attr v1.0.4
[INFO] [stderr]    Compiling tower v0.4.13
[INFO] [stderr]    Compiling darling_core v0.14.4
[INFO] [stderr]    Compiling sp-panic-handler v12.0.0
[INFO] [stderr]    Compiling jsonrpsee-core v0.20.4
[INFO] [stderr]    Compiling sp-state-machine v0.33.0
[INFO] [stderr]    Compiling gloo-utils v0.2.0
[INFO] [stderr]    Compiling hyper-rustls v0.24.2
[INFO] [stderr]    Compiling gloo-net v0.4.0
[INFO] [stderr]    Compiling sp-arithmetic v21.0.0
[INFO] [stderr]    Compiling jsonrpsee-client-transport v0.20.4
[INFO] [stderr]    Compiling serde-big-array v0.4.1
[INFO] [stderr]    Compiling proc-macro-error v1.0.4
[INFO] [stderr]    Compiling sp-weights v25.0.0
[INFO] [stderr]    Compiling jsonrpsee-ws-client v0.20.4
[INFO] [stderr]    Compiling jsonrpsee-wasm-client v0.20.4
[INFO] [stderr]    Compiling darling_macro v0.14.4
[INFO] [stderr]    Compiling secp256k1 v0.28.2
[INFO] [stderr]    Compiling jsonrpsee-http-client v0.20.4
[INFO] [stderr]    Compiling frame-metadata v15.1.0
[INFO] [stderr]    Compiling socket2 v0.5.7
[INFO] [stderr]    Compiling mio v1.0.2
[INFO] [stderr]    Compiling async-stream-impl v0.3.6
[INFO] [stderr]    Compiling hmac v0.12.1
[INFO] [stderr]    Compiling pbkdf2 v0.12.2
[INFO] [stderr]    Compiling heck v0.4.1
[INFO] [stderr]    Compiling subxt-signer v0.33.0
[INFO] [stderr]    Compiling async-stream v0.3.6
[INFO] [stderr]    Compiling jsonrpsee v0.20.4
[INFO] [stderr]    Compiling polymesh-api-codegen v3.6.1
[INFO] [stderr]    Compiling darling v0.14.4
[INFO] [stderr]    Compiling impl-serde v0.3.2
[INFO] [stderr]    Compiling sp-application-crypto v28.0.0
[INFO] [stderr]    Compiling sp-runtime v29.0.0
[INFO] [stderr]    Compiling polymesh-api-client v3.8.0
[INFO] [stderr]    Compiling polymesh-api-codegen-macro v3.6.1
[INFO] [stderr]    Compiling polymesh-api v3.8.1 (/opt/rustwide/workdir)
[INFO] [stderr]     Finished `dev` profile [unoptimized + debuginfo] target(s) in 3m 23s
[INFO] running `Command { std: "docker" "inspect" "8ddc26dd21f60b24b53cdba551be43f9a0a70b0b4f0baae11b8642b36b584467", kill_on_drop: false }`
[INFO] running `Command { std: "docker" "rm" "-f" "8ddc26dd21f60b24b53cdba551be43f9a0a70b0b4f0baae11b8642b36b584467", kill_on_drop: false }`
[INFO] [stdout] 8ddc26dd21f60b24b53cdba551be43f9a0a70b0b4f0baae11b8642b36b584467
[INFO] running `Command { std: "docker" "create" "-v" "/var/lib/crater-agent-workspace/builds/worker-5-tc1/target:/opt/rustwide/target:rw,Z" "-v" "/var/lib/crater-agent-workspace/builds/worker-5-tc1/source:/opt/rustwide/workdir:ro,Z" "-v" "/var/lib/crater-agent-workspace/cargo-home:/opt/rustwide/cargo-home:ro,Z" "-v" "/var/lib/crater-agent-workspace/rustup-home:/opt/rustwide/rustup-home:ro,Z" "-e" "SOURCE_DIR=/opt/rustwide/workdir" "-e" "CARGO_TARGET_DIR=/opt/rustwide/target" "-e" "CARGO_INCREMENTAL=0" "-e" "RUST_BACKTRACE=full" "-e" "RUSTFLAGS=--cap-lints=forbid" "-e" "RUSTDOCFLAGS=--cap-lints=forbid" "-e" "CARGO_HOME=/opt/rustwide/cargo-home" "-e" "RUSTUP_HOME=/opt/rustwide/rustup-home" "-w" "/opt/rustwide/workdir" "-m" "1610612736" "--user" "0:0" "--network" "none" "ghcr.io/rust-lang/crates-build-env/linux@sha256:4a844ea9eb2546a2d2c7022eacef16ef2e8229c7fbb2c7d4d55a9ceca922f72d" "/opt/rustwide/cargo-home/bin/cargo" "+nightly-2024-10-28" "test" "--frozen" "--no-run" "--message-format=json", kill_on_drop: false }`
[INFO] [stdout] 5e7a983cf9201a858da5e16be9e6caceeed642bba1799f01c31c3848eabd23d2
[INFO] running `Command { std: "docker" "start" "-a" "5e7a983cf9201a858da5e16be9e6caceeed642bba1799f01c31c3848eabd23d2", kill_on_drop: false }`
[INFO] [stderr]    Compiling atty v0.2.14
[INFO] [stderr]    Compiling humantime v2.1.0
[INFO] [stderr]    Compiling termcolor v1.4.1
[INFO] [stderr]    Compiling dotenv v0.15.0
[INFO] [stderr]    Compiling env_logger v0.9.3
[INFO] [stderr]    Compiling polymesh-api v3.8.1 (/opt/rustwide/workdir)
[INFO] [stderr]     Finished `test` profile [unoptimized + debuginfo] target(s) in 33.97s
[INFO] running `Command { std: "docker" "inspect" "5e7a983cf9201a858da5e16be9e6caceeed642bba1799f01c31c3848eabd23d2", kill_on_drop: false }`
[INFO] running `Command { std: "docker" "rm" "-f" "5e7a983cf9201a858da5e16be9e6caceeed642bba1799f01c31c3848eabd23d2", kill_on_drop: false }`
[INFO] [stdout] 5e7a983cf9201a858da5e16be9e6caceeed642bba1799f01c31c3848eabd23d2
[INFO] running `Command { std: "docker" "create" "-v" "/var/lib/crater-agent-workspace/builds/worker-5-tc1/target:/opt/rustwide/target:rw,Z" "-v" "/var/lib/crater-agent-workspace/builds/worker-5-tc1/source:/opt/rustwide/workdir:ro,Z" "-v" "/var/lib/crater-agent-workspace/cargo-home:/opt/rustwide/cargo-home:ro,Z" "-v" "/var/lib/crater-agent-workspace/rustup-home:/opt/rustwide/rustup-home:ro,Z" "-e" "SOURCE_DIR=/opt/rustwide/workdir" "-e" "CARGO_TARGET_DIR=/opt/rustwide/target" "-e" "CARGO_INCREMENTAL=0" "-e" "RUST_BACKTRACE=full" "-e" "RUSTFLAGS=--cap-lints=forbid" "-e" "RUSTDOCFLAGS=--cap-lints=forbid" "-e" "CARGO_HOME=/opt/rustwide/cargo-home" "-e" "RUSTUP_HOME=/opt/rustwide/rustup-home" "-w" "/opt/rustwide/workdir" "-m" "1610612736" "--user" "0:0" "--network" "none" "ghcr.io/rust-lang/crates-build-env/linux@sha256:4a844ea9eb2546a2d2c7022eacef16ef2e8229c7fbb2c7d4d55a9ceca922f72d" "/opt/rustwide/cargo-home/bin/cargo" "+nightly-2024-10-28" "test" "--frozen", kill_on_drop: false }`
[INFO] [stdout] 6a2dc853d282fff9caf6f6eb2d6894b3003b5439ff596b9cb1b98a0d73a97f9b
[INFO] running `Command { std: "docker" "start" "-a" "6a2dc853d282fff9caf6f6eb2d6894b3003b5439ff596b9cb1b98a0d73a97f9b", kill_on_drop: false }`
[INFO] [stderr]     Finished `test` profile [unoptimized + debuginfo] target(s) in 0.46s
[INFO] [stderr]      Running unittests src/lib.rs (/opt/rustwide/target/debug/deps/polymesh_api-db676d3658316b94)
[INFO] [stdout] 
[INFO] [stdout] running 0 tests
[INFO] [stdout] 
[INFO] [stdout] test result: ok. 0 passed; 0 failed; 0 ignored; 0 measured; 0 filtered out; finished in 0.00s
[INFO] [stdout] 
[INFO] [stderr]    Doc-tests polymesh_api
[INFO] [stdout] 
[INFO] [stdout] running 4 tests
[INFO] [stdout] test src/lib.rs - polymesh::types::pallet_identity::IdentityCall::add_secondary_keys_with_authorization (line 14) ... FAILED
[INFO] [stdout] test src/lib.rs - polymesh::types::pallet_identity::IdentityCall::add_secondary_keys_with_authorization (line 20) ... FAILED
[INFO] [stdout] test src/lib.rs - polymesh::api::identity::IdentityCallApi<'api>::add_secondary_keys_with_authorization (line 20) ... FAILED
[INFO] [stdout] test src/lib.rs - polymesh::api::identity::IdentityCallApi<'api>::add_secondary_keys_with_authorization (line 14) ... FAILED
[INFO] [stdout] 
[INFO] [stdout] failures:
[INFO] [stdout] 
[INFO] [stdout] ---- src/lib.rs - polymesh::types::pallet_identity::IdentityCall::add_secondary_keys_with_authorization (line 14) stdout ----
[INFO] [stdout] error: unknown start of token: `
[INFO] [stdout]  --> src/lib.rs:15:3
[INFO] [stdout]   |
[INFO] [stdout] 3 | - `origin` which must be the primary key of the identity `id`.
[INFO] [stdout]   |   ^
[INFO] [stdout]   |
[INFO] [stdout] help: Unicode character '`' (Grave Accent) looks like ''' (Single Quote), but it is not
[INFO] [stdout]   |
[INFO] [stdout] 3 | - 'origin` which must be the primary key of the identity `id`.
[INFO] [stdout]   |   ~
[INFO] [stdout] 
[INFO] [stdout] error: unknown start of token: `
[INFO] [stdout]  --> src/lib.rs:15:10
[INFO] [stdout]   |
[INFO] [stdout] 3 | - `origin` which must be the primary key of the identity `id`.
[INFO] [stdout]   |          ^
[INFO] [stdout]   |
[INFO] [stdout] help: Unicode character '`' (Grave Accent) looks like ''' (Single Quote), but it is not
[INFO] [stdout]   |
[INFO] [stdout] 3 | - `origin' which must be the primary key of the identity `id`.
[INFO] [stdout]   |          ~
[INFO] [stdout] 
[INFO] [stdout] error: unknown start of token: `
[INFO] [stdout]  --> src/lib.rs:15:58
[INFO] [stdout]   |
[INFO] [stdout] 3 | - `origin` which must be the primary key of the identity `id`.
[INFO] [stdout]   |                                                          ^
[INFO] [stdout]   |
[INFO] [stdout] help: Unicode character '`' (Grave Accent) looks like ''' (Single Quote), but it is not
[INFO] [stdout]   |
[INFO] [stdout] 3 | - `origin` which must be the primary key of the identity 'id`.
[INFO] [stdout]   |                                                          ~
[INFO] [stdout] 
[INFO] [stdout] error: unknown start of token: `
[INFO] [stdout]  --> src/lib.rs:15:61
[INFO] [stdout]   |
[INFO] [stdout] 3 | - `origin` which must be the primary key of the identity `id`.
[INFO] [stdout]   |                                                             ^
[INFO] [stdout]   |
[INFO] [stdout] help: Unicode character '`' (Grave Accent) looks like ''' (Single Quote), but it is not
[INFO] [stdout]   |
[INFO] [stdout] 3 | - `origin` which must be the primary key of the identity `id'.
[INFO] [stdout]   |                                                             ~
[INFO] [stdout] 
[INFO] [stdout] error: unknown start of token: `
[INFO] [stdout]  --> src/lib.rs:16:3
[INFO] [stdout]   |
[INFO] [stdout] 4 | - `id` to which new secondary keys will be added.
[INFO] [stdout]   |   ^
[INFO] [stdout]   |
[INFO] [stdout] help: Unicode character '`' (Grave Accent) looks like ''' (Single Quote), but it is not
[INFO] [stdout]   |
[INFO] [stdout] 4 | - 'id` to which new secondary keys will be added.
[INFO] [stdout]   |   ~
[INFO] [stdout] 
[INFO] [stdout] error: unknown start of token: `
[INFO] [stdout]  --> src/lib.rs:16:6
[INFO] [stdout]   |
[INFO] [stdout] 4 | - `id` to which new secondary keys will be added.
[INFO] [stdout]   |      ^
[INFO] [stdout]   |
[INFO] [stdout] help: Unicode character '`' (Grave Accent) looks like ''' (Single Quote), but it is not
[INFO] [stdout]   |
[INFO] [stdout] 4 | - `id' to which new secondary keys will be added.
[INFO] [stdout]   |      ~
[INFO] [stdout] 
[INFO] [stdout] error: unknown start of token: `
[INFO] [stdout]  --> src/lib.rs:17:3
[INFO] [stdout]   |
[INFO] [stdout] 5 | - `additional_keys` which includes secondary keys,
[INFO] [stdout]   |   ^
[INFO] [stdout]   |
[INFO] [stdout] help: Unicode character '`' (Grave Accent) looks like ''' (Single Quote), but it is not
[INFO] [stdout]   |
[INFO] [stdout] 5 | - 'additional_keys` which includes secondary keys,
[INFO] [stdout]   |   ~
[INFO] [stdout] 
[INFO] [stdout] error: unknown start of token: `
[INFO] [stdout]  --> src/lib.rs:17:19
[INFO] [stdout]   |
[INFO] [stdout] 5 | - `additional_keys` which includes secondary keys,
[INFO] [stdout]   |                   ^
[INFO] [stdout]   |
[INFO] [stdout] help: Unicode character '`' (Grave Accent) looks like ''' (Single Quote), but it is not
[INFO] [stdout]   |
[INFO] [stdout] 5 | - `additional_keys' which includes secondary keys,
[INFO] [stdout]   |                   ~
[INFO] [stdout] 
[INFO] [stdout] error: expected one of `!`, `.`, `::`, `;`, `?`, `{`, `}`, or an operator, found `which`
[INFO] [stdout]  --> src/lib.rs:15:12
[INFO] [stdout]   |
[INFO] [stdout] 3 | - `origin` which must be the primary key of the identity `id`.
[INFO] [stdout]   |            ^^^^^ expected one of 8 possible tokens
[INFO] [stdout] 
[INFO] [stdout] error: aborting due to 9 previous errors
[INFO] [stdout] 
[INFO] [stdout] Couldn't compile the test.
[INFO] [stdout] ---- src/lib.rs - polymesh::types::pallet_identity::IdentityCall::add_secondary_keys_with_authorization (line 20) stdout ----
[INFO] [stdout] error: expected one of `!`, `.`, `::`, `;`, `?`, `{`, `}`, or an operator, found `only`
[INFO] [stdout]  --> src/lib.rs:21:7
[INFO] [stdout]   |
[INFO] [stdout] 3 | - Can only called by primary key owner.
[INFO] [stdout]   |       ^^^^ expected one of 8 possible tokens
[INFO] [stdout] 
[INFO] [stdout] error: aborting due to 1 previous error
[INFO] [stdout] 
[INFO] [stdout] Couldn't compile the test.
[INFO] [stdout] ---- src/lib.rs - polymesh::api::identity::IdentityCallApi<'api>::add_secondary_keys_with_authorization (line 20) stdout ----
[INFO] [stdout] error: expected one of `!`, `.`, `::`, `;`, `?`, `{`, `}`, or an operator, found `only`
[INFO] [stdout]  --> src/lib.rs:21:7
[INFO] [stdout]   |
[INFO] [stdout] 3 | - Can only called by primary key owner.
[INFO] [stdout]   |       ^^^^ expected one of 8 possible tokens
[INFO] [stdout] 
[INFO] [stdout] error: aborting due to 1 previous error
[INFO] [stdout] 
[INFO] [stdout] Couldn't compile the test.
[INFO] [stdout] ---- src/lib.rs - polymesh::api::identity::IdentityCallApi<'api>::add_secondary_keys_with_authorization (line 14) stdout ----
[INFO] [stdout] error: unknown start of token: `
[INFO] [stdout]  --> src/lib.rs:15:3
[INFO] [stdout]   |
[INFO] [stdout] 3 | - `origin` which must be the primary key of the identity `id`.
[INFO] [stdout]   |   ^
[INFO] [stdout]   |
[INFO] [stdout] help: Unicode character '`' (Grave Accent) looks like ''' (Single Quote), but it is not
[INFO] [stdout]   |
[INFO] [stdout] 3 | - 'origin` which must be the primary key of the identity `id`.
[INFO] [stdout]   |   ~
[INFO] [stdout] 
[INFO] [stdout] error: unknown start of token: `
[INFO] [stdout]  --> src/lib.rs:15:10
[INFO] [stdout]   |
[INFO] [stdout] 3 | - `origin` which must be the primary key of the identity `id`.
[INFO] [stdout]   |          ^
[INFO] [stdout]   |
[INFO] [stdout] help: Unicode character '`' (Grave Accent) looks like ''' (Single Quote), but it is not
[INFO] [stdout]   |
[INFO] [stdout] 3 | - `origin' which must be the primary key of the identity `id`.
[INFO] [stdout]   |          ~
[INFO] [stdout] 
[INFO] [stdout] error: unknown start of token: `
[INFO] [stdout]  --> src/lib.rs:15:58
[INFO] [stdout]   |
[INFO] [stdout] 3 | - `origin` which must be the primary key of the identity `id`.
[INFO] [stdout]   |                                                          ^
[INFO] [stdout]   |
[INFO] [stdout] help: Unicode character '`' (Grave Accent) looks like ''' (Single Quote), but it is not
[INFO] [stdout]   |
[INFO] [stdout] 3 | - `origin` which must be the primary key of the identity 'id`.
[INFO] [stdout]   |                                                          ~
[INFO] [stdout] 
[INFO] [stdout] error: unknown start of token: `
[INFO] [stdout]  --> src/lib.rs:15:61
[INFO] [stdout]   |
[INFO] [stdout] 3 | - `origin` which must be the primary key of the identity `id`.
[INFO] [stdout]   |                                                             ^
[INFO] [stdout]   |
[INFO] [stdout] help: Unicode character '`' (Grave Accent) looks like ''' (Single Quote), but it is not
[INFO] [stdout]   |
[INFO] [stdout] 3 | - `origin` which must be the primary key of the identity `id'.
[INFO] [stdout]   |                                                             ~
[INFO] [stdout] 
[INFO] [stdout] error: unknown start of token: `
[INFO] [stdout]  --> src/lib.rs:16:3
[INFO] [stdout]   |
[INFO] [stdout] 4 | - `id` to which new secondary keys will be added.
[INFO] [stdout]   |   ^
[INFO] [stdout]   |
[INFO] [stdout] help: Unicode character '`' (Grave Accent) looks like ''' (Single Quote), but it is not
[INFO] [stdout]   |
[INFO] [stdout] 4 | - 'id` to which new secondary keys will be added.
[INFO] [stdout]   |   ~
[INFO] [stdout] 
[INFO] [stdout] error: unknown start of token: `
[INFO] [stdout]  --> src/lib.rs:16:6
[INFO] [stdout]   |
[INFO] [stdout] 4 | - `id` to which new secondary keys will be added.
[INFO] [stdout]   |      ^
[INFO] [stdout]   |
[INFO] [stdout] help: Unicode character '`' (Grave Accent) looks like ''' (Single Quote), but it is not
[INFO] [stdout]   |
[INFO] [stdout] 4 | - `id' to which new secondary keys will be added.
[INFO] [stdout]   |      ~
[INFO] [stdout] 
[INFO] [stdout] error: unknown start of token: `
[INFO] [stdout]  --> src/lib.rs:17:3
[INFO] [stdout]   |
[INFO] [stdout] 5 | - `additional_keys` which includes secondary keys,
[INFO] [stdout]   |   ^
[INFO] [stdout]   |
[INFO] [stdout] help: Unicode character '`' (Grave Accent) looks like ''' (Single Quote), but it is not
[INFO] [stdout]   |
[INFO] [stdout] 5 | - 'additional_keys` which includes secondary keys,
[INFO] [stdout]   |   ~
[INFO] [stdout] 
[INFO] [stdout] error: unknown start of token: `
[INFO] [stdout]  --> src/lib.rs:17:19
[INFO] [stdout]   |
[INFO] [stdout] 5 | - `additional_keys` which includes secondary keys,
[INFO] [stdout]   |                   ^
[INFO] [stdout]   |
[INFO] [stdout] help: Unicode character '`' (Grave Accent) looks like ''' (Single Quote), but it is not
[INFO] [stdout]   |
[INFO] [stdout] 5 | - `additional_keys' which includes secondary keys,
[INFO] [stdout]   |                   ~
[INFO] [stdout] 
[INFO] [stdout] error: expected one of `!`, `.`, `::`, `;`, `?`, `{`, `}`, or an operator, found `which`
[INFO] [stdout]  --> src/lib.rs:15:12
[INFO] [stdout]   |
[INFO] [stdout] 3 | - `origin` which must be the primary key of the identity `id`.
[INFO] [stdout]   |            ^^^^^ expected one of 8 possible tokens
[INFO] [stdout] 
[INFO] [stdout] error: aborting due to 9 previous errors
[INFO] [stdout] 
[INFO] [stdout] Couldn't compile the test.
[INFO] [stdout] 
[INFO] [stdout] failures:
[INFO] [stdout]     src/lib.rs - polymesh::api::identity::IdentityCallApi<'api>::add_secondary_keys_with_authorization (line 14)
[INFO] [stdout]     src/lib.rs - polymesh::api::identity::IdentityCallApi<'api>::add_secondary_keys_with_authorization (line 20)
[INFO] [stdout]     src/lib.rs - polymesh::types::pallet_identity::IdentityCall::add_secondary_keys_with_authorization (line 14)
[INFO] [stdout]     src/lib.rs - polymesh::types::pallet_identity::IdentityCall::add_secondary_keys_with_authorization (line 20)
[INFO] [stdout] 
[INFO] [stdout] test result: FAILED. 0 passed; 4 failed; 0 ignored; 0 measured; 0 filtered out; finished in 0.14s
[INFO] [stdout] 
[INFO] [stderr] error: doctest failed, to rerun pass `--doc`
[INFO] running `Command { std: "docker" "inspect" "6a2dc853d282fff9caf6f6eb2d6894b3003b5439ff596b9cb1b98a0d73a97f9b", kill_on_drop: false }`
[INFO] running `Command { std: "docker" "rm" "-f" "6a2dc853d282fff9caf6f6eb2d6894b3003b5439ff596b9cb1b98a0d73a97f9b", kill_on_drop: false }`
[INFO] [stdout] 6a2dc853d282fff9caf6f6eb2d6894b3003b5439ff596b9cb1b98a0d73a97f9b
