[INFO] fetching crate polonius-the-crab 0.4.1...
[INFO] testing polonius-the-crab-0.4.1 against nightly-2024-10-28+rustflags=-Zrandomize-layout for randomize-layout
[INFO] extracting crate polonius-the-crab 0.4.1 into /workspace/builds/worker-3-tc2/source
[INFO] validating manifest of crates.io crate polonius-the-crab 0.4.1 on toolchain nightly-2024-10-28
[INFO] running `Command { std: CARGO_HOME="/workspace/cargo-home" RUSTUP_HOME="/workspace/rustup-home" "/workspace/cargo-home/bin/cargo" "+nightly-2024-10-28" "metadata" "--manifest-path" "Cargo.toml" "--no-deps", kill_on_drop: false }`
[INFO] removed /workspace/builds/worker-3-tc2/source/.cargo/config
[INFO] removed /workspace/builds/worker-3-tc2/source/rust-toolchain.toml
[INFO] started tweaking crates.io crate polonius-the-crab 0.4.1
[INFO] finished tweaking crates.io crate polonius-the-crab 0.4.1
[INFO] tweaked toml for crates.io crate polonius-the-crab 0.4.1 written to /workspace/builds/worker-3-tc2/source/Cargo.toml
[INFO] running `Command { std: CARGO_HOME="/workspace/cargo-home" RUSTUP_HOME="/workspace/rustup-home" "/workspace/cargo-home/bin/cargo" "+nightly-2024-10-28" "generate-lockfile" "--manifest-path" "Cargo.toml", kill_on_drop: false }`
[INFO] [stderr]     Updating crates.io index
[INFO] [stderr]      Locking 2 packages to latest compatible versions
[INFO] running `Command { std: CARGO_HOME="/workspace/cargo-home" RUSTUP_HOME="/workspace/rustup-home" "/workspace/cargo-home/bin/cargo" "+nightly-2024-10-28" "fetch" "--manifest-path" "Cargo.toml", kill_on_drop: false }`
[INFO] running `Command { std: "docker" "create" "-v" "/var/lib/crater-agent-workspace/builds/worker-3-tc2/target:/opt/rustwide/target:rw,Z" "-v" "/var/lib/crater-agent-workspace/builds/worker-3-tc2/source:/opt/rustwide/workdir:ro,Z" "-v" "/var/lib/crater-agent-workspace/cargo-home:/opt/rustwide/cargo-home:ro,Z" "-v" "/var/lib/crater-agent-workspace/rustup-home:/opt/rustwide/rustup-home:ro,Z" "-e" "SOURCE_DIR=/opt/rustwide/workdir" "-e" "CARGO_TARGET_DIR=/opt/rustwide/target" "-e" "CARGO_HOME=/opt/rustwide/cargo-home" "-e" "RUSTUP_HOME=/opt/rustwide/rustup-home" "-w" "/opt/rustwide/workdir" "-m" "1610612736" "--user" "0:0" "--network" "none" "ghcr.io/rust-lang/crates-build-env/linux@sha256:4a844ea9eb2546a2d2c7022eacef16ef2e8229c7fbb2c7d4d55a9ceca922f72d" "/opt/rustwide/cargo-home/bin/cargo" "+nightly-2024-10-28" "metadata" "--no-deps" "--format-version=1", kill_on_drop: false }`
[INFO] [stdout] 46b38482c323688103b8777ecea604629384430508dbdf59c236dcb54b07c795
[INFO] running `Command { std: "docker" "start" "-a" "46b38482c323688103b8777ecea604629384430508dbdf59c236dcb54b07c795", kill_on_drop: false }`
[INFO] running `Command { std: "docker" "inspect" "46b38482c323688103b8777ecea604629384430508dbdf59c236dcb54b07c795", kill_on_drop: false }`
[INFO] running `Command { std: "docker" "rm" "-f" "46b38482c323688103b8777ecea604629384430508dbdf59c236dcb54b07c795", kill_on_drop: false }`
[INFO] [stdout] 46b38482c323688103b8777ecea604629384430508dbdf59c236dcb54b07c795
[INFO] running `Command { std: "docker" "create" "-v" "/var/lib/crater-agent-workspace/builds/worker-3-tc2/target:/opt/rustwide/target:rw,Z" "-v" "/var/lib/crater-agent-workspace/builds/worker-3-tc2/source:/opt/rustwide/workdir:ro,Z" "-v" "/var/lib/crater-agent-workspace/cargo-home:/opt/rustwide/cargo-home:ro,Z" "-v" "/var/lib/crater-agent-workspace/rustup-home:/opt/rustwide/rustup-home:ro,Z" "-e" "SOURCE_DIR=/opt/rustwide/workdir" "-e" "CARGO_TARGET_DIR=/opt/rustwide/target" "-e" "CARGO_INCREMENTAL=0" "-e" "RUST_BACKTRACE=full" "-e" "RUSTFLAGS=--cap-lints=forbid -Zrandomize-layout" "-e" "RUSTDOCFLAGS=--cap-lints=forbid" "-e" "CARGO_HOME=/opt/rustwide/cargo-home" "-e" "RUSTUP_HOME=/opt/rustwide/rustup-home" "-w" "/opt/rustwide/workdir" "-m" "1610612736" "--user" "0:0" "--network" "none" "ghcr.io/rust-lang/crates-build-env/linux@sha256:4a844ea9eb2546a2d2c7022eacef16ef2e8229c7fbb2c7d4d55a9ceca922f72d" "/opt/rustwide/cargo-home/bin/cargo" "+nightly-2024-10-28" "build" "--frozen" "--message-format=json", kill_on_drop: false }`
[INFO] [stdout] 12f526608233bc415aa3e6186a5601d5f86c89f34fd2a71ca63a1e219e718a94
[INFO] running `Command { std: "docker" "start" "-a" "12f526608233bc415aa3e6186a5601d5f86c89f34fd2a71ca63a1e219e718a94", kill_on_drop: false }`
[INFO] [stderr]    Compiling never-say-never v6.6.666
[INFO] [stderr]    Compiling higher-kinded-types v0.1.1
[INFO] [stderr]    Compiling polonius-the-crab v0.4.1 (/opt/rustwide/workdir)
[INFO] [stderr]     Finished `dev` profile [unoptimized + debuginfo] target(s) in 0.17s
[INFO] running `Command { std: "docker" "inspect" "12f526608233bc415aa3e6186a5601d5f86c89f34fd2a71ca63a1e219e718a94", kill_on_drop: false }`
[INFO] running `Command { std: "docker" "rm" "-f" "12f526608233bc415aa3e6186a5601d5f86c89f34fd2a71ca63a1e219e718a94", kill_on_drop: false }`
[INFO] [stdout] 12f526608233bc415aa3e6186a5601d5f86c89f34fd2a71ca63a1e219e718a94
[INFO] running `Command { std: "docker" "create" "-v" "/var/lib/crater-agent-workspace/builds/worker-3-tc2/target:/opt/rustwide/target:rw,Z" "-v" "/var/lib/crater-agent-workspace/builds/worker-3-tc2/source:/opt/rustwide/workdir:ro,Z" "-v" "/var/lib/crater-agent-workspace/cargo-home:/opt/rustwide/cargo-home:ro,Z" "-v" "/var/lib/crater-agent-workspace/rustup-home:/opt/rustwide/rustup-home:ro,Z" "-e" "SOURCE_DIR=/opt/rustwide/workdir" "-e" "CARGO_TARGET_DIR=/opt/rustwide/target" "-e" "CARGO_INCREMENTAL=0" "-e" "RUST_BACKTRACE=full" "-e" "RUSTFLAGS=--cap-lints=forbid -Zrandomize-layout" "-e" "RUSTDOCFLAGS=--cap-lints=forbid" "-e" "CARGO_HOME=/opt/rustwide/cargo-home" "-e" "RUSTUP_HOME=/opt/rustwide/rustup-home" "-w" "/opt/rustwide/workdir" "-m" "1610612736" "--user" "0:0" "--network" "none" "ghcr.io/rust-lang/crates-build-env/linux@sha256:4a844ea9eb2546a2d2c7022eacef16ef2e8229c7fbb2c7d4d55a9ceca922f72d" "/opt/rustwide/cargo-home/bin/cargo" "+nightly-2024-10-28" "test" "--frozen" "--no-run" "--message-format=json", kill_on_drop: false }`
[INFO] [stdout] 8bbbc1deddd80913c2f2089e4b4feb2e7ba68ee93bbd87a13f263a0aeb48eb39
[INFO] running `Command { std: "docker" "start" "-a" "8bbbc1deddd80913c2f2089e4b4feb2e7ba68ee93bbd87a13f263a0aeb48eb39", kill_on_drop: false }`
[INFO] [stderr]    Compiling polonius-the-crab v0.4.1 (/opt/rustwide/workdir)
[INFO] [stdout] warning: non-local `impl` definition, `impl` blocks should be written at the same level as their item
[INFO] [stdout]   --> tests/lending_iterator.rs:83:9
[INFO] [stdout]    |
[INFO] [stdout] 73 | /     fn new (
[INFO] [stdout] 74 | |         slice: &'slice mut [T],
[INFO] [stdout] 75 | |     ) -> WindowsMut<&'slice mut [T], WIDTH>
[INFO] [stdout] 76 | |     where
[INFO] [stdout] 77 | |         WindowsMut<&'slice mut [T], WIDTH>
[INFO] [stdout] 78 | |             : for<'n> LendingIteratorItem<'n, T = &'n mut [T; WIDTH]>
[INFO] [stdout] 79 | |         ,
[INFO] [stdout]    | |_________- move the `impl` block outside of this associated function `new`
[INFO] [stdout] ...
[INFO] [stdout] 83 | /         impl<'next, 'slice, T, const WIDTH: usize>
[INFO] [stdout] 84 | |             LendingIteratorItem<'next>
[INFO] [stdout]    | |             ------------------- `LendingIteratorItem` is not local
[INFO] [stdout] 85 | |         for
[INFO] [stdout] 86 | |             WindowsMut<&'slice mut [T], WIDTH>
[INFO] [stdout]    | |_____________----------__________________-----^
[INFO] [stdout]    |               |                           |
[INFO] [stdout]    |               |                           `WIDTH` is not local
[INFO] [stdout]    |               `WindowsMut` is not local
[INFO] [stdout]    |
[INFO] [stdout]    = note: an `impl` is never scoped, even when it is nested inside an item, as it may impact type checking outside of that item, which can be the case if neither the trait or the self type are at the same nesting level as the `impl`
[INFO] [stdout]    = note: `#[warn(non_local_definitions)]` on by default
[INFO] [stdout] 
[INFO] [stdout] 
[INFO] [stdout] warning: non-local `impl` definition, `impl` blocks should be written at the same level as their item
[INFO] [stdout]   --> tests/lending_iterator.rs:91:9
[INFO] [stdout]    |
[INFO] [stdout] 73 | /     fn new (
[INFO] [stdout] 74 | |         slice: &'slice mut [T],
[INFO] [stdout] 75 | |     ) -> WindowsMut<&'slice mut [T], WIDTH>
[INFO] [stdout] 76 | |     where
[INFO] [stdout] 77 | |         WindowsMut<&'slice mut [T], WIDTH>
[INFO] [stdout] 78 | |             : for<'n> LendingIteratorItem<'n, T = &'n mut [T; WIDTH]>
[INFO] [stdout] 79 | |         ,
[INFO] [stdout]    | |_________- move the `impl` block outside of this associated function `new`
[INFO] [stdout] ...
[INFO] [stdout] 91 | /         impl<'slice, T, const WIDTH: usize>
[INFO] [stdout] 92 | |             LendingIterator
[INFO] [stdout]    | |             --------------- `LendingIterator` is not local
[INFO] [stdout] 93 | |         for
[INFO] [stdout] 94 | |             WindowsMut<&'slice mut [T], WIDTH>
[INFO] [stdout]    | |_____________----------__________________-----^
[INFO] [stdout]    |               |                           |
[INFO] [stdout]    |               |                           `WIDTH` is not local
[INFO] [stdout]    |               `WindowsMut` is not local
[INFO] [stdout]    |
[INFO] [stdout]    = note: an `impl` is never scoped, even when it is nested inside an item, as it may impact type checking outside of that item, which can be the case if neither the trait or the self type are at the same nesting level as the `impl`
[INFO] [stdout] 
[INFO] [stdout] 
[INFO] [stderr]     Finished `test` profile [unoptimized + debuginfo] target(s) in 0.44s
[INFO] running `Command { std: "docker" "inspect" "8bbbc1deddd80913c2f2089e4b4feb2e7ba68ee93bbd87a13f263a0aeb48eb39", kill_on_drop: false }`
[INFO] running `Command { std: "docker" "rm" "-f" "8bbbc1deddd80913c2f2089e4b4feb2e7ba68ee93bbd87a13f263a0aeb48eb39", kill_on_drop: false }`
[INFO] [stdout] 8bbbc1deddd80913c2f2089e4b4feb2e7ba68ee93bbd87a13f263a0aeb48eb39
[INFO] running `Command { std: "docker" "create" "-v" "/var/lib/crater-agent-workspace/builds/worker-3-tc2/target:/opt/rustwide/target:rw,Z" "-v" "/var/lib/crater-agent-workspace/builds/worker-3-tc2/source:/opt/rustwide/workdir:ro,Z" "-v" "/var/lib/crater-agent-workspace/cargo-home:/opt/rustwide/cargo-home:ro,Z" "-v" "/var/lib/crater-agent-workspace/rustup-home:/opt/rustwide/rustup-home:ro,Z" "-e" "SOURCE_DIR=/opt/rustwide/workdir" "-e" "CARGO_TARGET_DIR=/opt/rustwide/target" "-e" "CARGO_INCREMENTAL=0" "-e" "RUST_BACKTRACE=full" "-e" "RUSTFLAGS=--cap-lints=forbid -Zrandomize-layout" "-e" "RUSTDOCFLAGS=--cap-lints=forbid" "-e" "CARGO_HOME=/opt/rustwide/cargo-home" "-e" "RUSTUP_HOME=/opt/rustwide/rustup-home" "-w" "/opt/rustwide/workdir" "-m" "1610612736" "--user" "0:0" "--network" "none" "ghcr.io/rust-lang/crates-build-env/linux@sha256:4a844ea9eb2546a2d2c7022eacef16ef2e8229c7fbb2c7d4d55a9ceca922f72d" "/opt/rustwide/cargo-home/bin/cargo" "+nightly-2024-10-28" "test" "--frozen", kill_on_drop: false }`
[INFO] [stdout] 933e1ce85328f8a2fb44c9fedb1bb58a537978d7f2a93d5a7371629257d4f14b
[INFO] running `Command { std: "docker" "start" "-a" "933e1ce85328f8a2fb44c9fedb1bb58a537978d7f2a93d5a7371629257d4f14b", kill_on_drop: false }`
[INFO] [stderr] warning: non-local `impl` definition, `impl` blocks should be written at the same level as their item
[INFO] [stdout] 
[INFO] [stderr]   --> tests/lending_iterator.rs:83:9
[INFO] [stdout] running 0 tests
[INFO] [stderr]    |
[INFO] [stderr] 73 | /     fn new (
[INFO] [stderr] 74 | |         slice: &'slice mut [T],
[INFO] [stderr] 75 | |     ) -> WindowsMut<&'slice mut [T], WIDTH>
[INFO] [stderr] 76 | |     where
[INFO] [stderr] 77 | |         WindowsMut<&'slice mut [T], WIDTH>
[INFO] [stderr] 78 | |             : for<'n> LendingIteratorItem<'n, T = &'n mut [T; WIDTH]>
[INFO] [stdout] 
[INFO] [stderr] 79 | |         ,
[INFO] [stderr]    | |_________- move the `impl` block outside of this associated function `new`
[INFO] [stderr] ...
[INFO] [stderr] 83 | /         impl<'next, 'slice, T, const WIDTH: usize>
[INFO] [stderr] 84 | |             LendingIteratorItem<'next>
[INFO] [stderr]    | |             ------------------- `LendingIteratorItem` is not local
[INFO] [stderr] 85 | |         for
[INFO] [stderr] 86 | |             WindowsMut<&'slice mut [T], WIDTH>
[INFO] [stderr]    | |_____________----------__________________-----^
[INFO] [stderr]    |               |                           |
[INFO] [stderr]    |               |                           `WIDTH` is not local
[INFO] [stderr]    |               `WindowsMut` is not local
[INFO] [stderr]    |
[INFO] [stderr]    = note: an `impl` is never scoped, even when it is nested inside an item, as it may impact type checking outside of that item, which can be the case if neither the trait or the self type are at the same nesting level as the `impl`
[INFO] [stderr]    = note: `#[warn(non_local_definitions)]` on by default
[INFO] [stderr] 
[INFO] [stderr] warning: non-local `impl` definition, `impl` blocks should be written at the same level as their item
[INFO] [stderr]   --> tests/lending_iterator.rs:91:9
[INFO] [stderr]    |
[INFO] [stderr] 73 | /     fn new (
[INFO] [stderr] 74 | |         slice: &'slice mut [T],
[INFO] [stderr] 75 | |     ) -> WindowsMut<&'slice mut [T], WIDTH>
[INFO] [stderr] 76 | |     where
[INFO] [stderr] 77 | |         WindowsMut<&'slice mut [T], WIDTH>
[INFO] [stderr] 78 | |             : for<'n> LendingIteratorItem<'n, T = &'n mut [T; WIDTH]>
[INFO] [stderr] 79 | |         ,
[INFO] [stderr]    | |_________- move the `impl` block outside of this associated function `new`
[INFO] [stderr] ...
[INFO] [stderr] 91 | /         impl<'slice, T, const WIDTH: usize>
[INFO] [stderr] 92 | |             LendingIterator
[INFO] [stderr]    | |             --------------- `LendingIterator` is not local
[INFO] [stderr] 93 | |         for
[INFO] [stderr] 94 | |             WindowsMut<&'slice mut [T], WIDTH>
[INFO] [stderr]    | |_____________----------__________________-----^
[INFO] [stderr]    |               |                           |
[INFO] [stderr]    |               |                           `WIDTH` is not local
[INFO] [stderr]    |               `WindowsMut` is not local
[INFO] [stderr]    |
[INFO] [stderr]    = note: an `impl` is never scoped, even when it is nested inside an item, as it may impact type checking outside of that item, which can be the case if neither the trait or the self type are at the same nesting level as the `impl`
[INFO] [stderr] 
[INFO] [stderr] warning: `polonius-the-crab` (test "lending_iterator") generated 2 warnings
[INFO] [stderr]     Finished `test` profile [unoptimized + debuginfo] target(s) in 0.01s
[INFO] [stderr]      Running unittests src/lib.rs (/opt/rustwide/target/debug/deps/polonius_the_crab-bd3ef8b230c7800d)
[INFO] [stdout] test result: ok. 0 passed; 0 failed; 0 ignored; 0 measured; 0 filtered out; finished in 0.00s
[INFO] [stdout] 
[INFO] [stderr]      Running tests/lending_iterator.rs (/opt/rustwide/target/debug/deps/lending_iterator-af603143c13f175a)
[INFO] [stdout] 
[INFO] [stdout] running 1 test
[INFO] [stdout] test test_windows_mut ... ok
[INFO] [stdout] 
[INFO] [stdout] test result: ok. 1 passed; 0 failed; 0 ignored; 0 measured; 0 filtered out; finished in 0.00s
[INFO] [stdout] 
[INFO] [stderr]      Running tests/soundness.rs (/opt/rustwide/target/debug/deps/soundness-232aadf3455e7873)
[INFO] [stdout] 
[INFO] [stdout] running 1 test
[INFO] [stderr] error[E0499]: cannot borrow `*input_borrow` as mutable more than once at a time
[INFO] [stderr]    --> src/lib.rs:141:17
[INFO] [stderr]     |
[INFO] [stderr] 105 | fn polonius<'i, Input : ?Sized, OwnedOutput, BorrowingOutput : ?Sized> (
[INFO] [stderr]     |             -- lifetime `'i` defined here
[INFO] [stderr] ...
[INFO] [stderr] 123 |     let tentative_borrow = &mut *input_borrow;
[INFO] [stderr]     |                            ------------------ first mutable borrow occurs here
[INFO] [stderr] ...
[INFO] [stderr] 136 |             PoloniusResult::Borrowing(dependent)
[INFO] [stderr]     |             ------------------------------------ returning this value requires that `*input_borrow` is borrowed for `'i`
[INFO] [stderr] ...
[INFO] [stderr] 141 |                 input_borrow,
[INFO] [stderr]     |                 ^^^^^^^^^^^^ second mutable borrow occurs here
[INFO] [stderr] 
[INFO] [stderr] For more information about this error, try `rustc --explain E0499`.
[INFO] [stderr] error: could not compile `polonius-the-crab` (lib) due to 1 previous error
[INFO] [stdout] test cargo_check_with_polonius ... FAILED
[INFO] [stdout] 
[INFO] [stdout] failures:
[INFO] [stdout] 
[INFO] [stdout] ---- cargo_check_with_polonius stdout ----
[INFO] [stdout] thread 'cargo_check_with_polonius' panicked at tests/soundness.rs:18:18:
[INFO] [stdout] explicit panic
[INFO] [stdout] stack backtrace:
[INFO] [stdout]    0:     0x5cdc2930360a - std::backtrace_rs::backtrace::libunwind::trace::h207520d6e9873551
[INFO] [stdout]                                at /rustc/df4ca44d3fbc9301ee17f30f4d474e6ae4b05252/library/std/src/../../backtrace/src/backtrace/libunwind.rs:116:5
[INFO] [stdout]    1:     0x5cdc2930360a - std::backtrace_rs::backtrace::trace_unsynchronized::h2ed7433f370e3eca
[INFO] [stdout]                                at /rustc/df4ca44d3fbc9301ee17f30f4d474e6ae4b05252/library/std/src/../../backtrace/src/backtrace/mod.rs:66:5
[INFO] [stdout]    2:     0x5cdc2930360a - std::sys::backtrace::_print_fmt::h916fac51166b18d7
[INFO] [stdout]                                at /rustc/df4ca44d3fbc9301ee17f30f4d474e6ae4b05252/library/std/src/sys/backtrace.rs:66:9
[INFO] [stdout]    3:     0x5cdc2930360a - <std::sys::backtrace::BacktraceLock::print::DisplayBacktrace as core::fmt::Display>::fmt::ha0a4c9b8ce3802e6
[INFO] [stdout]                                at /rustc/df4ca44d3fbc9301ee17f30f4d474e6ae4b05252/library/std/src/sys/backtrace.rs:39:26
[INFO] [stdout]    4:     0x5cdc29329c43 - core::fmt::rt::Argument::fmt::h4cfc8587d52b3eb5
[INFO] [stdout]                                at /rustc/df4ca44d3fbc9301ee17f30f4d474e6ae4b05252/library/core/src/fmt/rt.rs:177:76
[INFO] [stdout]    5:     0x5cdc29329c43 - core::fmt::write::h522cc39e5b36ae9f
[INFO] [stdout]                                at /rustc/df4ca44d3fbc9301ee17f30f4d474e6ae4b05252/library/core/src/fmt/mod.rs:1190:21
[INFO] [stdout]    6:     0x5cdc29300173 - std::io::Write::write_fmt::h7d3c26752da97734
[INFO] [stdout]                                at /rustc/df4ca44d3fbc9301ee17f30f4d474e6ae4b05252/library/std/src/io/mod.rs:1839:15
[INFO] [stdout]    7:     0x5cdc29303452 - std::sys::backtrace::BacktraceLock::print::h4b9e00b29e9c0942
[INFO] [stdout]                                at /rustc/df4ca44d3fbc9301ee17f30f4d474e6ae4b05252/library/std/src/sys/backtrace.rs:42:9
[INFO] [stdout]    8:     0x5cdc29304a9a - std::panicking::default_hook::{{closure}}::hb59b88280d0324d9
[INFO] [stdout]                                at /rustc/df4ca44d3fbc9301ee17f30f4d474e6ae4b05252/library/std/src/panicking.rs:268:22
[INFO] [stdout]    9:     0x5cdc293048a4 - std::panicking::default_hook::he1dd496665be4a29
[INFO] [stdout]                                at /rustc/df4ca44d3fbc9301ee17f30f4d474e6ae4b05252/library/std/src/panicking.rs:292:9
[INFO] [stdout]   10:     0x5cdc292ce549 - <alloc::boxed::Box<F,A> as core::ops::function::Fn<Args>>::call::h4ff71de18744e1dc
[INFO] [stdout]                                at /rustc/df4ca44d3fbc9301ee17f30f4d474e6ae4b05252/library/alloc/src/boxed.rs:2468:9
[INFO] [stdout]   11:     0x5cdc292ce549 - test::test_main::{{closure}}::hcf7c055ce117aa81
[INFO] [stdout]                                at /rustc/df4ca44d3fbc9301ee17f30f4d474e6ae4b05252/library/test/src/lib.rs:133:21
[INFO] [stdout]   12:     0x5cdc29305198 - <alloc::boxed::Box<F,A> as core::ops::function::Fn<Args>>::call::h1d66c6bbd60c9692
[INFO] [stdout]                                at /rustc/df4ca44d3fbc9301ee17f30f4d474e6ae4b05252/library/alloc/src/boxed.rs:2468:9
[INFO] [stdout]   13:     0x5cdc29305198 - std::panicking::rust_panic_with_hook::h2ff17fe8f26dfcf8
[INFO] [stdout]                                at /rustc/df4ca44d3fbc9301ee17f30f4d474e6ae4b05252/library/std/src/panicking.rs:809:13
[INFO] [stdout]   14:     0x5cdc29304f5a - std::panicking::begin_panic_handler::{{closure}}::h4fad77951c07e101
[INFO] [stdout]                                at /rustc/df4ca44d3fbc9301ee17f30f4d474e6ae4b05252/library/std/src/panicking.rs:674:13
[INFO] [stdout]   15:     0x5cdc29303ae9 - std::sys::backtrace::__rust_end_short_backtrace::hb1a25b3da5d0ea08
[INFO] [stdout]                                at /rustc/df4ca44d3fbc9301ee17f30f4d474e6ae4b05252/library/std/src/sys/backtrace.rs:170:18
[INFO] [stdout]   16:     0x5cdc29304bec - rust_begin_unwind
[INFO] [stdout]                                at /rustc/df4ca44d3fbc9301ee17f30f4d474e6ae4b05252/library/std/src/panicking.rs:665:5
[INFO] [stdout]   17:     0x5cdc29328680 - core::panicking::panic_fmt::ha9db07b529f9b256
[INFO] [stdout]                                at /rustc/df4ca44d3fbc9301ee17f30f4d474e6ae4b05252/library/core/src/panicking.rs:75:14
[INFO] [stdout]   18:     0x5cdc29328806 - core::panicking::panic_display::h974ff3dec7c08c85
[INFO] [stdout]                                at /rustc/df4ca44d3fbc9301ee17f30f4d474e6ae4b05252/library/core/src/panicking.rs:273:5
[INFO] [stdout]   19:     0x5cdc29328806 - core::panicking::panic_explicit::h6aa16c11b02f76d9
[INFO] [stdout]                                at /rustc/df4ca44d3fbc9301ee17f30f4d474e6ae4b05252/library/core/src/panicking.rs:244:5
[INFO] [stdout]   20:     0x5cdc292945ea - soundness::cargo_check_with_polonius::{{closure}}::panic_cold_explicit::h03ffe952ae5f9d59
[INFO] [stdout]                                at /rustc/df4ca44d3fbc9301ee17f30f4d474e6ae4b05252/library/core/src/panic.rs:88:13
[INFO] [stdout]   21:     0x5cdc292945dd - soundness::cargo_check_with_polonius::{{closure}}::hb9ed340d865d3649
[INFO] [stdout]                                at /opt/rustwide/workdir/tests/soundness.rs:18:18
[INFO] [stdout]   22:     0x5cdc292913fd - core::bool::<impl bool>::then::h3b0577ec5b57c19f
[INFO] [stdout]                                at /rustc/df4ca44d3fbc9301ee17f30f4d474e6ae4b05252/library/core/src/bool.rs:61:24
[INFO] [stdout]   23:     0x5cdc29294599 - soundness::cargo_check_with_polonius::h7fa2e82f4c640f52
[INFO] [stdout]                                at /opt/rustwide/workdir/tests/soundness.rs:6:5
[INFO] [stdout]   24:     0x5cdc29294317 - soundness::cargo_check_with_polonius::{{closure}}::h4e850b33ace3fc7f
[INFO] [stdout]                                at /opt/rustwide/workdir/tests/soundness.rs:4:32
[INFO] [stdout]   25:     0x5cdc29290946 - core::ops::function::FnOnce::call_once::h13829dfe194c8030
[INFO] [stdout]                                at /rustc/df4ca44d3fbc9301ee17f30f4d474e6ae4b05252/library/core/src/ops/function.rs:250:5
[INFO] [stdout]   26:     0x5cdc292d2e1b - core::ops::function::FnOnce::call_once::h22c3ba5715e93f05
[INFO] [stdout]                                at /rustc/df4ca44d3fbc9301ee17f30f4d474e6ae4b05252/library/core/src/ops/function.rs:250:5
[INFO] [stdout]   27:     0x5cdc292d2e1b - test::__rust_begin_short_backtrace::h8e82d8113d0da17f
[INFO] [stdout]                                at /rustc/df4ca44d3fbc9301ee17f30f4d474e6ae4b05252/library/test/src/lib.rs:621:18
[INFO] [stdout]   28:     0x5cdc292d2797 - test::run_test_in_process::{{closure}}::h33235f4f20b7b7c7
[INFO] [stdout]                                at /rustc/df4ca44d3fbc9301ee17f30f4d474e6ae4b05252/library/test/src/lib.rs:644:60
[INFO] [stdout]   29:     0x5cdc292d2797 - <core::panic::unwind_safe::AssertUnwindSafe<F> as core::ops::function::FnOnce<()>>::call_once::hb5043206310c586f
[INFO] [stdout]                                at /rustc/df4ca44d3fbc9301ee17f30f4d474e6ae4b05252/library/core/src/panic/unwind_safe.rs:272:9
[INFO] [stdout]   30:     0x5cdc292d2797 - std::panicking::try::do_call::h9ad4731a60ab23e2
[INFO] [stdout]                                at /rustc/df4ca44d3fbc9301ee17f30f4d474e6ae4b05252/library/std/src/panicking.rs:557:40
[INFO] [stdout]   31:     0x5cdc292d2797 - std::panicking::try::h3824d23db772a716
[INFO] [stdout]                                at /rustc/df4ca44d3fbc9301ee17f30f4d474e6ae4b05252/library/std/src/panicking.rs:520:19
[INFO] [stdout]   32:     0x5cdc292d2797 - std::panic::catch_unwind::h5afd514605fde46b
[INFO] [stdout]                                at /rustc/df4ca44d3fbc9301ee17f30f4d474e6ae4b05252/library/std/src/panic.rs:358:14
[INFO] [stdout]   33:     0x5cdc292d2797 - test::run_test_in_process::h0d5cbfa7067d1720
[INFO] [stdout]                                at /rustc/df4ca44d3fbc9301ee17f30f4d474e6ae4b05252/library/test/src/lib.rs:644:27
[INFO] [stdout]   34:     0x5cdc292d2797 - test::run_test::{{closure}}::h708eb8872708115d
[INFO] [stdout]                                at /rustc/df4ca44d3fbc9301ee17f30f4d474e6ae4b05252/library/test/src/lib.rs:565:43
[INFO] [stdout]   35:     0x5cdc29295eb4 - test::run_test::{{closure}}::h392c51cee94713ab
[INFO] [stdout]                                at /rustc/df4ca44d3fbc9301ee17f30f4d474e6ae4b05252/library/test/src/lib.rs:595:41
[INFO] [stdout]   36:     0x5cdc29295eb4 - std::sys::backtrace::__rust_begin_short_backtrace::h2f40290710935a8b
[INFO] [stdout]                                at /rustc/df4ca44d3fbc9301ee17f30f4d474e6ae4b05252/library/std/src/sys/backtrace.rs:154:18
[INFO] [stdout]   37:     0x5cdc2929965e - std::thread::Builder::spawn_unchecked_::{{closure}}::{{closure}}::h3fd968d89053a903
[INFO] [stdout]                                at /rustc/df4ca44d3fbc9301ee17f30f4d474e6ae4b05252/library/std/src/thread/mod.rs:541:17
[INFO] [stdout]   38:     0x5cdc2929965e - <core::panic::unwind_safe::AssertUnwindSafe<F> as core::ops::function::FnOnce<()>>::call_once::h743f637ba4229880
[INFO] [stdout]                                at /rustc/df4ca44d3fbc9301ee17f30f4d474e6ae4b05252/library/core/src/panic/unwind_safe.rs:272:9
[INFO] [stdout]   39:     0x5cdc2929965e - std::panicking::try::do_call::h07440897322525a6
[INFO] [stdout]                                at /rustc/df4ca44d3fbc9301ee17f30f4d474e6ae4b05252/library/std/src/panicking.rs:557:40
[INFO] [stdout]   40:     0x5cdc2929965e - std::panicking::try::he5a2e00188156637
[INFO] [stdout]                                at /rustc/df4ca44d3fbc9301ee17f30f4d474e6ae4b05252/library/std/src/panicking.rs:520:19
[INFO] [stdout]   41:     0x5cdc2929965e - std::panic::catch_unwind::hbaf3cae49b3c6433
[INFO] [stdout]                                at /rustc/df4ca44d3fbc9301ee17f30f4d474e6ae4b05252/library/std/src/panic.rs:358:14
[INFO] [stdout]   42:     0x5cdc2929965e - std::thread::Builder::spawn_unchecked_::{{closure}}::h8e141ea224820bce
[INFO] [stdout]                                at /rustc/df4ca44d3fbc9301ee17f30f4d474e6ae4b05252/library/std/src/thread/mod.rs:540:30
[INFO] [stdout]   43:     0x5cdc2929965e - core::ops::function::FnOnce::call_once{{vtable.shim}}::h90d312fedd7b8ea8
[INFO] [stdout]                                at /rustc/df4ca44d3fbc9301ee17f30f4d474e6ae4b05252/library/core/src/ops/function.rs:250:5
[INFO] [stdout]   44:     0x5cdc2930908b - <alloc::boxed::Box<F,A> as core::ops::function::FnOnce<Args>>::call_once::h69aa08ddb6adb8b6
[INFO] [stdout]                                at /rustc/df4ca44d3fbc9301ee17f30f4d474e6ae4b05252/library/alloc/src/boxed.rs:2454:9
[INFO] [stdout]   45:     0x5cdc2930908b - <alloc::boxed::Box<F,A> as core::ops::function::FnOnce<Args>>::call_once::h5aa36efdb79c806f
[INFO] [stdout]                                at /rustc/df4ca44d3fbc9301ee17f30f4d474e6ae4b05252/library/alloc/src/boxed.rs:2454:9
[INFO] [stdout]   46:     0x5cdc2930908b - std::sys::pal::unix::thread::Thread::new::thread_start::h6cd80a1b4be5158d
[INFO] [stdout]                                at /rustc/df4ca44d3fbc9301ee17f30f4d474e6ae4b05252/library/std/src/sys/pal/unix/thread.rs:105:17
[INFO] [stdout]   47:     0x75ee7ee7aac3 - <unknown>
[INFO] [stdout]   48:     0x75ee7ef0ba04 - clone
[INFO] [stdout]   49:                0x0 - <unknown>
[INFO] [stdout] 
[INFO] [stdout] 
[INFO] [stdout] failures:
[INFO] [stdout]     cargo_check_with_polonius
[INFO] [stdout] 
[INFO] [stdout] test result: FAILED. 0 passed; 1 failed; 0 ignored; 0 measured; 0 filtered out; finished in 0.22s
[INFO] [stdout] 
[INFO] [stderr] error: test failed, to rerun pass `--test soundness`
[INFO] running `Command { std: "docker" "inspect" "933e1ce85328f8a2fb44c9fedb1bb58a537978d7f2a93d5a7371629257d4f14b", kill_on_drop: false }`
[INFO] running `Command { std: "docker" "rm" "-f" "933e1ce85328f8a2fb44c9fedb1bb58a537978d7f2a93d5a7371629257d4f14b", kill_on_drop: false }`
[INFO] [stdout] 933e1ce85328f8a2fb44c9fedb1bb58a537978d7f2a93d5a7371629257d4f14b
