[INFO] fetching crate polkadot-primitives 16.0.0...
[INFO] testing polkadot-primitives-16.0.0 against nightly-2024-10-28 for randomize-layout
[INFO] extracting crate polkadot-primitives 16.0.0 into /workspace/builds/worker-7-tc1/source
[INFO] validating manifest of crates.io crate polkadot-primitives 16.0.0 on toolchain nightly-2024-10-28
[INFO] running `Command { std: CARGO_HOME="/workspace/cargo-home" RUSTUP_HOME="/workspace/rustup-home" "/workspace/cargo-home/bin/cargo" "+nightly-2024-10-28" "metadata" "--manifest-path" "Cargo.toml" "--no-deps", kill_on_drop: false }`
[INFO] started tweaking crates.io crate polkadot-primitives 16.0.0
[INFO] finished tweaking crates.io crate polkadot-primitives 16.0.0
[INFO] tweaked toml for crates.io crate polkadot-primitives 16.0.0 written to /workspace/builds/worker-7-tc1/source/Cargo.toml
[INFO] running `Command { std: CARGO_HOME="/workspace/cargo-home" RUSTUP_HOME="/workspace/rustup-home" "/workspace/cargo-home/bin/cargo" "+nightly-2024-10-28" "generate-lockfile" "--manifest-path" "Cargo.toml", kill_on_drop: false }`
[INFO] [stderr]     Blocking waiting for file lock on package cache
[INFO] [stderr]     Updating crates.io index
[INFO] [stderr]      Locking 303 packages to latest compatible versions
[INFO] [stderr]       Adding unicode-normalization v0.1.22 (available: v0.1.24)
[INFO] running `Command { std: CARGO_HOME="/workspace/cargo-home" RUSTUP_HOME="/workspace/rustup-home" "/workspace/cargo-home/bin/cargo" "+nightly-2024-10-28" "fetch" "--manifest-path" "Cargo.toml", kill_on_drop: false }`
[INFO] running `Command { std: "docker" "create" "-v" "/var/lib/crater-agent-workspace/builds/worker-7-tc1/target:/opt/rustwide/target:rw,Z" "-v" "/var/lib/crater-agent-workspace/builds/worker-7-tc1/source:/opt/rustwide/workdir:ro,Z" "-v" "/var/lib/crater-agent-workspace/cargo-home:/opt/rustwide/cargo-home:ro,Z" "-v" "/var/lib/crater-agent-workspace/rustup-home:/opt/rustwide/rustup-home:ro,Z" "-e" "SOURCE_DIR=/opt/rustwide/workdir" "-e" "CARGO_TARGET_DIR=/opt/rustwide/target" "-e" "CARGO_HOME=/opt/rustwide/cargo-home" "-e" "RUSTUP_HOME=/opt/rustwide/rustup-home" "-w" "/opt/rustwide/workdir" "-m" "1610612736" "--user" "0:0" "--network" "none" "ghcr.io/rust-lang/crates-build-env/linux@sha256:4a844ea9eb2546a2d2c7022eacef16ef2e8229c7fbb2c7d4d55a9ceca922f72d" "/opt/rustwide/cargo-home/bin/cargo" "+nightly-2024-10-28" "metadata" "--no-deps" "--format-version=1", kill_on_drop: false }`
[INFO] [stdout] 34b04aeb37d0027427994bc8dce0d200f643a5ce87ce2175997d26ecf559aee9
[INFO] running `Command { std: "docker" "start" "-a" "34b04aeb37d0027427994bc8dce0d200f643a5ce87ce2175997d26ecf559aee9", kill_on_drop: false }`
[INFO] running `Command { std: "docker" "inspect" "34b04aeb37d0027427994bc8dce0d200f643a5ce87ce2175997d26ecf559aee9", kill_on_drop: false }`
[INFO] running `Command { std: "docker" "rm" "-f" "34b04aeb37d0027427994bc8dce0d200f643a5ce87ce2175997d26ecf559aee9", kill_on_drop: false }`
[INFO] [stdout] 34b04aeb37d0027427994bc8dce0d200f643a5ce87ce2175997d26ecf559aee9
[INFO] running `Command { std: "docker" "create" "-v" "/var/lib/crater-agent-workspace/builds/worker-7-tc1/target:/opt/rustwide/target:rw,Z" "-v" "/var/lib/crater-agent-workspace/builds/worker-7-tc1/source:/opt/rustwide/workdir:ro,Z" "-v" "/var/lib/crater-agent-workspace/cargo-home:/opt/rustwide/cargo-home:ro,Z" "-v" "/var/lib/crater-agent-workspace/rustup-home:/opt/rustwide/rustup-home:ro,Z" "-e" "SOURCE_DIR=/opt/rustwide/workdir" "-e" "CARGO_TARGET_DIR=/opt/rustwide/target" "-e" "CARGO_INCREMENTAL=0" "-e" "RUST_BACKTRACE=full" "-e" "RUSTFLAGS=--cap-lints=forbid" "-e" "RUSTDOCFLAGS=--cap-lints=forbid" "-e" "CARGO_HOME=/opt/rustwide/cargo-home" "-e" "RUSTUP_HOME=/opt/rustwide/rustup-home" "-w" "/opt/rustwide/workdir" "-m" "1610612736" "--user" "0:0" "--network" "none" "ghcr.io/rust-lang/crates-build-env/linux@sha256:4a844ea9eb2546a2d2c7022eacef16ef2e8229c7fbb2c7d4d55a9ceca922f72d" "/opt/rustwide/cargo-home/bin/cargo" "+nightly-2024-10-28" "build" "--frozen" "--message-format=json", kill_on_drop: false }`
[INFO] [stdout] 71683ff305c405391d79cee3b4504b2488c48a0c8cbc190f4bf325b9388c3118
[INFO] running `Command { std: "docker" "start" "-a" "71683ff305c405391d79cee3b4504b2488c48a0c8cbc190f4bf325b9388c3118", kill_on_drop: false }`
[INFO] [stderr]    Compiling subtle v2.6.1
[INFO] [stderr]    Compiling serde v1.0.214
[INFO] [stderr]    Compiling winnow v0.6.20
[INFO] [stderr]    Compiling const-oid v0.9.6
[INFO] [stderr]    Compiling byteorder v1.5.0
[INFO] [stderr]    Compiling syn v1.0.109
[INFO] [stderr]    Compiling generic-array v0.14.7
[INFO] [stderr]    Compiling regex-syntax v0.8.5
[INFO] [stderr]    Compiling arrayvec v0.7.6
[INFO] [stderr]    Compiling syn v2.0.86
[INFO] [stderr]    Compiling radium v0.7.0
[INFO] [stderr]    Compiling byte-slice-cast v1.2.2
[INFO] [stderr]    Compiling tap v1.0.1
[INFO] [stderr]    Compiling aho-corasick v1.1.3
[INFO] [stderr]    Compiling wyz v0.5.1
[INFO] [stderr]    Compiling cpufeatures v0.2.14
[INFO] [stderr]    Compiling funty v2.0.0
[INFO] [stderr]    Compiling bytes v1.8.0
[INFO] [stderr]    Compiling semver v1.0.23
[INFO] [stderr]    Compiling arrayref v0.3.9
[INFO] [stderr]    Compiling crunchy v0.2.2
[INFO] [stderr]    Compiling keccak v0.1.5
[INFO] [stderr]    Compiling smallvec v1.13.2
[INFO] [stderr]    Compiling fs-err v2.11.0
[INFO] [stderr]    Compiling ahash v0.8.11
[INFO] [stderr]    Compiling ref-cast v1.0.23
[INFO] [stderr]    Compiling expander v2.2.1
[INFO] [stderr]    Compiling serde_json v1.0.132
[INFO] [stderr]    Compiling constant_time_eq v0.3.1
[INFO] [stderr]    Compiling base16ct v0.2.0
[INFO] [stderr]    Compiling powerfmt v0.2.0
[INFO] [stderr]    Compiling ff v0.13.0
[INFO] [stderr]    Compiling file-guard v0.2.0
[INFO] [stderr]    Compiling hex v0.4.3
[INFO] [stderr]    Compiling deranged v0.3.11
[INFO] [stderr]    Compiling rustc-hex v2.1.0
[INFO] [stderr]    Compiling bitcoin-internals v0.2.0
[INFO] [stderr]    Compiling crypto-common v0.1.6
[INFO] [stderr]    Compiling block-buffer v0.10.4
[INFO] [stderr]    Compiling digest v0.9.0
[INFO] [stderr]    Compiling digest v0.10.7
[INFO] [stderr]    Compiling libsecp256k1-core v0.3.0
[INFO] [stderr]    Compiling rustc_version v0.4.1
[INFO] [stderr]    Compiling num-conv v0.1.0
[INFO] [stderr]    Compiling time-core v0.1.2
[INFO] [stderr]    Compiling group v0.13.0
[INFO] [stderr]    Compiling secp256k1-sys v0.9.2
[INFO] [stderr]    Compiling sp-std v14.0.0
[INFO] [stderr]    Compiling unicode-xid v0.2.6
[INFO] [stderr]    Compiling hash-db v0.16.0
[INFO] [stderr]    Compiling base64ct v1.6.0
[INFO] [stderr]    Compiling uint v0.9.5
[INFO] [stderr]    Compiling num_cpus v1.16.0
[INFO] [stderr]    Compiling hex-conservative v0.1.2
[INFO] [stderr]    Compiling blake2 v0.10.6
[INFO] [stderr]    Compiling curve25519-dalek v4.1.3
[INFO] [stderr]    Compiling opaque-debug v0.3.1
[INFO] [stderr]    Compiling allocator-api2 v0.2.18
[INFO] [stderr]    Compiling environmental v1.1.4
[INFO] [stderr]    Compiling time v0.3.36
[INFO] [stderr]    Compiling password-hash v0.5.0
[INFO] [stderr]    Compiling unicode-normalization v0.1.22
[INFO] [stderr]    Compiling parking_lot_core v0.9.10
[INFO] [stderr]    Compiling blake2b_simd v1.0.2
[INFO] [stderr]    Compiling bitcoin_hashes v0.13.0
[INFO] [stderr]    Compiling num-format v0.4.4
[INFO] [stderr]    Compiling dyn-clone v1.0.17
[INFO] [stderr]    Compiling same-file v1.0.6
[INFO] [stderr]    Compiling base64 v0.13.1
[INFO] [stderr]    Compiling itertools v0.11.0
[INFO] [stderr]    Compiling regex-automata v0.4.8
[INFO] [stderr]    Compiling walkdir v2.5.0
[INFO] [stderr]    Compiling parking_lot v0.12.3
[INFO] [stderr]    Compiling libsecp256k1-gen-genmult v0.3.0
[INFO] [stderr]    Compiling libsecp256k1-gen-ecmult v0.3.0
[INFO] [stderr]    Compiling hash256-std-hasher v0.15.2
[INFO] [stderr]    Compiling array-bytes v6.2.3
[INFO] [stderr]    Compiling bs58 v0.5.1
[INFO] [stderr]    Compiling libsecp256k1 v0.7.1
[INFO] [stderr]    Compiling gimli v0.31.1
[INFO] [stderr]    Compiling common-path v1.0.0
[INFO] [stderr]    Compiling miniz_oxide v0.8.0
[INFO] [stderr]    Compiling object v0.36.5
[INFO] [stderr]    Compiling num-traits v0.2.19
[INFO] [stderr]    Compiling hashbrown v0.13.2
[INFO] [stderr]    Compiling rustc-demangle v0.1.24
[INFO] [stderr]    Compiling trie-root v0.18.0
[INFO] [stderr]    Compiling trie-db v0.29.1
[INFO] [stderr]    Compiling memory-db v0.32.0
[INFO] [stderr]    Compiling nohash-hasher v0.2.0
[INFO] [stderr]    Compiling sp-io v38.0.0
[INFO] [stderr]    Compiling simple-mermaid v0.1.1
[INFO] [stderr]    Compiling sha3 v0.10.8
[INFO] [stderr]    Compiling twox-hash v1.6.3
[INFO] [stderr]    Compiling sha2 v0.10.8
[INFO] [stderr]    Compiling parity-wasm v0.45.0
[INFO] [stderr]    Compiling convert_case v0.4.0
[INFO] [stderr]    Compiling hex-literal v0.4.1
[INFO] [stderr]    Compiling sp-crypto-hashing v0.1.0
[INFO] [stderr]    Compiling integer-sqrt v0.1.5
[INFO] [stderr]    Compiling secp256k1 v0.28.2
[INFO] [stderr]    Compiling regex v1.11.1
[INFO] [stderr]    Compiling impl-trait-for-tuples v0.2.2
[INFO] [stderr]    Compiling prettyplease v0.2.25
[INFO] [stderr]    Compiling dyn-clonable-impl v0.9.0
[INFO] [stderr]    Compiling Inflector v0.11.4
[INFO] [stderr]    Compiling addr2line v0.24.2
[INFO] [stderr]    Compiling dyn-clonable v0.9.0
[INFO] [stderr]    Compiling serde_derive v1.0.214
[INFO] [stderr]    Compiling zeroize_derive v1.4.2
[INFO] [stderr]    Compiling zerocopy-derive v0.7.35
[INFO] [stderr]    Compiling derive_more-impl v1.0.0
[INFO] [stderr]    Compiling curve25519-dalek-derive v0.1.1
[INFO] [stderr]    Compiling sp-debug-derive v14.0.0
[INFO] [stderr]    Compiling ref-cast-impl v1.0.23
[INFO] [stderr]    Compiling tracing-attributes v0.1.27
[INFO] [stderr]    Compiling futures-macro v0.3.31
[INFO] [stderr]    Compiling thiserror-impl v1.0.66
[INFO] [stderr]    Compiling derive-syn-parse v0.2.0
[INFO] [stderr]    Compiling sp-crypto-hashing-proc-macro v0.1.0
[INFO] [stderr]    Compiling async-trait v0.1.83
[INFO] [stderr]    Compiling derive_more v0.99.18
[INFO] [stderr]    Compiling zeroize v1.8.1
[INFO] [stderr]    Compiling zerocopy v0.7.35
[INFO] [stderr]    Compiling futures-util v0.3.31
[INFO] [stderr]    Compiling der v0.7.9
[INFO] [stderr]    Compiling merlin v3.0.0
[INFO] [stderr]    Compiling secrecy v0.8.0
[INFO] [stderr]    Compiling backtrace v0.3.74
[INFO] [stderr]    Compiling derive_more v1.0.0
[INFO] [stderr]    Compiling thiserror v1.0.66
[INFO] [stderr]    Compiling ppv-lite86 v0.2.20
[INFO] [stderr]    Compiling crypto-mac v0.8.0
[INFO] [stderr]    Compiling crypto-bigint v0.5.5
[INFO] [stderr]    Compiling block-buffer v0.9.0
[INFO] [stderr]    Compiling hmac v0.8.1
[INFO] [stderr]    Compiling sha2 v0.9.9
[INFO] [stderr]    Compiling tracing v0.1.40
[INFO] [stderr]    Compiling hmac-drbg v0.3.0
[INFO] [stderr]    Compiling sp-panic-handler v13.0.0
[INFO] [stderr]    Compiling tracing-subscriber v0.3.18
[INFO] [stderr]    Compiling hashbrown v0.14.5
[INFO] [stderr]    Compiling schnellru v0.2.3
[INFO] [stderr]    Compiling signature v2.2.0
[INFO] [stderr]    Compiling hmac v0.12.1
[INFO] [stderr]    Compiling ed25519 v2.2.3
[INFO] [stderr]    Compiling rand_chacha v0.3.1
[INFO] [stderr]    Compiling rfc6979 v0.4.0
[INFO] [stderr]    Compiling pbkdf2 v0.12.2
[INFO] [stderr]    Compiling spki v0.7.3
[INFO] [stderr]    Compiling rand v0.8.5
[INFO] [stderr]    Compiling pkcs8 v0.10.2
[INFO] [stderr]    Compiling getrandom_or_panic v0.0.3
[INFO] [stderr]    Compiling fixed-hash v0.8.0
[INFO] [stderr]    Compiling ed25519-zebra v4.0.3
[INFO] [stderr]    Compiling ed25519-dalek v2.1.1
[INFO] [stderr]    Compiling futures-executor v0.3.31
[INFO] [stderr]    Compiling futures v0.3.31
[INFO] [stderr]    Compiling toml_datetime v0.6.8
[INFO] [stderr]    Compiling serde_spanned v0.6.8
[INFO] [stderr]    Compiling bitvec v1.0.1
[INFO] [stderr]    Compiling serdect v0.2.0
[INFO] [stderr]    Compiling impl-serde v0.4.0
[INFO] [stderr]    Compiling serde_bytes v0.11.15
[INFO] [stderr]    Compiling parity-bip39 v2.0.1
[INFO] [stderr]    Compiling toml_edit v0.22.22
[INFO] [stderr]    Compiling schnorrkel v0.11.4
[INFO] [stderr]    Compiling sec1 v0.7.3
[INFO] [stderr]    Compiling elliptic-curve v0.13.8
[INFO] [stderr]    Compiling ecdsa v0.16.9
[INFO] [stderr]    Compiling substrate-bip39 v0.6.0
[INFO] [stderr]    Compiling ss58-registry v1.51.0
[INFO] [stderr]    Compiling k256 v0.13.4
[INFO] [stderr]    Compiling proc-macro-crate v3.2.0
[INFO] [stderr]    Compiling toml v0.8.19
[INFO] [stderr]    Compiling parity-scale-codec-derive v3.6.12
[INFO] [stderr]    Compiling scale-info-derive v2.11.5
[INFO] [stderr]    Compiling sp-runtime-interface-proc-macro v18.0.0
[INFO] [stderr]    Compiling sp-api-proc-macro v20.0.0
[INFO] [stderr]    Compiling docify_macros v0.2.8
[INFO] [stderr]    Compiling docify v0.2.8
[INFO] [stderr]    Compiling parity-scale-codec v3.6.12
[INFO] [stderr]    Compiling sp-version-proc-macro v14.0.0
[INFO] [stderr]    Compiling scale-info v2.11.5
[INFO] [stderr]    Compiling impl-codec v0.6.0
[INFO] [stderr]    Compiling sp-storage v21.0.0
[INFO] [stderr]    Compiling sp-wasm-interface v21.0.1
[INFO] [stderr]    Compiling sp-tracing v17.0.1
[INFO] [stderr]    Compiling sp-externalities v0.29.0
[INFO] [stderr]    Compiling bounded-collections v0.2.1
[INFO] [stderr]    Compiling primitive-types v0.12.2
[INFO] [stderr]    Compiling sp-arithmetic v26.0.0
[INFO] [stderr]    Compiling sp-weights v31.0.0
[INFO] [stderr]    Compiling sp-runtime-interface v28.0.0
[INFO] [stderr]    Compiling sp-core v34.0.0
[INFO] [stderr]    Compiling sp-trie v37.0.0
[INFO] [stderr]    Compiling sp-keystore v0.40.0
[INFO] [stderr]    Compiling sp-state-machine v0.43.0
[INFO] [stderr]    Compiling sp-application-crypto v38.0.0
[INFO] [stderr]    Compiling sp-runtime v39.0.2
[INFO] [stderr]    Compiling sp-inherents v34.0.0
[INFO] [stderr]    Compiling sp-version v37.0.0
[INFO] [stderr]    Compiling polkadot-core-primitives v15.0.0
[INFO] [stderr]    Compiling sp-staking v36.0.0
[INFO] [stderr]    Compiling polkadot-parachain-primitives v14.0.0
[INFO] [stderr]    Compiling sp-api v34.0.0
[INFO] [stderr]    Compiling sp-authority-discovery v34.0.0
[INFO] [stderr]    Compiling sp-timestamp v34.0.0
[INFO] [stderr]    Compiling sp-consensus-slots v0.40.1
[INFO] [stderr]    Compiling polkadot-primitives v16.0.0 (/opt/rustwide/workdir)
[INFO] [stdout] warning: method `as_str` is never used
[INFO] [stdout]   --> src/v8/metrics.rs:97:5
[INFO] [stdout]    |
[INFO] [stdout] 95 | pub trait AsStr {
[INFO] [stdout]    |           ----- method in this trait
[INFO] [stdout] 96 |     /// Return a str reference.
[INFO] [stdout] 97 |     fn as_str(&self) -> Option<&str>;
[INFO] [stdout]    |        ^^^^^^
[INFO] [stdout]    |
[INFO] [stdout]    = note: `#[warn(dead_code)]` on by default
[INFO] [stdout] 
[INFO] [stdout] 
[INFO] [stderr]     Finished `dev` profile [unoptimized + debuginfo] target(s) in 1m 02s
[INFO] running `Command { std: "docker" "inspect" "71683ff305c405391d79cee3b4504b2488c48a0c8cbc190f4bf325b9388c3118", kill_on_drop: false }`
[INFO] running `Command { std: "docker" "rm" "-f" "71683ff305c405391d79cee3b4504b2488c48a0c8cbc190f4bf325b9388c3118", kill_on_drop: false }`
[INFO] [stdout] 71683ff305c405391d79cee3b4504b2488c48a0c8cbc190f4bf325b9388c3118
[INFO] running `Command { std: "docker" "create" "-v" "/var/lib/crater-agent-workspace/builds/worker-7-tc1/target:/opt/rustwide/target:rw,Z" "-v" "/var/lib/crater-agent-workspace/builds/worker-7-tc1/source:/opt/rustwide/workdir:ro,Z" "-v" "/var/lib/crater-agent-workspace/cargo-home:/opt/rustwide/cargo-home:ro,Z" "-v" "/var/lib/crater-agent-workspace/rustup-home:/opt/rustwide/rustup-home:ro,Z" "-e" "SOURCE_DIR=/opt/rustwide/workdir" "-e" "CARGO_TARGET_DIR=/opt/rustwide/target" "-e" "CARGO_INCREMENTAL=0" "-e" "RUST_BACKTRACE=full" "-e" "RUSTFLAGS=--cap-lints=forbid" "-e" "RUSTDOCFLAGS=--cap-lints=forbid" "-e" "CARGO_HOME=/opt/rustwide/cargo-home" "-e" "RUSTUP_HOME=/opt/rustwide/rustup-home" "-w" "/opt/rustwide/workdir" "-m" "1610612736" "--user" "0:0" "--network" "none" "ghcr.io/rust-lang/crates-build-env/linux@sha256:4a844ea9eb2546a2d2c7022eacef16ef2e8229c7fbb2c7d4d55a9ceca922f72d" "/opt/rustwide/cargo-home/bin/cargo" "+nightly-2024-10-28" "test" "--frozen" "--no-run" "--message-format=json", kill_on_drop: false }`
[INFO] [stdout] e9dae9eaff3ee8cfd241b5a2a4cfd7cb9778b1b1d2a1857a0bfdba62f0171ca2
[INFO] running `Command { std: "docker" "start" "-a" "e9dae9eaff3ee8cfd241b5a2a4cfd7cb9778b1b1d2a1857a0bfdba62f0171ca2", kill_on_drop: false }`
[INFO] [stderr]    Compiling polkadot-primitives v16.0.0 (/opt/rustwide/workdir)
[INFO] [stdout] warning: method `as_str` is never used
[INFO] [stdout]   --> src/v8/metrics.rs:97:5
[INFO] [stdout]    |
[INFO] [stdout] 95 | pub trait AsStr {
[INFO] [stdout]    |           ----- method in this trait
[INFO] [stdout] 96 |     /// Return a str reference.
[INFO] [stdout] 97 |     fn as_str(&self) -> Option<&str>;
[INFO] [stdout]    |        ^^^^^^
[INFO] [stdout]    |
[INFO] [stdout]    = note: `#[warn(dead_code)]` on by default
[INFO] [stdout] 
[INFO] [stdout] 
[INFO] [stdout] warning: method `as_str` is never used
[INFO] [stdout]   --> src/v8/metrics.rs:97:5
[INFO] [stdout]    |
[INFO] [stdout] 95 | pub trait AsStr {
[INFO] [stdout]    |           ----- method in this trait
[INFO] [stdout] 96 |     /// Return a str reference.
[INFO] [stdout] 97 |     fn as_str(&self) -> Option<&str>;
[INFO] [stdout]    |        ^^^^^^
[INFO] [stdout]    |
[INFO] [stdout]    = note: `#[warn(dead_code)]` on by default
[INFO] [stdout] 
[INFO] [stdout] 
[INFO] [stderr]     Finished `test` profile [unoptimized + debuginfo] target(s) in 4.32s
[INFO] running `Command { std: "docker" "inspect" "e9dae9eaff3ee8cfd241b5a2a4cfd7cb9778b1b1d2a1857a0bfdba62f0171ca2", kill_on_drop: false }`
[INFO] running `Command { std: "docker" "rm" "-f" "e9dae9eaff3ee8cfd241b5a2a4cfd7cb9778b1b1d2a1857a0bfdba62f0171ca2", kill_on_drop: false }`
[INFO] [stdout] e9dae9eaff3ee8cfd241b5a2a4cfd7cb9778b1b1d2a1857a0bfdba62f0171ca2
[INFO] running `Command { std: "docker" "create" "-v" "/var/lib/crater-agent-workspace/builds/worker-7-tc1/target:/opt/rustwide/target:rw,Z" "-v" "/var/lib/crater-agent-workspace/builds/worker-7-tc1/source:/opt/rustwide/workdir:ro,Z" "-v" "/var/lib/crater-agent-workspace/cargo-home:/opt/rustwide/cargo-home:ro,Z" "-v" "/var/lib/crater-agent-workspace/rustup-home:/opt/rustwide/rustup-home:ro,Z" "-e" "SOURCE_DIR=/opt/rustwide/workdir" "-e" "CARGO_TARGET_DIR=/opt/rustwide/target" "-e" "CARGO_INCREMENTAL=0" "-e" "RUST_BACKTRACE=full" "-e" "RUSTFLAGS=--cap-lints=forbid" "-e" "RUSTDOCFLAGS=--cap-lints=forbid" "-e" "CARGO_HOME=/opt/rustwide/cargo-home" "-e" "RUSTUP_HOME=/opt/rustwide/rustup-home" "-w" "/opt/rustwide/workdir" "-m" "1610612736" "--user" "0:0" "--network" "none" "ghcr.io/rust-lang/crates-build-env/linux@sha256:4a844ea9eb2546a2d2c7022eacef16ef2e8229c7fbb2c7d4d55a9ceca922f72d" "/opt/rustwide/cargo-home/bin/cargo" "+nightly-2024-10-28" "test" "--frozen", kill_on_drop: false }`
[INFO] [stdout] cc0d96f0038633b7b04c66600b1c9386470c36dc7710946adec516417e877bba
[INFO] running `Command { std: "docker" "start" "-a" "cc0d96f0038633b7b04c66600b1c9386470c36dc7710946adec516417e877bba", kill_on_drop: false }`
[INFO] [stderr] warning: method `as_str` is never used
[INFO] [stderr]   --> src/v8/metrics.rs:97:5
[INFO] [stderr]    |
[INFO] [stderr] 95 | pub trait AsStr {
[INFO] [stderr]    |           ----- method in this trait
[INFO] [stderr] 96 |     /// Return a str reference.
[INFO] [stderr] 97 |     fn as_str(&self) -> Option<&str>;
[INFO] [stderr]    |        ^^^^^^
[INFO] [stderr]    |
[INFO] [stderr]    = note: `#[warn(dead_code)]` on by default
[INFO] [stderr] 
[INFO] [stderr] warning: `polkadot-primitives` (lib) generated 1 warning
[INFO] [stderr] warning: `polkadot-primitives` (lib test) generated 1 warning (1 duplicate)
[INFO] [stderr]     Finished `test` profile [unoptimized + debuginfo] target(s) in 0.33s
[INFO] [stderr]      Running unittests src/lib.rs (/opt/rustwide/target/debug/deps/polkadot_primitives-a3efd28db48d95ed)
[INFO] [stdout] 
[INFO] [stdout] running 8 tests
[INFO] [stdout] test v8::tests::balance_bigger_than_usize ... ok
[INFO] [stdout] test v8::tests::collator_signature_payload_is_valid ... ok
[INFO] [stdout] test v8::executor_params::ensure_prep_hash_changes ... ok
[INFO] [stdout] test v8::tests::test_backed_candidate_injected_core_index ... ok
[INFO] [stdout] test v8::tests::test_byzantine_threshold ... ok
[INFO] [stdout] test v8::tests::group_rotation_info_calculations ... ok
[INFO] [stdout] test v8::tests::test_supermajority_threshold ... ok
[INFO] [stdout] test v8::tests::group_for_core_is_core_for_group ... ok
[INFO] [stderr]    Doc-tests polkadot_primitives
[INFO] [stdout] 
[INFO] [stdout] test result: ok. 8 passed; 0 failed; 0 ignored; 0 measured; 0 filtered out; finished in 0.69s
[INFO] [stdout] 
[INFO] [stdout] 
[INFO] [stdout] running 3 tests
[INFO] [stdout] test src/runtime_api.rs - runtime_api (line 108) ... ignored
[INFO] [stdout] test src/v8/mod.rs - v8::SessionInfo::assignment_keys (line 1920) ... ignored
[INFO] [stdout] test src/runtime_api.rs - runtime_api (line 39) ... FAILED
[INFO] [stdout] 
[INFO] [stdout] failures:
[INFO] [stdout] 
[INFO] [stdout] ---- src/runtime_api.rs - runtime_api (line 39) stdout ----
[INFO] [stdout] error[E0433]: failed to resolve: could not find `runtime_decl_for_my_api` in the crate root
[INFO] [stdout]   --> src/runtime_api.rs:54:1
[INFO] [stdout]    |
[INFO] [stdout] 17 | / sp_api::impl_runtime_apis! {
[INFO] [stdout] 18 | |     #[api_version(3)]
[INFO] [stdout] 19 | |     impl self::MyApi<Block> for Runtime {
[INFO] [stdout] 20 | |         fn fn1() {}
[INFO] [stdout] ...  |
[INFO] [stdout] 23 | |     }
[INFO] [stdout] 24 | | }
[INFO] [stdout]    | |_^ could not find `runtime_decl_for_my_api` in the crate root
[INFO] [stdout]    |
[INFO] [stdout]    = note: this error originates in the macro `sp_api::impl_runtime_apis` (in Nightly builds, run with -Z macro-backtrace for more info)
[INFO] [stdout] 
[INFO] [stdout] error[E0433]: failed to resolve: could not find `runtime_decl_for_my_api` in `self`
[INFO] [stdout]   --> src/runtime_api.rs:54:1
[INFO] [stdout]    |
[INFO] [stdout] 17 | / sp_api::impl_runtime_apis! {
[INFO] [stdout] 18 | |     #[api_version(3)]
[INFO] [stdout] 19 | |     impl self::MyApi<Block> for Runtime {
[INFO] [stdout] 20 | |         fn fn1() {}
[INFO] [stdout] ...  |
[INFO] [stdout] 23 | |     }
[INFO] [stdout] 24 | | }
[INFO] [stdout]    | |_^ could not find `runtime_decl_for_my_api` in `self`
[INFO] [stdout]    |
[INFO] [stdout]    = note: this error originates in the macro `sp_api::impl_runtime_apis` (in Nightly builds, run with -Z macro-backtrace for more info)
[INFO] [stdout] 
[INFO] [stdout] error[E0412]: cannot find type `Block` in this scope
[INFO] [stdout]   --> src/runtime_api.rs:56:22
[INFO] [stdout]    |
[INFO] [stdout] 19 |     impl self::MyApi<Block> for Runtime {
[INFO] [stdout]    |                      ^^^^^ not found in this scope
[INFO] [stdout]    |
[INFO] [stdout] help: consider importing one of these items
[INFO] [stdout]    |
[INFO] [stdout] 2  + use polkadot_core_primitives::Block;
[INFO] [stdout]    |
[INFO] [stdout] 2  + use polkadot_primitives::Block;
[INFO] [stdout]    |
[INFO] [stdout] 2  + use sp_runtime::generic::Block;
[INFO] [stdout]    |
[INFO] [stdout] 2  + use sp_runtime::testing::Block;
[INFO] [stdout]    |
[INFO] [stdout]      and 1 other candidate
[INFO] [stdout] 
[INFO] [stdout] error[E0405]: cannot find trait `MyApi` in module `self`
[INFO] [stdout]   --> src/runtime_api.rs:56:16
[INFO] [stdout]    |
[INFO] [stdout] 19 |     impl self::MyApi<Block> for Runtime {
[INFO] [stdout]    |                ^^^^^ not found in `self`
[INFO] [stdout] 
[INFO] [stdout] error[E0412]: cannot find type `Runtime` in this scope
[INFO] [stdout]   --> src/runtime_api.rs:56:33
[INFO] [stdout]    |
[INFO] [stdout] 19 |     impl self::MyApi<Block> for Runtime {
[INFO] [stdout]    |                                 ^^^^^^^ not found in this scope
[INFO] [stdout] 
[INFO] [stdout] error[E0412]: cannot find type `Block` in this scope
[INFO] [stdout]   --> src/runtime_api.rs:56:22
[INFO] [stdout]    |
[INFO] [stdout] 19 |     impl self::MyApi<Block> for Runtime {
[INFO] [stdout]    |                      ^^^^^ not found in this scope
[INFO] [stdout]    |
[INFO] [stdout]    = help: consider importing one of these items:
[INFO] [stdout]            polkadot_core_primitives::Block
[INFO] [stdout]            polkadot_primitives::Block
[INFO] [stdout]            sp_runtime::generic::Block
[INFO] [stdout]            sp_runtime::testing::Block
[INFO] [stdout]            sp_runtime::traits::Block
[INFO] [stdout] 
[INFO] [stdout] error: aborting due to 6 previous errors
[INFO] [stdout] 
[INFO] [stdout] Some errors have detailed explanations: E0405, E0412, E0433.
[INFO] [stdout] For more information about an error, try `rustc --explain E0405`.
[INFO] [stdout] Couldn't compile the test.
[INFO] [stdout] 
[INFO] [stdout] failures:
[INFO] [stdout]     src/runtime_api.rs - runtime_api (line 39)
[INFO] [stdout] 
[INFO] [stdout] test result: FAILED. 0 passed; 1 failed; 2 ignored; 0 measured; 0 filtered out; finished in 0.32s
[INFO] [stdout] 
[INFO] [stderr] error: doctest failed, to rerun pass `--doc`
[INFO] running `Command { std: "docker" "inspect" "cc0d96f0038633b7b04c66600b1c9386470c36dc7710946adec516417e877bba", kill_on_drop: false }`
[INFO] running `Command { std: "docker" "rm" "-f" "cc0d96f0038633b7b04c66600b1c9386470c36dc7710946adec516417e877bba", kill_on_drop: false }`
[INFO] [stdout] cc0d96f0038633b7b04c66600b1c9386470c36dc7710946adec516417e877bba
