[INFO] fetching crate polimorphism 0.7.3...
[INFO] testing polimorphism-0.7.3 against nightly-2024-10-28 for randomize-layout
[INFO] extracting crate polimorphism 0.7.3 into /workspace/builds/worker-5-tc1/source
[INFO] validating manifest of crates.io crate polimorphism 0.7.3 on toolchain nightly-2024-10-28
[INFO] running `Command { std: CARGO_HOME="/workspace/cargo-home" RUSTUP_HOME="/workspace/rustup-home" "/workspace/cargo-home/bin/cargo" "+nightly-2024-10-28" "metadata" "--manifest-path" "Cargo.toml" "--no-deps", kill_on_drop: false }`
[INFO] removed /workspace/builds/worker-5-tc1/source/rust-toolchain
[INFO] started tweaking crates.io crate polimorphism 0.7.3
[INFO] finished tweaking crates.io crate polimorphism 0.7.3
[INFO] tweaked toml for crates.io crate polimorphism 0.7.3 written to /workspace/builds/worker-5-tc1/source/Cargo.toml
[INFO] running `Command { std: CARGO_HOME="/workspace/cargo-home" RUSTUP_HOME="/workspace/rustup-home" "/workspace/cargo-home/bin/cargo" "+nightly-2024-10-28" "generate-lockfile" "--manifest-path" "Cargo.toml", kill_on_drop: false }`
[INFO] running `Command { std: CARGO_HOME="/workspace/cargo-home" RUSTUP_HOME="/workspace/rustup-home" "/workspace/cargo-home/bin/cargo" "+nightly-2024-10-28" "fetch" "--manifest-path" "Cargo.toml", kill_on_drop: false }`
[INFO] running `Command { std: "docker" "create" "-v" "/var/lib/crater-agent-workspace/builds/worker-5-tc1/target:/opt/rustwide/target:rw,Z" "-v" "/var/lib/crater-agent-workspace/builds/worker-5-tc1/source:/opt/rustwide/workdir:ro,Z" "-v" "/var/lib/crater-agent-workspace/cargo-home:/opt/rustwide/cargo-home:ro,Z" "-v" "/var/lib/crater-agent-workspace/rustup-home:/opt/rustwide/rustup-home:ro,Z" "-e" "SOURCE_DIR=/opt/rustwide/workdir" "-e" "CARGO_TARGET_DIR=/opt/rustwide/target" "-e" "CARGO_HOME=/opt/rustwide/cargo-home" "-e" "RUSTUP_HOME=/opt/rustwide/rustup-home" "-w" "/opt/rustwide/workdir" "-m" "1610612736" "--user" "0:0" "--network" "none" "ghcr.io/rust-lang/crates-build-env/linux@sha256:4a844ea9eb2546a2d2c7022eacef16ef2e8229c7fbb2c7d4d55a9ceca922f72d" "/opt/rustwide/cargo-home/bin/cargo" "+nightly-2024-10-28" "metadata" "--no-deps" "--format-version=1", kill_on_drop: false }`
[INFO] [stdout] 248ca5b28e4d298fa2207e1c5143103187d1cd0dc9797bc3f6e106c5b77ca039
[INFO] running `Command { std: "docker" "start" "-a" "248ca5b28e4d298fa2207e1c5143103187d1cd0dc9797bc3f6e106c5b77ca039", kill_on_drop: false }`
[INFO] running `Command { std: "docker" "inspect" "248ca5b28e4d298fa2207e1c5143103187d1cd0dc9797bc3f6e106c5b77ca039", kill_on_drop: false }`
[INFO] running `Command { std: "docker" "rm" "-f" "248ca5b28e4d298fa2207e1c5143103187d1cd0dc9797bc3f6e106c5b77ca039", kill_on_drop: false }`
[INFO] [stdout] 248ca5b28e4d298fa2207e1c5143103187d1cd0dc9797bc3f6e106c5b77ca039
[INFO] running `Command { std: "docker" "create" "-v" "/var/lib/crater-agent-workspace/builds/worker-5-tc1/target:/opt/rustwide/target:rw,Z" "-v" "/var/lib/crater-agent-workspace/builds/worker-5-tc1/source:/opt/rustwide/workdir:ro,Z" "-v" "/var/lib/crater-agent-workspace/cargo-home:/opt/rustwide/cargo-home:ro,Z" "-v" "/var/lib/crater-agent-workspace/rustup-home:/opt/rustwide/rustup-home:ro,Z" "-e" "SOURCE_DIR=/opt/rustwide/workdir" "-e" "CARGO_TARGET_DIR=/opt/rustwide/target" "-e" "CARGO_INCREMENTAL=0" "-e" "RUST_BACKTRACE=full" "-e" "RUSTFLAGS=--cap-lints=forbid" "-e" "RUSTDOCFLAGS=--cap-lints=forbid" "-e" "CARGO_HOME=/opt/rustwide/cargo-home" "-e" "RUSTUP_HOME=/opt/rustwide/rustup-home" "-w" "/opt/rustwide/workdir" "-m" "1610612736" "--user" "0:0" "--network" "none" "ghcr.io/rust-lang/crates-build-env/linux@sha256:4a844ea9eb2546a2d2c7022eacef16ef2e8229c7fbb2c7d4d55a9ceca922f72d" "/opt/rustwide/cargo-home/bin/cargo" "+nightly-2024-10-28" "build" "--frozen" "--message-format=json", kill_on_drop: false }`
[INFO] [stdout] a090c0299d188198cae2fb09eb63e11a37ab727377eb6955542155f7a2624d2a
[INFO] running `Command { std: "docker" "start" "-a" "a090c0299d188198cae2fb09eb63e11a37ab727377eb6955542155f7a2624d2a", kill_on_drop: false }`
[INFO] [stderr]    Compiling polimorphism v0.7.3 (/opt/rustwide/workdir)
[INFO] [stdout] warning: creating a shared reference to mutable static is discouraged
[INFO] [stdout]    --> src/lib.rs:293:33
[INFO] [stdout]     |
[INFO] [stdout] 293 |                     if !unsafe {DEFINED_POLY_FNS.contains(&func[1])} {
[INFO] [stdout]     |                                 ^^^^^^^^^^^^^^^^^^^^^^^^^^^^^^^^^^^ shared reference to mutable static
[INFO] [stdout]     |
[INFO] [stdout]     = note: for more information, see <https://doc.rust-lang.org/nightly/edition-guide/rust-2024/static-mut-references.html>
[INFO] [stdout]     = note: shared references to mutable statics are dangerous; it's undefined behavior if the static is mutated or if a mutable reference is created for it while the shared reference lives
[INFO] [stdout]     = note: `#[warn(static_mut_refs)]` on by default
[INFO] [stdout] 
[INFO] [stdout] 
[INFO] [stdout] warning: creating a mutable reference to mutable static is discouraged
[INFO] [stdout]    --> src/lib.rs:299:33
[INFO] [stdout]     |
[INFO] [stdout] 299 |                         unsafe {DEFINED_POLY_FNS.push(func[1].to_string());}
[INFO] [stdout]     |                                 ^^^^^^^^^^^^^^^^^^^^^^^^^^^^^^^^^^^^^^^^^^ mutable reference to mutable static
[INFO] [stdout]     |
[INFO] [stdout]     = note: for more information, see <https://doc.rust-lang.org/nightly/edition-guide/rust-2024/static-mut-references.html>
[INFO] [stdout]     = note: mutable references to mutable statics are dangerous; it's undefined behavior if any other pointer to the static is used or if any other reference is created for the static while the mutable reference lives
[INFO] [stdout] 
[INFO] [stdout] 
[INFO] [stderr]     Finished `dev` profile [unoptimized + debuginfo] target(s) in 0.61s
[INFO] running `Command { std: "docker" "inspect" "a090c0299d188198cae2fb09eb63e11a37ab727377eb6955542155f7a2624d2a", kill_on_drop: false }`
[INFO] running `Command { std: "docker" "rm" "-f" "a090c0299d188198cae2fb09eb63e11a37ab727377eb6955542155f7a2624d2a", kill_on_drop: false }`
[INFO] [stdout] a090c0299d188198cae2fb09eb63e11a37ab727377eb6955542155f7a2624d2a
[INFO] running `Command { std: "docker" "create" "-v" "/var/lib/crater-agent-workspace/builds/worker-5-tc1/target:/opt/rustwide/target:rw,Z" "-v" "/var/lib/crater-agent-workspace/builds/worker-5-tc1/source:/opt/rustwide/workdir:ro,Z" "-v" "/var/lib/crater-agent-workspace/cargo-home:/opt/rustwide/cargo-home:ro,Z" "-v" "/var/lib/crater-agent-workspace/rustup-home:/opt/rustwide/rustup-home:ro,Z" "-e" "SOURCE_DIR=/opt/rustwide/workdir" "-e" "CARGO_TARGET_DIR=/opt/rustwide/target" "-e" "CARGO_INCREMENTAL=0" "-e" "RUST_BACKTRACE=full" "-e" "RUSTFLAGS=--cap-lints=forbid" "-e" "RUSTDOCFLAGS=--cap-lints=forbid" "-e" "CARGO_HOME=/opt/rustwide/cargo-home" "-e" "RUSTUP_HOME=/opt/rustwide/rustup-home" "-w" "/opt/rustwide/workdir" "-m" "1610612736" "--user" "0:0" "--network" "none" "ghcr.io/rust-lang/crates-build-env/linux@sha256:4a844ea9eb2546a2d2c7022eacef16ef2e8229c7fbb2c7d4d55a9ceca922f72d" "/opt/rustwide/cargo-home/bin/cargo" "+nightly-2024-10-28" "test" "--frozen" "--no-run" "--message-format=json", kill_on_drop: false }`
[INFO] [stdout] b088e216d3697d554d1dd414f0c68f9393c7b1d536ba419e3df9173026fba450
[INFO] running `Command { std: "docker" "start" "-a" "b088e216d3697d554d1dd414f0c68f9393c7b1d536ba419e3df9173026fba450", kill_on_drop: false }`
[INFO] [stderr]    Compiling polimorphism v0.7.3 (/opt/rustwide/workdir)
[INFO] [stdout] warning: creating a shared reference to mutable static is discouraged
[INFO] [stdout]    --> src/lib.rs:293:33
[INFO] [stdout]     |
[INFO] [stdout] 293 |                     if !unsafe {DEFINED_POLY_FNS.contains(&func[1])} {
[INFO] [stdout]     |                                 ^^^^^^^^^^^^^^^^^^^^^^^^^^^^^^^^^^^ shared reference to mutable static
[INFO] [stdout]     |
[INFO] [stdout]     = note: for more information, see <https://doc.rust-lang.org/nightly/edition-guide/rust-2024/static-mut-references.html>
[INFO] [stdout]     = note: shared references to mutable statics are dangerous; it's undefined behavior if the static is mutated or if a mutable reference is created for it while the shared reference lives
[INFO] [stdout]     = note: `#[warn(static_mut_refs)]` on by default
[INFO] [stdout] 
[INFO] [stdout] 
[INFO] [stdout] warning: creating a mutable reference to mutable static is discouraged
[INFO] [stdout]    --> src/lib.rs:299:33
[INFO] [stdout]     |
[INFO] [stdout] 299 |                         unsafe {DEFINED_POLY_FNS.push(func[1].to_string());}
[INFO] [stdout]     |                                 ^^^^^^^^^^^^^^^^^^^^^^^^^^^^^^^^^^^^^^^^^^ mutable reference to mutable static
[INFO] [stdout]     |
[INFO] [stdout]     = note: for more information, see <https://doc.rust-lang.org/nightly/edition-guide/rust-2024/static-mut-references.html>
[INFO] [stdout]     = note: mutable references to mutable statics are dangerous; it's undefined behavior if any other pointer to the static is used or if any other reference is created for the static while the mutable reference lives
[INFO] [stdout] 
[INFO] [stdout] 
[INFO] [stdout] warning: creating a shared reference to mutable static is discouraged
[INFO] [stdout]    --> src/lib.rs:293:33
[INFO] [stdout]     |
[INFO] [stdout] 293 |                     if !unsafe {DEFINED_POLY_FNS.contains(&func[1])} {
[INFO] [stdout]     |                                 ^^^^^^^^^^^^^^^^^^^^^^^^^^^^^^^^^^^ shared reference to mutable static
[INFO] [stdout]     |
[INFO] [stdout]     = note: for more information, see <https://doc.rust-lang.org/nightly/edition-guide/rust-2024/static-mut-references.html>
[INFO] [stdout]     = note: shared references to mutable statics are dangerous; it's undefined behavior if the static is mutated or if a mutable reference is created for it while the shared reference lives
[INFO] [stdout]     = note: `#[warn(static_mut_refs)]` on by default
[INFO] [stdout] 
[INFO] [stdout] 
[INFO] [stdout] warning: creating a mutable reference to mutable static is discouraged
[INFO] [stdout]    --> src/lib.rs:299:33
[INFO] [stdout]     |
[INFO] [stdout] 299 |                         unsafe {DEFINED_POLY_FNS.push(func[1].to_string());}
[INFO] [stdout]     |                                 ^^^^^^^^^^^^^^^^^^^^^^^^^^^^^^^^^^^^^^^^^^ mutable reference to mutable static
[INFO] [stdout]     |
[INFO] [stdout]     = note: for more information, see <https://doc.rust-lang.org/nightly/edition-guide/rust-2024/static-mut-references.html>
[INFO] [stdout]     = note: mutable references to mutable statics are dangerous; it's undefined behavior if any other pointer to the static is used or if any other reference is created for the static while the mutable reference lives
[INFO] [stdout] 
[INFO] [stdout] 
[INFO] [stderr]     Finished `test` profile [unoptimized + debuginfo] target(s) in 0.55s
[INFO] running `Command { std: "docker" "inspect" "b088e216d3697d554d1dd414f0c68f9393c7b1d536ba419e3df9173026fba450", kill_on_drop: false }`
[INFO] running `Command { std: "docker" "rm" "-f" "b088e216d3697d554d1dd414f0c68f9393c7b1d536ba419e3df9173026fba450", kill_on_drop: false }`
[INFO] [stdout] b088e216d3697d554d1dd414f0c68f9393c7b1d536ba419e3df9173026fba450
[INFO] running `Command { std: "docker" "create" "-v" "/var/lib/crater-agent-workspace/builds/worker-5-tc1/target:/opt/rustwide/target:rw,Z" "-v" "/var/lib/crater-agent-workspace/builds/worker-5-tc1/source:/opt/rustwide/workdir:ro,Z" "-v" "/var/lib/crater-agent-workspace/cargo-home:/opt/rustwide/cargo-home:ro,Z" "-v" "/var/lib/crater-agent-workspace/rustup-home:/opt/rustwide/rustup-home:ro,Z" "-e" "SOURCE_DIR=/opt/rustwide/workdir" "-e" "CARGO_TARGET_DIR=/opt/rustwide/target" "-e" "CARGO_INCREMENTAL=0" "-e" "RUST_BACKTRACE=full" "-e" "RUSTFLAGS=--cap-lints=forbid" "-e" "RUSTDOCFLAGS=--cap-lints=forbid" "-e" "CARGO_HOME=/opt/rustwide/cargo-home" "-e" "RUSTUP_HOME=/opt/rustwide/rustup-home" "-w" "/opt/rustwide/workdir" "-m" "1610612736" "--user" "0:0" "--network" "none" "ghcr.io/rust-lang/crates-build-env/linux@sha256:4a844ea9eb2546a2d2c7022eacef16ef2e8229c7fbb2c7d4d55a9ceca922f72d" "/opt/rustwide/cargo-home/bin/cargo" "+nightly-2024-10-28" "test" "--frozen", kill_on_drop: false }`
[INFO] [stdout] 6c7c9dda30eaaa39e46b174fe33d7d1a6a900df1e3b4fe6690b4769929c06c45
[INFO] running `Command { std: "docker" "start" "-a" "6c7c9dda30eaaa39e46b174fe33d7d1a6a900df1e3b4fe6690b4769929c06c45", kill_on_drop: false }`
[INFO] [stderr] warning: creating a shared reference to mutable static is discouraged
[INFO] [stderr]    --> src/lib.rs:293:33
[INFO] [stderr]     |
[INFO] [stderr] 293 |                     if !unsafe {DEFINED_POLY_FNS.contains(&func[1])} {
[INFO] [stderr]     |                                 ^^^^^^^^^^^^^^^^^^^^^^^^^^^^^^^^^^^ shared reference to mutable static
[INFO] [stderr]     |
[INFO] [stderr]     = note: for more information, see <https://doc.rust-lang.org/nightly/edition-guide/rust-2024/static-mut-references.html>
[INFO] [stderr]     = note: shared references to mutable statics are dangerous; it's undefined behavior if the static is mutated or if a mutable reference is created for it while the shared reference lives
[INFO] [stderr]     = note: `#[warn(static_mut_refs)]` on by default
[INFO] [stderr] 
[INFO] [stderr] warning: creating a mutable reference to mutable static is discouraged
[INFO] [stderr]    --> src/lib.rs:299:33
[INFO] [stderr]     |
[INFO] [stderr] 299 |                         unsafe {DEFINED_POLY_FNS.push(func[1].to_string());}
[INFO] [stderr]     |                                 ^^^^^^^^^^^^^^^^^^^^^^^^^^^^^^^^^^^^^^^^^^ mutable reference to mutable static
[INFO] [stderr]     |
[INFO] [stderr]     = note: for more information, see <https://doc.rust-lang.org/nightly/edition-guide/rust-2024/static-mut-references.html>
[INFO] [stderr]     = note: mutable references to mutable statics are dangerous; it's undefined behavior if any other pointer to the static is used or if any other reference is created for the static while the mutable reference lives
[INFO] [stderr] 
[INFO] [stderr] warning: `polimorphism` (lib) generated 2 warnings
[INFO] [stderr] warning: `polimorphism` (lib test) generated 2 warnings (2 duplicates)
[INFO] [stderr]     Finished `test` profile [unoptimized + debuginfo] target(s) in 0.01s
[INFO] [stderr]      Running unittests src/lib.rs (/opt/rustwide/target/debug/deps/polimorphism-be8b00bfb3b6d981)
[INFO] [stdout] 
[INFO] [stdout] running 0 tests
[INFO] [stdout] 
[INFO] [stdout] test result: ok. 0 passed; 0 failed; 0 ignored; 0 measured; 0 filtered out; finished in 0.00s
[INFO] [stdout] 
[INFO] [stderr]    Doc-tests polimorphism
[INFO] [stdout] 
[INFO] [stdout] running 8 tests
[INFO] [stdout] test src/lib.rs - polymorphism (line 394) ... FAILED
[INFO] [stdout] test src/lib.rs - polymorphism (line 435) ... FAILED
[INFO] [stdout] test src/lib.rs - polymorphism (line 415) ... FAILED
[INFO] [stdout] test src/lib.rs - polymorphism (line 455) ... FAILED
[INFO] [stdout] test src/lib.rs - polymorphism (line 410) ... FAILED
[INFO] [stdout] test src/lib.rs - polymorphism (line 399) ... FAILED
[INFO] [stdout] test src/lib.rs - polymorphism (line 448) ... FAILED
[INFO] [stdout] test src/lib.rs - polymorphism (line 428) ... FAILED
[INFO] [stdout] 
[INFO] [stdout] failures:
[INFO] [stdout] 
[INFO] [stdout] ---- src/lib.rs - polymorphism (line 394) stdout ----
[INFO] [stdout] error: cannot find macro `polymorphism` in this scope
[INFO] [stdout]  --> src/lib.rs:395:1
[INFO] [stdout]   |
[INFO] [stdout] 3 | polymorphism!();
[INFO] [stdout]   | ^^^^^^^^^^^^
[INFO] [stdout]   |
[INFO] [stdout] help: consider importing this macro
[INFO] [stdout]   |
[INFO] [stdout] 2 + use polimorphism::polymorphism;
[INFO] [stdout]   |
[INFO] [stdout] 
[INFO] [stdout] error: aborting due to 1 previous error
[INFO] [stdout] 
[INFO] [stdout] Couldn't compile the test.
[INFO] [stdout] ---- src/lib.rs - polymorphism (line 435) stdout ----
[INFO] [stdout] error: cannot find macro `polymorphism` in this scope
[INFO] [stdout]  --> src/lib.rs:436:1
[INFO] [stdout]   |
[INFO] [stdout] 3 | polymorphism!(
[INFO] [stdout]   | ^^^^^^^^^^^^
[INFO] [stdout]   |
[INFO] [stdout] help: consider importing this macro
[INFO] [stdout]   |
[INFO] [stdout] 2 + use polimorphism::polymorphism;
[INFO] [stdout]   |
[INFO] [stdout] 
[INFO] [stdout] error: aborting due to 1 previous error
[INFO] [stdout] 
[INFO] [stdout] Couldn't compile the test.
[INFO] [stdout] ---- src/lib.rs - polymorphism (line 415) stdout ----
[INFO] [stdout] error: cannot find macro `polymorphism` in this scope
[INFO] [stdout]  --> src/lib.rs:416:1
[INFO] [stdout]   |
[INFO] [stdout] 3 | polymorphism!(
[INFO] [stdout]   | ^^^^^^^^^^^^
[INFO] [stdout]   |
[INFO] [stdout] help: consider importing this macro
[INFO] [stdout]   |
[INFO] [stdout] 2 + use polimorphism::polymorphism;
[INFO] [stdout]   |
[INFO] [stdout] 
[INFO] [stdout] error: aborting due to 1 previous error
[INFO] [stdout] 
[INFO] [stdout] Couldn't compile the test.
[INFO] [stdout] ---- src/lib.rs - polymorphism (line 455) stdout ----
[INFO] [stdout] error: cannot find macro `polymorphism` in this scope
[INFO] [stdout]  --> src/lib.rs:458:1
[INFO] [stdout]   |
[INFO] [stdout] 5 | polymorphism!(crate_name: Vec<i32>::new([1,2,3]));
[INFO] [stdout]   | ^^^^^^^^^^^^
[INFO] [stdout]   |
[INFO] [stdout] help: consider importing this macro
[INFO] [stdout]   |
[INFO] [stdout] 2 + use polimorphism::polymorphism;
[INFO] [stdout]   |
[INFO] [stdout] 
[INFO] [stdout] error: cannot find macro `polymorphism` in this scope
[INFO] [stdout]  --> src/lib.rs:457:1
[INFO] [stdout]   |
[INFO] [stdout] 4 | polymorphism!(crate_name: v.add_elem(4));
[INFO] [stdout]   | ^^^^^^^^^^^^
[INFO] [stdout]   |
[INFO] [stdout] help: consider importing this macro
[INFO] [stdout]   |
[INFO] [stdout] 2 + use polimorphism::polymorphism;
[INFO] [stdout]   |
[INFO] [stdout] 
[INFO] [stdout] error: cannot find macro `polymorphism` in this scope
[INFO] [stdout]  --> src/lib.rs:456:1
[INFO] [stdout]   |
[INFO] [stdout] 3 | polymorphism!(crate_name: func(1,2));
[INFO] [stdout]   | ^^^^^^^^^^^^
[INFO] [stdout]   |
[INFO] [stdout] help: consider importing this macro
[INFO] [stdout]   |
[INFO] [stdout] 2 + use polimorphism::polymorphism;
[INFO] [stdout]   |
[INFO] [stdout] 
[INFO] [stdout] error: aborting due to 3 previous errors
[INFO] [stdout] 
[INFO] [stdout] Couldn't compile the test.
[INFO] [stdout] ---- src/lib.rs - polymorphism (line 410) stdout ----
[INFO] [stdout] error: cannot find macro `polymorphism` in this scope
[INFO] [stdout]  --> src/lib.rs:412:12
[INFO] [stdout]   |
[INFO] [stdout] 4 | assert_eq!(polymorphism!(func(1.0,2.0)), -1.0);
[INFO] [stdout]   |            ^^^^^^^^^^^^
[INFO] [stdout]   |
[INFO] [stdout] help: consider importing this macro
[INFO] [stdout]   |
[INFO] [stdout] 2 + use polimorphism::polymorphism;
[INFO] [stdout]   |
[INFO] [stdout] 
[INFO] [stdout] error: cannot find macro `polymorphism` in this scope
[INFO] [stdout]  --> src/lib.rs:411:12
[INFO] [stdout]   |
[INFO] [stdout] 3 | assert_eq!(polymorphism!(func(1,2)), 3);
[INFO] [stdout]   |            ^^^^^^^^^^^^
[INFO] [stdout]   |
[INFO] [stdout] help: consider importing this macro
[INFO] [stdout]   |
[INFO] [stdout] 2 + use polimorphism::polymorphism;
[INFO] [stdout]   |
[INFO] [stdout] 
[INFO] [stdout] error: aborting due to 2 previous errors
[INFO] [stdout] 
[INFO] [stdout] Couldn't compile the test.
[INFO] [stdout] ---- src/lib.rs - polymorphism (line 399) stdout ----
[INFO] [stdout] error: cannot find macro `polymorphism` in this scope
[INFO] [stdout]  --> src/lib.rs:400:1
[INFO] [stdout]   |
[INFO] [stdout] 3 | polymorphism!(
[INFO] [stdout]   | ^^^^^^^^^^^^
[INFO] [stdout]   |
[INFO] [stdout] help: consider importing this macro
[INFO] [stdout]   |
[INFO] [stdout] 2 + use polimorphism::polymorphism;
[INFO] [stdout]   |
[INFO] [stdout] 
[INFO] [stdout] error: aborting due to 1 previous error
[INFO] [stdout] 
[INFO] [stdout] Couldn't compile the test.
[INFO] [stdout] ---- src/lib.rs - polymorphism (line 448) stdout ----
[INFO] [stdout] error: cannot find macro `polymorphism` in this scope
[INFO] [stdout]  --> src/lib.rs:452:12
[INFO] [stdout]   |
[INFO] [stdout] 6 | assert_eq!(polymorphism!(Vec<i32>::new([1,2,3])),v);
[INFO] [stdout]   |            ^^^^^^^^^^^^
[INFO] [stdout]   |
[INFO] [stdout] help: consider importing this macro
[INFO] [stdout]   |
[INFO] [stdout] 2 + use polimorphism::polymorphism;
[INFO] [stdout]   |
[INFO] [stdout] 
[INFO] [stdout] error: cannot find macro `polymorphism` in this scope
[INFO] [stdout]  --> src/lib.rs:450:12
[INFO] [stdout]   |
[INFO] [stdout] 4 | assert_eq!(polymorphism!(Vec<i32>::new()),v);
[INFO] [stdout]   |            ^^^^^^^^^^^^
[INFO] [stdout]   |
[INFO] [stdout] help: consider importing this macro
[INFO] [stdout]   |
[INFO] [stdout] 2 + use polimorphism::polymorphism;
[INFO] [stdout]   |
[INFO] [stdout] 
[INFO] [stdout] error: aborting due to 2 previous errors
[INFO] [stdout] 
[INFO] [stdout] Couldn't compile the test.
[INFO] [stdout] ---- src/lib.rs - polymorphism (line 428) stdout ----
[INFO] [stdout] error: cannot find macro `polymorphism` in this scope
[INFO] [stdout]  --> src/lib.rs:430:1
[INFO] [stdout]   |
[INFO] [stdout] 4 | polymorphism!(v.add_elem(4));
[INFO] [stdout]   | ^^^^^^^^^^^^
[INFO] [stdout]   |
[INFO] [stdout] help: consider importing this macro
[INFO] [stdout]   |
[INFO] [stdout] 2 + use polimorphism::polymorphism;
[INFO] [stdout]   |
[INFO] [stdout] 
[INFO] [stdout] error: cannot find macro `polymorphism` in this scope
[INFO] [stdout]  --> src/lib.rs:431:1
[INFO] [stdout]   |
[INFO] [stdout] 5 | polymorphism!(v.add_elem(vec![5,6,7]));
[INFO] [stdout]   | ^^^^^^^^^^^^
[INFO] [stdout]   |
[INFO] [stdout] help: consider importing this macro
[INFO] [stdout]   |
[INFO] [stdout] 2 + use polimorphism::polymorphism;
[INFO] [stdout]   |
[INFO] [stdout] 
[INFO] [stdout] error: aborting due to 2 previous errors
[INFO] [stdout] 
[INFO] [stdout] Couldn't compile the test.
[INFO] [stdout] 
[INFO] [stdout] failures:
[INFO] [stdout]     src/lib.rs - polymorphism (line 394)
[INFO] [stdout]     src/lib.rs - polymorphism (line 399)
[INFO] [stdout]     src/lib.rs - polymorphism (line 410)
[INFO] [stdout]     src/lib.rs - polymorphism (line 415)
[INFO] [stdout]     src/lib.rs - polymorphism (line 428)
[INFO] [stdout]     src/lib.rs - polymorphism (line 435)
[INFO] [stdout]     src/lib.rs - polymorphism (line 448)
[INFO] [stdout]     src/lib.rs - polymorphism (line 455)
[INFO] [stdout] 
[INFO] [stdout] test result: FAILED. 0 passed; 8 failed; 0 ignored; 0 measured; 0 filtered out; finished in 0.11s
[INFO] [stdout] 
[INFO] [stderr] error: doctest failed, to rerun pass `--doc`
[INFO] running `Command { std: "docker" "inspect" "6c7c9dda30eaaa39e46b174fe33d7d1a6a900df1e3b4fe6690b4769929c06c45", kill_on_drop: false }`
[INFO] running `Command { std: "docker" "rm" "-f" "6c7c9dda30eaaa39e46b174fe33d7d1a6a900df1e3b4fe6690b4769929c06c45", kill_on_drop: false }`
[INFO] [stdout] 6c7c9dda30eaaa39e46b174fe33d7d1a6a900df1e3b4fe6690b4769929c06c45
