[INFO] fetching crate poi 0.24.0...
[INFO] testing poi-0.24.0 against nightly-2024-10-28+rustflags=-Zrandomize-layout for randomize-layout
[INFO] extracting crate poi 0.24.0 into /workspace/builds/worker-7-tc2/source
[INFO] validating manifest of crates.io crate poi 0.24.0 on toolchain nightly-2024-10-28
[INFO] running `Command { std: CARGO_HOME="/workspace/cargo-home" RUSTUP_HOME="/workspace/rustup-home" "/workspace/cargo-home/bin/cargo" "+nightly-2024-10-28" "metadata" "--manifest-path" "Cargo.toml" "--no-deps", kill_on_drop: false }`
[INFO] started tweaking crates.io crate poi 0.24.0
[INFO] finished tweaking crates.io crate poi 0.24.0
[INFO] tweaked toml for crates.io crate poi 0.24.0 written to /workspace/builds/worker-7-tc2/source/Cargo.toml
[INFO] crate crates.io crate poi 0.24.0 already has a lockfile, it will not be regenerated
[INFO] running `Command { std: CARGO_HOME="/workspace/cargo-home" RUSTUP_HOME="/workspace/rustup-home" "/workspace/cargo-home/bin/cargo" "+nightly-2024-10-28" "fetch" "--manifest-path" "Cargo.toml", kill_on_drop: false }`
[INFO] running `Command { std: "docker" "create" "-v" "/var/lib/crater-agent-workspace/builds/worker-7-tc2/target:/opt/rustwide/target:rw,Z" "-v" "/var/lib/crater-agent-workspace/builds/worker-7-tc2/source:/opt/rustwide/workdir:ro,Z" "-v" "/var/lib/crater-agent-workspace/cargo-home:/opt/rustwide/cargo-home:ro,Z" "-v" "/var/lib/crater-agent-workspace/rustup-home:/opt/rustwide/rustup-home:ro,Z" "-e" "SOURCE_DIR=/opt/rustwide/workdir" "-e" "CARGO_TARGET_DIR=/opt/rustwide/target" "-e" "CARGO_HOME=/opt/rustwide/cargo-home" "-e" "RUSTUP_HOME=/opt/rustwide/rustup-home" "-w" "/opt/rustwide/workdir" "-m" "1610612736" "--user" "0:0" "--network" "none" "ghcr.io/rust-lang/crates-build-env/linux@sha256:4a844ea9eb2546a2d2c7022eacef16ef2e8229c7fbb2c7d4d55a9ceca922f72d" "/opt/rustwide/cargo-home/bin/cargo" "+nightly-2024-10-28" "metadata" "--no-deps" "--format-version=1", kill_on_drop: false }`
[INFO] [stdout] cb2bf8f4713ae9404c8d96e410de503584e639b70f12523bcaace2d02b3256c2
[INFO] running `Command { std: "docker" "start" "-a" "cb2bf8f4713ae9404c8d96e410de503584e639b70f12523bcaace2d02b3256c2", kill_on_drop: false }`
[INFO] running `Command { std: "docker" "inspect" "cb2bf8f4713ae9404c8d96e410de503584e639b70f12523bcaace2d02b3256c2", kill_on_drop: false }`
[INFO] running `Command { std: "docker" "rm" "-f" "cb2bf8f4713ae9404c8d96e410de503584e639b70f12523bcaace2d02b3256c2", kill_on_drop: false }`
[INFO] [stdout] cb2bf8f4713ae9404c8d96e410de503584e639b70f12523bcaace2d02b3256c2
[INFO] running `Command { std: "docker" "create" "-v" "/var/lib/crater-agent-workspace/builds/worker-7-tc2/target:/opt/rustwide/target:rw,Z" "-v" "/var/lib/crater-agent-workspace/builds/worker-7-tc2/source:/opt/rustwide/workdir:ro,Z" "-v" "/var/lib/crater-agent-workspace/cargo-home:/opt/rustwide/cargo-home:ro,Z" "-v" "/var/lib/crater-agent-workspace/rustup-home:/opt/rustwide/rustup-home:ro,Z" "-e" "SOURCE_DIR=/opt/rustwide/workdir" "-e" "CARGO_TARGET_DIR=/opt/rustwide/target" "-e" "CARGO_INCREMENTAL=0" "-e" "RUST_BACKTRACE=full" "-e" "RUSTFLAGS=--cap-lints=forbid -Zrandomize-layout" "-e" "RUSTDOCFLAGS=--cap-lints=forbid" "-e" "CARGO_HOME=/opt/rustwide/cargo-home" "-e" "RUSTUP_HOME=/opt/rustwide/rustup-home" "-w" "/opt/rustwide/workdir" "-m" "1610612736" "--user" "0:0" "--network" "none" "ghcr.io/rust-lang/crates-build-env/linux@sha256:4a844ea9eb2546a2d2c7022eacef16ef2e8229c7fbb2c7d4d55a9ceca922f72d" "/opt/rustwide/cargo-home/bin/cargo" "+nightly-2024-10-28" "build" "--frozen" "--message-format=json", kill_on_drop: false }`
[INFO] [stdout] 62bb2955bcc60ab29621ee26436b45c0f9d2a818093d45665063883e6e350150
[INFO] running `Command { std: "docker" "start" "-a" "62bb2955bcc60ab29621ee26436b45c0f9d2a818093d45665063883e6e350150", kill_on_drop: false }`
[INFO] [stderr]    Compiling range v1.0.0
[INFO] [stderr]    Compiling read_token v1.0.0
[INFO] [stderr]    Compiling piston_meta v2.0.1
[INFO] [stderr]    Compiling poi v0.24.0 (/opt/rustwide/workdir)
[INFO] [stderr]     Finished `dev` profile [unoptimized + debuginfo] target(s) in 0.90s
[INFO] running `Command { std: "docker" "inspect" "62bb2955bcc60ab29621ee26436b45c0f9d2a818093d45665063883e6e350150", kill_on_drop: false }`
[INFO] running `Command { std: "docker" "rm" "-f" "62bb2955bcc60ab29621ee26436b45c0f9d2a818093d45665063883e6e350150", kill_on_drop: false }`
[INFO] [stdout] 62bb2955bcc60ab29621ee26436b45c0f9d2a818093d45665063883e6e350150
[INFO] running `Command { std: "docker" "create" "-v" "/var/lib/crater-agent-workspace/builds/worker-7-tc2/target:/opt/rustwide/target:rw,Z" "-v" "/var/lib/crater-agent-workspace/builds/worker-7-tc2/source:/opt/rustwide/workdir:ro,Z" "-v" "/var/lib/crater-agent-workspace/cargo-home:/opt/rustwide/cargo-home:ro,Z" "-v" "/var/lib/crater-agent-workspace/rustup-home:/opt/rustwide/rustup-home:ro,Z" "-e" "SOURCE_DIR=/opt/rustwide/workdir" "-e" "CARGO_TARGET_DIR=/opt/rustwide/target" "-e" "CARGO_INCREMENTAL=0" "-e" "RUST_BACKTRACE=full" "-e" "RUSTFLAGS=--cap-lints=forbid -Zrandomize-layout" "-e" "RUSTDOCFLAGS=--cap-lints=forbid" "-e" "CARGO_HOME=/opt/rustwide/cargo-home" "-e" "RUSTUP_HOME=/opt/rustwide/rustup-home" "-w" "/opt/rustwide/workdir" "-m" "1610612736" "--user" "0:0" "--network" "none" "ghcr.io/rust-lang/crates-build-env/linux@sha256:4a844ea9eb2546a2d2c7022eacef16ef2e8229c7fbb2c7d4d55a9ceca922f72d" "/opt/rustwide/cargo-home/bin/cargo" "+nightly-2024-10-28" "test" "--frozen" "--no-run" "--message-format=json", kill_on_drop: false }`
[INFO] [stdout] 7cfdba3cedfcf5043dce4da1e38740ffc0b05cfdf19bb4a6cc4befb27c48a8da
[INFO] running `Command { std: "docker" "start" "-a" "7cfdba3cedfcf5043dce4da1e38740ffc0b05cfdf19bb4a6cc4befb27c48a8da", kill_on_drop: false }`
[INFO] [stderr]    Compiling levenshtein v1.0.4
[INFO] [stderr]    Compiling poi v0.24.0 (/opt/rustwide/workdir)
[INFO] [stderr]     Finished `test` profile [unoptimized + debuginfo] target(s) in 0.74s
[INFO] running `Command { std: "docker" "inspect" "7cfdba3cedfcf5043dce4da1e38740ffc0b05cfdf19bb4a6cc4befb27c48a8da", kill_on_drop: false }`
[INFO] running `Command { std: "docker" "rm" "-f" "7cfdba3cedfcf5043dce4da1e38740ffc0b05cfdf19bb4a6cc4befb27c48a8da", kill_on_drop: false }`
[INFO] [stdout] 7cfdba3cedfcf5043dce4da1e38740ffc0b05cfdf19bb4a6cc4befb27c48a8da
[INFO] running `Command { std: "docker" "create" "-v" "/var/lib/crater-agent-workspace/builds/worker-7-tc2/target:/opt/rustwide/target:rw,Z" "-v" "/var/lib/crater-agent-workspace/builds/worker-7-tc2/source:/opt/rustwide/workdir:ro,Z" "-v" "/var/lib/crater-agent-workspace/cargo-home:/opt/rustwide/cargo-home:ro,Z" "-v" "/var/lib/crater-agent-workspace/rustup-home:/opt/rustwide/rustup-home:ro,Z" "-e" "SOURCE_DIR=/opt/rustwide/workdir" "-e" "CARGO_TARGET_DIR=/opt/rustwide/target" "-e" "CARGO_INCREMENTAL=0" "-e" "RUST_BACKTRACE=full" "-e" "RUSTFLAGS=--cap-lints=forbid -Zrandomize-layout" "-e" "RUSTDOCFLAGS=--cap-lints=forbid" "-e" "CARGO_HOME=/opt/rustwide/cargo-home" "-e" "RUSTUP_HOME=/opt/rustwide/rustup-home" "-w" "/opt/rustwide/workdir" "-m" "1610612736" "--user" "0:0" "--network" "none" "ghcr.io/rust-lang/crates-build-env/linux@sha256:4a844ea9eb2546a2d2c7022eacef16ef2e8229c7fbb2c7d4d55a9ceca922f72d" "/opt/rustwide/cargo-home/bin/cargo" "+nightly-2024-10-28" "test" "--frozen", kill_on_drop: false }`
[INFO] [stdout] 65dc0018184e5f037793cdb6ec39a457e5e30af95db4a6843b075282bdb275d5
[INFO] running `Command { std: "docker" "start" "-a" "65dc0018184e5f037793cdb6ec39a457e5e30af95db4a6843b075282bdb275d5", kill_on_drop: false }`
[INFO] [stderr]     Finished `test` profile [unoptimized + debuginfo] target(s) in 0.01s
[INFO] [stderr]      Running unittests src/lib.rs (/opt/rustwide/target/debug/deps/poi-abd1cb3e0065ad3a)
[INFO] [stdout] 
[INFO] [stdout] running 11 tests
[INFO] [stdout] test expr::tests::constraints ... ok
[INFO] [stdout] test expr::tests::parens ... ok
[INFO] [stdout] test tests::constraints ... ok
[INFO] [stdout] test parsing::tests::test_not_ret_var ... ok
[INFO] [stdout] test parsing::tests::test_ret_bool ... ok
[INFO] [stdout] test tests::path_not_id ... ok
[INFO] [stdout] test tests::apply_not ... ok
[INFO] [stdout] test tests::comp_id ... ok
[INFO] [stdout] test tests::comp_not_not ... ok
[INFO] [stdout] test tests::path_not_not ... ok
[INFO] [stdout] test tests::eval_var ... ok
[INFO] [stdout] 
[INFO] [stdout] test result: ok. 11 passed; 0 failed; 0 ignored; 0 measured; 0 filtered out; finished in 0.48s
[INFO] [stdout] 
[INFO] [stderr]    Doc-tests poi
[INFO] [stdout] 
[INFO] [stdout] running 2 tests
[INFO] [stdout] test src/lib.rs - (line 262) ... FAILED
[INFO] [stdout] test src/lib.rs - (line 208) ... FAILED
[INFO] [stdout] 
[INFO] [stdout] failures:
[INFO] [stdout] 
[INFO] [stdout] ---- src/lib.rs - (line 262) stdout ----
[INFO] [stdout] error[E0412]: cannot find type `Symbol` in this scope
[INFO] [stdout]  --> src/lib.rs:266:9
[INFO] [stdout]   |
[INFO] [stdout] 6 |     Def(Symbol, Expr),
[INFO] [stdout]   |         ^^^^^^ not found in this scope
[INFO] [stdout]   |
[INFO] [stdout] help: consider importing this enum
[INFO] [stdout]   |
[INFO] [stdout] 2 + use poi::Symbol;
[INFO] [stdout]   |
[INFO] [stdout] 
[INFO] [stdout] error[E0412]: cannot find type `Expr` in this scope
[INFO] [stdout]  --> src/lib.rs:266:17
[INFO] [stdout]   |
[INFO] [stdout] 6 |     Def(Symbol, Expr),
[INFO] [stdout]   |                 ^^^^ not found in this scope
[INFO] [stdout]   |
[INFO] [stdout] help: consider importing this enum
[INFO] [stdout]   |
[INFO] [stdout] 2 + use poi::Expr;
[INFO] [stdout]   |
[INFO] [stdout] 
[INFO] [stdout] error[E0412]: cannot find type `Expr` in this scope
[INFO] [stdout]  --> src/lib.rs:268:9
[INFO] [stdout]   |
[INFO] [stdout] 8 |     Red(Expr, Expr),
[INFO] [stdout]   |         ^^^^ not found in this scope
[INFO] [stdout]   |
[INFO] [stdout] help: consider importing this enum
[INFO] [stdout]   |
[INFO] [stdout] 2 + use poi::Expr;
[INFO] [stdout]   |
[INFO] [stdout] 
[INFO] [stdout] error[E0412]: cannot find type `Expr` in this scope
[INFO] [stdout]  --> src/lib.rs:268:15
[INFO] [stdout]   |
[INFO] [stdout] 8 |     Red(Expr, Expr),
[INFO] [stdout]   |               ^^^^ not found in this scope
[INFO] [stdout]   |
[INFO] [stdout] help: consider importing this enum
[INFO] [stdout]   |
[INFO] [stdout] 2 + use poi::Expr;
[INFO] [stdout]   |
[INFO] [stdout] 
[INFO] [stdout] error[E0412]: cannot find type `Expr` in this scope
[INFO] [stdout]   --> src/lib.rs:270:9
[INFO] [stdout]    |
[INFO] [stdout] 10 |     Eqv(Expr, Expr),
[INFO] [stdout]    |         ^^^^ not found in this scope
[INFO] [stdout]    |
[INFO] [stdout] help: consider importing this enum
[INFO] [stdout]    |
[INFO] [stdout] 2  + use poi::Expr;
[INFO] [stdout]    |
[INFO] [stdout] 
[INFO] [stdout] error[E0412]: cannot find type `Expr` in this scope
[INFO] [stdout]   --> src/lib.rs:270:15
[INFO] [stdout]    |
[INFO] [stdout] 10 |     Eqv(Expr, Expr),
[INFO] [stdout]    |               ^^^^ not found in this scope
[INFO] [stdout]    |
[INFO] [stdout] help: consider importing this enum
[INFO] [stdout]    |
[INFO] [stdout] 2  + use poi::Expr;
[INFO] [stdout]    |
[INFO] [stdout] 
[INFO] [stdout] error[E0412]: cannot find type `Expr` in this scope
[INFO] [stdout]   --> src/lib.rs:272:13
[INFO] [stdout]    |
[INFO] [stdout] 12 |     EqvEval(Expr, Expr),
[INFO] [stdout]    |             ^^^^ not found in this scope
[INFO] [stdout]    |
[INFO] [stdout] help: consider importing this enum
[INFO] [stdout]    |
[INFO] [stdout] 2  + use poi::Expr;
[INFO] [stdout]    |
[INFO] [stdout] 
[INFO] [stdout] error[E0412]: cannot find type `Expr` in this scope
[INFO] [stdout]   --> src/lib.rs:272:19
[INFO] [stdout]    |
[INFO] [stdout] 12 |     EqvEval(Expr, Expr),
[INFO] [stdout]    |                   ^^^^ not found in this scope
[INFO] [stdout]    |
[INFO] [stdout] help: consider importing this enum
[INFO] [stdout]    |
[INFO] [stdout] 2  + use poi::Expr;
[INFO] [stdout]    |
[INFO] [stdout] 
[INFO] [stdout] error: aborting due to 8 previous errors
[INFO] [stdout] 
[INFO] [stdout] For more information about this error, try `rustc --explain E0412`.
[INFO] [stdout] Couldn't compile the test.
[INFO] [stdout] ---- src/lib.rs - (line 208) stdout ----
[INFO] [stdout] error[E0412]: cannot find type `Symbol` in this scope
[INFO] [stdout]  --> src/lib.rs:213:9
[INFO] [stdout]   |
[INFO] [stdout] 7 |     Sym(Symbol),
[INFO] [stdout]   |         ^^^^^^ not found in this scope
[INFO] [stdout]   |
[INFO] [stdout] help: consider importing this enum
[INFO] [stdout]   |
[INFO] [stdout] 2 + use poi::Symbol;
[INFO] [stdout]   |
[INFO] [stdout] 
[INFO] [stdout] error[E0412]: cannot find type `Value` in this scope
[INFO] [stdout]   --> src/lib.rs:217:9
[INFO] [stdout]    |
[INFO] [stdout] 11 |     Ret(Value),
[INFO] [stdout]    |         ^^^^^ not found in this scope
[INFO] [stdout]    |
[INFO] [stdout] help: consider importing this enum
[INFO] [stdout]    |
[INFO] [stdout] 2  + use poi::Value;
[INFO] [stdout]    |
[INFO] [stdout] 
[INFO] [stdout] error[E0412]: cannot find type `Op` in this scope
[INFO] [stdout]   --> src/lib.rs:219:9
[INFO] [stdout]    |
[INFO] [stdout] 13 |     EOp(Op, Box<Expr>, Box<Expr>),
[INFO] [stdout]    |         ^^ not found in this scope
[INFO] [stdout]    |
[INFO] [stdout] help: consider importing this enum
[INFO] [stdout]    |
[INFO] [stdout] 2  + use poi::Op;
[INFO] [stdout]    |
[INFO] [stdout] 
[INFO] [stdout] error: aborting due to 3 previous errors
[INFO] [stdout] 
[INFO] [stdout] For more information about this error, try `rustc --explain E0412`.
[INFO] [stdout] Couldn't compile the test.
[INFO] [stdout] 
[INFO] [stdout] failures:
[INFO] [stdout]     src/lib.rs - (line 208)
[INFO] [stdout]     src/lib.rs - (line 262)
[INFO] [stdout] 
[INFO] [stdout] test result: FAILED. 0 passed; 2 failed; 0 ignored; 0 measured; 0 filtered out; finished in 0.05s
[INFO] [stdout] 
[INFO] [stderr] error: doctest failed, to rerun pass `--doc`
[INFO] running `Command { std: "docker" "inspect" "65dc0018184e5f037793cdb6ec39a457e5e30af95db4a6843b075282bdb275d5", kill_on_drop: false }`
[INFO] running `Command { std: "docker" "rm" "-f" "65dc0018184e5f037793cdb6ec39a457e5e30af95db4a6843b075282bdb275d5", kill_on_drop: false }`
[INFO] [stdout] 65dc0018184e5f037793cdb6ec39a457e5e30af95db4a6843b075282bdb275d5
