[INFO] fetching crate pnet_macros 0.35.0...
[INFO] testing pnet_macros-0.35.0 against nightly-2024-10-28 for randomize-layout
[INFO] extracting crate pnet_macros 0.35.0 into /workspace/builds/worker-4-tc1/source
[INFO] validating manifest of crates.io crate pnet_macros 0.35.0 on toolchain nightly-2024-10-28
[INFO] running `Command { std: CARGO_HOME="/workspace/cargo-home" RUSTUP_HOME="/workspace/rustup-home" "/workspace/cargo-home/bin/cargo" "+nightly-2024-10-28" "metadata" "--manifest-path" "Cargo.toml" "--no-deps", kill_on_drop: false }`
[INFO] started tweaking crates.io crate pnet_macros 0.35.0
[INFO] finished tweaking crates.io crate pnet_macros 0.35.0
[INFO] tweaked toml for crates.io crate pnet_macros 0.35.0 written to /workspace/builds/worker-4-tc1/source/Cargo.toml
[INFO] running `Command { std: CARGO_HOME="/workspace/cargo-home" RUSTUP_HOME="/workspace/rustup-home" "/workspace/cargo-home/bin/cargo" "+nightly-2024-10-28" "generate-lockfile" "--manifest-path" "Cargo.toml", kill_on_drop: false }`
[INFO] [stderr]     Updating crates.io index
[INFO] [stderr]      Locking 40 packages to latest compatible versions
[INFO] running `Command { std: CARGO_HOME="/workspace/cargo-home" RUSTUP_HOME="/workspace/rustup-home" "/workspace/cargo-home/bin/cargo" "+nightly-2024-10-28" "fetch" "--manifest-path" "Cargo.toml", kill_on_drop: false }`
[INFO] running `Command { std: "docker" "create" "-v" "/var/lib/crater-agent-workspace/builds/worker-4-tc1/target:/opt/rustwide/target:rw,Z" "-v" "/var/lib/crater-agent-workspace/builds/worker-4-tc1/source:/opt/rustwide/workdir:ro,Z" "-v" "/var/lib/crater-agent-workspace/cargo-home:/opt/rustwide/cargo-home:ro,Z" "-v" "/var/lib/crater-agent-workspace/rustup-home:/opt/rustwide/rustup-home:ro,Z" "-e" "SOURCE_DIR=/opt/rustwide/workdir" "-e" "CARGO_TARGET_DIR=/opt/rustwide/target" "-e" "CARGO_HOME=/opt/rustwide/cargo-home" "-e" "RUSTUP_HOME=/opt/rustwide/rustup-home" "-w" "/opt/rustwide/workdir" "-m" "1610612736" "--user" "0:0" "--network" "none" "ghcr.io/rust-lang/crates-build-env/linux@sha256:4a844ea9eb2546a2d2c7022eacef16ef2e8229c7fbb2c7d4d55a9ceca922f72d" "/opt/rustwide/cargo-home/bin/cargo" "+nightly-2024-10-28" "metadata" "--no-deps" "--format-version=1", kill_on_drop: false }`
[INFO] [stdout] 2a097bb17566b8cea211ed2de50637a06f2f4f8b4615ce356b2d91c25592c1be
[INFO] running `Command { std: "docker" "start" "-a" "2a097bb17566b8cea211ed2de50637a06f2f4f8b4615ce356b2d91c25592c1be", kill_on_drop: false }`
[INFO] running `Command { std: "docker" "inspect" "2a097bb17566b8cea211ed2de50637a06f2f4f8b4615ce356b2d91c25592c1be", kill_on_drop: false }`
[INFO] running `Command { std: "docker" "rm" "-f" "2a097bb17566b8cea211ed2de50637a06f2f4f8b4615ce356b2d91c25592c1be", kill_on_drop: false }`
[INFO] [stdout] 2a097bb17566b8cea211ed2de50637a06f2f4f8b4615ce356b2d91c25592c1be
[INFO] running `Command { std: "docker" "create" "-v" "/var/lib/crater-agent-workspace/builds/worker-4-tc1/target:/opt/rustwide/target:rw,Z" "-v" "/var/lib/crater-agent-workspace/builds/worker-4-tc1/source:/opt/rustwide/workdir:ro,Z" "-v" "/var/lib/crater-agent-workspace/cargo-home:/opt/rustwide/cargo-home:ro,Z" "-v" "/var/lib/crater-agent-workspace/rustup-home:/opt/rustwide/rustup-home:ro,Z" "-e" "SOURCE_DIR=/opt/rustwide/workdir" "-e" "CARGO_TARGET_DIR=/opt/rustwide/target" "-e" "CARGO_INCREMENTAL=0" "-e" "RUST_BACKTRACE=full" "-e" "RUSTFLAGS=--cap-lints=forbid" "-e" "RUSTDOCFLAGS=--cap-lints=forbid" "-e" "CARGO_HOME=/opt/rustwide/cargo-home" "-e" "RUSTUP_HOME=/opt/rustwide/rustup-home" "-w" "/opt/rustwide/workdir" "-m" "1610612736" "--user" "0:0" "--network" "none" "ghcr.io/rust-lang/crates-build-env/linux@sha256:4a844ea9eb2546a2d2c7022eacef16ef2e8229c7fbb2c7d4d55a9ceca922f72d" "/opt/rustwide/cargo-home/bin/cargo" "+nightly-2024-10-28" "build" "--frozen" "--message-format=json", kill_on_drop: false }`
[INFO] [stdout] 710836c68cdb5d28eb16b0e38df80989dc6a6a0165bcbd7eb37c62b2bf4a9960
[INFO] running `Command { std: "docker" "start" "-a" "710836c68cdb5d28eb16b0e38df80989dc6a6a0165bcbd7eb37c62b2bf4a9960", kill_on_drop: false }`
[INFO] [stderr]    Compiling proc-macro2 v1.0.89
[INFO] [stderr]    Compiling memchr v2.7.4
[INFO] [stderr]    Compiling regex-syntax v0.8.5
[INFO] [stderr]    Compiling aho-corasick v1.1.3
[INFO] [stderr]    Compiling quote v1.0.37
[INFO] [stderr]    Compiling syn v2.0.86
[INFO] [stderr]    Compiling regex-automata v0.4.8
[INFO] [stderr]    Compiling regex v1.11.1
[INFO] [stderr]    Compiling pnet_macros v0.35.0 (/opt/rustwide/workdir)
[INFO] [stderr]     Finished `dev` profile [unoptimized + debuginfo] target(s) in 6.63s
[INFO] running `Command { std: "docker" "inspect" "710836c68cdb5d28eb16b0e38df80989dc6a6a0165bcbd7eb37c62b2bf4a9960", kill_on_drop: false }`
[INFO] running `Command { std: "docker" "rm" "-f" "710836c68cdb5d28eb16b0e38df80989dc6a6a0165bcbd7eb37c62b2bf4a9960", kill_on_drop: false }`
[INFO] [stdout] 710836c68cdb5d28eb16b0e38df80989dc6a6a0165bcbd7eb37c62b2bf4a9960
[INFO] running `Command { std: "docker" "create" "-v" "/var/lib/crater-agent-workspace/builds/worker-4-tc1/target:/opt/rustwide/target:rw,Z" "-v" "/var/lib/crater-agent-workspace/builds/worker-4-tc1/source:/opt/rustwide/workdir:ro,Z" "-v" "/var/lib/crater-agent-workspace/cargo-home:/opt/rustwide/cargo-home:ro,Z" "-v" "/var/lib/crater-agent-workspace/rustup-home:/opt/rustwide/rustup-home:ro,Z" "-e" "SOURCE_DIR=/opt/rustwide/workdir" "-e" "CARGO_TARGET_DIR=/opt/rustwide/target" "-e" "CARGO_INCREMENTAL=0" "-e" "RUST_BACKTRACE=full" "-e" "RUSTFLAGS=--cap-lints=forbid" "-e" "RUSTDOCFLAGS=--cap-lints=forbid" "-e" "CARGO_HOME=/opt/rustwide/cargo-home" "-e" "RUSTUP_HOME=/opt/rustwide/rustup-home" "-w" "/opt/rustwide/workdir" "-m" "1610612736" "--user" "0:0" "--network" "none" "ghcr.io/rust-lang/crates-build-env/linux@sha256:4a844ea9eb2546a2d2c7022eacef16ef2e8229c7fbb2c7d4d55a9ceca922f72d" "/opt/rustwide/cargo-home/bin/cargo" "+nightly-2024-10-28" "test" "--frozen" "--no-run" "--message-format=json", kill_on_drop: false }`
[INFO] [stdout] 3db96ebc24d36588c8cc3f2c77303a2357c595f115e67f568813d1a5ca283079
[INFO] running `Command { std: "docker" "start" "-a" "3db96ebc24d36588c8cc3f2c77303a2357c595f115e67f568813d1a5ca283079", kill_on_drop: false }`
[INFO] [stderr]    Compiling proc-macro2 v1.0.89
[INFO] [stderr]    Compiling toml_datetime v0.6.8
[INFO] [stderr]    Compiling serde_spanned v0.6.8
[INFO] [stderr]    Compiling target-triple v0.1.3
[INFO] [stderr]    Compiling regex-syntax v0.8.5
[INFO] [stderr]    Compiling winnow v0.6.20
[INFO] [stderr]    Compiling no-std-net v0.6.0
[INFO] [stderr]    Compiling glob v0.3.1
[INFO] [stderr]    Compiling aho-corasick v1.1.3
[INFO] [stderr]    Compiling serde_json v1.0.132
[INFO] [stderr]    Compiling pnet_base v0.35.0
[INFO] [stderr]    Compiling pnet_macros_support v0.35.0
[INFO] [stderr]    Compiling quote v1.0.37
[INFO] [stderr]    Compiling syn v2.0.86
[INFO] [stderr]    Compiling toml_edit v0.22.22
[INFO] [stderr]    Compiling regex-automata v0.4.8
[INFO] [stderr]    Compiling toml v0.8.19
[INFO] [stderr]    Compiling regex v1.11.1
[INFO] [stderr]    Compiling serde_derive v1.0.214
[INFO] [stderr]    Compiling pnet_macros v0.35.0 (/opt/rustwide/workdir)
[INFO] [stderr]    Compiling trybuild v1.0.101
[INFO] [stdout] warning: fields `v` and `payload` are never read
[INFO] [stdout]   --> tests/tests.rs:16:13
[INFO] [stdout]    |
[INFO] [stdout] 14 |     pub struct Test {
[INFO] [stdout]    |                ---- fields in this struct
[INFO] [stdout] 15 |         #[length = "4"]
[INFO] [stdout] 16 |         pub v: Vec<u32be>,
[INFO] [stdout]    |             ^
[INFO] [stdout] ...
[INFO] [stdout] 19 |         pub payload: Vec<u8>,
[INFO] [stdout]    |             ^^^^^^^
[INFO] [stdout]    |
[INFO] [stdout]    = note: `Test` has derived impls for the traits `Debug` and `Clone`, but these are intentionally ignored during dead code analysis
[INFO] [stdout]    = note: `#[warn(dead_code)]` on by default
[INFO] [stdout] 
[INFO] [stdout] 
[INFO] [stderr]     Finished `test` profile [unoptimized + debuginfo] target(s) in 9.11s
[INFO] running `Command { std: "docker" "inspect" "3db96ebc24d36588c8cc3f2c77303a2357c595f115e67f568813d1a5ca283079", kill_on_drop: false }`
[INFO] running `Command { std: "docker" "rm" "-f" "3db96ebc24d36588c8cc3f2c77303a2357c595f115e67f568813d1a5ca283079", kill_on_drop: false }`
[INFO] [stdout] 3db96ebc24d36588c8cc3f2c77303a2357c595f115e67f568813d1a5ca283079
[INFO] running `Command { std: "docker" "create" "-v" "/var/lib/crater-agent-workspace/builds/worker-4-tc1/target:/opt/rustwide/target:rw,Z" "-v" "/var/lib/crater-agent-workspace/builds/worker-4-tc1/source:/opt/rustwide/workdir:ro,Z" "-v" "/var/lib/crater-agent-workspace/cargo-home:/opt/rustwide/cargo-home:ro,Z" "-v" "/var/lib/crater-agent-workspace/rustup-home:/opt/rustwide/rustup-home:ro,Z" "-e" "SOURCE_DIR=/opt/rustwide/workdir" "-e" "CARGO_TARGET_DIR=/opt/rustwide/target" "-e" "CARGO_INCREMENTAL=0" "-e" "RUST_BACKTRACE=full" "-e" "RUSTFLAGS=--cap-lints=forbid" "-e" "RUSTDOCFLAGS=--cap-lints=forbid" "-e" "CARGO_HOME=/opt/rustwide/cargo-home" "-e" "RUSTUP_HOME=/opt/rustwide/rustup-home" "-w" "/opt/rustwide/workdir" "-m" "1610612736" "--user" "0:0" "--network" "none" "ghcr.io/rust-lang/crates-build-env/linux@sha256:4a844ea9eb2546a2d2c7022eacef16ef2e8229c7fbb2c7d4d55a9ceca922f72d" "/opt/rustwide/cargo-home/bin/cargo" "+nightly-2024-10-28" "test" "--frozen", kill_on_drop: false }`
[INFO] [stdout] 7cd48ad9f4604b0a0aa524db3e3fc5af846b0439739ff1f697cf460595a05cd9
[INFO] running `Command { std: "docker" "start" "-a" "7cd48ad9f4604b0a0aa524db3e3fc5af846b0439739ff1f697cf460595a05cd9", kill_on_drop: false }`
[INFO] [stderr] warning: fields `v` and `payload` are never read
[INFO] [stderr]   --> tests/tests.rs:16:13
[INFO] [stderr]    |
[INFO] [stderr] 14 |     pub struct Test {
[INFO] [stderr]    |                ---- fields in this struct
[INFO] [stderr] 15 |         #[length = "4"]
[INFO] [stderr] 16 |         pub v: Vec<u32be>,
[INFO] [stderr]    |             ^
[INFO] [stderr] ...
[INFO] [stderr] 19 |         pub payload: Vec<u8>,
[INFO] [stderr]    |             ^^^^^^^
[INFO] [stderr]    |
[INFO] [stderr]    = note: `Test` has derived impls for the traits `Debug` and `Clone`, but these are intentionally ignored during dead code analysis
[INFO] [stderr]    = note: `#[warn(dead_code)]` on by default
[INFO] [stderr] 
[INFO] [stderr] warning: `pnet_macros` (test "tests") generated 1 warning
[INFO] [stderr]     Finished `test` profile [unoptimized + debuginfo] target(s) in 0.05s
[INFO] [stderr]      Running unittests src/lib.rs (/opt/rustwide/target/debug/deps/pnet_macros-43206c17bee67195)
[INFO] [stdout] 
[INFO] [stdout] running 11 tests
[INFO] [stdout] test util::test_display_set_operation ... ok
[INFO] [stdout] test util::test_get_shiftr ... ok
[INFO] [stdout] test util::test_to_mutator ... ok
[INFO] [stdout] test decorator::test_generate_accessor_op_str ... ok
[INFO] [stdout] test util::test_get_mask ... ok
[INFO] [stdout] test util::radix16_u64::test ... ok
[INFO] [stdout] test util::test_get_shiftl ... ok
[INFO] [stdout] test util::test_display_get_operation ... ok
[INFO] [stdout] test util::radix16_u8::test ... ok
[INFO] [stdout] test util::operations_test ... ok
[INFO] [stdout] test decorator::test_parse_ty ... ok
[INFO] [stdout] 
[INFO] [stdout] test result: ok. 11 passed; 0 failed; 0 ignored; 0 measured; 0 filtered out; finished in 0.01s
[INFO] [stdout] 
[INFO] [stderr]      Running tests/tests.rs (/opt/rustwide/target/debug/deps/tests-99389e4a5b103eb2)
[INFO] [stdout] 
[INFO] [stdout] running 2 tests
[INFO] [stdout] test test_vec_primitive ... ok
[INFO] [stderr]    Compiling proc-macro2 v1.0.89
[INFO] [stderr]    Compiling unicode-ident v1.0.13
[INFO] [stderr]    Compiling memchr v2.7.4
[INFO] [stderr]    Compiling regex-syntax v0.8.5
[INFO] [stderr]    Compiling no-std-net v0.6.0
[INFO] [stderr]    Compiling pnet_base v0.35.0
[INFO] [stderr]    Compiling pnet_macros_support v0.35.0
[INFO] [stderr]    Compiling aho-corasick v1.1.3
[INFO] [stderr]    Compiling quote v1.0.37
[INFO] [stderr]    Compiling syn v2.0.86
[INFO] [stderr]    Compiling regex-automata v0.4.8
[INFO] [stderr]    Compiling regex v1.11.1
[INFO] [stderr]    Compiling pnet_macros v0.35.0 (/opt/rustwide/workdir)
[INFO] [stderr]    Compiling pnet_macros-tests v0.0.0 (/opt/rustwide/target/tests/trybuild/pnet_macros)
[INFO] [stderr]     Finished `dev` profile [unoptimized + debuginfo] target(s) in 9.59s
[INFO] [stderr] 
[INFO] [stderr] 
[INFO] [stderr] test tests/compile-fail/construct-with-errors.rs [should fail to compile] ... mismatch
[INFO] [stderr] 
[INFO] [stderr] EXPECTED:
[INFO] [stderr] ┈┈┈┈┈┈┈┈┈┈┈┈┈┈┈┈┈┈┈┈┈┈┈┈┈┈┈┈┈┈┈┈┈┈┈┈┈┈┈┈┈┈┈┈┈┈┈┈┈┈┈┈┈┈┈┈┈┈┈┈
[INFO] [stderr] error: #[construct_with] must have at least one argument
[INFO] [stderr]   --> tests/compile-fail/construct-with-errors.rs:20:7
[INFO] [stderr]    |
[INFO] [stderr] 20 |     #[construct_with()] //~ ERROR #[construct_with] must have at least one argument
[INFO] [stderr]    |       ^^^^^^^^^^^^^^
[INFO] [stderr] 
[INFO] [stderr] error: unexpected literal in nested attribute, expected ident
[INFO] [stderr]   --> tests/compile-fail/construct-with-errors.rs:28:22
[INFO] [stderr]    |
[INFO] [stderr] 28 |     #[construct_with("test")] //~ ERROR #[construct_with] should be of the form #[construct_with(<primitive types>)]
[INFO] [stderr]    |                      ^^^^^^
[INFO] [stderr] 
[INFO] [stderr] error: #[construct_with] should be of the form #[construct_with(<primitive types>)]
[INFO] [stderr]   --> tests/compile-fail/construct-with-errors.rs:28:7
[INFO] [stderr]    |
[INFO] [stderr] 28 |     #[construct_with("test")] //~ ERROR #[construct_with] should be of the form #[construct_with(<primitive types>)]
[INFO] [stderr]    |       ^^^^^^^^^^^^^^
[INFO] [stderr] 
[INFO] [stderr] error: expected ident
[INFO] [stderr]   --> tests/compile-fail/construct-with-errors.rs:36:24
[INFO] [stderr]    |
[INFO] [stderr] 36 |     #[construct_with(::foo:bar)] //~ ERROR #[construct_with] should be of the form #[construct_with(<primitive types>)]
[INFO] [stderr]    |                        ^^^
[INFO] [stderr] 
[INFO] [stderr] error: #[construct_with] should be of the form #[construct_with(<primitive types>)]
[INFO] [stderr]   --> tests/compile-fail/construct-with-errors.rs:36:7
[INFO] [stderr]    |
[INFO] [stderr] 36 |     #[construct_with(::foo:bar)] //~ ERROR #[construct_with] should be of the form #[construct_with(<primitive types>)]
[INFO] [stderr]    |       ^^^^^^^^^^^^^^
[INFO] [stderr] 
[INFO] [stderr] error: expected `,`
[INFO] [stderr]   --> tests/compile-fail/construct-with-errors.rs:44:25
[INFO] [stderr]    |
[INFO] [stderr] 44 |     #[construct_with(Vec<u8>)] //~ ERROR #[construct_with] should be of the form #[construct_with(<primitive types>)]
[INFO] [stderr]    |                         ^
[INFO] [stderr] 
[INFO] [stderr] error: #[construct_with] should be of the form #[construct_with(<primitive types>)]
[INFO] [stderr]   --> tests/compile-fail/construct-with-errors.rs:44:7
[INFO] [stderr]    |
[INFO] [stderr] 44 |     #[construct_with(Vec<u8>)] //~ ERROR #[construct_with] should be of the form #[construct_with(<primitive types>)]
[INFO] [stderr]    |       ^^^^^^^^^^^^^^
[INFO] [stderr] 
[INFO] [stderr] error: arguments to #[construct_with] must be primitives
[INFO] [stderr]   --> tests/compile-fail/construct-with-errors.rs:52:5
[INFO] [stderr]    |
[INFO] [stderr] 52 |     #[construct_with(test)] //~ ERROR arguments to #[construct_with] must be primitives
[INFO] [stderr]    |     ^
[INFO] [stderr] ┈┈┈┈┈┈┈┈┈┈┈┈┈┈┈┈┈┈┈┈┈┈┈┈┈┈┈┈┈┈┈┈┈┈┈┈┈┈┈┈┈┈┈┈┈┈┈┈┈┈┈┈┈┈┈┈┈┈┈┈
[INFO] [stderr] 
[INFO] [stderr] ACTUAL OUTPUT:
[INFO] [stderr] ┈┈┈┈┈┈┈┈┈┈┈┈┈┈┈┈┈┈┈┈┈┈┈┈┈┈┈┈┈┈┈┈┈┈┈┈┈┈┈┈┈┈┈┈┈┈┈┈┈┈┈┈┈┈┈┈┈┈┈┈
[INFO] [stderr] error: #[construct_with] must have at least one argument
[INFO] [stderr]   --> tests/compile-fail/construct-with-errors.rs:20:7
[INFO] [stderr]    |
[INFO] [stderr] 20 |     #[construct_with()] //~ ERROR #[construct_with] must have at least one argument
[INFO] [stderr]    |       ^^^^^^^^^^^^^^^^
[INFO] [stderr] 
[INFO] [stderr] error: unexpected literal in nested attribute, expected ident
[INFO] [stderr]   --> tests/compile-fail/construct-with-errors.rs:28:22
[INFO] [stderr]    |
[INFO] [stderr] 28 |     #[construct_with("test")] //~ ERROR #[construct_with] should be of the form #[construct_with(<primitive types>)]
[INFO] [stderr]    |                      ^^^^^^
[INFO] [stderr] 
[INFO] [stderr] error: #[construct_with] should be of the form #[construct_with(<primitive types>)]
[INFO] [stderr]   --> tests/compile-fail/construct-with-errors.rs:28:7
[INFO] [stderr]    |
[INFO] [stderr] 28 |     #[construct_with("test")] //~ ERROR #[construct_with] should be of the form #[construct_with(<primitive types>)]
[INFO] [stderr]    |       ^^^^^^^^^^^^^^^^^^^^^^
[INFO] [stderr] 
[INFO] [stderr] error: expected ident
[INFO] [stderr]   --> tests/compile-fail/construct-with-errors.rs:36:24
[INFO] [stderr]    |
[INFO] [stderr] 36 |     #[construct_with(::foo:bar)] //~ ERROR #[construct_with] should be of the form #[construct_with(<primitive types>)]
[INFO] [stderr]    |                        ^^^
[INFO] [stderr] 
[INFO] [stderr] error: #[construct_with] should be of the form #[construct_with(<primitive types>)]
[INFO] [stderr]   --> tests/compile-fail/construct-with-errors.rs:36:7
[INFO] [stderr]    |
[INFO] [stderr] 36 |     #[construct_with(::foo:bar)] //~ ERROR #[construct_with] should be of the form #[construct_with(<primitive types>)]
[INFO] [stderr]    |       ^^^^^^^^^^^^^^^^^^^^^^^^^
[INFO] [stderr] 
[INFO] [stderr] error: expected `,`
[INFO] [stderr]   --> tests/compile-fail/construct-with-errors.rs:44:25
[INFO] [stderr]    |
[INFO] [stderr] 44 |     #[construct_with(Vec<u8>)] //~ ERROR #[construct_with] should be of the form #[construct_with(<primitive types>)]
[INFO] [stderr]    |                         ^
[INFO] [stderr] 
[INFO] [stderr] error: #[construct_with] should be of the form #[construct_with(<primitive types>)]
[INFO] [stderr]   --> tests/compile-fail/construct-with-errors.rs:44:7
[INFO] [stderr]    |
[INFO] [stderr] 44 |     #[construct_with(Vec<u8>)] //~ ERROR #[construct_with] should be of the form #[construct_with(<primitive types>)]
[INFO] [stderr]    |       ^^^^^^^^^^^^^^^^^^^^^^^
[INFO] [stderr] 
[INFO] [stderr] error: arguments to #[construct_with] must be primitives
[INFO] [stderr]   --> tests/compile-fail/construct-with-errors.rs:52:5
[INFO] [stderr]    |
[INFO] [stderr] 52 | /     #[construct_with(test)] //~ ERROR arguments to #[construct_with] must be primitives
[INFO] [stderr] 53 | |     banana: Toto,
[INFO] [stderr]    | |________________^
[INFO] [stderr] ┈┈┈┈┈┈┈┈┈┈┈┈┈┈┈┈┈┈┈┈┈┈┈┈┈┈┈┈┈┈┈┈┈┈┈┈┈┈┈┈┈┈┈┈┈┈┈┈┈┈┈┈┈┈┈┈┈┈┈┈
[INFO] [stderr] note: If the actual output is the correct output you can bless it by rerunning
[INFO] [stderr]       your test with the environment variable TRYBUILD=overwrite
[INFO] [stderr] 
[INFO] [stderr] test tests/compile-fail/endianness_not_specified.rs [should fail to compile] ... ok
[INFO] [stderr] test tests/compile-fail/invalid_type.rs [should fail to compile] ... ok
[INFO] [stderr] test tests/compile-fail/length_expr.rs [should fail to compile] ... ok
[INFO] [stderr] test tests/compile-fail/length_expr_key.rs [should fail to compile] ... ok
[INFO] [stderr] test tests/compile-fail/length_expr_parentheses.rs [should fail to compile] ... ok
[INFO] [stderr] test tests/compile-fail/multiple_payload.rs [should fail to compile] ... ok
[INFO] [stderr] test tests/compile-fail/must_be_pub.rs [should fail to compile] ... ok
[INFO] [stderr] test tests/compile-fail/no_payload.rs [should fail to compile] ... ok
[INFO] [stderr] test tests/compile-fail/non-primitive.rs [should fail to compile] ... ok
[INFO] [stderr] test tests/compile-fail/payload_fn2.rs [should fail to compile] ... ok
[INFO] [stderr] test tests/compile-fail/unnamed_field.rs [should fail to compile] ... ok
[INFO] [stderr] test tests/compile-fail/variable_length_fields.rs [should fail to compile] ... mismatch
[INFO] [stderr] 
[INFO] [stderr] EXPECTED:
[INFO] [stderr] ┈┈┈┈┈┈┈┈┈┈┈┈┈┈┈┈┈┈┈┈┈┈┈┈┈┈┈┈┈┈┈┈┈┈┈┈┈┈┈┈┈┈┈┈┈┈┈┈┈┈┈┈┈┈┈┈┈┈┈┈
[INFO] [stderr] error: variable length field must have #[length = ""] or #[length_fn = ""] attribute
[INFO] [stderr]   --> tests/compile-fail/variable_length_fields.rs:16:17
[INFO] [stderr]    |
[INFO] [stderr] 16 |     var_length: Vec<u8>, //~ ERROR: variable length field must have #[length = ""] or #[length_fn = ""] attribute
[INFO] [stderr]    |                 ^^^
[INFO] [stderr] ┈┈┈┈┈┈┈┈┈┈┈┈┈┈┈┈┈┈┈┈┈┈┈┈┈┈┈┈┈┈┈┈┈┈┈┈┈┈┈┈┈┈┈┈┈┈┈┈┈┈┈┈┈┈┈┈┈┈┈┈
[INFO] [stderr] 
[INFO] [stderr] ACTUAL OUTPUT:
[INFO] [stderr] ┈┈┈┈┈┈┈┈┈┈┈┈┈┈┈┈┈┈┈┈┈┈┈┈┈┈┈┈┈┈┈┈┈┈┈┈┈┈┈┈┈┈┈┈┈┈┈┈┈┈┈┈┈┈┈┈┈┈┈┈
[INFO] [stderr] error: variable length field must have #[length = ""] or #[length_fn = ""] attribute
[INFO] [stderr]   --> tests/compile-fail/variable_length_fields.rs:16:17
[INFO] [stderr]    |
[INFO] [stderr] 16 |     var_length: Vec<u8>, //~ ERROR: variable length field must have #[length = ""] or #[length_fn = ""] attribute
[INFO] [stderr]    |                 ^^^^^^^
[INFO] [stderr] ┈┈┈┈┈┈┈┈┈┈┈┈┈┈┈┈┈┈┈┈┈┈┈┈┈┈┈┈┈┈┈┈┈┈┈┈┈┈┈┈┈┈┈┈┈┈┈┈┈┈┈┈┈┈┈┈┈┈┈┈
[INFO] [stderr] note: If the actual output is the correct output you can bless it by rerunning
[INFO] [stderr]       your test with the environment variable TRYBUILD=overwrite
[INFO] [stderr] 
[INFO] [stderr] test tests/run-pass/construct_with.rs [should pass] ... ok
[INFO] [stderr] test tests/run-pass/get_variable_length_field.rs [should pass] ... ok
[INFO] [stderr] test tests/run-pass/length_expr.rs [should pass] ... ok
[INFO] [stderr] test tests/run-pass/min_packet_size.rs [should pass] ... ok
[INFO] [stderr] test tests/run-pass/mqtt.rs [should pass] ... ok
[INFO] [stderr] test tests/run-pass/packet_in_packet.rs [should pass] ... ok
[INFO] [stderr] test tests/run-pass/packet_size.rs [should pass] ... ok
[INFO] [stderr] test tests/run-pass/payload_fn.rs [should pass] ... ok
[INFO] [stderr] test tests/run-pass/variable_length_fields.rs [should pass] ... ok
[INFO] [stderr] test tests/run-pass/vec_construct.rs [should pass] ... ok
[INFO] [stderr] test tests/run-pass/weird_field_pos.rs [should pass] ... ok
[INFO] [stderr] 
[INFO] [stderr] 
[INFO] [stdout] test compile_test ... FAILED
[INFO] [stdout] 
[INFO] [stdout] failures:
[INFO] [stdout] 
[INFO] [stdout] ---- compile_test stdout ----
[INFO] [stdout] thread 'compile_test' panicked at /opt/rustwide/cargo-home/registry/src/index.crates.io-6f17d22bba15001f/trybuild-1.0.101/src/run.rs:101:13:
[INFO] [stdout] 2 of 24 tests failed
[INFO] [stdout] stack backtrace:
[INFO] [stdout]    0:     0x5d84977b2a9a - std::backtrace_rs::backtrace::libunwind::trace::h207520d6e9873551
[INFO] [stdout]                                at /rustc/df4ca44d3fbc9301ee17f30f4d474e6ae4b05252/library/std/src/../../backtrace/src/backtrace/libunwind.rs:116:5
[INFO] [stdout]    1:     0x5d84977b2a9a - std::backtrace_rs::backtrace::trace_unsynchronized::h2ed7433f370e3eca
[INFO] [stdout]                                at /rustc/df4ca44d3fbc9301ee17f30f4d474e6ae4b05252/library/std/src/../../backtrace/src/backtrace/mod.rs:66:5
[INFO] [stdout]    2:     0x5d84977b2a9a - std::sys::backtrace::_print_fmt::h916fac51166b18d7
[INFO] [stdout]                                at /rustc/df4ca44d3fbc9301ee17f30f4d474e6ae4b05252/library/std/src/sys/backtrace.rs:66:9
[INFO] [stdout]    3:     0x5d84977b2a9a - <std::sys::backtrace::BacktraceLock::print::DisplayBacktrace as core::fmt::Display>::fmt::ha0a4c9b8ce3802e6
[INFO] [stdout]                                at /rustc/df4ca44d3fbc9301ee17f30f4d474e6ae4b05252/library/std/src/sys/backtrace.rs:39:26
[INFO] [stdout]    4:     0x5d84977dcf43 - core::fmt::rt::Argument::fmt::h4cfc8587d52b3eb5
[INFO] [stdout]                                at /rustc/df4ca44d3fbc9301ee17f30f4d474e6ae4b05252/library/core/src/fmt/rt.rs:177:76
[INFO] [stdout]    5:     0x5d84977dcf43 - core::fmt::write::h522cc39e5b36ae9f
[INFO] [stdout]                                at /rustc/df4ca44d3fbc9301ee17f30f4d474e6ae4b05252/library/core/src/fmt/mod.rs:1190:21
[INFO] [stdout]    6:     0x5d84977aead3 - std::io::Write::write_fmt::h7d3c26752da97734
[INFO] [stdout]                                at /rustc/df4ca44d3fbc9301ee17f30f4d474e6ae4b05252/library/std/src/io/mod.rs:1839:15
[INFO] [stdout]    7:     0x5d84977b28e2 - std::sys::backtrace::BacktraceLock::print::h4b9e00b29e9c0942
[INFO] [stdout]                                at /rustc/df4ca44d3fbc9301ee17f30f4d474e6ae4b05252/library/std/src/sys/backtrace.rs:42:9
[INFO] [stdout]    8:     0x5d84977b452a - std::panicking::default_hook::{{closure}}::hb59b88280d0324d9
[INFO] [stdout]                                at /rustc/df4ca44d3fbc9301ee17f30f4d474e6ae4b05252/library/std/src/panicking.rs:268:22
[INFO] [stdout]    9:     0x5d84977b4334 - std::panicking::default_hook::he1dd496665be4a29
[INFO] [stdout]                                at /rustc/df4ca44d3fbc9301ee17f30f4d474e6ae4b05252/library/std/src/panicking.rs:292:9
[INFO] [stdout]   10:     0x5d849777b029 - <alloc::boxed::Box<F,A> as core::ops::function::Fn<Args>>::call::h4ff71de18744e1dc
[INFO] [stdout]                                at /rustc/df4ca44d3fbc9301ee17f30f4d474e6ae4b05252/library/alloc/src/boxed.rs:2468:9
[INFO] [stdout]   11:     0x5d849777b029 - test::test_main::{{closure}}::hcf7c055ce117aa81
[INFO] [stdout]                                at /rustc/df4ca44d3fbc9301ee17f30f4d474e6ae4b05252/library/test/src/lib.rs:133:21
[INFO] [stdout]   12:     0x5d84977b4c28 - <alloc::boxed::Box<F,A> as core::ops::function::Fn<Args>>::call::h1d66c6bbd60c9692
[INFO] [stdout]                                at /rustc/df4ca44d3fbc9301ee17f30f4d474e6ae4b05252/library/alloc/src/boxed.rs:2468:9
[INFO] [stdout]   13:     0x5d84977b4c28 - std::panicking::rust_panic_with_hook::h2ff17fe8f26dfcf8
[INFO] [stdout]                                at /rustc/df4ca44d3fbc9301ee17f30f4d474e6ae4b05252/library/std/src/panicking.rs:809:13
[INFO] [stdout]   14:     0x5d84977b49ea - std::panicking::begin_panic_handler::{{closure}}::h4fad77951c07e101
[INFO] [stdout]                                at /rustc/df4ca44d3fbc9301ee17f30f4d474e6ae4b05252/library/std/src/panicking.rs:674:13
[INFO] [stdout]   15:     0x5d84977b2f79 - std::sys::backtrace::__rust_end_short_backtrace::hb1a25b3da5d0ea08
[INFO] [stdout]                                at /rustc/df4ca44d3fbc9301ee17f30f4d474e6ae4b05252/library/std/src/sys/backtrace.rs:170:18
[INFO] [stdout]   16:     0x5d84977b467c - rust_begin_unwind
[INFO] [stdout]                                at /rustc/df4ca44d3fbc9301ee17f30f4d474e6ae4b05252/library/std/src/panicking.rs:665:5
[INFO] [stdout]   17:     0x5d84977db2f0 - core::panicking::panic_fmt::ha9db07b529f9b256
[INFO] [stdout]                                at /rustc/df4ca44d3fbc9301ee17f30f4d474e6ae4b05252/library/core/src/panicking.rs:75:14
[INFO] [stdout]   18:     0x5d849755a14f - trybuild::run::<impl trybuild::Runner>::run::h30b605005af69abf
[INFO] [stdout]                                at /opt/rustwide/cargo-home/registry/src/index.crates.io-6f17d22bba15001f/trybuild-1.0.101/src/run.rs:101:13
[INFO] [stdout]   19:     0x5d849755f668 - <trybuild::TestCases as core::ops::drop::Drop>::drop::h2f445c780581a192
[INFO] [stdout]                                at /opt/rustwide/cargo-home/registry/src/index.crates.io-6f17d22bba15001f/trybuild-1.0.101/src/lib.rs:340:13
[INFO] [stdout]   20:     0x5d849748a4a7 - core::ptr::drop_in_place<trybuild::TestCases>::h0973bbf38f68bc9a
[INFO] [stdout]                                at /rustc/df4ca44d3fbc9301ee17f30f4d474e6ae4b05252/library/core/src/ptr/mod.rs:521:1
[INFO] [stdout]   21:     0x5d849748bb0b - tests::compile_test::hc2b80f3ec0faafd6
[INFO] [stdout]                                at /opt/rustwide/workdir/tests/tests.rs:6:1
[INFO] [stdout]   22:     0x5d849748ba87 - tests::compile_test::{{closure}}::h745cd21cd2e5a4f8
[INFO] [stdout]                                at /opt/rustwide/workdir/tests/tests.rs:2:18
[INFO] [stdout]   23:     0x5d849748a276 - core::ops::function::FnOnce::call_once::h196959279fad1bef
[INFO] [stdout]                                at /rustc/df4ca44d3fbc9301ee17f30f4d474e6ae4b05252/library/core/src/ops/function.rs:250:5
[INFO] [stdout]   24:     0x5d849777f8fb - core::ops::function::FnOnce::call_once::h22c3ba5715e93f05
[INFO] [stdout]                                at /rustc/df4ca44d3fbc9301ee17f30f4d474e6ae4b05252/library/core/src/ops/function.rs:250:5
[INFO] [stdout]   25:     0x5d849777f8fb - test::__rust_begin_short_backtrace::h8e82d8113d0da17f
[INFO] [stdout]                                at /rustc/df4ca44d3fbc9301ee17f30f4d474e6ae4b05252/library/test/src/lib.rs:621:18
[INFO] [stdout]   26:     0x5d849777f277 - test::run_test_in_process::{{closure}}::h33235f4f20b7b7c7
[INFO] [stdout]                                at /rustc/df4ca44d3fbc9301ee17f30f4d474e6ae4b05252/library/test/src/lib.rs:644:60
[INFO] [stdout]   27:     0x5d849777f277 - <core::panic::unwind_safe::AssertUnwindSafe<F> as core::ops::function::FnOnce<()>>::call_once::hb5043206310c586f
[INFO] [stdout]                                at /rustc/df4ca44d3fbc9301ee17f30f4d474e6ae4b05252/library/core/src/panic/unwind_safe.rs:272:9
[INFO] [stdout]   28:     0x5d849777f277 - std::panicking::try::do_call::h9ad4731a60ab23e2
[INFO] [stdout]                                at /rustc/df4ca44d3fbc9301ee17f30f4d474e6ae4b05252/library/std/src/panicking.rs:557:40
[INFO] [stdout]   29:     0x5d849777f277 - std::panicking::try::h3824d23db772a716
[INFO] [stdout]                                at /rustc/df4ca44d3fbc9301ee17f30f4d474e6ae4b05252/library/std/src/panicking.rs:520:19
[INFO] [stdout]   30:     0x5d849777f277 - std::panic::catch_unwind::h5afd514605fde46b
[INFO] [stdout]                                at /rustc/df4ca44d3fbc9301ee17f30f4d474e6ae4b05252/library/std/src/panic.rs:358:14
[INFO] [stdout]   31:     0x5d849777f277 - test::run_test_in_process::h0d5cbfa7067d1720
[INFO] [stdout]                                at /rustc/df4ca44d3fbc9301ee17f30f4d474e6ae4b05252/library/test/src/lib.rs:644:27
[INFO] [stdout]   32:     0x5d849777f277 - test::run_test::{{closure}}::h708eb8872708115d
[INFO] [stdout]                                at /rustc/df4ca44d3fbc9301ee17f30f4d474e6ae4b05252/library/test/src/lib.rs:565:43
[INFO] [stdout]   33:     0x5d8497742994 - test::run_test::{{closure}}::h392c51cee94713ab
[INFO] [stdout]                                at /rustc/df4ca44d3fbc9301ee17f30f4d474e6ae4b05252/library/test/src/lib.rs:595:41
[INFO] [stdout]   34:     0x5d8497742994 - std::sys::backtrace::__rust_begin_short_backtrace::h2f40290710935a8b
[INFO] [stdout]                                at /rustc/df4ca44d3fbc9301ee17f30f4d474e6ae4b05252/library/std/src/sys/backtrace.rs:154:18
[INFO] [stdout]   35:     0x5d849774613e - std::thread::Builder::spawn_unchecked_::{{closure}}::{{closure}}::h3fd968d89053a903
[INFO] [stdout]                                at /rustc/df4ca44d3fbc9301ee17f30f4d474e6ae4b05252/library/std/src/thread/mod.rs:541:17
[INFO] [stdout]   36:     0x5d849774613e - <core::panic::unwind_safe::AssertUnwindSafe<F> as core::ops::function::FnOnce<()>>::call_once::h743f637ba4229880
[INFO] [stdout]                                at /rustc/df4ca44d3fbc9301ee17f30f4d474e6ae4b05252/library/core/src/panic/unwind_safe.rs:272:9
[INFO] [stdout]   37:     0x5d849774613e - std::panicking::try::do_call::h07440897322525a6
[INFO] [stdout]                                at /rustc/df4ca44d3fbc9301ee17f30f4d474e6ae4b05252/library/std/src/panicking.rs:557:40
[INFO] [stdout]   38:     0x5d849774613e - std::panicking::try::he5a2e00188156637
[INFO] [stdout]                                at /rustc/df4ca44d3fbc9301ee17f30f4d474e6ae4b05252/library/std/src/panicking.rs:520:19
[INFO] [stdout]   39:     0x5d849774613e - std::panic::catch_unwind::hbaf3cae49b3c6433
[INFO] [stdout]                                at /rustc/df4ca44d3fbc9301ee17f30f4d474e6ae4b05252/library/std/src/panic.rs:358:14
[INFO] [stdout]   40:     0x5d849774613e - std::thread::Builder::spawn_unchecked_::{{closure}}::h8e141ea224820bce
[INFO] [stdout]                                at /rustc/df4ca44d3fbc9301ee17f30f4d474e6ae4b05252/library/std/src/thread/mod.rs:540:30
[INFO] [stdout]   41:     0x5d849774613e - core::ops::function::FnOnce::call_once{{vtable.shim}}::h90d312fedd7b8ea8
[INFO] [stdout]                                at /rustc/df4ca44d3fbc9301ee17f30f4d474e6ae4b05252/library/core/src/ops/function.rs:250:5
[INFO] [stdout]   42:     0x5d84977b99eb - <alloc::boxed::Box<F,A> as core::ops::function::FnOnce<Args>>::call_once::h69aa08ddb6adb8b6
[INFO] [stdout]                                at /rustc/df4ca44d3fbc9301ee17f30f4d474e6ae4b05252/library/alloc/src/boxed.rs:2454:9
[INFO] [stdout]   43:     0x5d84977b99eb - <alloc::boxed::Box<F,A> as core::ops::function::FnOnce<Args>>::call_once::h5aa36efdb79c806f
[INFO] [stdout]                                at /rustc/df4ca44d3fbc9301ee17f30f4d474e6ae4b05252/library/alloc/src/boxed.rs:2454:9
[INFO] [stdout]   44:     0x5d84977b99eb - std::sys::pal::unix::thread::Thread::new::thread_start::h6cd80a1b4be5158d
[INFO] [stdout]                                at /rustc/df4ca44d3fbc9301ee17f30f4d474e6ae4b05252/library/std/src/sys/pal/unix/thread.rs:105:17
[INFO] [stdout]   45:     0x7c194fceeac3 - <unknown>
[INFO] [stdout]   46:     0x7c194fd7fa04 - clone
[INFO] [stdout]   47:                0x0 - <unknown>
[INFO] [stdout] 
[INFO] [stdout] 
[INFO] [stdout] failures:
[INFO] [stdout]     compile_test
[INFO] [stdout] 
[INFO] [stdout] test result: FAILED. 1 passed; 1 failed; 0 ignored; 0 measured; 0 filtered out; finished in 16.97s
[INFO] [stdout] 
[INFO] [stderr] error: test failed, to rerun pass `--test tests`
[INFO] running `Command { std: "docker" "inspect" "7cd48ad9f4604b0a0aa524db3e3fc5af846b0439739ff1f697cf460595a05cd9", kill_on_drop: false }`
[INFO] running `Command { std: "docker" "rm" "-f" "7cd48ad9f4604b0a0aa524db3e3fc5af846b0439739ff1f697cf460595a05cd9", kill_on_drop: false }`
[INFO] [stdout] 7cd48ad9f4604b0a0aa524db3e3fc5af846b0439739ff1f697cf460595a05cd9
