[INFO] fetching crate pkrs 0.4.0...
[INFO] testing pkrs-0.4.0 against nightly-2024-10-28 for randomize-layout
[INFO] extracting crate pkrs 0.4.0 into /workspace/builds/worker-0-tc1/source
[INFO] validating manifest of crates.io crate pkrs 0.4.0 on toolchain nightly-2024-10-28
[INFO] running `Command { std: CARGO_HOME="/workspace/cargo-home" RUSTUP_HOME="/workspace/rustup-home" "/workspace/cargo-home/bin/cargo" "+nightly-2024-10-28" "metadata" "--manifest-path" "Cargo.toml" "--no-deps", kill_on_drop: false }`
[INFO] started tweaking crates.io crate pkrs 0.4.0
[INFO] finished tweaking crates.io crate pkrs 0.4.0
[INFO] tweaked toml for crates.io crate pkrs 0.4.0 written to /workspace/builds/worker-0-tc1/source/Cargo.toml
[INFO] running `Command { std: CARGO_HOME="/workspace/cargo-home" RUSTUP_HOME="/workspace/rustup-home" "/workspace/cargo-home/bin/cargo" "+nightly-2024-10-28" "generate-lockfile" "--manifest-path" "Cargo.toml", kill_on_drop: false }`
[INFO] [stderr]     Updating crates.io index
[INFO] [stderr]      Locking 142 packages to latest compatible versions
[INFO] running `Command { std: CARGO_HOME="/workspace/cargo-home" RUSTUP_HOME="/workspace/rustup-home" "/workspace/cargo-home/bin/cargo" "+nightly-2024-10-28" "fetch" "--manifest-path" "Cargo.toml", kill_on_drop: false }`
[INFO] [stderr]  Downloading crates ...
[INFO] [stderr]   Downloaded serde_either v0.2.1
[INFO] running `Command { std: "docker" "create" "-v" "/var/lib/crater-agent-workspace/builds/worker-0-tc1/target:/opt/rustwide/target:rw,Z" "-v" "/var/lib/crater-agent-workspace/builds/worker-0-tc1/source:/opt/rustwide/workdir:ro,Z" "-v" "/var/lib/crater-agent-workspace/cargo-home:/opt/rustwide/cargo-home:ro,Z" "-v" "/var/lib/crater-agent-workspace/rustup-home:/opt/rustwide/rustup-home:ro,Z" "-e" "SOURCE_DIR=/opt/rustwide/workdir" "-e" "CARGO_TARGET_DIR=/opt/rustwide/target" "-e" "CARGO_HOME=/opt/rustwide/cargo-home" "-e" "RUSTUP_HOME=/opt/rustwide/rustup-home" "-w" "/opt/rustwide/workdir" "-m" "1610612736" "--user" "0:0" "--network" "none" "ghcr.io/rust-lang/crates-build-env/linux@sha256:4a844ea9eb2546a2d2c7022eacef16ef2e8229c7fbb2c7d4d55a9ceca922f72d" "/opt/rustwide/cargo-home/bin/cargo" "+nightly-2024-10-28" "metadata" "--no-deps" "--format-version=1", kill_on_drop: false }`
[INFO] [stdout] c9fab2e64c6c9418da005be52a7f5f8c5de0df2c966dc40ef6dea6273c598ea9
[INFO] running `Command { std: "docker" "start" "-a" "c9fab2e64c6c9418da005be52a7f5f8c5de0df2c966dc40ef6dea6273c598ea9", kill_on_drop: false }`
[INFO] running `Command { std: "docker" "inspect" "c9fab2e64c6c9418da005be52a7f5f8c5de0df2c966dc40ef6dea6273c598ea9", kill_on_drop: false }`
[INFO] running `Command { std: "docker" "rm" "-f" "c9fab2e64c6c9418da005be52a7f5f8c5de0df2c966dc40ef6dea6273c598ea9", kill_on_drop: false }`
[INFO] [stdout] c9fab2e64c6c9418da005be52a7f5f8c5de0df2c966dc40ef6dea6273c598ea9
[INFO] running `Command { std: "docker" "create" "-v" "/var/lib/crater-agent-workspace/builds/worker-0-tc1/target:/opt/rustwide/target:rw,Z" "-v" "/var/lib/crater-agent-workspace/builds/worker-0-tc1/source:/opt/rustwide/workdir:ro,Z" "-v" "/var/lib/crater-agent-workspace/cargo-home:/opt/rustwide/cargo-home:ro,Z" "-v" "/var/lib/crater-agent-workspace/rustup-home:/opt/rustwide/rustup-home:ro,Z" "-e" "SOURCE_DIR=/opt/rustwide/workdir" "-e" "CARGO_TARGET_DIR=/opt/rustwide/target" "-e" "CARGO_INCREMENTAL=0" "-e" "RUST_BACKTRACE=full" "-e" "RUSTFLAGS=--cap-lints=forbid" "-e" "RUSTDOCFLAGS=--cap-lints=forbid" "-e" "CARGO_HOME=/opt/rustwide/cargo-home" "-e" "RUSTUP_HOME=/opt/rustwide/rustup-home" "-w" "/opt/rustwide/workdir" "-m" "1610612736" "--user" "0:0" "--network" "none" "ghcr.io/rust-lang/crates-build-env/linux@sha256:4a844ea9eb2546a2d2c7022eacef16ef2e8229c7fbb2c7d4d55a9ceca922f72d" "/opt/rustwide/cargo-home/bin/cargo" "+nightly-2024-10-28" "build" "--frozen" "--message-format=json", kill_on_drop: false }`
[INFO] [stdout] 934e65cadd5be3bedf909d084ca261e0c5c658fb14ad9d65f4725cb6d03c794f
[INFO] running `Command { std: "docker" "start" "-a" "934e65cadd5be3bedf909d084ca261e0c5c658fb14ad9d65f4725cb6d03c794f", kill_on_drop: false }`
[INFO] [stderr]    Compiling proc-macro2 v1.0.89
[INFO] [stderr]    Compiling unicode-ident v1.0.13
[INFO] [stderr]    Compiling autocfg v1.4.0
[INFO] [stderr]    Compiling itoa v1.0.11
[INFO] [stderr]    Compiling serde v1.0.214
[INFO] [stderr]    Compiling shlex v1.3.0
[INFO] [stderr]    Compiling pin-project-lite v0.2.15
[INFO] [stderr]    Compiling bytes v1.8.0
[INFO] [stderr]    Compiling vcpkg v0.2.15
[INFO] [stderr]    Compiling pkg-config v0.3.31
[INFO] [stderr]    Compiling once_cell v1.20.2
[INFO] [stderr]    Compiling futures-core v0.3.31
[INFO] [stderr]    Compiling fnv v1.0.7
[INFO] [stderr]    Compiling futures-sink v0.3.31
[INFO] [stderr]    Compiling hashbrown v0.15.0
[INFO] [stderr]    Compiling socket2 v0.5.7
[INFO] [stderr]    Compiling mio v1.0.2
[INFO] [stderr]    Compiling openssl v0.10.68
[INFO] [stderr]    Compiling pin-utils v0.1.0
[INFO] [stderr]    Compiling futures-task v0.3.31
[INFO] [stderr]    Compiling foreign-types-shared v0.1.1
[INFO] [stderr]    Compiling equivalent v1.0.1
[INFO] [stderr]    Compiling httparse v1.9.5
[INFO] [stderr]    Compiling foreign-types v0.3.2
[INFO] [stderr]    Compiling cc v1.1.31
[INFO] [stderr]    Compiling futures-util v0.3.31
[INFO] [stderr]    Compiling tinyvec_macros v0.1.1
[INFO] [stderr]    Compiling native-tls v0.2.12
[INFO] [stderr]    Compiling tracing-core v0.1.32
[INFO] [stderr]    Compiling try-lock v0.2.5
[INFO] [stderr]    Compiling atomic-waker v1.1.2
[INFO] [stderr]    Compiling bitflags v2.6.0
[INFO] [stderr]    Compiling want v0.3.1
[INFO] [stderr]    Compiling tinyvec v1.8.0
[INFO] [stderr]    Compiling http v1.1.0
[INFO] [stderr]    Compiling futures-channel v0.3.31
[INFO] [stderr]    Compiling tokio v1.41.0
[INFO] [stderr]    Compiling slab v0.4.9
[INFO] [stderr]    Compiling indexmap v2.6.0
[INFO] [stderr]    Compiling tracing v0.1.40
[INFO] [stderr]    Compiling num-traits v0.2.19
[INFO] [stderr]    Compiling openssl-probe v0.1.5
[INFO] [stderr]    Compiling percent-encoding v2.3.1
[INFO] [stderr]    Compiling smallvec v1.13.2
[INFO] [stderr]    Compiling log v0.4.22
[INFO] [stderr]    Compiling form_urlencoded v1.2.1
[INFO] [stderr]    Compiling serde_json v1.0.132
[INFO] [stderr]    Compiling ryu v1.0.18
[INFO] [stderr]    Compiling unicode-bidi v0.3.17
[INFO] [stderr]    Compiling tower-service v0.3.3
[INFO] [stderr]    Compiling memchr v2.7.4
[INFO] [stderr]    Compiling powerfmt v0.2.0
[INFO] [stderr]    Compiling rustls-pki-types v1.10.0
[INFO] [stderr]    Compiling encoding_rs v0.8.35
[INFO] [stderr]    Compiling quote v1.0.37
[INFO] [stderr]    Compiling sync_wrapper v1.0.1
[INFO] [stderr]    Compiling ipnet v2.10.1
[INFO] [stderr]    Compiling num-conv v0.1.0
[INFO] [stderr]    Compiling time-core v0.1.2
[INFO] [stderr]    Compiling syn v2.0.86
[INFO] [stderr]    Compiling mime v0.3.17
[INFO] [stderr]    Compiling unicode-normalization v0.1.24
[INFO] [stderr]    Compiling base64 v0.22.1
[INFO] [stderr]    Compiling rustls-pemfile v2.2.0
[INFO] [stderr]    Compiling http-body v1.0.1
[INFO] [stderr]    Compiling ordered-float v2.10.1
[INFO] [stderr]    Compiling idna v0.5.0
[INFO] [stderr]    Compiling http-body-util v0.1.2
[INFO] [stderr]    Compiling openssl-sys v0.9.104
[INFO] [stderr]    Compiling serde_derive v1.0.214
[INFO] [stderr]    Compiling openssl-macros v0.1.1
[INFO] [stderr]    Compiling tokio-util v0.7.12
[INFO] [stderr]    Compiling h2 v0.4.6
[INFO] [stderr]    Compiling hyper v1.5.0
[INFO] [stderr]    Compiling tokio-native-tls v0.3.1
[INFO] [stderr]    Compiling hyper-util v0.1.10
[INFO] [stderr]    Compiling serde_urlencoded v0.7.1
[INFO] [stderr]    Compiling deranged v0.3.11
[INFO] [stderr]    Compiling url v2.5.2
[INFO] [stderr]    Compiling serde-value v0.7.0
[INFO] [stderr]    Compiling uuid v1.11.0
[INFO] [stderr]    Compiling hyper-tls v0.6.0
[INFO] [stderr]    Compiling serde_either v0.2.1
[INFO] [stderr]    Compiling time v0.3.36
[INFO] [stderr]    Compiling reqwest v0.12.9
[INFO] [stderr]    Compiling pkrs v0.4.0 (/opt/rustwide/workdir)
[INFO] [stderr]     Finished `dev` profile [unoptimized + debuginfo] target(s) in 21.75s
[INFO] running `Command { std: "docker" "inspect" "934e65cadd5be3bedf909d084ca261e0c5c658fb14ad9d65f4725cb6d03c794f", kill_on_drop: false }`
[INFO] running `Command { std: "docker" "rm" "-f" "934e65cadd5be3bedf909d084ca261e0c5c658fb14ad9d65f4725cb6d03c794f", kill_on_drop: false }`
[INFO] [stdout] 934e65cadd5be3bedf909d084ca261e0c5c658fb14ad9d65f4725cb6d03c794f
[INFO] running `Command { std: "docker" "create" "-v" "/var/lib/crater-agent-workspace/builds/worker-0-tc1/target:/opt/rustwide/target:rw,Z" "-v" "/var/lib/crater-agent-workspace/builds/worker-0-tc1/source:/opt/rustwide/workdir:ro,Z" "-v" "/var/lib/crater-agent-workspace/cargo-home:/opt/rustwide/cargo-home:ro,Z" "-v" "/var/lib/crater-agent-workspace/rustup-home:/opt/rustwide/rustup-home:ro,Z" "-e" "SOURCE_DIR=/opt/rustwide/workdir" "-e" "CARGO_TARGET_DIR=/opt/rustwide/target" "-e" "CARGO_INCREMENTAL=0" "-e" "RUST_BACKTRACE=full" "-e" "RUSTFLAGS=--cap-lints=forbid" "-e" "RUSTDOCFLAGS=--cap-lints=forbid" "-e" "CARGO_HOME=/opt/rustwide/cargo-home" "-e" "RUSTUP_HOME=/opt/rustwide/rustup-home" "-w" "/opt/rustwide/workdir" "-m" "1610612736" "--user" "0:0" "--network" "none" "ghcr.io/rust-lang/crates-build-env/linux@sha256:4a844ea9eb2546a2d2c7022eacef16ef2e8229c7fbb2c7d4d55a9ceca922f72d" "/opt/rustwide/cargo-home/bin/cargo" "+nightly-2024-10-28" "test" "--frozen" "--no-run" "--message-format=json", kill_on_drop: false }`
[INFO] [stdout] d19c6afa95833f928b1068ce4ce5492b2b3177d90b1c1cf1e50669ff6c5ecf34
[INFO] running `Command { std: "docker" "start" "-a" "d19c6afa95833f928b1068ce4ce5492b2b3177d90b1c1cf1e50669ff6c5ecf34", kill_on_drop: false }`
[INFO] [stderr]    Compiling pkrs v0.4.0 (/opt/rustwide/workdir)
[INFO] [stderr]     Finished `test` profile [unoptimized + debuginfo] target(s) in 1.43s
[INFO] running `Command { std: "docker" "inspect" "d19c6afa95833f928b1068ce4ce5492b2b3177d90b1c1cf1e50669ff6c5ecf34", kill_on_drop: false }`
[INFO] running `Command { std: "docker" "rm" "-f" "d19c6afa95833f928b1068ce4ce5492b2b3177d90b1c1cf1e50669ff6c5ecf34", kill_on_drop: false }`
[INFO] [stdout] d19c6afa95833f928b1068ce4ce5492b2b3177d90b1c1cf1e50669ff6c5ecf34
[INFO] running `Command { std: "docker" "create" "-v" "/var/lib/crater-agent-workspace/builds/worker-0-tc1/target:/opt/rustwide/target:rw,Z" "-v" "/var/lib/crater-agent-workspace/builds/worker-0-tc1/source:/opt/rustwide/workdir:ro,Z" "-v" "/var/lib/crater-agent-workspace/cargo-home:/opt/rustwide/cargo-home:ro,Z" "-v" "/var/lib/crater-agent-workspace/rustup-home:/opt/rustwide/rustup-home:ro,Z" "-e" "SOURCE_DIR=/opt/rustwide/workdir" "-e" "CARGO_TARGET_DIR=/opt/rustwide/target" "-e" "CARGO_INCREMENTAL=0" "-e" "RUST_BACKTRACE=full" "-e" "RUSTFLAGS=--cap-lints=forbid" "-e" "RUSTDOCFLAGS=--cap-lints=forbid" "-e" "CARGO_HOME=/opt/rustwide/cargo-home" "-e" "RUSTUP_HOME=/opt/rustwide/rustup-home" "-w" "/opt/rustwide/workdir" "-m" "1610612736" "--user" "0:0" "--network" "none" "ghcr.io/rust-lang/crates-build-env/linux@sha256:4a844ea9eb2546a2d2c7022eacef16ef2e8229c7fbb2c7d4d55a9ceca922f72d" "/opt/rustwide/cargo-home/bin/cargo" "+nightly-2024-10-28" "test" "--frozen", kill_on_drop: false }`
[INFO] [stdout] 46f5ae8a926a417d3e0e297c7e30538f7f8781a4f1bc61ee217c20668626fbfc
[INFO] running `Command { std: "docker" "start" "-a" "46f5ae8a926a417d3e0e297c7e30538f7f8781a4f1bc61ee217c20668626fbfc", kill_on_drop: false }`
[INFO] [stderr]     Finished `test` profile [unoptimized + debuginfo] target(s) in 0.13s
[INFO] [stderr]      Running unittests src/lib.rs (/opt/rustwide/target/debug/deps/pkrs-b44f3e7554e932e2)
[INFO] [stdout] 
[INFO] [stdout] running 0 tests
[INFO] [stdout] 
[INFO] [stdout] test result: ok. 0 passed; 0 failed; 0 ignored; 0 measured; 0 filtered out; finished in 0.00s
[INFO] [stdout] 
[INFO] [stderr]    Doc-tests pkrs
[INFO] [stdout] 
[INFO] [stdout] running 1 test
[INFO] [stdout] test src/lib.rs - (line 7) ... FAILED
[INFO] [stdout] 
[INFO] [stdout] failures:
[INFO] [stdout] 
[INFO] [stdout] ---- src/lib.rs - (line 7) stdout ----
[INFO] [stdout] error[E0425]: cannot find value `my` in this scope
[INFO] [stdout]  --> src/lib.rs:13:12
[INFO] [stdout]   |
[INFO] [stdout] 9 |     token: my-token,
[INFO] [stdout]   |            ^^ not found in this scope
[INFO] [stdout] 
[INFO] [stdout] error[E0425]: cannot find value `token` in this scope
[INFO] [stdout]  --> src/lib.rs:13:15
[INFO] [stdout]   |
[INFO] [stdout] 9 |     token: my-token,
[INFO] [stdout]   |               ^^^^^ not found in this scope
[INFO] [stdout] 
[INFO] [stdout] error[E0728]: `await` is only allowed inside `async` functions and blocks
[INFO] [stdout]   --> src/lib.rs:17:53
[INFO] [stdout]    |
[INFO] [stdout] 4  | fn main() { #[allow(non_snake_case)] fn _doctest_main_src_lib_rs_7_0() {
[INFO] [stdout]    |                                      --------------------------------- this is not `async`
[INFO] [stdout] ...
[INFO] [stdout] 13 | let sys: System = client.get_system("abcde".into()).await?;
[INFO] [stdout]    |                                                     ^^^^^ only allowed inside `async` functions and blocks
[INFO] [stdout] 
[INFO] [stdout] error[E0277]: the trait bound `&PkId: From<&str>` is not satisfied
[INFO] [stdout]   --> src/lib.rs:17:45
[INFO] [stdout]    |
[INFO] [stdout] 13 | let sys: System = client.get_system("abcde".into()).await?;
[INFO] [stdout]    |                                             ^^^^ the trait `From<&str>` is not implemented for `&PkId`, which is required by `&str: Into<_>`
[INFO] [stdout]    |
[INFO] [stdout]    = note: required for `&str` to implement `Into<&PkId>`
[INFO] [stdout] 
[INFO] [stdout] error: aborting due to 4 previous errors
[INFO] [stdout] 
[INFO] [stdout] Some errors have detailed explanations: E0277, E0425, E0728.
[INFO] [stdout] For more information about an error, try `rustc --explain E0277`.
[INFO] [stdout] Couldn't compile the test.
[INFO] [stdout] 
[INFO] [stdout] failures:
[INFO] [stdout]     src/lib.rs - (line 7)
[INFO] [stdout] 
[INFO] [stdout] test result: FAILED. 0 passed; 1 failed; 0 ignored; 0 measured; 0 filtered out; finished in 0.09s
[INFO] [stdout] 
[INFO] [stderr] error: doctest failed, to rerun pass `--doc`
[INFO] running `Command { std: "docker" "inspect" "46f5ae8a926a417d3e0e297c7e30538f7f8781a4f1bc61ee217c20668626fbfc", kill_on_drop: false }`
[INFO] running `Command { std: "docker" "rm" "-f" "46f5ae8a926a417d3e0e297c7e30538f7f8781a4f1bc61ee217c20668626fbfc", kill_on_drop: false }`
[INFO] [stdout] 46f5ae8a926a417d3e0e297c7e30538f7f8781a4f1bc61ee217c20668626fbfc
