[INFO] fetching crate pipelight_utils 0.2.7...
[INFO] testing pipelight_utils-0.2.7 against nightly-2024-10-28+rustflags=-Zrandomize-layout for randomize-layout
[INFO] extracting crate pipelight_utils 0.2.7 into /workspace/builds/worker-1-tc2/source
[INFO] validating manifest of crates.io crate pipelight_utils 0.2.7 on toolchain nightly-2024-10-28
[INFO] running `Command { std: CARGO_HOME="/workspace/cargo-home" RUSTUP_HOME="/workspace/rustup-home" "/workspace/cargo-home/bin/cargo" "+nightly-2024-10-28" "metadata" "--manifest-path" "Cargo.toml" "--no-deps", kill_on_drop: false }`
[INFO] started tweaking crates.io crate pipelight_utils 0.2.7
[INFO] finished tweaking crates.io crate pipelight_utils 0.2.7
[INFO] tweaked toml for crates.io crate pipelight_utils 0.2.7 written to /workspace/builds/worker-1-tc2/source/Cargo.toml
[INFO] running `Command { std: CARGO_HOME="/workspace/cargo-home" RUSTUP_HOME="/workspace/rustup-home" "/workspace/cargo-home/bin/cargo" "+nightly-2024-10-28" "generate-lockfile" "--manifest-path" "Cargo.toml", kill_on_drop: false }`
[INFO] [stderr]     Blocking waiting for file lock on package cache
[INFO] [stderr]     Updating crates.io index
[INFO] [stderr]     Blocking waiting for file lock on package cache
[INFO] [stderr]      Locking 229 packages to latest compatible versions
[INFO] [stderr]       Adding sysinfo v0.31.4 (available: v0.32.0)
[INFO] running `Command { std: CARGO_HOME="/workspace/cargo-home" RUSTUP_HOME="/workspace/rustup-home" "/workspace/cargo-home/bin/cargo" "+nightly-2024-10-28" "fetch" "--manifest-path" "Cargo.toml", kill_on_drop: false }`
[INFO] running `Command { std: "docker" "create" "-v" "/var/lib/crater-agent-workspace/builds/worker-1-tc2/target:/opt/rustwide/target:rw,Z" "-v" "/var/lib/crater-agent-workspace/builds/worker-1-tc2/source:/opt/rustwide/workdir:ro,Z" "-v" "/var/lib/crater-agent-workspace/cargo-home:/opt/rustwide/cargo-home:ro,Z" "-v" "/var/lib/crater-agent-workspace/rustup-home:/opt/rustwide/rustup-home:ro,Z" "-e" "SOURCE_DIR=/opt/rustwide/workdir" "-e" "CARGO_TARGET_DIR=/opt/rustwide/target" "-e" "CARGO_HOME=/opt/rustwide/cargo-home" "-e" "RUSTUP_HOME=/opt/rustwide/rustup-home" "-w" "/opt/rustwide/workdir" "-m" "1610612736" "--user" "0:0" "--network" "none" "ghcr.io/rust-lang/crates-build-env/linux@sha256:4a844ea9eb2546a2d2c7022eacef16ef2e8229c7fbb2c7d4d55a9ceca922f72d" "/opt/rustwide/cargo-home/bin/cargo" "+nightly-2024-10-28" "metadata" "--no-deps" "--format-version=1", kill_on_drop: false }`
[INFO] [stdout] 761794285fba7fb72f6e99dbfa650822acb46df11f67b1c2dadf01137a20f949
[INFO] running `Command { std: "docker" "start" "-a" "761794285fba7fb72f6e99dbfa650822acb46df11f67b1c2dadf01137a20f949", kill_on_drop: false }`
[INFO] running `Command { std: "docker" "inspect" "761794285fba7fb72f6e99dbfa650822acb46df11f67b1c2dadf01137a20f949", kill_on_drop: false }`
[INFO] running `Command { std: "docker" "rm" "-f" "761794285fba7fb72f6e99dbfa650822acb46df11f67b1c2dadf01137a20f949", kill_on_drop: false }`
[INFO] [stdout] 761794285fba7fb72f6e99dbfa650822acb46df11f67b1c2dadf01137a20f949
[INFO] running `Command { std: "docker" "create" "-v" "/var/lib/crater-agent-workspace/builds/worker-1-tc2/target:/opt/rustwide/target:rw,Z" "-v" "/var/lib/crater-agent-workspace/builds/worker-1-tc2/source:/opt/rustwide/workdir:ro,Z" "-v" "/var/lib/crater-agent-workspace/cargo-home:/opt/rustwide/cargo-home:ro,Z" "-v" "/var/lib/crater-agent-workspace/rustup-home:/opt/rustwide/rustup-home:ro,Z" "-e" "SOURCE_DIR=/opt/rustwide/workdir" "-e" "CARGO_TARGET_DIR=/opt/rustwide/target" "-e" "CARGO_INCREMENTAL=0" "-e" "RUST_BACKTRACE=full" "-e" "RUSTFLAGS=--cap-lints=forbid -Zrandomize-layout" "-e" "RUSTDOCFLAGS=--cap-lints=forbid" "-e" "CARGO_HOME=/opt/rustwide/cargo-home" "-e" "RUSTUP_HOME=/opt/rustwide/rustup-home" "-w" "/opt/rustwide/workdir" "-m" "1610612736" "--user" "0:0" "--network" "none" "ghcr.io/rust-lang/crates-build-env/linux@sha256:4a844ea9eb2546a2d2c7022eacef16ef2e8229c7fbb2c7d4d55a9ceca922f72d" "/opt/rustwide/cargo-home/bin/cargo" "+nightly-2024-10-28" "build" "--frozen" "--message-format=json", kill_on_drop: false }`
[INFO] [stdout] fff6d87ffa7236e489d9c20a43120db1f060a2a07fcf56a436d41c55bab5c4d4
[INFO] running `Command { std: "docker" "start" "-a" "fff6d87ffa7236e489d9c20a43120db1f060a2a07fcf56a436d41c55bab5c4d4", kill_on_drop: false }`
[INFO] [stderr]    Compiling proc-macro2 v1.0.89
[INFO] [stderr]    Compiling unicode-ident v1.0.13
[INFO] [stderr]    Compiling memchr v2.7.4
[INFO] [stderr]    Compiling serde v1.0.214
[INFO] [stderr]    Compiling regex-syntax v0.8.5
[INFO] [stderr]    Compiling fastrand v2.1.1
[INFO] [stderr]    Compiling gix-trace v0.1.11
[INFO] [stderr]    Compiling smallvec v1.13.2
[INFO] [stderr]    Compiling same-file v1.0.6
[INFO] [stderr]    Compiling faster-hex v0.9.0
[INFO] [stderr]    Compiling bitflags v2.6.0
[INFO] [stderr]    Compiling crossbeam-utils v0.8.20
[INFO] [stderr]    Compiling unicode-normalization v0.1.24
[INFO] [stderr]    Compiling prodash v28.0.0
[INFO] [stderr]    Compiling sha1_smol v1.0.1
[INFO] [stderr]    Compiling rustix v0.38.38
[INFO] [stderr]    Compiling num-traits v0.2.19
[INFO] [stderr]    Compiling linux-raw-sys v0.4.14
[INFO] [stderr]    Compiling walkdir v2.5.0
[INFO] [stderr]    Compiling parking_lot_core v0.9.10
[INFO] [stderr]    Compiling home v0.5.9
[INFO] [stderr]    Compiling futures-sink v0.3.31
[INFO] [stderr]    Compiling jiff v0.1.14
[INFO] [stderr]    Compiling getrandom v0.2.15
[INFO] [stderr]    Compiling futures-io v0.3.31
[INFO] [stderr]    Compiling futures-channel v0.3.31
[INFO] [stderr]    Compiling futures-task v0.3.31
[INFO] [stderr]    Compiling parking_lot v0.12.3
[INFO] [stderr]    Compiling rustversion v1.0.18
[INFO] [stderr]    Compiling rayon-core v1.12.1
[INFO] [stderr]    Compiling gix-utils v0.1.13
[INFO] [stderr]    Compiling rand_core v0.6.4
[INFO] [stderr]    Compiling syn v1.0.109
[INFO] [stderr]    Compiling memmap2 v0.9.5
[INFO] [stderr]    Compiling destructure_traitobject v0.2.0
[INFO] [stderr]    Compiling either v1.13.0
[INFO] [stderr]    Compiling unsafe-any-ors v1.0.0
[INFO] [stderr]    Compiling aho-corasick v1.1.3
[INFO] [stderr]    Compiling winnow v0.6.20
[INFO] [stderr]    Compiling quote v1.0.37
[INFO] [stderr]    Compiling crossbeam-epoch v0.9.18
[INFO] [stderr]    Compiling signal-hook v0.3.17
[INFO] [stderr]    Compiling nibble_vec v0.1.0
[INFO] [stderr]    Compiling gix-sec v0.10.9
[INFO] [stderr]    Compiling lazy_static v1.5.0
[INFO] [stderr]    Compiling unsafe-libyaml v0.2.11
[INFO] [stderr]    Compiling syn v2.0.86
[INFO] [stderr]    Compiling crossbeam-deque v0.8.5
[INFO] [stderr]    Compiling unicode-bom v2.0.3
[INFO] [stderr]    Compiling endian-type v0.1.2
[INFO] [stderr]    Compiling minimal-lexical v0.2.1
[INFO] [stderr]    Compiling heck v0.5.0
[INFO] [stderr]    Compiling ordered-float v2.10.1
[INFO] [stderr]    Compiling radix_trie v0.2.1
[INFO] [stderr]    Compiling typemap-ors v1.0.0
[INFO] [stderr]    Compiling nom v7.1.3
[INFO] [stderr]    Compiling thread-id v4.2.2
[INFO] [stderr]    Compiling normalize-path v0.2.1
[INFO] [stderr]    Compiling arc-swap v1.7.1
[INFO] [stderr]    Compiling unicode-segmentation v1.12.0
[INFO] [stderr]    Compiling log-mdc v0.1.0
[INFO] [stderr]    Compiling dunce v1.0.5
[INFO] [stderr]    Compiling humantime v2.1.0
[INFO] [stderr]    Compiling rayon v1.10.0
[INFO] [stderr]    Compiling convert_case v0.6.0
[INFO] [stderr]    Compiling console v0.15.8
[INFO] [stderr]    Compiling colored v2.1.0
[INFO] [stderr]    Compiling itertools v0.13.0
[INFO] [stderr]    Compiling regex-automata v0.4.8
[INFO] [stderr]    Compiling rev_buf_reader v0.3.0
[INFO] [stderr]    Compiling subprocess v0.2.9
[INFO] [stderr]    Compiling tempfile v3.13.0
[INFO] [stderr]    Compiling derivative v2.2.0
[INFO] [stderr]    Compiling sysinfo v0.31.4
[INFO] [stderr]    Compiling bstr v1.10.0
[INFO] [stderr]    Compiling serde_derive v1.0.214
[INFO] [stderr]    Compiling thiserror-impl v1.0.66
[INFO] [stderr]    Compiling zerocopy-derive v0.7.35
[INFO] [stderr]    Compiling futures-macro v0.3.31
[INFO] [stderr]    Compiling tokio-macros v2.4.0
[INFO] [stderr]    Compiling tracing-attributes v0.1.27
[INFO] [stderr]    Compiling miette-derive v7.2.0
[INFO] [stderr]    Compiling uuid-macro-internal v1.11.0
[INFO] [stderr]    Compiling strum_macros v0.26.4
[INFO] [stderr]    Compiling tokio v1.41.0
[INFO] [stderr]    Compiling zerocopy v0.7.35
[INFO] [stderr]    Compiling futures-util v0.3.31
[INFO] [stderr]    Compiling thiserror v1.0.66
[INFO] [stderr]    Compiling gix-hash v0.14.2
[INFO] [stderr]    Compiling gix-path v0.10.12
[INFO] [stderr]    Compiling gix-date v0.9.1
[INFO] [stderr]    Compiling gix-validate v0.9.1
[INFO] [stderr]    Compiling tracing v0.1.40
[INFO] [stderr]    Compiling miette v7.2.0
[INFO] [stderr]    Compiling gix-actor v0.32.0
[INFO] [stderr]    Compiling gix-config-value v0.14.9
[INFO] [stderr]    Compiling gix-features v0.38.2
[INFO] [stderr]    Compiling strum v0.26.3
[INFO] [stderr]    Compiling gix-fs v0.11.3
[INFO] [stderr]    Compiling gix-object v0.44.0
[INFO] [stderr]    Compiling gix-glob v0.16.5
[INFO] [stderr]    Compiling ppv-lite86 v0.2.20
[INFO] [stderr]    Compiling gix-tempfile v14.0.2
[INFO] [stderr]    Compiling rand_chacha v0.3.1
[INFO] [stderr]    Compiling gix-lock v14.0.0
[INFO] [stderr]    Compiling rand v0.8.5
[INFO] [stderr]    Compiling gix-ref v0.47.0
[INFO] [stderr]    Compiling tokio-stream v0.1.16
[INFO] [stderr]    Compiling futures-executor v0.3.31
[INFO] [stderr]    Compiling futures v0.3.31
[INFO] [stderr]    Compiling gix-config v0.40.0
[INFO] [stderr]    Compiling project-origins v1.4.0
[INFO] [stderr]    Compiling indexmap v2.6.0
[INFO] [stderr]    Compiling log v0.4.22
[INFO] [stderr]    Compiling serde_spanned v0.6.8
[INFO] [stderr]    Compiling chrono v0.4.38
[INFO] [stderr]    Compiling hcl-primitives v0.1.7
[INFO] [stderr]    Compiling toml_datetime v0.6.8
[INFO] [stderr]    Compiling vecmap-rs v0.2.2
[INFO] [stderr]    Compiling serde-value v0.7.0
[INFO] [stderr]    Compiling serde_json v1.0.132
[INFO] [stderr]    Compiling uuid v1.11.0
[INFO] [stderr]    Compiling serde_plain v1.0.2
[INFO] [stderr]    Compiling globset v0.4.15
[INFO] [stderr]    Compiling hcl-edit v0.8.3
[INFO] [stderr]    Compiling ignore v0.4.23
[INFO] [stderr]    Compiling toml_edit v0.22.22
[INFO] [stderr]    Compiling serde_yaml v0.9.34+deprecated
[INFO] [stderr]    Compiling iso8601-duration v0.2.0
[INFO] [stderr]    Compiling ignore-files v3.0.2
[INFO] [stderr]    Compiling log4rs v1.3.0
[INFO] [stderr]    Compiling hcl-rs v0.18.2
[INFO] [stderr]    Compiling toml v0.8.19
[INFO] [stderr]    Compiling pipelight_utils v0.2.7 (/opt/rustwide/workdir)
[INFO] [stdout] warning: unused imports: `SetLoggerError`, `debug`, `error`, `info`, `trace`, and `warn`
[INFO] [stdout]  --> src/logger/config_abstraction.rs:1:15
[INFO] [stdout]   |
[INFO] [stdout] 1 | pub use log::{debug, error, info, trace, warn, LevelFilter, SetLoggerError};
[INFO] [stdout]   |               ^^^^^  ^^^^^  ^^^^  ^^^^^  ^^^^               ^^^^^^^^^^^^^^
[INFO] [stdout]   |
[INFO] [stdout]   = note: `#[warn(unused_imports)]` on by default
[INFO] [stdout] 
[INFO] [stdout] 
[INFO] [stdout] warning: unused import: `Key`
[INFO] [stdout]  --> src/signal/mod.rs:1:15
[INFO] [stdout]   |
[INFO] [stdout] 1 | use console::{Key, Term};
[INFO] [stdout]   |               ^^^
[INFO] [stdout] 
[INFO] [stdout] 
[INFO] [stdout] warning: unused import: `std::io::Error`
[INFO] [stdout]  --> src/signal/mod.rs:4:5
[INFO] [stdout]   |
[INFO] [stdout] 4 | use std::io::Error;
[INFO] [stdout]   |     ^^^^^^^^^^^^^^
[INFO] [stdout] 
[INFO] [stdout] 
[INFO] [stdout] warning: unused imports: `AtomicBool` and `Ordering`
[INFO] [stdout]  --> src/signal/mod.rs:7:25
[INFO] [stdout]   |
[INFO] [stdout] 7 | use std::sync::atomic::{AtomicBool, Ordering};
[INFO] [stdout]   |                         ^^^^^^^^^^  ^^^^^^^^
[INFO] [stdout] 
[INFO] [stdout] 
[INFO] [stdout] warning: unused import: `std::sync::Arc`
[INFO] [stdout]  --> src/signal/mod.rs:8:5
[INFO] [stdout]   |
[INFO] [stdout] 8 | use std::sync::Arc;
[INFO] [stdout]   |     ^^^^^^^^^^^^^^
[INFO] [stdout] 
[INFO] [stdout] 
[INFO] [stdout] warning: unused import: `signal_hook::consts::signal::*`
[INFO] [stdout]   --> src/signal/mod.rs:10:5
[INFO] [stdout]    |
[INFO] [stdout] 10 | use signal_hook::consts::signal::*;
[INFO] [stdout]    |     ^^^^^^^^^^^^^^^^^^^^^^^^^^^^^^
[INFO] [stdout] 
[INFO] [stdout] 
[INFO] [stdout] warning: unused import: `signal_hook::flag`
[INFO] [stdout]   --> src/signal/mod.rs:12:5
[INFO] [stdout]    |
[INFO] [stdout] 12 | use signal_hook::flag;
[INFO] [stdout]    |     ^^^^^^^^^^^^^^^^^
[INFO] [stdout] 
[INFO] [stdout] 
[INFO] [stdout] warning: unused import: `signal_hook::low_level`
[INFO] [stdout]   --> src/signal/mod.rs:17:5
[INFO] [stdout]    |
[INFO] [stdout] 17 | use signal_hook::low_level;
[INFO] [stdout]    |     ^^^^^^^^^^^^^^^^^^^^^^
[INFO] [stdout] 
[INFO] [stdout] 
[INFO] [stderr]     Finished `dev` profile [unoptimized + debuginfo] target(s) in 26.57s
[INFO] running `Command { std: "docker" "inspect" "fff6d87ffa7236e489d9c20a43120db1f060a2a07fcf56a436d41c55bab5c4d4", kill_on_drop: false }`
[INFO] running `Command { std: "docker" "rm" "-f" "fff6d87ffa7236e489d9c20a43120db1f060a2a07fcf56a436d41c55bab5c4d4", kill_on_drop: false }`
[INFO] [stdout] fff6d87ffa7236e489d9c20a43120db1f060a2a07fcf56a436d41c55bab5c4d4
[INFO] running `Command { std: "docker" "create" "-v" "/var/lib/crater-agent-workspace/builds/worker-1-tc2/target:/opt/rustwide/target:rw,Z" "-v" "/var/lib/crater-agent-workspace/builds/worker-1-tc2/source:/opt/rustwide/workdir:ro,Z" "-v" "/var/lib/crater-agent-workspace/cargo-home:/opt/rustwide/cargo-home:ro,Z" "-v" "/var/lib/crater-agent-workspace/rustup-home:/opt/rustwide/rustup-home:ro,Z" "-e" "SOURCE_DIR=/opt/rustwide/workdir" "-e" "CARGO_TARGET_DIR=/opt/rustwide/target" "-e" "CARGO_INCREMENTAL=0" "-e" "RUST_BACKTRACE=full" "-e" "RUSTFLAGS=--cap-lints=forbid -Zrandomize-layout" "-e" "RUSTDOCFLAGS=--cap-lints=forbid" "-e" "CARGO_HOME=/opt/rustwide/cargo-home" "-e" "RUSTUP_HOME=/opt/rustwide/rustup-home" "-w" "/opt/rustwide/workdir" "-m" "1610612736" "--user" "0:0" "--network" "none" "ghcr.io/rust-lang/crates-build-env/linux@sha256:4a844ea9eb2546a2d2c7022eacef16ef2e8229c7fbb2c7d4d55a9ceca922f72d" "/opt/rustwide/cargo-home/bin/cargo" "+nightly-2024-10-28" "test" "--frozen" "--no-run" "--message-format=json", kill_on_drop: false }`
[INFO] [stdout] 765295e0edfa0ed1f7423e7ad448c68775514a5e8c265d84bd6a6576bc7467db
[INFO] running `Command { std: "docker" "start" "-a" "765295e0edfa0ed1f7423e7ad448c68775514a5e8c265d84bd6a6576bc7467db", kill_on_drop: false }`
[INFO] [stdout] warning: unused imports: `SetLoggerError`, `debug`, `error`, `info`, `trace`, and `warn`
[INFO] [stdout]  --> src/logger/config_abstraction.rs:1:15
[INFO] [stdout]   |
[INFO] [stdout] 1 | pub use log::{debug, error, info, trace, warn, LevelFilter, SetLoggerError};
[INFO] [stdout]   |               ^^^^^  ^^^^^  ^^^^  ^^^^^  ^^^^               ^^^^^^^^^^^^^^
[INFO] [stdout]   |
[INFO] [stdout]   = note: `#[warn(unused_imports)]` on by default
[INFO] [stdout] 
[INFO] [stdout] 
[INFO] [stdout] warning: unused import: `Key`
[INFO] [stdout]  --> src/signal/mod.rs:1:15
[INFO] [stdout]   |
[INFO] [stdout] 1 | use console::{Key, Term};
[INFO] [stdout]   |               ^^^
[INFO] [stdout] 
[INFO] [stdout] 
[INFO] [stdout] warning: unused import: `std::io::Error`
[INFO] [stdout]  --> src/signal/mod.rs:4:5
[INFO] [stdout]   |
[INFO] [stdout] 4 | use std::io::Error;
[INFO] [stdout]   |     ^^^^^^^^^^^^^^
[INFO] [stdout] 
[INFO] [stdout] 
[INFO] [stdout] warning: unused imports: `AtomicBool` and `Ordering`
[INFO] [stdout]  --> src/signal/mod.rs:7:25
[INFO] [stdout]   |
[INFO] [stdout] 7 | use std::sync::atomic::{AtomicBool, Ordering};
[INFO] [stdout]   |                         ^^^^^^^^^^  ^^^^^^^^
[INFO] [stdout] 
[INFO] [stdout] 
[INFO] [stdout] warning: unused import: `std::sync::Arc`
[INFO] [stdout]  --> src/signal/mod.rs:8:5
[INFO] [stdout]   |
[INFO] [stdout] 8 | use std::sync::Arc;
[INFO] [stdout]   |     ^^^^^^^^^^^^^^
[INFO] [stdout] 
[INFO] [stdout] 
[INFO] [stdout] warning: unused import: `signal_hook::consts::signal::*`
[INFO] [stdout]   --> src/signal/mod.rs:10:5
[INFO] [stdout]    |
[INFO] [stdout] 10 | use signal_hook::consts::signal::*;
[INFO] [stdout]    |     ^^^^^^^^^^^^^^^^^^^^^^^^^^^^^^
[INFO] [stdout] 
[INFO] [stdout] 
[INFO] [stderr]    Compiling pipelight_utils v0.2.7 (/opt/rustwide/workdir)
[INFO] [stdout] warning: unused import: `signal_hook::flag`
[INFO] [stdout]   --> src/signal/mod.rs:12:5
[INFO] [stdout]    |
[INFO] [stdout] 12 | use signal_hook::flag;
[INFO] [stdout]    |     ^^^^^^^^^^^^^^^^^
[INFO] [stdout] 
[INFO] [stdout] 
[INFO] [stdout] warning: unused import: `signal_hook::low_level`
[INFO] [stdout]   --> src/signal/mod.rs:17:5
[INFO] [stdout]    |
[INFO] [stdout] 17 | use signal_hook::low_level;
[INFO] [stdout]    |     ^^^^^^^^^^^^^^^^^^^^^^
[INFO] [stdout] 
[INFO] [stdout] 
[INFO] [stdout] warning: unused import: `crate::dates::types::Duration`
[INFO] [stdout]  --> src/dates/convert/test.rs:4:9
[INFO] [stdout]   |
[INFO] [stdout] 4 |     use crate::dates::types::Duration;
[INFO] [stdout]   |         ^^^^^^^^^^^^^^^^^^^^^^^^^^^^^
[INFO] [stdout]   |
[INFO] [stdout]   = note: `#[warn(unused_imports)]` on by default
[INFO] [stdout] 
[INFO] [stdout] 
[INFO] [stdout] warning: unused imports: `SetLoggerError`, `debug`, `error`, `info`, `trace`, and `warn`
[INFO] [stdout]  --> src/logger/config_abstraction.rs:1:15
[INFO] [stdout]   |
[INFO] [stdout] 1 | pub use log::{debug, error, info, trace, warn, LevelFilter, SetLoggerError};
[INFO] [stdout]   |               ^^^^^  ^^^^^  ^^^^  ^^^^^  ^^^^               ^^^^^^^^^^^^^^
[INFO] [stdout] 
[INFO] [stdout] 
[INFO] [stdout] warning: unused import: `Key`
[INFO] [stdout]  --> src/signal/mod.rs:1:15
[INFO] [stdout]   |
[INFO] [stdout] 1 | use console::{Key, Term};
[INFO] [stdout]   |               ^^^
[INFO] [stdout] 
[INFO] [stdout] 
[INFO] [stdout] warning: unused import: `std::io::Error`
[INFO] [stdout]  --> src/signal/mod.rs:4:5
[INFO] [stdout]   |
[INFO] [stdout] 4 | use std::io::Error;
[INFO] [stdout]   |     ^^^^^^^^^^^^^^
[INFO] [stdout] 
[INFO] [stdout] 
[INFO] [stdout] warning: unused imports: `AtomicBool` and `Ordering`
[INFO] [stdout]  --> src/signal/mod.rs:7:25
[INFO] [stdout]   |
[INFO] [stdout] 7 | use std::sync::atomic::{AtomicBool, Ordering};
[INFO] [stdout]   |                         ^^^^^^^^^^  ^^^^^^^^
[INFO] [stdout] 
[INFO] [stdout] 
[INFO] [stdout] warning: unused import: `std::sync::Arc`
[INFO] [stdout]  --> src/signal/mod.rs:8:5
[INFO] [stdout]   |
[INFO] [stdout] 8 | use std::sync::Arc;
[INFO] [stdout]   |     ^^^^^^^^^^^^^^
[INFO] [stdout] 
[INFO] [stdout] 
[INFO] [stdout] warning: unused import: `signal_hook::consts::signal::*`
[INFO] [stdout]   --> src/signal/mod.rs:10:5
[INFO] [stdout]    |
[INFO] [stdout] 10 | use signal_hook::consts::signal::*;
[INFO] [stdout]    |     ^^^^^^^^^^^^^^^^^^^^^^^^^^^^^^
[INFO] [stdout] 
[INFO] [stdout] 
[INFO] [stdout] warning: unused import: `signal_hook::flag`
[INFO] [stdout]   --> src/signal/mod.rs:12:5
[INFO] [stdout]    |
[INFO] [stdout] 12 | use signal_hook::flag;
[INFO] [stdout]    |     ^^^^^^^^^^^^^^^^^
[INFO] [stdout] 
[INFO] [stdout] 
[INFO] [stdout] warning: unused import: `signal_hook::low_level`
[INFO] [stdout]   --> src/signal/mod.rs:17:5
[INFO] [stdout]    |
[INFO] [stdout] 17 | use signal_hook::low_level;
[INFO] [stdout]    |     ^^^^^^^^^^^^^^^^^^^^^^
[INFO] [stdout] 
[INFO] [stdout] 
[INFO] [stderr]     Finished `test` profile [unoptimized + debuginfo] target(s) in 0.84s
[INFO] running `Command { std: "docker" "inspect" "765295e0edfa0ed1f7423e7ad448c68775514a5e8c265d84bd6a6576bc7467db", kill_on_drop: false }`
[INFO] running `Command { std: "docker" "rm" "-f" "765295e0edfa0ed1f7423e7ad448c68775514a5e8c265d84bd6a6576bc7467db", kill_on_drop: false }`
[INFO] [stdout] 765295e0edfa0ed1f7423e7ad448c68775514a5e8c265d84bd6a6576bc7467db
[INFO] running `Command { std: "docker" "create" "-v" "/var/lib/crater-agent-workspace/builds/worker-1-tc2/target:/opt/rustwide/target:rw,Z" "-v" "/var/lib/crater-agent-workspace/builds/worker-1-tc2/source:/opt/rustwide/workdir:ro,Z" "-v" "/var/lib/crater-agent-workspace/cargo-home:/opt/rustwide/cargo-home:ro,Z" "-v" "/var/lib/crater-agent-workspace/rustup-home:/opt/rustwide/rustup-home:ro,Z" "-e" "SOURCE_DIR=/opt/rustwide/workdir" "-e" "CARGO_TARGET_DIR=/opt/rustwide/target" "-e" "CARGO_INCREMENTAL=0" "-e" "RUST_BACKTRACE=full" "-e" "RUSTFLAGS=--cap-lints=forbid -Zrandomize-layout" "-e" "RUSTDOCFLAGS=--cap-lints=forbid" "-e" "CARGO_HOME=/opt/rustwide/cargo-home" "-e" "RUSTUP_HOME=/opt/rustwide/rustup-home" "-w" "/opt/rustwide/workdir" "-m" "1610612736" "--user" "0:0" "--network" "none" "ghcr.io/rust-lang/crates-build-env/linux@sha256:4a844ea9eb2546a2d2c7022eacef16ef2e8229c7fbb2c7d4d55a9ceca922f72d" "/opt/rustwide/cargo-home/bin/cargo" "+nightly-2024-10-28" "test" "--frozen", kill_on_drop: false }`
[INFO] [stdout] c898fee659c0b1138adcc8b93ea3b7ed44af2334f702e56c97851f28ad7fb4f0
[INFO] running `Command { std: "docker" "start" "-a" "c898fee659c0b1138adcc8b93ea3b7ed44af2334f702e56c97851f28ad7fb4f0", kill_on_drop: false }`
[INFO] [stderr] warning: unused imports: `SetLoggerError`, `debug`, `error`, `info`, `trace`, and `warn`
[INFO] [stderr]  --> src/logger/config_abstraction.rs:1:15
[INFO] [stderr]   |
[INFO] [stderr] 1 | pub use log::{debug, error, info, trace, warn, LevelFilter, SetLoggerError};
[INFO] [stderr]   |               ^^^^^  ^^^^^  ^^^^  ^^^^^  ^^^^               ^^^^^^^^^^^^^^
[INFO] [stderr]   |
[INFO] [stderr]   = note: `#[warn(unused_imports)]` on by default
[INFO] [stderr] 
[INFO] [stderr] warning: unused import: `Key`
[INFO] [stderr]  --> src/signal/mod.rs:1:15
[INFO] [stderr]   |
[INFO] [stderr] 1 | use console::{Key, Term};
[INFO] [stderr]   |               ^^^
[INFO] [stderr] 
[INFO] [stderr] warning: unused import: `std::io::Error`
[INFO] [stderr]  --> src/signal/mod.rs:4:5
[INFO] [stderr]   |
[INFO] [stderr] 4 | use std::io::Error;
[INFO] [stderr]   |     ^^^^^^^^^^^^^^
[INFO] [stderr] 
[INFO] [stderr] warning: unused imports: `AtomicBool` and `Ordering`
[INFO] [stderr]  --> src/signal/mod.rs:7:25
[INFO] [stderr]   |
[INFO] [stderr] 7 | use std::sync::atomic::{AtomicBool, Ordering};
[INFO] [stderr]   |                         ^^^^^^^^^^  ^^^^^^^^
[INFO] [stderr] 
[INFO] [stderr] warning: unused import: `std::sync::Arc`
[INFO] [stderr]  --> src/signal/mod.rs:8:5
[INFO] [stderr]   |
[INFO] [stderr] 8 | use std::sync::Arc;
[INFO] [stderr]   |     ^^^^^^^^^^^^^^
[INFO] [stderr] 
[INFO] [stderr] warning: unused import: `signal_hook::consts::signal::*`
[INFO] [stderr]   --> src/signal/mod.rs:10:5
[INFO] [stderr]    |
[INFO] [stderr] 10 | use signal_hook::consts::signal::*;
[INFO] [stderr]    |     ^^^^^^^^^^^^^^^^^^^^^^^^^^^^^^
[INFO] [stderr] 
[INFO] [stderr] warning: unused import: `signal_hook::flag`
[INFO] [stderr]   --> src/signal/mod.rs:12:5
[INFO] [stderr]    |
[INFO] [stderr] 12 | use signal_hook::flag;
[INFO] [stderr]    |     ^^^^^^^^^^^^^^^^^
[INFO] [stderr] 
[INFO] [stderr] warning: unused import: `signal_hook::low_level`
[INFO] [stderr]   --> src/signal/mod.rs:17:5
[INFO] [stderr]    |
[INFO] [stderr] 17 | use signal_hook::low_level;
[INFO] [stderr]    |     ^^^^^^^^^^^^^^^^^^^^^^
[INFO] [stderr] 
[INFO] [stderr] warning: unused import: `crate::dates::types::Duration`
[INFO] [stderr]  --> src/dates/convert/test.rs:4:9
[INFO] [stderr]   |
[INFO] [stderr] 4 |     use crate::dates::types::Duration;
[INFO] [stderr]   |         ^^^^^^^^^^^^^^^^^^^^^^^^^^^^^
[INFO] [stderr]   |
[INFO] [stderr]   = note: `#[warn(unused_imports)]` on by default
[INFO] [stderr] 
[INFO] [stderr] warning: unused imports: `SetLoggerError`, `debug`, `error`, `info`, `trace`, and `warn`
[INFO] [stderr]  --> src/logger/config_abstraction.rs:1:15
[INFO] [stderr]   |
[INFO] [stderr] 1 | pub use log::{debug, error, info, trace, warn, LevelFilter, SetLoggerError};
[INFO] [stderr]   |               ^^^^^  ^^^^^  ^^^^  ^^^^^  ^^^^               ^^^^^^^^^^^^^^
[INFO] [stderr] 
[INFO] [stderr] warning: `pipelight_utils` (lib) generated 8 warnings (run `cargo fix --lib -p pipelight_utils` to apply 8 suggestions)
[INFO] [stderr] warning: `pipelight_utils` (lib test) generated 9 warnings (7 duplicates) (run `cargo fix --lib -p pipelight_utils --tests` to apply 2 suggestions)
[INFO] [stderr]     Finished `test` profile [unoptimized + debuginfo] target(s) in 0.13s
[INFO] [stderr]      Running unittests src/lib.rs (/opt/rustwide/target/debug/deps/pipelight_utils-c8d069b5e29c10c5)
[INFO] [stdout] 
[INFO] [stdout] running 14 tests
[INFO] [stdout] test dates::convert::test::convert::duration_to_string ... ok
[INFO] [stdout] test dates::convert::test::convert::iso8601_to_date ... ok
[INFO] [stdout] test dates::convert::test::convert::simple_iso8601_to_date ... ok
[INFO] [stdout] test dates::convert::test::convert::string_to_duration ... ok
[INFO] [stdout] test files::test::is::try_is_absolute ... ok
[INFO] [stdout] test files::test::is::try_is_filename ... ok
[INFO] [stdout] test files::test::is::try_is_not_absolute_but_filename ... ok
[INFO] [stdout] test files::test::is::try_is_not_absolute_but_relative ... ok
[INFO] [stdout] test files::test::is::try_is_not_filename_but_absolute ... ok
[INFO] [stdout] test files::test::is::try_is_not_filename_but_relative ... ok
[INFO] [stdout] test files::test::is::try_is_not_relative_but_absolute ... ok
[INFO] [stdout] test files::test::is::try_is_not_relative_but_filename ... ok
[INFO] [stdout] test files::test::is::try_is_relative ... ok
[INFO] [stdout] test dates::compute::test::convert::string_to_duration ... ok
[INFO] [stdout] 
[INFO] [stdout] test result: ok. 14 passed; 0 failed; 0 ignored; 0 measured; 0 filtered out; finished in 0.00s
[INFO] [stdout] 
[INFO] [stderr]    Doc-tests pipelight_utils
[INFO] [stdout] 
[INFO] [stdout] running 3 tests
[INFO] [stdout] test src/lib.rs - (line 43) ... FAILED
[INFO] [stdout] test src/lib.rs - (line 77) ... FAILED
[INFO] [stdout] test src/lib.rs - (line 14) ... FAILED
[INFO] [stdout] 
[INFO] [stdout] failures:
[INFO] [stdout] 
[INFO] [stdout] ---- src/lib.rs - (line 43) stdout ----
[INFO] [stdout] error[E0282]: type annotations needed
[INFO] [stdout]   --> src/lib.rs:54:16
[INFO] [stdout]    |
[INFO] [stdout] 13 |     Ok(res) => Ok(res),
[INFO] [stdout]    |                ^^ cannot infer type of the type parameter `E` declared on the enum `Result`
[INFO] [stdout]    |
[INFO] [stdout] help: consider specifying the generic arguments
[INFO] [stdout]    |
[INFO] [stdout] 13 |     Ok(res) => Ok::<serde_json::Value, E>(res),
[INFO] [stdout]    |                  ++++++++++++++++++++++++
[INFO] [stdout] 
[INFO] [stdout] error: aborting due to 1 previous error
[INFO] [stdout] 
[INFO] [stdout] For more information about this error, try `rustc --explain E0282`.
[INFO] [stdout] Couldn't compile the test.
[INFO] [stdout] ---- src/lib.rs - (line 77) stdout ----
[INFO] [stdout] error[E0432]: unresolved import `pipelight_utils::git`
[INFO] [stdout]   --> src/lib.rs:80:22
[INFO] [stdout]    |
[INFO] [stdout] 6  | use pipelight_utils::git::Git;
[INFO] [stdout]    |                      ^^^ could not find `git` in `pipelight_utils`
[INFO] [stdout]    |
[INFO] [stdout] note: found an item that was configured out
[INFO] [stdout]   --> /opt/rustwide/workdir/src/lib.rs:95:9
[INFO] [stdout]    |
[INFO] [stdout] 95 | pub mod git;
[INFO] [stdout]    |         ^^^
[INFO] [stdout] note: the item is gated behind the `git` feature
[INFO] [stdout]   --> /opt/rustwide/workdir/src/lib.rs:94:7
[INFO] [stdout]    |
[INFO] [stdout] 94 | #[cfg(feature = "git")]
[INFO] [stdout]    |       ^^^^^^^^^^^^^^^
[INFO] [stdout] 
[INFO] [stdout] error: aborting due to 1 previous error
[INFO] [stdout] 
[INFO] [stdout] For more information about this error, try `rustc --explain E0432`.
[INFO] [stdout] Couldn't compile the test.
[INFO] [stdout] ---- src/lib.rs - (line 14) stdout ----
[INFO] [stdout] error[E0432]: unresolved import `pipelight_utils::teleport`
[INFO] [stdout]   --> src/lib.rs:17:22
[INFO] [stdout]    |
[INFO] [stdout] 6  | use pipelight_utils::teleport::Portal;
[INFO] [stdout]    |                      ^^^^^^^^ could not find `teleport` in `pipelight_utils`
[INFO] [stdout]    |
[INFO] [stdout] note: found an item that was configured out
[INFO] [stdout]   --> /opt/rustwide/workdir/src/lib.rs:99:9
[INFO] [stdout]    |
[INFO] [stdout] 99 | pub mod teleport;
[INFO] [stdout]    |         ^^^^^^^^
[INFO] [stdout] note: the item is gated behind the `git` feature
[INFO] [stdout]   --> /opt/rustwide/workdir/src/lib.rs:98:7
[INFO] [stdout]    |
[INFO] [stdout] 98 | #[cfg(feature = "git")]
[INFO] [stdout]    |       ^^^^^^^^^^^^^^^
[INFO] [stdout] 
[INFO] [stdout] error: aborting due to 1 previous error
[INFO] [stdout] 
[INFO] [stdout] For more information about this error, try `rustc --explain E0432`.
[INFO] [stdout] Couldn't compile the test.
[INFO] [stdout] 
[INFO] [stdout] failures:
[INFO] [stdout]     src/lib.rs - (line 14)
[INFO] [stdout]     src/lib.rs - (line 43)
[INFO] [stdout]     src/lib.rs - (line 77)
[INFO] [stdout] 
[INFO] [stdout] test result: FAILED. 0 passed; 3 failed; 0 ignored; 0 measured; 0 filtered out; finished in 0.08s
[INFO] [stdout] 
[INFO] [stderr] error: doctest failed, to rerun pass `--doc`
[INFO] running `Command { std: "docker" "inspect" "c898fee659c0b1138adcc8b93ea3b7ed44af2334f702e56c97851f28ad7fb4f0", kill_on_drop: false }`
[INFO] running `Command { std: "docker" "rm" "-f" "c898fee659c0b1138adcc8b93ea3b7ed44af2334f702e56c97851f28ad7fb4f0", kill_on_drop: false }`
[INFO] [stdout] c898fee659c0b1138adcc8b93ea3b7ed44af2334f702e56c97851f28ad7fb4f0
