[INFO] fetching crate pillow-env 4.1.2...
[INFO] testing pillow-env-4.1.2 against nightly-2024-10-28 for randomize-layout
[INFO] extracting crate pillow-env 4.1.2 into /workspace/builds/worker-7-tc1/source
[INFO] validating manifest of crates.io crate pillow-env 4.1.2 on toolchain nightly-2024-10-28
[INFO] running `Command { std: CARGO_HOME="/workspace/cargo-home" RUSTUP_HOME="/workspace/rustup-home" "/workspace/cargo-home/bin/cargo" "+nightly-2024-10-28" "metadata" "--manifest-path" "Cargo.toml" "--no-deps", kill_on_drop: false }`
[INFO] started tweaking crates.io crate pillow-env 4.1.2
[INFO] finished tweaking crates.io crate pillow-env 4.1.2
[INFO] tweaked toml for crates.io crate pillow-env 4.1.2 written to /workspace/builds/worker-7-tc1/source/Cargo.toml
[INFO] running `Command { std: CARGO_HOME="/workspace/cargo-home" RUSTUP_HOME="/workspace/rustup-home" "/workspace/cargo-home/bin/cargo" "+nightly-2024-10-28" "generate-lockfile" "--manifest-path" "Cargo.toml", kill_on_drop: false }`
[INFO] [stderr]     Updating crates.io index
[INFO] [stderr]      Locking 1 package to latest compatible version
[INFO] running `Command { std: CARGO_HOME="/workspace/cargo-home" RUSTUP_HOME="/workspace/rustup-home" "/workspace/cargo-home/bin/cargo" "+nightly-2024-10-28" "fetch" "--manifest-path" "Cargo.toml", kill_on_drop: false }`
[INFO] running `Command { std: "docker" "create" "-v" "/var/lib/crater-agent-workspace/builds/worker-7-tc1/target:/opt/rustwide/target:rw,Z" "-v" "/var/lib/crater-agent-workspace/builds/worker-7-tc1/source:/opt/rustwide/workdir:ro,Z" "-v" "/var/lib/crater-agent-workspace/cargo-home:/opt/rustwide/cargo-home:ro,Z" "-v" "/var/lib/crater-agent-workspace/rustup-home:/opt/rustwide/rustup-home:ro,Z" "-e" "SOURCE_DIR=/opt/rustwide/workdir" "-e" "CARGO_TARGET_DIR=/opt/rustwide/target" "-e" "CARGO_HOME=/opt/rustwide/cargo-home" "-e" "RUSTUP_HOME=/opt/rustwide/rustup-home" "-w" "/opt/rustwide/workdir" "-m" "1610612736" "--user" "0:0" "--network" "none" "ghcr.io/rust-lang/crates-build-env/linux@sha256:4a844ea9eb2546a2d2c7022eacef16ef2e8229c7fbb2c7d4d55a9ceca922f72d" "/opt/rustwide/cargo-home/bin/cargo" "+nightly-2024-10-28" "metadata" "--no-deps" "--format-version=1", kill_on_drop: false }`
[INFO] [stdout] 85ceccff39fbbc6a7552b6f16512c418166016c8dd907e04a50d136f151c2ef5
[INFO] running `Command { std: "docker" "start" "-a" "85ceccff39fbbc6a7552b6f16512c418166016c8dd907e04a50d136f151c2ef5", kill_on_drop: false }`
[INFO] running `Command { std: "docker" "inspect" "85ceccff39fbbc6a7552b6f16512c418166016c8dd907e04a50d136f151c2ef5", kill_on_drop: false }`
[INFO] running `Command { std: "docker" "rm" "-f" "85ceccff39fbbc6a7552b6f16512c418166016c8dd907e04a50d136f151c2ef5", kill_on_drop: false }`
[INFO] [stdout] 85ceccff39fbbc6a7552b6f16512c418166016c8dd907e04a50d136f151c2ef5
[INFO] running `Command { std: "docker" "create" "-v" "/var/lib/crater-agent-workspace/builds/worker-7-tc1/target:/opt/rustwide/target:rw,Z" "-v" "/var/lib/crater-agent-workspace/builds/worker-7-tc1/source:/opt/rustwide/workdir:ro,Z" "-v" "/var/lib/crater-agent-workspace/cargo-home:/opt/rustwide/cargo-home:ro,Z" "-v" "/var/lib/crater-agent-workspace/rustup-home:/opt/rustwide/rustup-home:ro,Z" "-e" "SOURCE_DIR=/opt/rustwide/workdir" "-e" "CARGO_TARGET_DIR=/opt/rustwide/target" "-e" "CARGO_INCREMENTAL=0" "-e" "RUST_BACKTRACE=full" "-e" "RUSTFLAGS=--cap-lints=forbid" "-e" "RUSTDOCFLAGS=--cap-lints=forbid" "-e" "CARGO_HOME=/opt/rustwide/cargo-home" "-e" "RUSTUP_HOME=/opt/rustwide/rustup-home" "-w" "/opt/rustwide/workdir" "-m" "1610612736" "--user" "0:0" "--network" "none" "ghcr.io/rust-lang/crates-build-env/linux@sha256:4a844ea9eb2546a2d2c7022eacef16ef2e8229c7fbb2c7d4d55a9ceca922f72d" "/opt/rustwide/cargo-home/bin/cargo" "+nightly-2024-10-28" "build" "--frozen" "--message-format=json", kill_on_drop: false }`
[INFO] [stdout] d4ca8c10f19c59737b2404a679c48600bf28713041ae588903743c2bd9ee6062
[INFO] running `Command { std: "docker" "start" "-a" "d4ca8c10f19c59737b2404a679c48600bf28713041ae588903743c2bd9ee6062", kill_on_drop: false }`
[INFO] [stderr]    Compiling dotenv v0.15.0
[INFO] [stderr]    Compiling pillow-env v4.1.2 (/opt/rustwide/workdir)
[INFO] [stderr]     Finished `dev` profile [unoptimized + debuginfo] target(s) in 0.21s
[INFO] running `Command { std: "docker" "inspect" "d4ca8c10f19c59737b2404a679c48600bf28713041ae588903743c2bd9ee6062", kill_on_drop: false }`
[INFO] running `Command { std: "docker" "rm" "-f" "d4ca8c10f19c59737b2404a679c48600bf28713041ae588903743c2bd9ee6062", kill_on_drop: false }`
[INFO] [stdout] d4ca8c10f19c59737b2404a679c48600bf28713041ae588903743c2bd9ee6062
[INFO] running `Command { std: "docker" "create" "-v" "/var/lib/crater-agent-workspace/builds/worker-7-tc1/target:/opt/rustwide/target:rw,Z" "-v" "/var/lib/crater-agent-workspace/builds/worker-7-tc1/source:/opt/rustwide/workdir:ro,Z" "-v" "/var/lib/crater-agent-workspace/cargo-home:/opt/rustwide/cargo-home:ro,Z" "-v" "/var/lib/crater-agent-workspace/rustup-home:/opt/rustwide/rustup-home:ro,Z" "-e" "SOURCE_DIR=/opt/rustwide/workdir" "-e" "CARGO_TARGET_DIR=/opt/rustwide/target" "-e" "CARGO_INCREMENTAL=0" "-e" "RUST_BACKTRACE=full" "-e" "RUSTFLAGS=--cap-lints=forbid" "-e" "RUSTDOCFLAGS=--cap-lints=forbid" "-e" "CARGO_HOME=/opt/rustwide/cargo-home" "-e" "RUSTUP_HOME=/opt/rustwide/rustup-home" "-w" "/opt/rustwide/workdir" "-m" "1610612736" "--user" "0:0" "--network" "none" "ghcr.io/rust-lang/crates-build-env/linux@sha256:4a844ea9eb2546a2d2c7022eacef16ef2e8229c7fbb2c7d4d55a9ceca922f72d" "/opt/rustwide/cargo-home/bin/cargo" "+nightly-2024-10-28" "test" "--frozen" "--no-run" "--message-format=json", kill_on_drop: false }`
[INFO] [stdout] a641b2d2d1cab5f3f05f368ce70b22be44057ef331561a4b2dd9a4c0e8e46d07
[INFO] running `Command { std: "docker" "start" "-a" "a641b2d2d1cab5f3f05f368ce70b22be44057ef331561a4b2dd9a4c0e8e46d07", kill_on_drop: false }`
[INFO] [stderr]    Compiling pillow-env v4.1.2 (/opt/rustwide/workdir)
[INFO] [stderr]     Finished `test` profile [unoptimized + debuginfo] target(s) in 0.11s
[INFO] running `Command { std: "docker" "inspect" "a641b2d2d1cab5f3f05f368ce70b22be44057ef331561a4b2dd9a4c0e8e46d07", kill_on_drop: false }`
[INFO] running `Command { std: "docker" "rm" "-f" "a641b2d2d1cab5f3f05f368ce70b22be44057ef331561a4b2dd9a4c0e8e46d07", kill_on_drop: false }`
[INFO] [stdout] a641b2d2d1cab5f3f05f368ce70b22be44057ef331561a4b2dd9a4c0e8e46d07
[INFO] running `Command { std: "docker" "create" "-v" "/var/lib/crater-agent-workspace/builds/worker-7-tc1/target:/opt/rustwide/target:rw,Z" "-v" "/var/lib/crater-agent-workspace/builds/worker-7-tc1/source:/opt/rustwide/workdir:ro,Z" "-v" "/var/lib/crater-agent-workspace/cargo-home:/opt/rustwide/cargo-home:ro,Z" "-v" "/var/lib/crater-agent-workspace/rustup-home:/opt/rustwide/rustup-home:ro,Z" "-e" "SOURCE_DIR=/opt/rustwide/workdir" "-e" "CARGO_TARGET_DIR=/opt/rustwide/target" "-e" "CARGO_INCREMENTAL=0" "-e" "RUST_BACKTRACE=full" "-e" "RUSTFLAGS=--cap-lints=forbid" "-e" "RUSTDOCFLAGS=--cap-lints=forbid" "-e" "CARGO_HOME=/opt/rustwide/cargo-home" "-e" "RUSTUP_HOME=/opt/rustwide/rustup-home" "-w" "/opt/rustwide/workdir" "-m" "1610612736" "--user" "0:0" "--network" "none" "ghcr.io/rust-lang/crates-build-env/linux@sha256:4a844ea9eb2546a2d2c7022eacef16ef2e8229c7fbb2c7d4d55a9ceca922f72d" "/opt/rustwide/cargo-home/bin/cargo" "+nightly-2024-10-28" "test" "--frozen", kill_on_drop: false }`
[INFO] [stdout] 7421e93d5477c46965ca472a9c607aea21ed1c094790469ba9f30e5ef1fba2db
[INFO] running `Command { std: "docker" "start" "-a" "7421e93d5477c46965ca472a9c607aea21ed1c094790469ba9f30e5ef1fba2db", kill_on_drop: false }`
[INFO] [stderr]     Finished `test` profile [unoptimized + debuginfo] target(s) in 0.01s
[INFO] [stderr]      Running unittests src/lib.rs (/opt/rustwide/target/debug/deps/pillow_env-a01ce91436416582)
[INFO] [stdout] 
[INFO] [stdout] running 0 tests
[INFO] [stdout] 
[INFO] [stdout] test result: ok. 0 passed; 0 failed; 0 ignored; 0 measured; 0 filtered out; finished in 0.00s
[INFO] [stdout] 
[INFO] [stderr]    Doc-tests pillow_env
[INFO] [stdout] 
[INFO] [stdout] running 2 tests
[INFO] [stdout] test src/lib.rs - Env::is_var_exist (line 60) ... FAILED
[INFO] [stdout] test src/lib.rs - Env::get_env_var (line 38) ... FAILED
[INFO] [stdout] 
[INFO] [stdout] failures:
[INFO] [stdout] 
[INFO] [stdout] ---- src/lib.rs - Env::is_var_exist (line 60) stdout ----
[INFO] [stdout] error: expected `;`, found keyword `if`
[INFO] [stdout]  --> src/lib.rs:61:21
[INFO] [stdout]   |
[INFO] [stdout] 3 | use pillow::env::Env
[INFO] [stdout]   |                     ^ help: add `;` here
[INFO] [stdout] 4 |
[INFO] [stdout] 5 | if (Env::is_var_exist("var".to_string())){}
[INFO] [stdout]   | -- unexpected token
[INFO] [stdout] 
[INFO] [stdout] error[E0433]: failed to resolve: use of undeclared crate or module `pillow`
[INFO] [stdout]  --> src/lib.rs:61:5
[INFO] [stdout]   |
[INFO] [stdout] 3 | use pillow::env::Env
[INFO] [stdout]   |     ^^^^^^ use of undeclared crate or module `pillow`
[INFO] [stdout] 
[INFO] [stdout] error: aborting due to 2 previous errors
[INFO] [stdout] 
[INFO] [stdout] For more information about this error, try `rustc --explain E0433`.
[INFO] [stdout] Couldn't compile the test.
[INFO] [stdout] ---- src/lib.rs - Env::get_env_var (line 38) stdout ----
[INFO] [stdout] error: expected `;`, found keyword `let`
[INFO] [stdout]  --> src/lib.rs:39:21
[INFO] [stdout]   |
[INFO] [stdout] 3 | use pillow::env::Env
[INFO] [stdout]   |                     ^ help: add `;` here
[INFO] [stdout] 4 |
[INFO] [stdout] 5 | let port = Env::get_env_var("".to_string());
[INFO] [stdout]   | --- unexpected token
[INFO] [stdout] 
[INFO] [stdout] error[E0433]: failed to resolve: use of undeclared crate or module `pillow`
[INFO] [stdout]  --> src/lib.rs:39:5
[INFO] [stdout]   |
[INFO] [stdout] 3 | use pillow::env::Env
[INFO] [stdout]   |     ^^^^^^ use of undeclared crate or module `pillow`
[INFO] [stdout] 
[INFO] [stdout] error: aborting due to 2 previous errors
[INFO] [stdout] 
[INFO] [stdout] For more information about this error, try `rustc --explain E0433`.
[INFO] [stdout] Couldn't compile the test.
[INFO] [stdout] 
[INFO] [stdout] failures:
[INFO] [stdout]     src/lib.rs - Env::get_env_var (line 38)
[INFO] [stdout]     src/lib.rs - Env::is_var_exist (line 60)
[INFO] [stdout] 
[INFO] [stdout] test result: FAILED. 0 passed; 2 failed; 0 ignored; 0 measured; 0 filtered out; finished in 0.05s
[INFO] [stdout] 
[INFO] [stderr] error: doctest failed, to rerun pass `--doc`
[INFO] running `Command { std: "docker" "inspect" "7421e93d5477c46965ca472a9c607aea21ed1c094790469ba9f30e5ef1fba2db", kill_on_drop: false }`
[INFO] running `Command { std: "docker" "rm" "-f" "7421e93d5477c46965ca472a9c607aea21ed1c094790469ba9f30e5ef1fba2db", kill_on_drop: false }`
[INFO] [stdout] 7421e93d5477c46965ca472a9c607aea21ed1c094790469ba9f30e5ef1fba2db
