[INFO] fetching crate pikchr-sys 0.1.1...
[INFO] testing pikchr-sys-0.1.1 against nightly-2024-10-28 for randomize-layout
[INFO] extracting crate pikchr-sys 0.1.1 into /workspace/builds/worker-5-tc1/source
[INFO] validating manifest of crates.io crate pikchr-sys 0.1.1 on toolchain nightly-2024-10-28
[INFO] running `Command { std: CARGO_HOME="/workspace/cargo-home" RUSTUP_HOME="/workspace/rustup-home" "/workspace/cargo-home/bin/cargo" "+nightly-2024-10-28" "metadata" "--manifest-path" "Cargo.toml" "--no-deps", kill_on_drop: false }`
[INFO] started tweaking crates.io crate pikchr-sys 0.1.1
[INFO] finished tweaking crates.io crate pikchr-sys 0.1.1
[INFO] tweaked toml for crates.io crate pikchr-sys 0.1.1 written to /workspace/builds/worker-5-tc1/source/Cargo.toml
[INFO] running `Command { std: CARGO_HOME="/workspace/cargo-home" RUSTUP_HOME="/workspace/rustup-home" "/workspace/cargo-home/bin/cargo" "+nightly-2024-10-28" "generate-lockfile" "--manifest-path" "Cargo.toml", kill_on_drop: false }`
[INFO] [stderr]     Blocking waiting for file lock on package cache
[INFO] [stderr]     Updating crates.io index
[INFO] [stderr]      Locking 28 packages to latest compatible versions
[INFO] [stderr]       Adding bindgen v0.53.3 (available: v0.70.1)
[INFO] running `Command { std: CARGO_HOME="/workspace/cargo-home" RUSTUP_HOME="/workspace/rustup-home" "/workspace/cargo-home/bin/cargo" "+nightly-2024-10-28" "fetch" "--manifest-path" "Cargo.toml", kill_on_drop: false }`
[INFO] [stderr]     Blocking waiting for file lock on package cache
[INFO] running `Command { std: "docker" "create" "-v" "/var/lib/crater-agent-workspace/builds/worker-5-tc1/target:/opt/rustwide/target:rw,Z" "-v" "/var/lib/crater-agent-workspace/builds/worker-5-tc1/source:/opt/rustwide/workdir:ro,Z" "-v" "/var/lib/crater-agent-workspace/cargo-home:/opt/rustwide/cargo-home:ro,Z" "-v" "/var/lib/crater-agent-workspace/rustup-home:/opt/rustwide/rustup-home:ro,Z" "-e" "SOURCE_DIR=/opt/rustwide/workdir" "-e" "CARGO_TARGET_DIR=/opt/rustwide/target" "-e" "CARGO_HOME=/opt/rustwide/cargo-home" "-e" "RUSTUP_HOME=/opt/rustwide/rustup-home" "-w" "/opt/rustwide/workdir" "-m" "1610612736" "--user" "0:0" "--network" "none" "ghcr.io/rust-lang/crates-build-env/linux@sha256:4a844ea9eb2546a2d2c7022eacef16ef2e8229c7fbb2c7d4d55a9ceca922f72d" "/opt/rustwide/cargo-home/bin/cargo" "+nightly-2024-10-28" "metadata" "--no-deps" "--format-version=1", kill_on_drop: false }`
[INFO] [stdout] 0be549fd95b519b49afbee93e488a5b84298c5805a9695a5d527479063bf148a
[INFO] running `Command { std: "docker" "start" "-a" "0be549fd95b519b49afbee93e488a5b84298c5805a9695a5d527479063bf148a", kill_on_drop: false }`
[INFO] running `Command { std: "docker" "inspect" "0be549fd95b519b49afbee93e488a5b84298c5805a9695a5d527479063bf148a", kill_on_drop: false }`
[INFO] running `Command { std: "docker" "rm" "-f" "0be549fd95b519b49afbee93e488a5b84298c5805a9695a5d527479063bf148a", kill_on_drop: false }`
[INFO] [stdout] 0be549fd95b519b49afbee93e488a5b84298c5805a9695a5d527479063bf148a
[INFO] running `Command { std: "docker" "create" "-v" "/var/lib/crater-agent-workspace/builds/worker-5-tc1/target:/opt/rustwide/target:rw,Z" "-v" "/var/lib/crater-agent-workspace/builds/worker-5-tc1/source:/opt/rustwide/workdir:ro,Z" "-v" "/var/lib/crater-agent-workspace/cargo-home:/opt/rustwide/cargo-home:ro,Z" "-v" "/var/lib/crater-agent-workspace/rustup-home:/opt/rustwide/rustup-home:ro,Z" "-e" "SOURCE_DIR=/opt/rustwide/workdir" "-e" "CARGO_TARGET_DIR=/opt/rustwide/target" "-e" "CARGO_INCREMENTAL=0" "-e" "RUST_BACKTRACE=full" "-e" "RUSTFLAGS=--cap-lints=forbid" "-e" "RUSTDOCFLAGS=--cap-lints=forbid" "-e" "CARGO_HOME=/opt/rustwide/cargo-home" "-e" "RUSTUP_HOME=/opt/rustwide/rustup-home" "-w" "/opt/rustwide/workdir" "-m" "1610612736" "--user" "0:0" "--network" "none" "ghcr.io/rust-lang/crates-build-env/linux@sha256:4a844ea9eb2546a2d2c7022eacef16ef2e8229c7fbb2c7d4d55a9ceca922f72d" "/opt/rustwide/cargo-home/bin/cargo" "+nightly-2024-10-28" "build" "--frozen" "--message-format=json", kill_on_drop: false }`
[INFO] [stdout] a7da15633c1feaff859e084578c64b57e4035449a47f0386bac01d710ebd15ea
[INFO] running `Command { std: "docker" "start" "-a" "a7da15633c1feaff859e084578c64b57e4035449a47f0386bac01d710ebd15ea", kill_on_drop: false }`
[INFO] [stderr]    Compiling glob v0.3.1
[INFO] [stderr]    Compiling proc-macro2 v1.0.89
[INFO] [stderr]    Compiling memchr v2.7.4
[INFO] [stderr]    Compiling regex-syntax v0.8.5
[INFO] [stderr]    Compiling libloading v0.5.2
[INFO] [stderr]    Compiling nom v5.1.3
[INFO] [stderr]    Compiling libc v0.2.161
[INFO] [stderr]    Compiling bindgen v0.53.3
[INFO] [stderr]    Compiling cfg-if v0.1.10
[INFO] [stderr]    Compiling lazy_static v1.5.0
[INFO] [stderr]    Compiling rustc-hash v1.1.0
[INFO] [stderr]    Compiling peeking_take_while v0.1.2
[INFO] [stderr]    Compiling lazycell v1.3.0
[INFO] [stderr]    Compiling bitflags v1.3.2
[INFO] [stderr]    Compiling shlex v0.1.1
[INFO] [stderr]    Compiling clang-sys v0.29.3
[INFO] [stderr]    Compiling quote v1.0.37
[INFO] [stderr]    Compiling cexpr v0.4.0
[INFO] [stderr]    Compiling regex-automata v0.4.8
[INFO] [stderr]    Compiling regex v1.11.1
[INFO] [stderr]    Compiling pikchr-sys v0.1.1 (/opt/rustwide/workdir)
[INFO] [stderr]     Finished `dev` profile [unoptimized + debuginfo] target(s) in 22.38s
[INFO] [stderr] warning: the following packages contain code that will be rejected by a future version of Rust: bindgen v0.53.3
[INFO] [stderr] note: to see what the problems were, use the option `--future-incompat-report`, or run `cargo report future-incompatibilities --id 1`
[INFO] running `Command { std: "docker" "inspect" "a7da15633c1feaff859e084578c64b57e4035449a47f0386bac01d710ebd15ea", kill_on_drop: false }`
[INFO] running `Command { std: "docker" "rm" "-f" "a7da15633c1feaff859e084578c64b57e4035449a47f0386bac01d710ebd15ea", kill_on_drop: false }`
[INFO] [stdout] a7da15633c1feaff859e084578c64b57e4035449a47f0386bac01d710ebd15ea
[INFO] running `Command { std: "docker" "create" "-v" "/var/lib/crater-agent-workspace/builds/worker-5-tc1/target:/opt/rustwide/target:rw,Z" "-v" "/var/lib/crater-agent-workspace/builds/worker-5-tc1/source:/opt/rustwide/workdir:ro,Z" "-v" "/var/lib/crater-agent-workspace/cargo-home:/opt/rustwide/cargo-home:ro,Z" "-v" "/var/lib/crater-agent-workspace/rustup-home:/opt/rustwide/rustup-home:ro,Z" "-e" "SOURCE_DIR=/opt/rustwide/workdir" "-e" "CARGO_TARGET_DIR=/opt/rustwide/target" "-e" "CARGO_INCREMENTAL=0" "-e" "RUST_BACKTRACE=full" "-e" "RUSTFLAGS=--cap-lints=forbid" "-e" "RUSTDOCFLAGS=--cap-lints=forbid" "-e" "CARGO_HOME=/opt/rustwide/cargo-home" "-e" "RUSTUP_HOME=/opt/rustwide/rustup-home" "-w" "/opt/rustwide/workdir" "-m" "1610612736" "--user" "0:0" "--network" "none" "ghcr.io/rust-lang/crates-build-env/linux@sha256:4a844ea9eb2546a2d2c7022eacef16ef2e8229c7fbb2c7d4d55a9ceca922f72d" "/opt/rustwide/cargo-home/bin/cargo" "+nightly-2024-10-28" "test" "--frozen" "--no-run" "--message-format=json", kill_on_drop: false }`
[INFO] [stdout] 691a264c58c02f4fc60f9ac737b7a6b3e86d19384b276379284813f3c1d403c9
[INFO] running `Command { std: "docker" "start" "-a" "691a264c58c02f4fc60f9ac737b7a6b3e86d19384b276379284813f3c1d403c9", kill_on_drop: false }`
[INFO] [stderr]    Compiling clang-sys v0.29.3
[INFO] [stderr]    Compiling bindgen v0.53.3
[INFO] [stderr]    Compiling pikchr-sys v0.1.1 (/opt/rustwide/workdir)
[INFO] [stderr]     Finished `test` profile [unoptimized + debuginfo] target(s) in 12.66s
[INFO] [stderr] warning: the following packages contain code that will be rejected by a future version of Rust: bindgen v0.53.3
[INFO] [stderr] note: to see what the problems were, use the option `--future-incompat-report`, or run `cargo report future-incompatibilities --id 1`
[INFO] running `Command { std: "docker" "inspect" "691a264c58c02f4fc60f9ac737b7a6b3e86d19384b276379284813f3c1d403c9", kill_on_drop: false }`
[INFO] running `Command { std: "docker" "rm" "-f" "691a264c58c02f4fc60f9ac737b7a6b3e86d19384b276379284813f3c1d403c9", kill_on_drop: false }`
[INFO] [stdout] 691a264c58c02f4fc60f9ac737b7a6b3e86d19384b276379284813f3c1d403c9
[INFO] running `Command { std: "docker" "create" "-v" "/var/lib/crater-agent-workspace/builds/worker-5-tc1/target:/opt/rustwide/target:rw,Z" "-v" "/var/lib/crater-agent-workspace/builds/worker-5-tc1/source:/opt/rustwide/workdir:ro,Z" "-v" "/var/lib/crater-agent-workspace/cargo-home:/opt/rustwide/cargo-home:ro,Z" "-v" "/var/lib/crater-agent-workspace/rustup-home:/opt/rustwide/rustup-home:ro,Z" "-e" "SOURCE_DIR=/opt/rustwide/workdir" "-e" "CARGO_TARGET_DIR=/opt/rustwide/target" "-e" "CARGO_INCREMENTAL=0" "-e" "RUST_BACKTRACE=full" "-e" "RUSTFLAGS=--cap-lints=forbid" "-e" "RUSTDOCFLAGS=--cap-lints=forbid" "-e" "CARGO_HOME=/opt/rustwide/cargo-home" "-e" "RUSTUP_HOME=/opt/rustwide/rustup-home" "-w" "/opt/rustwide/workdir" "-m" "1610612736" "--user" "0:0" "--network" "none" "ghcr.io/rust-lang/crates-build-env/linux@sha256:4a844ea9eb2546a2d2c7022eacef16ef2e8229c7fbb2c7d4d55a9ceca922f72d" "/opt/rustwide/cargo-home/bin/cargo" "+nightly-2024-10-28" "test" "--frozen", kill_on_drop: false }`
[INFO] [stdout] 1f3e5c35d2bea38844ed3ffa7ccccae6f8afbd8260c93425c64d903fbdc605d1
[INFO] running `Command { std: "docker" "start" "-a" "1f3e5c35d2bea38844ed3ffa7ccccae6f8afbd8260c93425c64d903fbdc605d1", kill_on_drop: false }`
[INFO] [stderr]     Finished `test` profile [unoptimized + debuginfo] target(s) in 0.08s
[INFO] [stderr] warning: the following packages contain code that will be rejected by a future version of Rust: bindgen v0.53.3
[INFO] [stderr] note: to see what the problems were, use the option `--future-incompat-report`, or run `cargo report future-incompatibilities --id 1`
[INFO] [stderr]      Running unittests src/lib.rs (/opt/rustwide/target/debug/deps/pikchr_sys-54374ec14f36a0de)
[INFO] [stdout] 
[INFO] [stdout] running 1 test
[INFO] [stdout] test tests::simple_raw_box ... ok
[INFO] [stdout] 
[INFO] [stdout] test result: ok. 1 passed; 0 failed; 0 ignored; 0 measured; 0 filtered out; finished in 0.01s
[INFO] [stdout] 
[INFO] [stderr]    Doc-tests pikchr_sys
[INFO] [stdout] 
[INFO] [stdout] running 1 test
[INFO] [stdout] test src/lib.rs - (line 21) - compile ... FAILED
[INFO] [stdout] 
[INFO] [stdout] failures:
[INFO] [stdout] 
[INFO] [stdout] ---- src/lib.rs - (line 21) stdout ----
[INFO] [stdout] error[E0412]: cannot find type `c_int` in this scope
[INFO] [stdout]  --> src/lib.rs:23:16
[INFO] [stdout]   |
[INFO] [stdout] 4 | let mut width: c_int = 0;
[INFO] [stdout]   |                ^^^^^ not found in this scope
[INFO] [stdout]   |
[INFO] [stdout] help: consider importing one of these type aliases
[INFO] [stdout]   |
[INFO] [stdout] 2 + use std::ffi::c_int;
[INFO] [stdout]   |
[INFO] [stdout] 2 + use std::os::raw::c_int;
[INFO] [stdout]   |
[INFO] [stdout] 2 + use core::ffi::c_int;
[INFO] [stdout]   |
[INFO] [stdout] 2 + use libc::c_int;
[INFO] [stdout]   |
[INFO] [stdout] 
[INFO] [stdout] error[E0412]: cannot find type `c_int` in this scope
[INFO] [stdout]  --> src/lib.rs:24:17
[INFO] [stdout]   |
[INFO] [stdout] 5 | let mut height: c_int = 0;
[INFO] [stdout]   |                 ^^^^^ not found in this scope
[INFO] [stdout]   |
[INFO] [stdout] help: consider importing one of these type aliases
[INFO] [stdout]   |
[INFO] [stdout] 2 + use std::ffi::c_int;
[INFO] [stdout]   |
[INFO] [stdout] 2 + use std::os::raw::c_int;
[INFO] [stdout]   |
[INFO] [stdout] 2 + use core::ffi::c_int;
[INFO] [stdout]   |
[INFO] [stdout] 2 + use libc::c_int;
[INFO] [stdout]   |
[INFO] [stdout] 
[INFO] [stdout] error[E0433]: failed to resolve: use of undeclared type `CString`
[INFO] [stdout]  --> src/lib.rs:25:13
[INFO] [stdout]   |
[INFO] [stdout] 6 | let input = CString::new(input)?;
[INFO] [stdout]   |             ^^^^^^^ use of undeclared type `CString`
[INFO] [stdout]   |
[INFO] [stdout] help: a struct with a similar name exists
[INFO] [stdout]   |
[INFO] [stdout] 6 | let input = String::new(input)?;
[INFO] [stdout]   |             ~~~~~~
[INFO] [stdout] help: consider importing this struct
[INFO] [stdout]   |
[INFO] [stdout] 2 + use std::ffi::CString;
[INFO] [stdout]   |
[INFO] [stdout] 
[INFO] [stdout] error[E0412]: cannot find type `c_char` in this scope
[INFO] [stdout]  --> src/lib.rs:27:15
[INFO] [stdout]   |
[INFO] [stdout] 8 | let res: *mut c_char = unsafe {
[INFO] [stdout]   |               ^^^^^^
[INFO] [stdout]   |
[INFO] [stdout] help: a builtin type with a similar name exists
[INFO] [stdout]   |
[INFO] [stdout] 8 | let res: *mut char = unsafe {
[INFO] [stdout]   |               ~~~~
[INFO] [stdout] help: consider importing one of these type aliases
[INFO] [stdout]   |
[INFO] [stdout] 2 + use std::ffi::c_char;
[INFO] [stdout]   |
[INFO] [stdout] 2 + use std::os::raw::c_char;
[INFO] [stdout]   |
[INFO] [stdout] 2 + use core::ffi::c_char;
[INFO] [stdout]   |
[INFO] [stdout] 2 + use libc::c_char;
[INFO] [stdout]   |
[INFO] [stdout] 
[INFO] [stdout] error[E0425]: cannot find function `pikchr` in this scope
[INFO] [stdout]  --> src/lib.rs:28:5
[INFO] [stdout]   |
[INFO] [stdout] 9 |     pikchr(
[INFO] [stdout]   |     ^^^^^^ not found in this scope
[INFO] [stdout]   |
[INFO] [stdout] help: consider importing this function
[INFO] [stdout]   |
[INFO] [stdout] 2 + use pikchr_sys::pikchr;
[INFO] [stdout]   |
[INFO] [stdout] 
[INFO] [stdout] error[E0412]: cannot find type `c_char` in this scope
[INFO] [stdout]   --> src/lib.rs:29:34
[INFO] [stdout]    |
[INFO] [stdout] 10 |         input.as_ptr() as *const c_char,
[INFO] [stdout]    |                                  ^^^^^^
[INFO] [stdout]    |
[INFO] [stdout] help: a builtin type with a similar name exists
[INFO] [stdout]    |
[INFO] [stdout] 10 |         input.as_ptr() as *const char,
[INFO] [stdout]    |                                  ~~~~
[INFO] [stdout] help: consider importing one of these type aliases
[INFO] [stdout]    |
[INFO] [stdout] 2  + use std::ffi::c_char;
[INFO] [stdout]    |
[INFO] [stdout] 2  + use std::os::raw::c_char;
[INFO] [stdout]    |
[INFO] [stdout] 2  + use core::ffi::c_char;
[INFO] [stdout]    |
[INFO] [stdout] 2  + use libc::c_char;
[INFO] [stdout]    |
[INFO] [stdout] 
[INFO] [stdout] error[E0425]: cannot find value `PIKCHR_PLAINTEXT_ERRORS` in this scope
[INFO] [stdout]   --> src/lib.rs:31:9
[INFO] [stdout]    |
[INFO] [stdout] 12 |         PIKCHR_PLAINTEXT_ERRORS,
[INFO] [stdout]    |         ^^^^^^^^^^^^^^^^^^^^^^^ not found in this scope
[INFO] [stdout]    |
[INFO] [stdout] help: consider importing this constant
[INFO] [stdout]    |
[INFO] [stdout] 2  + use pikchr_sys::PIKCHR_PLAINTEXT_ERRORS;
[INFO] [stdout]    |
[INFO] [stdout] 
[INFO] [stdout] error[E0412]: cannot find type `c_int` in this scope
[INFO] [stdout]   --> src/lib.rs:32:28
[INFO] [stdout]    |
[INFO] [stdout] 13 |         &mut width as *mut c_int,
[INFO] [stdout]    |                            ^^^^^ not found in this scope
[INFO] [stdout]    |
[INFO] [stdout] help: consider importing one of these type aliases
[INFO] [stdout]    |
[INFO] [stdout] 2  + use std::ffi::c_int;
[INFO] [stdout]    |
[INFO] [stdout] 2  + use std::os::raw::c_int;
[INFO] [stdout]    |
[INFO] [stdout] 2  + use core::ffi::c_int;
[INFO] [stdout]    |
[INFO] [stdout] 2  + use libc::c_int;
[INFO] [stdout]    |
[INFO] [stdout] 
[INFO] [stdout] error[E0412]: cannot find type `c_int` in this scope
[INFO] [stdout]   --> src/lib.rs:33:29
[INFO] [stdout]    |
[INFO] [stdout] 14 |         &mut height as *mut c_int,
[INFO] [stdout]    |                             ^^^^^ not found in this scope
[INFO] [stdout]    |
[INFO] [stdout] help: consider importing one of these type aliases
[INFO] [stdout]    |
[INFO] [stdout] 2  + use std::ffi::c_int;
[INFO] [stdout]    |
[INFO] [stdout] 2  + use std::os::raw::c_int;
[INFO] [stdout]    |
[INFO] [stdout] 2  + use core::ffi::c_int;
[INFO] [stdout]    |
[INFO] [stdout] 2  + use libc::c_int;
[INFO] [stdout]    |
[INFO] [stdout] 
[INFO] [stdout] error[E0433]: failed to resolve: use of undeclared type `CStr`
[INFO] [stdout]   --> src/lib.rs:37:21
[INFO] [stdout]    |
[INFO] [stdout] 18 | let cstr = unsafe { CStr::from_ptr(res) };
[INFO] [stdout]    |                     ^^^^ use of undeclared type `CStr`
[INFO] [stdout]    |
[INFO] [stdout] help: consider importing this struct
[INFO] [stdout]    |
[INFO] [stdout] 2  + use std::ffi::CStr;
[INFO] [stdout]    |
[INFO] [stdout] 
[INFO] [stdout] error[E0425]: cannot find function `free` in this scope
[INFO] [stdout]   --> src/lib.rs:40:10
[INFO] [stdout]    |
[INFO] [stdout] 21 | unsafe { free(res as *mut c_void) };
[INFO] [stdout]    |          ^^^^ not found in this scope
[INFO] [stdout]    |
[INFO] [stdout] help: consider importing this function
[INFO] [stdout]    |
[INFO] [stdout] 2  + use libc::free;
[INFO] [stdout]    |
[INFO] [stdout] 
[INFO] [stdout] error[E0412]: cannot find type `c_void` in this scope
[INFO] [stdout]   --> src/lib.rs:40:27
[INFO] [stdout]    |
[INFO] [stdout] 21 | unsafe { free(res as *mut c_void) };
[INFO] [stdout]    |                           ^^^^^^ not found in this scope
[INFO] [stdout]    |
[INFO] [stdout] help: consider importing one of these items
[INFO] [stdout]    |
[INFO] [stdout] 2  + use std::ffi::c_void;
[INFO] [stdout]    |
[INFO] [stdout] 2  + use std::os::raw::c_void;
[INFO] [stdout]    |
[INFO] [stdout] 2  + use core::ffi::c_void;
[INFO] [stdout]    |
[INFO] [stdout] 2  + use libc::c_void;
[INFO] [stdout]    |
[INFO] [stdout] 
[INFO] [stdout] error: aborting due to 12 previous errors
[INFO] [stdout] 
[INFO] [stdout] Some errors have detailed explanations: E0412, E0425, E0433.
[INFO] [stdout] For more information about an error, try `rustc --explain E0412`.
[INFO] [stdout] Couldn't compile the test.
[INFO] [stdout] 
[INFO] [stdout] failures:
[INFO] [stdout]     src/lib.rs - (line 21)
[INFO] [stdout] 
[INFO] [stdout] test result: FAILED. 0 passed; 1 failed; 0 ignored; 0 measured; 0 filtered out; finished in 0.16s
[INFO] [stdout] 
[INFO] [stderr] error: doctest failed, to rerun pass `--doc`
[INFO] running `Command { std: "docker" "inspect" "1f3e5c35d2bea38844ed3ffa7ccccae6f8afbd8260c93425c64d903fbdc605d1", kill_on_drop: false }`
[INFO] running `Command { std: "docker" "rm" "-f" "1f3e5c35d2bea38844ed3ffa7ccccae6f8afbd8260c93425c64d903fbdc605d1", kill_on_drop: false }`
[INFO] [stdout] 1f3e5c35d2bea38844ed3ffa7ccccae6f8afbd8260c93425c64d903fbdc605d1
