[INFO] fetching crate phcue-ck 0.2.0...
[INFO] testing phcue-ck-0.2.0 against nightly-2024-10-28 for randomize-layout
[INFO] extracting crate phcue-ck 0.2.0 into /workspace/builds/worker-7-tc1/source
[INFO] validating manifest of crates.io crate phcue-ck 0.2.0 on toolchain nightly-2024-10-28
[INFO] running `Command { std: CARGO_HOME="/workspace/cargo-home" RUSTUP_HOME="/workspace/rustup-home" "/workspace/cargo-home/bin/cargo" "+nightly-2024-10-28" "metadata" "--manifest-path" "Cargo.toml" "--no-deps", kill_on_drop: false }`
[INFO] started tweaking crates.io crate phcue-ck 0.2.0
[INFO] finished tweaking crates.io crate phcue-ck 0.2.0
[INFO] tweaked toml for crates.io crate phcue-ck 0.2.0 written to /workspace/builds/worker-7-tc1/source/Cargo.toml
[INFO] crate crates.io crate phcue-ck 0.2.0 already has a lockfile, it will not be regenerated
[INFO] running `Command { std: CARGO_HOME="/workspace/cargo-home" RUSTUP_HOME="/workspace/rustup-home" "/workspace/cargo-home/bin/cargo" "+nightly-2024-10-28" "fetch" "--manifest-path" "Cargo.toml", kill_on_drop: false }`
[INFO] [stderr]     Blocking waiting for file lock on package cache
[INFO] [stderr]     Updating crates.io index
[INFO] [stderr]  Downloading crates ...
[INFO] [stderr]   Downloaded serde_derive v1.0.142
[INFO] [stderr]   Downloaded snapbox-macros v0.3.0
[INFO] [stderr]   Downloaded trycmd v0.13.5
[INFO] [stderr]   Downloaded concolor-query v0.0.5
[INFO] [stderr]   Downloaded concolor v0.0.8
[INFO] [stderr]   Downloaded filetime v0.2.17
[INFO] [stderr]   Downloaded os_pipe v1.0.1
[INFO] [stderr]   Downloaded similar v2.2.0
[INFO] [stderr]   Downloaded serde v1.0.142
[INFO] [stderr]   Downloaded toml_edit v0.14.4
[INFO] [stderr]   Downloaded combine v4.6.4
[INFO] [stderr]   Downloaded serde_json v1.0.83
[INFO] [stderr]   Downloaded libc v0.2.127
[INFO] [stderr]   Downloaded openssl-src v111.22.0+1.1.1q
[INFO] [stderr]   Downloaded snapbox v0.3.1
[INFO] running `Command { std: "docker" "create" "-v" "/var/lib/crater-agent-workspace/builds/worker-7-tc1/target:/opt/rustwide/target:rw,Z" "-v" "/var/lib/crater-agent-workspace/builds/worker-7-tc1/source:/opt/rustwide/workdir:ro,Z" "-v" "/var/lib/crater-agent-workspace/cargo-home:/opt/rustwide/cargo-home:ro,Z" "-v" "/var/lib/crater-agent-workspace/rustup-home:/opt/rustwide/rustup-home:ro,Z" "-e" "SOURCE_DIR=/opt/rustwide/workdir" "-e" "CARGO_TARGET_DIR=/opt/rustwide/target" "-e" "CARGO_HOME=/opt/rustwide/cargo-home" "-e" "RUSTUP_HOME=/opt/rustwide/rustup-home" "-w" "/opt/rustwide/workdir" "-m" "1610612736" "--user" "0:0" "--network" "none" "ghcr.io/rust-lang/crates-build-env/linux@sha256:4a844ea9eb2546a2d2c7022eacef16ef2e8229c7fbb2c7d4d55a9ceca922f72d" "/opt/rustwide/cargo-home/bin/cargo" "+nightly-2024-10-28" "metadata" "--no-deps" "--format-version=1", kill_on_drop: false }`
[INFO] [stdout] 4b7ff6ef40ae89fd50d4a04d27de07671abbeedf2a35f5f1bb9028a158af81eb
[INFO] running `Command { std: "docker" "start" "-a" "4b7ff6ef40ae89fd50d4a04d27de07671abbeedf2a35f5f1bb9028a158af81eb", kill_on_drop: false }`
[INFO] running `Command { std: "docker" "inspect" "4b7ff6ef40ae89fd50d4a04d27de07671abbeedf2a35f5f1bb9028a158af81eb", kill_on_drop: false }`
[INFO] running `Command { std: "docker" "rm" "-f" "4b7ff6ef40ae89fd50d4a04d27de07671abbeedf2a35f5f1bb9028a158af81eb", kill_on_drop: false }`
[INFO] [stdout] 4b7ff6ef40ae89fd50d4a04d27de07671abbeedf2a35f5f1bb9028a158af81eb
[INFO] running `Command { std: "docker" "create" "-v" "/var/lib/crater-agent-workspace/builds/worker-7-tc1/target:/opt/rustwide/target:rw,Z" "-v" "/var/lib/crater-agent-workspace/builds/worker-7-tc1/source:/opt/rustwide/workdir:ro,Z" "-v" "/var/lib/crater-agent-workspace/cargo-home:/opt/rustwide/cargo-home:ro,Z" "-v" "/var/lib/crater-agent-workspace/rustup-home:/opt/rustwide/rustup-home:ro,Z" "-e" "SOURCE_DIR=/opt/rustwide/workdir" "-e" "CARGO_TARGET_DIR=/opt/rustwide/target" "-e" "CARGO_INCREMENTAL=0" "-e" "RUST_BACKTRACE=full" "-e" "RUSTFLAGS=--cap-lints=forbid" "-e" "RUSTDOCFLAGS=--cap-lints=forbid" "-e" "CARGO_HOME=/opt/rustwide/cargo-home" "-e" "RUSTUP_HOME=/opt/rustwide/rustup-home" "-w" "/opt/rustwide/workdir" "-m" "1610612736" "--user" "0:0" "--network" "none" "ghcr.io/rust-lang/crates-build-env/linux@sha256:4a844ea9eb2546a2d2c7022eacef16ef2e8229c7fbb2c7d4d55a9ceca922f72d" "/opt/rustwide/cargo-home/bin/cargo" "+nightly-2024-10-28" "build" "--frozen" "--message-format=json", kill_on_drop: false }`
[INFO] [stdout] 7fd204cd48283efd47b59fa1b9a19dba5c7ec6a96b72f27ddc9b11fe34f38959
[INFO] running `Command { std: "docker" "start" "-a" "7fd204cd48283efd47b59fa1b9a19dba5c7ec6a96b72f27ddc9b11fe34f38959", kill_on_drop: false }`
[INFO] [stderr]    Compiling proc-macro2 v1.0.43
[INFO] [stderr]    Compiling quote v1.0.21
[INFO] [stderr]    Compiling unicode-ident v1.0.3
[INFO] [stderr]    Compiling syn v1.0.99
[INFO] [stderr]    Compiling libc v0.2.127
[INFO] [stderr]    Compiling log v0.4.17
[INFO] [stderr]    Compiling cc v1.0.73
[INFO] [stderr]    Compiling lock_api v0.4.7
[INFO] [stderr]    Compiling parking_lot_core v0.9.3
[INFO] [stderr]    Compiling pkg-config v0.3.25
[INFO] [stderr]    Compiling scopeguard v1.1.0
[INFO] [stderr]    Compiling bytes v1.2.1
[INFO] [stderr]    Compiling futures-channel v0.3.21
[INFO] [stderr]    Compiling smallvec v1.9.0
[INFO] [stderr]    Compiling openssl-src v111.22.0+1.1.1q
[INFO] [stderr]    Compiling tokio v1.20.1
[INFO] [stderr]    Compiling itoa v1.0.3
[INFO] [stderr]    Compiling serde_derive v1.0.142
[INFO] [stderr]    Compiling futures-util v0.3.21
[INFO] [stderr]    Compiling slab v0.4.7
[INFO] [stderr]    Compiling parking_lot v0.12.1
[INFO] [stderr]    Compiling futures-task v0.3.21
[INFO] [stderr]    Compiling mio v0.8.4
[INFO] [stderr]    Compiling socket2 v0.4.4
[INFO] [stderr]    Compiling num_cpus v1.13.1
[INFO] [stderr]    Compiling signal-hook-registry v1.4.0
[INFO] [stderr]    Compiling openssl-sys v0.9.75
[INFO] [stderr]    Compiling indexmap v1.9.1
[INFO] [stderr]    Compiling futures-io v0.3.21
[INFO] [stderr]    Compiling serde v1.0.142
[INFO] [stderr]    Compiling tracing-core v0.1.29
[INFO] [stderr]    Compiling openssl v0.10.41
[INFO] [stderr]    Compiling fnv v1.0.7
[INFO] [stderr]    Compiling foreign-types-shared v0.1.1
[INFO] [stderr]    Compiling http v0.2.8
[INFO] [stderr]    Compiling foreign-types v0.3.2
[INFO] [stderr]    Compiling proc-macro-error-attr v1.0.4
[INFO] [stderr]    Compiling httparse v1.7.1
[INFO] [stderr]    Compiling native-tls v0.2.10
[INFO] [stderr]    Compiling matches v0.1.9
[INFO] [stderr]    Compiling proc-macro-error v1.0.4
[INFO] [stderr]    Compiling try-lock v0.2.3
[INFO] [stderr]    Compiling openssl-probe v0.1.5
[INFO] [stderr]    Compiling ryu v1.0.11
[INFO] [stderr]    Compiling percent-encoding v2.1.0
[INFO] [stderr]    Compiling tracing v0.1.36
[INFO] [stderr]    Compiling want v0.3.0
[INFO] [stderr]    Compiling form_urlencoded v1.0.1
[INFO] [stderr]    Compiling unicode-normalization v0.1.21
[INFO] [stderr]    Compiling tower-service v0.3.2
[INFO] [stderr]    Compiling lazy_static v1.4.0
[INFO] [stderr]    Compiling serde_json v1.0.83
[INFO] [stderr]    Compiling unicode-bidi v0.3.8
[INFO] [stderr]    Compiling encoding_rs v0.8.31
[INFO] [stderr]    Compiling httpdate v1.0.2
[INFO] [stderr]    Compiling http-body v0.4.5
[INFO] [stderr]    Compiling regex-automata v0.1.10
[INFO] [stderr]    Compiling heck v0.4.0
[INFO] [stderr]    Compiling os_str_bytes v6.2.0
[INFO] [stderr]    Compiling idna v0.2.3
[INFO] [stderr]    Compiling atty v0.2.14
[INFO] [stderr]    Compiling csv-core v0.1.10
[INFO] [stderr]    Compiling clap_lex v0.2.4
[INFO] [stderr]    Compiling aho-corasick v0.7.18
[INFO] [stderr]    Compiling termcolor v1.1.3
[INFO] [stderr]    Compiling strsim v0.10.0
[INFO] [stderr]    Compiling url v2.2.2
[INFO] [stderr]    Compiling textwrap v0.15.0
[INFO] [stderr]    Compiling mime v0.3.16
[INFO] [stderr]    Compiling base64 v0.13.0
[INFO] [stderr]    Compiling regex-syntax v0.6.27
[INFO] [stderr]    Compiling itoa v0.4.8
[INFO] [stderr]    Compiling ipnet v2.5.0
[INFO] [stderr]    Compiling futures-macro v0.3.21
[INFO] [stderr]    Compiling tokio-macros v1.8.0
[INFO] [stderr]    Compiling openssl-macros v0.1.0
[INFO] [stderr]    Compiling clap_derive v3.2.15
[INFO] [stderr]    Compiling regex v1.6.0
[INFO] [stderr]    Compiling clap v3.2.16
[INFO] [stderr]    Compiling futures-executor v0.3.21
[INFO] [stderr]    Compiling futures v0.3.21
[INFO] [stderr]    Compiling tokio-util v0.7.3
[INFO] [stderr]    Compiling h2 v0.3.13
[INFO] [stderr]    Compiling bstr v0.2.17
[INFO] [stderr]    Compiling serde_urlencoded v0.7.1
[INFO] [stderr]    Compiling csv v1.1.6
[INFO] [stderr]    Compiling hyper v0.14.20
[INFO] [stderr]    Compiling tokio-native-tls v0.3.0
[INFO] [stderr]    Compiling hyper-tls v0.5.0
[INFO] [stderr]    Compiling reqwest v0.11.11
[INFO] [stderr]    Compiling phcue-ck v0.2.0 (/opt/rustwide/workdir)
[INFO] [stderr]     Finished `dev` profile [unoptimized + debuginfo] target(s) in 2m 50s
[INFO] running `Command { std: "docker" "inspect" "7fd204cd48283efd47b59fa1b9a19dba5c7ec6a96b72f27ddc9b11fe34f38959", kill_on_drop: false }`
[INFO] running `Command { std: "docker" "rm" "-f" "7fd204cd48283efd47b59fa1b9a19dba5c7ec6a96b72f27ddc9b11fe34f38959", kill_on_drop: false }`
[INFO] [stdout] 7fd204cd48283efd47b59fa1b9a19dba5c7ec6a96b72f27ddc9b11fe34f38959
[INFO] running `Command { std: "docker" "create" "-v" "/var/lib/crater-agent-workspace/builds/worker-7-tc1/target:/opt/rustwide/target:rw,Z" "-v" "/var/lib/crater-agent-workspace/builds/worker-7-tc1/source:/opt/rustwide/workdir:ro,Z" "-v" "/var/lib/crater-agent-workspace/cargo-home:/opt/rustwide/cargo-home:ro,Z" "-v" "/var/lib/crater-agent-workspace/rustup-home:/opt/rustwide/rustup-home:ro,Z" "-e" "SOURCE_DIR=/opt/rustwide/workdir" "-e" "CARGO_TARGET_DIR=/opt/rustwide/target" "-e" "CARGO_INCREMENTAL=0" "-e" "RUST_BACKTRACE=full" "-e" "RUSTFLAGS=--cap-lints=forbid" "-e" "RUSTDOCFLAGS=--cap-lints=forbid" "-e" "CARGO_HOME=/opt/rustwide/cargo-home" "-e" "RUSTUP_HOME=/opt/rustwide/rustup-home" "-w" "/opt/rustwide/workdir" "-m" "1610612736" "--user" "0:0" "--network" "none" "ghcr.io/rust-lang/crates-build-env/linux@sha256:4a844ea9eb2546a2d2c7022eacef16ef2e8229c7fbb2c7d4d55a9ceca922f72d" "/opt/rustwide/cargo-home/bin/cargo" "+nightly-2024-10-28" "test" "--frozen" "--no-run" "--message-format=json", kill_on_drop: false }`
[INFO] [stdout] ff396dbb15027f99f30f8673ef0c434981076a4de4dc3de0365f1007c7e99761
[INFO] running `Command { std: "docker" "start" "-a" "ff396dbb15027f99f30f8673ef0c434981076a4de4dc3de0365f1007c7e99761", kill_on_drop: false }`
[INFO] [stderr]    Compiling memchr v2.5.0
[INFO] [stderr]    Compiling crossbeam-utils v0.8.11
[INFO] [stderr]    Compiling memoffset v0.6.5
[INFO] [stderr]    Compiling crossbeam-epoch v0.9.10
[INFO] [stderr]    Compiling rayon-core v1.9.3
[INFO] [stderr]    Compiling either v1.7.0
[INFO] [stderr]    Compiling rayon v1.5.3
[INFO] [stderr]    Compiling concolor-query v0.0.5
[INFO] [stderr]    Compiling remove_dir_all v0.5.3
[INFO] [stderr]    Compiling fastrand v1.8.0
[INFO] [stderr]    Compiling same-file v1.0.6
[INFO] [stderr]    Compiling itertools v0.10.3
[INFO] [stderr]    Compiling concolor v0.0.8
[INFO] [stderr]    Compiling filetime v0.2.17
[INFO] [stderr]    Compiling walkdir v2.3.2
[INFO] [stderr]    Compiling tempfile v3.3.0
[INFO] [stderr]    Compiling os_pipe v1.0.1
[INFO] [stderr]    Compiling wait-timeout v0.2.0
[INFO] [stderr]    Compiling yansi v0.5.1
[INFO] [stderr]    Compiling similar v2.2.0
[INFO] [stderr]    Compiling crossbeam-channel v0.5.6
[INFO] [stderr]    Compiling snapbox-macros v0.3.0
[INFO] [stderr]    Compiling dunce v1.0.2
[INFO] [stderr]    Compiling futures-util v0.3.21
[INFO] [stderr]    Compiling tokio v1.20.1
[INFO] [stderr]    Compiling bstr v0.2.17
[INFO] [stderr]    Compiling crossbeam-deque v0.8.2
[INFO] [stderr]    Compiling csv-core v0.1.10
[INFO] [stderr]    Compiling aho-corasick v0.7.18
[INFO] [stderr]    Compiling combine v4.6.4
[INFO] [stderr]    Compiling csv v1.1.6
[INFO] [stderr]    Compiling content_inspector v0.2.4
[INFO] [stderr]    Compiling humantime v2.1.0
[INFO] [stderr]    Compiling normalize-line-endings v0.3.0
[INFO] [stderr]    Compiling snapbox v0.3.1
[INFO] [stderr]    Compiling regex v1.6.0
[INFO] [stderr]    Compiling humantime-serde v1.1.1
[INFO] [stderr]    Compiling glob v0.3.0
[INFO] [stderr]    Compiling shlex v1.1.0
[INFO] [stderr]    Compiling futures-executor v0.3.21
[INFO] [stderr]    Compiling futures v0.3.21
[INFO] [stderr]    Compiling tokio-util v0.7.3
[INFO] [stderr]    Compiling tokio-native-tls v0.3.0
[INFO] [stderr]    Compiling h2 v0.3.13
[INFO] [stderr]    Compiling toml_edit v0.14.4
[INFO] [stderr]    Compiling hyper v0.14.20
[INFO] [stderr]    Compiling hyper-tls v0.5.0
[INFO] [stderr]    Compiling reqwest v0.11.11
[INFO] [stderr]    Compiling phcue-ck v0.2.0 (/opt/rustwide/workdir)
[INFO] [stderr]    Compiling trycmd v0.13.5
[INFO] [stderr]     Finished `test` profile [unoptimized + debuginfo] target(s) in 1m 12s
[INFO] running `Command { std: "docker" "inspect" "ff396dbb15027f99f30f8673ef0c434981076a4de4dc3de0365f1007c7e99761", kill_on_drop: false }`
[INFO] running `Command { std: "docker" "rm" "-f" "ff396dbb15027f99f30f8673ef0c434981076a4de4dc3de0365f1007c7e99761", kill_on_drop: false }`
[INFO] [stdout] ff396dbb15027f99f30f8673ef0c434981076a4de4dc3de0365f1007c7e99761
[INFO] running `Command { std: "docker" "create" "-v" "/var/lib/crater-agent-workspace/builds/worker-7-tc1/target:/opt/rustwide/target:rw,Z" "-v" "/var/lib/crater-agent-workspace/builds/worker-7-tc1/source:/opt/rustwide/workdir:ro,Z" "-v" "/var/lib/crater-agent-workspace/cargo-home:/opt/rustwide/cargo-home:ro,Z" "-v" "/var/lib/crater-agent-workspace/rustup-home:/opt/rustwide/rustup-home:ro,Z" "-e" "SOURCE_DIR=/opt/rustwide/workdir" "-e" "CARGO_TARGET_DIR=/opt/rustwide/target" "-e" "CARGO_INCREMENTAL=0" "-e" "RUST_BACKTRACE=full" "-e" "RUSTFLAGS=--cap-lints=forbid" "-e" "RUSTDOCFLAGS=--cap-lints=forbid" "-e" "CARGO_HOME=/opt/rustwide/cargo-home" "-e" "RUSTUP_HOME=/opt/rustwide/rustup-home" "-w" "/opt/rustwide/workdir" "-m" "1610612736" "--user" "0:0" "--network" "none" "ghcr.io/rust-lang/crates-build-env/linux@sha256:4a844ea9eb2546a2d2c7022eacef16ef2e8229c7fbb2c7d4d55a9ceca922f72d" "/opt/rustwide/cargo-home/bin/cargo" "+nightly-2024-10-28" "test" "--frozen", kill_on_drop: false }`
[INFO] [stdout] 84751e85a047d82630ee6e5f6b94e8f1ded78d410dad336fad4236b400cb1fd2
[INFO] running `Command { std: "docker" "start" "-a" "84751e85a047d82630ee6e5f6b94e8f1ded78d410dad336fad4236b400cb1fd2", kill_on_drop: false }`
[INFO] [stderr]     Finished `test` profile [unoptimized + debuginfo] target(s) in 0.25s
[INFO] [stderr]      Running unittests src/lib.rs (/opt/rustwide/target/debug/deps/phcue_ck-c7050b9d64fefcc3)
[INFO] [stdout] 
[INFO] [stdout] running 11 tests
[INFO] [stdout] test tests::test_check_num_requests_invalid_less_than_1 ... ok
[INFO] [stdout] test tests::test_check_num_requests_valid ... ok
[INFO] [stdout] test tests::test_print_csv ... ok
[INFO] [stdout] test tests::test_check_num_requests_invalid_greater_than_10 ... ok
[INFO] [stdout] test tests::test_print_csv_long ... ok
[INFO] [stdout] test tests::test_validate_err_accession ... ok
[INFO] [stdout] test tests::test_validate_drr_accession ... ok
[INFO] [stdout] test tests::test_print_csv_wide ... ok
[INFO] [stdout] test tests::test_removal_single_reads ... ok
[INFO] [stdout] test tests::test_validate_invalid_accession ... ok
[INFO] [stdout] test tests::test_validate_srr_accession ... ok
[INFO] [stdout] 
[INFO] [stdout] test result: ok. 11 passed; 0 failed; 0 ignored; 0 measured; 0 filtered out; finished in 0.04s
[INFO] [stdout] 
[INFO] [stderr]      Running unittests src/main.rs (/opt/rustwide/target/debug/deps/phcue_ck-ff072876ff15ad6d)
[INFO] [stdout] 
[INFO] [stdout] running 0 tests
[INFO] [stdout] 
[INFO] [stdout] test result: ok. 0 passed; 0 failed; 0 ignored; 0 measured; 0 filtered out; finished in 0.00s
[INFO] [stdout] 
[INFO] [stderr]      Running tests/cli_tests.rs (/opt/rustwide/target/debug/deps/cli_tests-8e0d50e65e1212a7)
[INFO] [stdout] 
[INFO] [stdout] running 1 test
[INFO] [stderr] Testing tests/cmd/keep_single_end_accession.trycmd:2 ... failed
[INFO] [stderr] Exit: success
[INFO] [stderr] 
[INFO] [stderr] ---- expected: stdout
[INFO] [stderr] ++++ actual:   stdout
[INFO] [stderr]    1    1 | Querying ENA for accession: ERR5556343
[INFO] [stderr]    2      - [
[INFO] [stderr]    3      -   {
[INFO] [stderr]    4      -     "accession": "ERR5556343",
[INFO] [stderr]    5      -     "reads": [
[INFO] [stderr]    6      -       {
[INFO] [stderr]    7      -         "url": "ftp://ftp.sra.ebi.ac.uk/vol1/fastq/ERR555/003/ERR5556343/ERR5556343.fastq.gz",
[INFO] [stderr]    8      -         "md5": "2b1b1d16d7b5a3d9c27f057c5064dd04",
[INFO] [stderr]    9      -         "bytes": 41148
[INFO] [stderr]   10      -       },
[INFO] [stderr]   11      -       {
[INFO] [stderr]   12      -         "url": "ftp://ftp.sra.ebi.ac.uk/vol1/fastq/ERR555/003/ERR5556343/ERR5556343_1.fastq.gz",
[INFO] [stderr]   13      -         "md5": "2dd162ca91d340667b611d7f014eaaa5",
[INFO] [stderr]   14      -         "bytes": 7479353
[INFO] [stderr]   15      -       },
[INFO] [stderr]   16      -       {
[INFO] [stderr]   17      -         "url": "ftp://ftp.sra.ebi.ac.uk/vol1/fastq/ERR555/003/ERR5556343/ERR5556343_2.fastq.gz",
[INFO] [stderr]   18      -         "md5": "8041deb0614dc669a3f28c20b330a599",
[INFO] [stderr]   19      -         "bytes": 8349710
[INFO] [stderr]   20      -       }
[INFO] [stderr]   21      -     ]
[INFO] [stderr]   22      -   }
[INFO] [stderr]   23      - ]
[INFO] [stderr]         2 + Error querying ENA for accession: ERR5556343
[INFO] [stderr]         3 + Error: error sending request for url (https://www.ebi.ac.uk/ena/portal/api/filereport?accession=ERR5556343&result=read_run&format=json): error trying to connect: dns error: failed to lookup address information: Temporary failure in name resolution
[INFO] [stderr] stderr:
[INFO] [stderr] 
[INFO] [stderr] Testing tests/cmd/multiple_accessions.trycmd:2 ... failed
[INFO] [stderr] Exit: success
[INFO] [stderr] 
[INFO] [stderr] ---- expected: stdout
[INFO] [stderr] ++++ actual:   stdout
[INFO] [stderr]    1    1 | Querying ENA for accession: SRR16298173
[INFO] [stderr]         2 + Error querying ENA for accession: SRR16298173
[INFO] [stderr]         3 + Error: error sending request for url (https://www.ebi.ac.uk/ena/portal/api/filereport?accession=SRR16298173&result=read_run&format=json): error trying to connect: dns error: failed to lookup address information: Temporary failure in name resolution
[INFO] [stderr]    2    4 | Querying ENA for accession: SRR16298174
[INFO] [stderr]    3      - [
[INFO] [stderr]    4      -   {
[INFO] [stderr]    5      -     "accession": "SRR16298173",
[INFO] [stderr]    6      -     "reads": [
[INFO] [stderr]    7      -       {
[INFO] [stderr]    8      -         "url": "ftp://ftp.sra.ebi.ac.uk/vol1/fastq/SRR162/073/SRR16298173/SRR16298173_1.fastq.gz",
[INFO] [stderr]    9      -         "md5": "76c841d58a4949736555f6fe2adcc86a",
[INFO] [stderr]   10      -         "bytes": 7332259
[INFO] [stderr]   11      -       },
[INFO] [stderr]   12      -       {
[INFO] [stderr]   13      -         "url": "ftp://ftp.sra.ebi.ac.uk/vol1/fastq/SRR162/073/SRR16298173/SRR16298173_2.fastq.gz",
[INFO] [stderr]   14      -         "md5": "861e40962c89d62bf298fde8ca1b7415",
[INFO] [stderr]   15      -         "bytes": 7765784
[INFO] [stderr]   16      -       }
[INFO] [stderr]   17      -     ]
[INFO] [stderr]   18      -   },
[INFO] [stderr]   19      -   {
[INFO] [stderr]   20      -     "accession": "SRR16298174",
[INFO] [stderr]   21      -     "reads": [
[INFO] [stderr]   22      -       {
[INFO] [stderr]   23      -         "url": "ftp://ftp.sra.ebi.ac.uk/vol1/fastq/SRR162/074/SRR16298174/SRR16298174_1.fastq.gz",
[INFO] [stderr]   24      -         "md5": "ca4365343d144947b5acf6e8ee124e49",
[INFO] [stderr]   25      -         "bytes": 7444532
[INFO] [stderr]   26      -       },
[INFO] [stderr]   27      -       {
[INFO] [stderr]   28      -         "url": "ftp://ftp.sra.ebi.ac.uk/vol1/fastq/SRR162/074/SRR16298174/SRR16298174_2.fastq.gz",
[INFO] [stderr]   29      -         "md5": "39523f0e9757e953cb0a5d707b9e2b58",
[INFO] [stderr]   30      -         "bytes": 10960575
[INFO] [stderr]   31      -       }
[INFO] [stderr]   32      -     ]
[INFO] [stderr]   33      -   }
[INFO] [stderr]   34      - ]
[INFO] [stderr]         5 + Error querying ENA for accession: SRR16298174
[INFO] [stderr]         6 + Error: error sending request for url (https://www.ebi.ac.uk/ena/portal/api/filereport?accession=SRR16298174&result=read_run&format=json): error trying to connect: dns error: failed to lookup address information: Temporary failure in name resolution
[INFO] [stderr] stderr:
[INFO] [stderr] 
[INFO] [stderr] Testing tests/cmd/one_accession.trycmd:2 ... failed
[INFO] [stderr] Exit: success
[INFO] [stderr] 
[INFO] [stderr] ---- expected: stdout
[INFO] [stderr] ++++ actual:   stdout
[INFO] [stderr]    1    1 | Querying ENA for accession: SRR16298173
[INFO] [stderr]    2      - [
[INFO] [stderr]    3      -   {
[INFO] [stderr]    4      -     "accession": "SRR16298173",
[INFO] [stderr]    5      -     "reads": [
[INFO] [stderr]    6      -       {
[INFO] [stderr]    7      -         "url": "ftp://ftp.sra.ebi.ac.uk/vol1/fastq/SRR162/073/SRR16298173/SRR16298173_1.fastq.gz",
[INFO] [stderr]    8      -         "md5": "76c841d58a4949736555f6fe2adcc86a",
[INFO] [stderr]    9      -         "bytes": 7332259
[INFO] [stderr]   10      -       },
[INFO] [stderr]   11      -       {
[INFO] [stderr]   12      -         "url": "ftp://ftp.sra.ebi.ac.uk/vol1/fastq/SRR162/073/SRR16298173/SRR16298173_2.fastq.gz",
[INFO] [stderr]   13      -         "md5": "861e40962c89d62bf298fde8ca1b7415",
[INFO] [stderr]   14      -         "bytes": 7765784
[INFO] [stderr]   15      -       }
[INFO] [stderr]   16      -     ]
[INFO] [stderr]   17      -   }
[INFO] [stderr]   18      - ]
[INFO] [stderr]         2 + Error querying ENA for accession: SRR16298173
[INFO] [stderr]         3 + Error: error sending request for url (https://www.ebi.ac.uk/ena/portal/api/filereport?accession=SRR16298173&result=read_run&format=json): error trying to connect: dns error: failed to lookup address information: Temporary failure in name resolution
[INFO] [stderr] stderr:
[INFO] [stderr] 
[INFO] [stderr] Testing tests/cmd/remove_single_end_accession.trycmd:2 ... failed
[INFO] [stderr] Exit: success
[INFO] [stderr] 
[INFO] [stderr] ---- expected: stdout
[INFO] [stderr] ++++ actual:   stdout
[INFO] [stderr]    1    1 | Querying ENA for accession: ERR5556343
[INFO] [stderr]    2      - [
[INFO] [stderr]    3      -   {
[INFO] [stderr]    4      -     "accession": "ERR5556343",
[INFO] [stderr]    5      -     "reads": [
[INFO] [stderr]    6      -       {
[INFO] [stderr]    7      -         "url": "ftp://ftp.sra.ebi.ac.uk/vol1/fastq/ERR555/003/ERR5556343/ERR5556343_1.fastq.gz",
[INFO] [stderr]    8      -         "md5": "2dd162ca91d340667b611d7f014eaaa5",
[INFO] [stderr]    9      -         "bytes": 7479353
[INFO] [stderr]   10      -       },
[INFO] [stderr]   11      -       {
[INFO] [stderr]   12      -         "url": "ftp://ftp.sra.ebi.ac.uk/vol1/fastq/ERR555/003/ERR5556343/ERR5556343_2.fastq.gz",
[INFO] [stderr]   13      -         "md5": "8041deb0614dc669a3f28c20b330a599",
[INFO] [stderr]   14      -         "bytes": 8349710
[INFO] [stderr]   15      -       }
[INFO] [stderr]   16      -     ]
[INFO] [stderr]   17      -   }
[INFO] [stderr]   18      - ]
[INFO] [stderr]         2 + Error querying ENA for accession: ERR5556343
[INFO] [stderr]         3 + Error: error sending request for url (https://www.ebi.ac.uk/ena/portal/api/filereport?accession=ERR5556343&result=read_run&format=json): error trying to connect: dns error: failed to lookup address information: Temporary failure in name resolution
[INFO] [stderr] stderr:
[INFO] [stderr] 
[INFO] [stderr] Testing tests/cmd/file_accessions.trycmd:2 ... failed
[INFO] [stderr] Exit: success
[INFO] [stderr] 
[INFO] [stderr] ---- expected: stdout
[INFO] [stderr] ++++ actual:   stdout
[INFO] [stderr]    1    1 | Querying ENA for accession: SRR16298173
[INFO] [stderr]    2    2 | Querying ENA for accession: SRR16298174
[INFO] [stderr]    3      - [
[INFO] [stderr]    4      -   {
[INFO] [stderr]    5      -     "accession": "SRR16298173",
[INFO] [stderr]    6      -     "reads": [
[INFO] [stderr]    7      -       {
[INFO] [stderr]    8      -         "url": "ftp://ftp.sra.ebi.ac.uk/vol1/fastq/SRR162/073/SRR16298173/SRR16298173_1.fastq.gz",
[INFO] [stderr]    9      -         "md5": "76c841d58a4949736555f6fe2adcc86a",
[INFO] [stderr]   10      -         "bytes": 7332259
[INFO] [stderr]   11      -       },
[INFO] [stderr]   12      -       {
[INFO] [stderr]   13      -         "url": "ftp://ftp.sra.ebi.ac.uk/vol1/fastq/SRR162/073/SRR16298173/SRR16298173_2.fastq.gz",
[INFO] [stderr]   14      -         "md5": "861e40962c89d62bf298fde8ca1b7415",
[INFO] [stderr]   15      -         "bytes": 7765784
[INFO] [stderr]   16      -       }
[INFO] [stderr]   17      -     ]
[INFO] [stderr]   18      -   },
[INFO] [stderr]   19      -   {
[INFO] [stderr]   20      -     "accession": "SRR16298174",
[INFO] [stderr]   21      -     "reads": [
[INFO] [stderr]   22      -       {
[INFO] [stderr]   23      -         "url": "ftp://ftp.sra.ebi.ac.uk/vol1/fastq/SRR162/074/SRR16298174/SRR16298174_1.fastq.gz",
[INFO] [stderr]   24      -         "md5": "ca4365343d144947b5acf6e8ee124e49",
[INFO] [stderr]   25      -         "bytes": 7444532
[INFO] [stderr]   26      -       },
[INFO] [stderr]   27      -       {
[INFO] [stderr]   28      -         "url": "ftp://ftp.sra.ebi.ac.uk/vol1/fastq/SRR162/074/SRR16298174/SRR16298174_2.fastq.gz",
[INFO] [stderr]   29      -         "md5": "39523f0e9757e953cb0a5d707b9e2b58",
[INFO] [stderr]   30      -         "bytes": 10960575
[INFO] [stderr]   31      -       }
[INFO] [stderr]   32      -     ]
[INFO] [stderr]   33      -   }
[INFO] [stderr]   34      - ]
[INFO] [stderr]         3 + Error querying ENA for accession: SRR16298173
[INFO] [stderr]         4 + Error: error sending request for url (https://www.ebi.ac.uk/ena/portal/api/filereport?accession=SRR16298173&result=read_run&format=json): error trying to connect: dns error: failed to lookup address information: Temporary failure in name resolution
[INFO] [stderr]         5 + Error querying ENA for accession: SRR16298174
[INFO] [stderr]         6 + Error: error sending request for url (https://www.ebi.ac.uk/ena/portal/api/filereport?accession=SRR16298174&result=read_run&format=json): error trying to connect: dns error: failed to lookup address information: Temporary failure in name resolution
[INFO] [stderr] stderr:
[INFO] [stderr] 
[INFO] [stderr] Update snapshots with `TRYCMD=overwrite`
[INFO] [stderr] Debug output with `TRYCMD=dump`
[INFO] [stdout] test cli_tests ... FAILED
[INFO] [stdout] 
[INFO] [stdout] failures:
[INFO] [stdout] 
[INFO] [stdout] ---- cli_tests stdout ----
[INFO] [stdout] thread 'cli_tests' panicked at /opt/rustwide/cargo-home/registry/src/index.crates.io-6f17d22bba15001f/trycmd-0.13.5/src/runner.rs:92:17:
[INFO] [stdout] 5 of 5 tests failed
[INFO] [stdout] stack backtrace:
[INFO] [stdout]    0:     0x617360dca6da - std::backtrace_rs::backtrace::libunwind::trace::h207520d6e9873551
[INFO] [stdout]                                at /rustc/df4ca44d3fbc9301ee17f30f4d474e6ae4b05252/library/std/src/../../backtrace/src/backtrace/libunwind.rs:116:5
[INFO] [stdout]    1:     0x617360dca6da - std::backtrace_rs::backtrace::trace_unsynchronized::h2ed7433f370e3eca
[INFO] [stdout]                                at /rustc/df4ca44d3fbc9301ee17f30f4d474e6ae4b05252/library/std/src/../../backtrace/src/backtrace/mod.rs:66:5
[INFO] [stdout]    2:     0x617360dca6da - std::sys::backtrace::_print_fmt::h916fac51166b18d7
[INFO] [stdout]                                at /rustc/df4ca44d3fbc9301ee17f30f4d474e6ae4b05252/library/std/src/sys/backtrace.rs:66:9
[INFO] [stdout]    3:     0x617360dca6da - <std::sys::backtrace::BacktraceLock::print::DisplayBacktrace as core::fmt::Display>::fmt::ha0a4c9b8ce3802e6
[INFO] [stdout]                                at /rustc/df4ca44d3fbc9301ee17f30f4d474e6ae4b05252/library/std/src/sys/backtrace.rs:39:26
[INFO] [stdout]    4:     0x617360df4933 - core::fmt::rt::Argument::fmt::h4cfc8587d52b3eb5
[INFO] [stdout]                                at /rustc/df4ca44d3fbc9301ee17f30f4d474e6ae4b05252/library/core/src/fmt/rt.rs:177:76
[INFO] [stdout]    5:     0x617360df4933 - core::fmt::write::h522cc39e5b36ae9f
[INFO] [stdout]                                at /rustc/df4ca44d3fbc9301ee17f30f4d474e6ae4b05252/library/core/src/fmt/mod.rs:1190:21
[INFO] [stdout]    6:     0x617360dc6163 - std::io::Write::write_fmt::h7d3c26752da97734
[INFO] [stdout]                                at /rustc/df4ca44d3fbc9301ee17f30f4d474e6ae4b05252/library/std/src/io/mod.rs:1839:15
[INFO] [stdout]    7:     0x617360dca522 - std::sys::backtrace::BacktraceLock::print::h4b9e00b29e9c0942
[INFO] [stdout]                                at /rustc/df4ca44d3fbc9301ee17f30f4d474e6ae4b05252/library/std/src/sys/backtrace.rs:42:9
[INFO] [stdout]    8:     0x617360dcc16a - std::panicking::default_hook::{{closure}}::hb59b88280d0324d9
[INFO] [stdout]                                at /rustc/df4ca44d3fbc9301ee17f30f4d474e6ae4b05252/library/std/src/panicking.rs:268:22
[INFO] [stdout]    9:     0x617360dcbf74 - std::panicking::default_hook::he1dd496665be4a29
[INFO] [stdout]                                at /rustc/df4ca44d3fbc9301ee17f30f4d474e6ae4b05252/library/std/src/panicking.rs:292:9
[INFO] [stdout]   10:     0x617360d920b9 - <alloc::boxed::Box<F,A> as core::ops::function::Fn<Args>>::call::h4ff71de18744e1dc
[INFO] [stdout]                                at /rustc/df4ca44d3fbc9301ee17f30f4d474e6ae4b05252/library/alloc/src/boxed.rs:2468:9
[INFO] [stdout]   11:     0x617360d920b9 - test::test_main::{{closure}}::hcf7c055ce117aa81
[INFO] [stdout]                                at /rustc/df4ca44d3fbc9301ee17f30f4d474e6ae4b05252/library/test/src/lib.rs:133:21
[INFO] [stdout]   12:     0x617360dcc868 - <alloc::boxed::Box<F,A> as core::ops::function::Fn<Args>>::call::h1d66c6bbd60c9692
[INFO] [stdout]                                at /rustc/df4ca44d3fbc9301ee17f30f4d474e6ae4b05252/library/alloc/src/boxed.rs:2468:9
[INFO] [stdout]   13:     0x617360dcc868 - std::panicking::rust_panic_with_hook::h2ff17fe8f26dfcf8
[INFO] [stdout]                                at /rustc/df4ca44d3fbc9301ee17f30f4d474e6ae4b05252/library/std/src/panicking.rs:809:13
[INFO] [stdout]   14:     0x617360dcc62a - std::panicking::begin_panic_handler::{{closure}}::h4fad77951c07e101
[INFO] [stdout]                                at /rustc/df4ca44d3fbc9301ee17f30f4d474e6ae4b05252/library/std/src/panicking.rs:674:13
[INFO] [stdout]   15:     0x617360dcabb9 - std::sys::backtrace::__rust_end_short_backtrace::hb1a25b3da5d0ea08
[INFO] [stdout]                                at /rustc/df4ca44d3fbc9301ee17f30f4d474e6ae4b05252/library/std/src/sys/backtrace.rs:170:18
[INFO] [stdout]   16:     0x617360dcc2bc - rust_begin_unwind
[INFO] [stdout]                                at /rustc/df4ca44d3fbc9301ee17f30f4d474e6ae4b05252/library/std/src/panicking.rs:665:5
[INFO] [stdout]   17:     0x617360df3330 - core::panicking::panic_fmt::ha9db07b529f9b256
[INFO] [stdout]                                at /rustc/df4ca44d3fbc9301ee17f30f4d474e6ae4b05252/library/core/src/panicking.rs:75:14
[INFO] [stdout]   18:     0x617360881aa5 - trycmd::runner::Runner::run::h62060627904820e9
[INFO] [stdout]                                at /opt/rustwide/cargo-home/registry/src/index.crates.io-6f17d22bba15001f/trycmd-0.13.5/src/runner.rs:92:17
[INFO] [stdout]   19:     0x6173608bfc06 - trycmd::cases::TestCases::run::hf9149d1e6eac4f78
[INFO] [stdout]                                at /opt/rustwide/cargo-home/registry/src/index.crates.io-6f17d22bba15001f/trycmd-0.13.5/src/cases.rs:165:9
[INFO] [stdout]   20:     0x6173608bfcaa - <trycmd::cases::TestCases as core::ops::drop::Drop>::drop::h10b3a953799a02ce
[INFO] [stdout]                                at /opt/rustwide/cargo-home/registry/src/index.crates.io-6f17d22bba15001f/trycmd-0.13.5/src/cases.rs:175:13
[INFO] [stdout]   21:     0x617360859c77 - core::ptr::drop_in_place<trycmd::cases::TestCases>::hc5a2f9a07a87f826
[INFO] [stdout]                                at /rustc/df4ca44d3fbc9301ee17f30f4d474e6ae4b05252/library/core/src/ptr/mod.rs:521:1
[INFO] [stdout]   22:     0x617360856593 - cli_tests::cli_tests::h81aed8b69118dc36
[INFO] [stdout]                                at /opt/rustwide/workdir/tests/cli_tests.rs:3:56
[INFO] [stdout]   23:     0x617360856517 - cli_tests::cli_tests::{{closure}}::h1d79d979887684c8
[INFO] [stdout]                                at /opt/rustwide/workdir/tests/cli_tests.rs:2:15
[INFO] [stdout]   24:     0x617360856246 - core::ops::function::FnOnce::call_once::hc5121a941cbc61bb
[INFO] [stdout]                                at /rustc/df4ca44d3fbc9301ee17f30f4d474e6ae4b05252/library/core/src/ops/function.rs:250:5
[INFO] [stdout]   25:     0x617360d9698b - core::ops::function::FnOnce::call_once::h22c3ba5715e93f05
[INFO] [stdout]                                at /rustc/df4ca44d3fbc9301ee17f30f4d474e6ae4b05252/library/core/src/ops/function.rs:250:5
[INFO] [stdout]   26:     0x617360d9698b - test::__rust_begin_short_backtrace::h8e82d8113d0da17f
[INFO] [stdout]                                at /rustc/df4ca44d3fbc9301ee17f30f4d474e6ae4b05252/library/test/src/lib.rs:621:18
[INFO] [stdout]   27:     0x617360d96307 - test::run_test_in_process::{{closure}}::h33235f4f20b7b7c7
[INFO] [stdout]                                at /rustc/df4ca44d3fbc9301ee17f30f4d474e6ae4b05252/library/test/src/lib.rs:644:60
[INFO] [stdout]   28:     0x617360d96307 - <core::panic::unwind_safe::AssertUnwindSafe<F> as core::ops::function::FnOnce<()>>::call_once::hb5043206310c586f
[INFO] [stdout]                                at /rustc/df4ca44d3fbc9301ee17f30f4d474e6ae4b05252/library/core/src/panic/unwind_safe.rs:272:9
[INFO] [stdout]   29:     0x617360d96307 - std::panicking::try::do_call::h9ad4731a60ab23e2
[INFO] [stdout]                                at /rustc/df4ca44d3fbc9301ee17f30f4d474e6ae4b05252/library/std/src/panicking.rs:557:40
[INFO] [stdout]   30:     0x617360d96307 - std::panicking::try::h3824d23db772a716
[INFO] [stdout]                                at /rustc/df4ca44d3fbc9301ee17f30f4d474e6ae4b05252/library/std/src/panicking.rs:520:19
[INFO] [stdout]   31:     0x617360d96307 - std::panic::catch_unwind::h5afd514605fde46b
[INFO] [stdout]                                at /rustc/df4ca44d3fbc9301ee17f30f4d474e6ae4b05252/library/std/src/panic.rs:358:14
[INFO] [stdout]   32:     0x617360d96307 - test::run_test_in_process::h0d5cbfa7067d1720
[INFO] [stdout]                                at /rustc/df4ca44d3fbc9301ee17f30f4d474e6ae4b05252/library/test/src/lib.rs:644:27
[INFO] [stdout]   33:     0x617360d96307 - test::run_test::{{closure}}::h708eb8872708115d
[INFO] [stdout]                                at /rustc/df4ca44d3fbc9301ee17f30f4d474e6ae4b05252/library/test/src/lib.rs:565:43
[INFO] [stdout]   34:     0x617360d59a24 - test::run_test::{{closure}}::h392c51cee94713ab
[INFO] [stdout]                                at /rustc/df4ca44d3fbc9301ee17f30f4d474e6ae4b05252/library/test/src/lib.rs:595:41
[INFO] [stdout]   35:     0x617360d59a24 - std::sys::backtrace::__rust_begin_short_backtrace::h2f40290710935a8b
[INFO] [stdout]                                at /rustc/df4ca44d3fbc9301ee17f30f4d474e6ae4b05252/library/std/src/sys/backtrace.rs:154:18
[INFO] [stdout]   36:     0x617360d5d1ce - std::thread::Builder::spawn_unchecked_::{{closure}}::{{closure}}::h3fd968d89053a903
[INFO] [stdout]                                at /rustc/df4ca44d3fbc9301ee17f30f4d474e6ae4b05252/library/std/src/thread/mod.rs:541:17
[INFO] [stdout]   37:     0x617360d5d1ce - <core::panic::unwind_safe::AssertUnwindSafe<F> as core::ops::function::FnOnce<()>>::call_once::h743f637ba4229880
[INFO] [stdout]                                at /rustc/df4ca44d3fbc9301ee17f30f4d474e6ae4b05252/library/core/src/panic/unwind_safe.rs:272:9
[INFO] [stdout]   38:     0x617360d5d1ce - std::panicking::try::do_call::h07440897322525a6
[INFO] [stdout]                                at /rustc/df4ca44d3fbc9301ee17f30f4d474e6ae4b05252/library/std/src/panicking.rs:557:40
[INFO] [stdout]   39:     0x617360d5d1ce - std::panicking::try::he5a2e00188156637
[INFO] [stdout]                                at /rustc/df4ca44d3fbc9301ee17f30f4d474e6ae4b05252/library/std/src/panicking.rs:520:19
[INFO] [stdout]   40:     0x617360d5d1ce - std::panic::catch_unwind::hbaf3cae49b3c6433
[INFO] [stdout]                                at /rustc/df4ca44d3fbc9301ee17f30f4d474e6ae4b05252/library/std/src/panic.rs:358:14
[INFO] [stdout]   41:     0x617360d5d1ce - std::thread::Builder::spawn_unchecked_::{{closure}}::h8e141ea224820bce
[INFO] [stdout]                                at /rustc/df4ca44d3fbc9301ee17f30f4d474e6ae4b05252/library/std/src/thread/mod.rs:540:30
[INFO] [stdout]   42:     0x617360d5d1ce - core::ops::function::FnOnce::call_once{{vtable.shim}}::h90d312fedd7b8ea8
[INFO] [stdout]                                at /rustc/df4ca44d3fbc9301ee17f30f4d474e6ae4b05252/library/core/src/ops/function.rs:250:5
[INFO] [stdout]   43:     0x617360dd22ab - <alloc::boxed::Box<F,A> as core::ops::function::FnOnce<Args>>::call_once::h69aa08ddb6adb8b6
[INFO] [stdout]                                at /rustc/df4ca44d3fbc9301ee17f30f4d474e6ae4b05252/library/alloc/src/boxed.rs:2454:9
[INFO] [stdout]   44:     0x617360dd22ab - <alloc::boxed::Box<F,A> as core::ops::function::FnOnce<Args>>::call_once::h5aa36efdb79c806f
[INFO] [stdout]                                at /rustc/df4ca44d3fbc9301ee17f30f4d474e6ae4b05252/library/alloc/src/boxed.rs:2454:9
[INFO] [stdout]   45:     0x617360dd22ab - std::sys::pal::unix::thread::Thread::new::thread_start::h6cd80a1b4be5158d
[INFO] [stdout]                                at /rustc/df4ca44d3fbc9301ee17f30f4d474e6ae4b05252/library/std/src/sys/pal/unix/thread.rs:105:17
[INFO] [stdout]   46:     0x76c32c79aac3 - <unknown>
[INFO] [stdout]   47:     0x76c32c82ba04 - clone
[INFO] [stdout]   48:                0x0 - <unknown>
[INFO] [stdout] 
[INFO] [stdout] 
[INFO] [stdout] failures:
[INFO] [stdout]     cli_tests
[INFO] [stdout] 
[INFO] [stdout] test result: FAILED. 0 passed; 1 failed; 0 ignored; 0 measured; 0 filtered out; finished in 0.22s
[INFO] [stdout] 
[INFO] [stderr] error: test failed, to rerun pass `--test cli_tests`
[INFO] running `Command { std: "docker" "inspect" "84751e85a047d82630ee6e5f6b94e8f1ded78d410dad336fad4236b400cb1fd2", kill_on_drop: false }`
[INFO] running `Command { std: "docker" "rm" "-f" "84751e85a047d82630ee6e5f6b94e8f1ded78d410dad336fad4236b400cb1fd2", kill_on_drop: false }`
[INFO] [stdout] 84751e85a047d82630ee6e5f6b94e8f1ded78d410dad336fad4236b400cb1fd2
