[INFO] fetching crate pgp 0.14.0...
[INFO] testing pgp-0.14.0 against nightly-2024-10-28 for randomize-layout
[INFO] extracting crate pgp 0.14.0 into /workspace/builds/worker-0-tc1/source
[INFO] validating manifest of crates.io crate pgp 0.14.0 on toolchain nightly-2024-10-28
[INFO] running `Command { std: CARGO_HOME="/workspace/cargo-home" RUSTUP_HOME="/workspace/rustup-home" "/workspace/cargo-home/bin/cargo" "+nightly-2024-10-28" "metadata" "--manifest-path" "Cargo.toml" "--no-deps", kill_on_drop: false }`
[INFO] removed /workspace/builds/worker-0-tc1/source/rust-toolchain
[INFO] started tweaking crates.io crate pgp 0.14.0
[INFO] finished tweaking crates.io crate pgp 0.14.0
[INFO] tweaked toml for crates.io crate pgp 0.14.0 written to /workspace/builds/worker-0-tc1/source/Cargo.toml
[INFO] running `Command { std: CARGO_HOME="/workspace/cargo-home" RUSTUP_HOME="/workspace/rustup-home" "/workspace/cargo-home/bin/cargo" "+nightly-2024-10-28" "generate-lockfile" "--manifest-path" "Cargo.toml", kill_on_drop: false }`
[INFO] [stderr]     Updating crates.io index
[INFO] [stderr]      Locking 241 packages to latest compatible versions
[INFO] [stderr]       Adding base64 v0.21.7 (available: v0.22.1)
[INFO] [stderr]       Adding bitfield v0.14.0 (available: v0.17.0)
[INFO] [stderr]       Adding generic-array v0.14.7 (available: v1.1.0)
[INFO] [stderr]       Adding num_enum v0.5.11 (available: v0.7.3)
[INFO] [stderr]       Adding pgp v0.10.2 (available: v0.14.0)
[INFO] running `Command { std: CARGO_HOME="/workspace/cargo-home" RUSTUP_HOME="/workspace/rustup-home" "/workspace/cargo-home/bin/cargo" "+nightly-2024-10-28" "fetch" "--manifest-path" "Cargo.toml", kill_on_drop: false }`
[INFO] [stderr]  Downloading crates ...
[INFO] [stderr]   Downloaded md5-asm v0.5.2
[INFO] [stderr]   Downloaded x448 v0.6.0
[INFO] [stderr]   Downloaded sha1-asm v0.5.3
[INFO] [stderr]   Downloaded gperftools v0.2.0
[INFO] [stderr]   Downloaded ed448-goldilocks v0.7.2
[INFO] running `Command { std: "docker" "create" "-v" "/var/lib/crater-agent-workspace/builds/worker-0-tc1/target:/opt/rustwide/target:rw,Z" "-v" "/var/lib/crater-agent-workspace/builds/worker-0-tc1/source:/opt/rustwide/workdir:ro,Z" "-v" "/var/lib/crater-agent-workspace/cargo-home:/opt/rustwide/cargo-home:ro,Z" "-v" "/var/lib/crater-agent-workspace/rustup-home:/opt/rustwide/rustup-home:ro,Z" "-e" "SOURCE_DIR=/opt/rustwide/workdir" "-e" "CARGO_TARGET_DIR=/opt/rustwide/target" "-e" "CARGO_HOME=/opt/rustwide/cargo-home" "-e" "RUSTUP_HOME=/opt/rustwide/rustup-home" "-w" "/opt/rustwide/workdir" "-m" "1610612736" "--user" "0:0" "--network" "none" "ghcr.io/rust-lang/crates-build-env/linux@sha256:4a844ea9eb2546a2d2c7022eacef16ef2e8229c7fbb2c7d4d55a9ceca922f72d" "/opt/rustwide/cargo-home/bin/cargo" "+nightly-2024-10-28" "metadata" "--no-deps" "--format-version=1", kill_on_drop: false }`
[INFO] [stdout] cde0f459ddbed6306d528571c281731ab6c4e7efaa642e0c51dbadef0ec37a7a
[INFO] running `Command { std: "docker" "start" "-a" "cde0f459ddbed6306d528571c281731ab6c4e7efaa642e0c51dbadef0ec37a7a", kill_on_drop: false }`
[INFO] running `Command { std: "docker" "inspect" "cde0f459ddbed6306d528571c281731ab6c4e7efaa642e0c51dbadef0ec37a7a", kill_on_drop: false }`
[INFO] running `Command { std: "docker" "rm" "-f" "cde0f459ddbed6306d528571c281731ab6c4e7efaa642e0c51dbadef0ec37a7a", kill_on_drop: false }`
[INFO] [stdout] cde0f459ddbed6306d528571c281731ab6c4e7efaa642e0c51dbadef0ec37a7a
[INFO] running `Command { std: "docker" "create" "-v" "/var/lib/crater-agent-workspace/builds/worker-0-tc1/target:/opt/rustwide/target:rw,Z" "-v" "/var/lib/crater-agent-workspace/builds/worker-0-tc1/source:/opt/rustwide/workdir:ro,Z" "-v" "/var/lib/crater-agent-workspace/cargo-home:/opt/rustwide/cargo-home:ro,Z" "-v" "/var/lib/crater-agent-workspace/rustup-home:/opt/rustwide/rustup-home:ro,Z" "-e" "SOURCE_DIR=/opt/rustwide/workdir" "-e" "CARGO_TARGET_DIR=/opt/rustwide/target" "-e" "CARGO_INCREMENTAL=0" "-e" "RUST_BACKTRACE=full" "-e" "RUSTFLAGS=--cap-lints=forbid" "-e" "RUSTDOCFLAGS=--cap-lints=forbid" "-e" "CARGO_HOME=/opt/rustwide/cargo-home" "-e" "RUSTUP_HOME=/opt/rustwide/rustup-home" "-w" "/opt/rustwide/workdir" "-m" "1610612736" "--user" "0:0" "--network" "none" "ghcr.io/rust-lang/crates-build-env/linux@sha256:4a844ea9eb2546a2d2c7022eacef16ef2e8229c7fbb2c7d4d55a9ceca922f72d" "/opt/rustwide/cargo-home/bin/cargo" "+nightly-2024-10-28" "build" "--frozen" "--message-format=json", kill_on_drop: false }`
[INFO] [stdout] 0c5d05e8de66d8464df85328e8fa31f98d84efe5f6bdc798cfab8d2f972559e9
[INFO] running `Command { std: "docker" "start" "-a" "0c5d05e8de66d8464df85328e8fa31f98d84efe5f6bdc798cfab8d2f972559e9", kill_on_drop: false }`
[INFO] [stderr]    Compiling libc v0.2.161
[INFO] [stderr]    Compiling subtle v2.6.1
[INFO] [stderr]    Compiling num-traits v0.2.19
[INFO] [stderr]    Compiling semver v1.0.23
[INFO] [stderr]    Compiling serde v1.0.214
[INFO] [stderr]    Compiling syn v1.0.109
[INFO] [stderr]    Compiling spin v0.9.8
[INFO] [stderr]    Compiling num-bigint-dig v0.8.4
[INFO] [stderr]    Compiling toml_datetime v0.6.8
[INFO] [stderr]    Compiling smallvec v1.13.2
[INFO] [stderr]    Compiling syn v2.0.86
[INFO] [stderr]    Compiling once_cell v1.20.2
[INFO] [stderr]    Compiling unicode-xid v0.2.6
[INFO] [stderr]    Compiling fiat-crypto v0.1.20
[INFO] [stderr]    Compiling crc24 v0.1.6
[INFO] [stderr]    Compiling miniz_oxide v0.8.0
[INFO] [stderr]    Compiling lazy_static v1.5.0
[INFO] [stderr]    Compiling crc32fast v1.4.2
[INFO] [stderr]    Compiling toml_edit v0.19.15
[INFO] [stderr]    Compiling keccak v0.1.5
[INFO] [stderr]    Compiling buffer-redux v1.0.2
[INFO] [stderr]    Compiling iter-read v1.1.0
[INFO] [stderr]    Compiling bitfield v0.14.0
[INFO] [stderr]    Compiling rustc_version v0.4.1
[INFO] [stderr]    Compiling curve25519-dalek v4.1.3
[INFO] [stderr]    Compiling flate2 v1.0.34
[INFO] [stderr]    Compiling getrandom v0.2.15
[INFO] [stderr]    Compiling rand_core v0.6.4
[INFO] [stderr]    Compiling ff v0.13.0
[INFO] [stderr]    Compiling password-hash v0.5.0
[INFO] [stderr]    Compiling num-integer v0.1.46
[INFO] [stderr]    Compiling chrono v0.4.38
[INFO] [stderr]    Compiling group v0.13.0
[INFO] [stderr]    Compiling num-iter v0.1.45
[INFO] [stderr]    Compiling proc-macro-crate v1.3.1
[INFO] [stderr]    Compiling num_enum_derive v0.5.11
[INFO] [stderr]    Compiling num_enum v0.5.11
[INFO] [stderr]    Compiling darling_core v0.20.10
[INFO] [stderr]    Compiling zeroize_derive v1.4.2
[INFO] [stderr]    Compiling zerocopy-derive v0.7.35
[INFO] [stderr]    Compiling curve25519-dalek-derive v0.1.1
[INFO] [stderr]    Compiling derive_more-impl v1.0.0
[INFO] [stderr]    Compiling thiserror-impl v1.0.66
[INFO] [stderr]    Compiling zeroize v1.8.1
[INFO] [stderr]    Compiling zerocopy v0.7.35
[INFO] [stderr]    Compiling generic-array v0.14.7
[INFO] [stderr]    Compiling der v0.7.9
[INFO] [stderr]    Compiling thiserror v1.0.66
[INFO] [stderr]    Compiling derive_more v1.0.0
[INFO] [stderr]    Compiling ed448-goldilocks v0.7.2
[INFO] [stderr]    Compiling darling_macro v0.20.10
[INFO] [stderr]    Compiling crypto-common v0.1.6
[INFO] [stderr]    Compiling block-buffer v0.10.4
[INFO] [stderr]    Compiling inout v0.1.3
[INFO] [stderr]    Compiling crypto-bigint v0.5.5
[INFO] [stderr]    Compiling dbl v0.3.2
[INFO] [stderr]    Compiling block-padding v0.3.3
[INFO] [stderr]    Compiling ppv-lite86 v0.2.20
[INFO] [stderr]    Compiling x448 v0.6.0
[INFO] [stderr]    Compiling cipher v0.4.4
[INFO] [stderr]    Compiling aead v0.5.2
[INFO] [stderr]    Compiling universal-hash v0.5.1
[INFO] [stderr]    Compiling digest v0.10.7
[INFO] [stderr]    Compiling polyval v0.6.2
[INFO] [stderr]    Compiling darling v0.20.10
[INFO] [stderr]    Compiling derive_builder_core v0.20.2
[INFO] [stderr]    Compiling ghash v0.5.1
[INFO] [stderr]    Compiling hmac v0.12.1
[INFO] [stderr]    Compiling signature v2.2.0
[INFO] [stderr]    Compiling sha2 v0.10.8
[INFO] [stderr]    Compiling blake2 v0.10.6
[INFO] [stderr]    Compiling sha1 v0.10.6
[INFO] [stderr]    Compiling ripemd v0.1.3
[INFO] [stderr]    Compiling md-5 v0.10.6
[INFO] [stderr]    Compiling ctr v0.9.2
[INFO] [stderr]    Compiling aes v0.8.4
[INFO] [stderr]    Compiling ed25519 v2.2.3
[INFO] [stderr]    Compiling cmac v0.7.2
[INFO] [stderr]    Compiling hkdf v0.12.4
[INFO] [stderr]    Compiling rfc6979 v0.4.0
[INFO] [stderr]    Compiling sha1-checked v0.10.0
[INFO] [stderr]    Compiling rand_chacha v0.3.1
[INFO] [stderr]    Compiling cast5 v0.11.1
[INFO] [stderr]    Compiling cfb-mode v0.8.2
[INFO] [stderr]    Compiling twofish v0.7.1
[INFO] [stderr]    Compiling des v0.8.1
[INFO] [stderr]    Compiling idea v0.5.1
[INFO] [stderr]    Compiling eax v0.5.0
[INFO] [stderr]    Compiling ocb3 v0.1.0
[INFO] [stderr]    Compiling spki v0.7.3
[INFO] [stderr]    Compiling argon2 v0.5.3
[INFO] [stderr]    Compiling camellia v0.1.0
[INFO] [stderr]    Compiling rand v0.8.5
[INFO] [stderr]    Compiling blowfish v0.9.1
[INFO] [stderr]    Compiling pkcs8 v0.10.2
[INFO] [stderr]    Compiling aes-gcm v0.10.3
[INFO] [stderr]    Compiling aes-kw v0.2.1
[INFO] [stderr]    Compiling sha3 v0.10.8
[INFO] [stderr]    Compiling sec1 v0.7.3
[INFO] [stderr]    Compiling pkcs1 v0.7.5
[INFO] [stderr]    Compiling derive_builder_macro v0.20.2
[INFO] [stderr]    Compiling derive_builder v0.20.2
[INFO] [stderr]    Compiling ed25519-dalek v2.1.1
[INFO] [stderr]    Compiling x25519-dalek v2.0.1
[INFO] [stderr]    Compiling elliptic-curve v0.13.8
[INFO] [stderr]    Compiling ecdsa v0.16.9
[INFO] [stderr]    Compiling primeorder v0.13.6
[INFO] [stderr]    Compiling p384 v0.13.0
[INFO] [stderr]    Compiling p256 v0.13.2
[INFO] [stderr]    Compiling k256 v0.13.4
[INFO] [stderr]    Compiling p521 v0.13.3
[INFO] [stderr]    Compiling dsa v0.6.3
[INFO] [stderr]    Compiling rsa v0.9.6
[INFO] [stderr]    Compiling pgp v0.14.0 (/opt/rustwide/workdir)
[INFO] [stderr]     Finished `dev` profile [unoptimized + debuginfo] target(s) in 13.71s
[INFO] running `Command { std: "docker" "inspect" "0c5d05e8de66d8464df85328e8fa31f98d84efe5f6bdc798cfab8d2f972559e9", kill_on_drop: false }`
[INFO] running `Command { std: "docker" "rm" "-f" "0c5d05e8de66d8464df85328e8fa31f98d84efe5f6bdc798cfab8d2f972559e9", kill_on_drop: false }`
[INFO] [stdout] 0c5d05e8de66d8464df85328e8fa31f98d84efe5f6bdc798cfab8d2f972559e9
[INFO] running `Command { std: "docker" "create" "-v" "/var/lib/crater-agent-workspace/builds/worker-0-tc1/target:/opt/rustwide/target:rw,Z" "-v" "/var/lib/crater-agent-workspace/builds/worker-0-tc1/source:/opt/rustwide/workdir:ro,Z" "-v" "/var/lib/crater-agent-workspace/cargo-home:/opt/rustwide/cargo-home:ro,Z" "-v" "/var/lib/crater-agent-workspace/rustup-home:/opt/rustwide/rustup-home:ro,Z" "-e" "SOURCE_DIR=/opt/rustwide/workdir" "-e" "CARGO_TARGET_DIR=/opt/rustwide/target" "-e" "CARGO_INCREMENTAL=0" "-e" "RUST_BACKTRACE=full" "-e" "RUSTFLAGS=--cap-lints=forbid" "-e" "RUSTDOCFLAGS=--cap-lints=forbid" "-e" "CARGO_HOME=/opt/rustwide/cargo-home" "-e" "RUSTUP_HOME=/opt/rustwide/rustup-home" "-w" "/opt/rustwide/workdir" "-m" "1610612736" "--user" "0:0" "--network" "none" "ghcr.io/rust-lang/crates-build-env/linux@sha256:4a844ea9eb2546a2d2c7022eacef16ef2e8229c7fbb2c7d4d55a9ceca922f72d" "/opt/rustwide/cargo-home/bin/cargo" "+nightly-2024-10-28" "test" "--frozen" "--no-run" "--message-format=json", kill_on_drop: false }`
[INFO] [stdout] 72bccd096ad8d540f2f8ba229848f7430c3d9375f23ec912129a82624f9e76fc
[INFO] running `Command { std: "docker" "start" "-a" "72bccd096ad8d540f2f8ba229848f7430c3d9375f23ec912129a82624f9e76fc", kill_on_drop: false }`
[INFO] [stderr]    Compiling syn v1.0.109
[INFO] [stderr]    Compiling strsim v0.10.0
[INFO] [stderr]    Compiling crossbeam-utils v0.8.20
[INFO] [stderr]    Compiling serde_derive v1.0.214
[INFO] [stderr]    Compiling ff v0.13.0
[INFO] [stderr]    Compiling either v1.13.0
[INFO] [stderr]    Compiling proc-macro-crate v1.3.1
[INFO] [stderr]    Compiling regex v1.11.1
[INFO] [stderr]    Compiling crypto-common v0.1.6
[INFO] [stderr]    Compiling crypto-bigint v0.5.5
[INFO] [stderr]    Compiling rand_chacha v0.3.1
[INFO] [stderr]    Compiling is-terminal v0.4.13
[INFO] [stderr]    Compiling half v2.4.1
[INFO] [stderr]    Compiling ciborium-io v0.2.2
[INFO] [stderr]    Compiling plotters-backend v0.3.7
[INFO] [stderr]    Compiling clap_lex v0.7.2
[INFO] [stderr]    Compiling anstyle v1.0.9
[INFO] [stderr]    Compiling digest v0.10.7
[INFO] [stderr]    Compiling cipher v0.4.4
[INFO] [stderr]    Compiling group v0.13.0
[INFO] [stderr]    Compiling rand v0.8.5
[INFO] [stderr]    Compiling ctr v0.9.2
[INFO] [stderr]    Compiling aes v0.8.4
[INFO] [stderr]    Compiling aead v0.5.2
[INFO] [stderr]    Compiling hmac v0.12.1
[INFO] [stderr]    Compiling signature v2.2.0
[INFO] [stderr]    Compiling sha2 v0.10.8
[INFO] [stderr]    Compiling curve25519-dalek v4.1.3
[INFO] [stderr]    Compiling universal-hash v0.5.1
[INFO] [stderr]    Compiling ed25519 v2.2.3
[INFO] [stderr]    Compiling sha1 v0.10.6
[INFO] [stderr]    Compiling hkdf v0.12.4
[INFO] [stderr]    Compiling rfc6979 v0.4.0
[INFO] [stderr]    Compiling polyval v0.6.2
[INFO] [stderr]    Compiling crossbeam-epoch v0.9.18
[INFO] [stderr]    Compiling clap_builder v4.5.20
[INFO] [stderr]    Compiling plotters-svg v0.3.7
[INFO] [stderr]    Compiling ciborium-ll v0.2.2
[INFO] [stderr]    Compiling ghash v0.5.1
[INFO] [stderr]    Compiling sha3 v0.10.8
[INFO] [stderr]    Compiling cmac v0.7.2
[INFO] [stderr]    Compiling blake2 v0.10.6
[INFO] [stderr]    Compiling md-5 v0.10.6
[INFO] [stderr]    Compiling ripemd v0.1.3
[INFO] [stderr]    Compiling crossbeam-deque v0.8.5
[INFO] [stderr]    Compiling cfb-mode v0.8.2
[INFO] [stderr]    Compiling des v0.8.1
[INFO] [stderr]    Compiling cast5 v0.11.1
[INFO] [stderr]    Compiling twofish v0.7.1
[INFO] [stderr]    Compiling blowfish v0.9.1
[INFO] [stderr]    Compiling camellia v0.1.0
[INFO] [stderr]    Compiling rayon-core v1.12.1
[INFO] [stderr]    Compiling idea v0.5.1
[INFO] [stderr]    Compiling itertools v0.10.5
[INFO] [stderr]    Compiling password-hash v0.5.0
[INFO] [stderr]    Compiling termcolor v1.4.1
[INFO] [stderr]    Compiling plotters v0.3.7
[INFO] [stderr]    Compiling eax v0.5.0
[INFO] [stderr]    Compiling aes-kw v0.2.1
[INFO] [stderr]    Compiling aes-gcm v0.10.3
[INFO] [stderr]    Compiling sha1-checked v0.10.0
[INFO] [stderr]    Compiling ocb3 v0.1.0
[INFO] [stderr]    Compiling argon2 v0.5.3
[INFO] [stderr]    Compiling num-derive v0.4.2
[INFO] [stderr]    Compiling oorandom v11.1.4
[INFO] [stderr]    Compiling env_logger v0.10.2
[INFO] [stderr]    Compiling rand_xorshift v0.3.0
[INFO] [stderr]    Compiling hex-literal v0.4.1
[INFO] [stderr]    Compiling rayon v1.10.0
[INFO] [stderr]    Compiling elliptic-curve v0.13.8
[INFO] [stderr]    Compiling ed25519-dalek v2.1.1
[INFO] [stderr]    Compiling x25519-dalek v2.0.1
[INFO] [stderr]    Compiling pretty_env_logger v0.5.0
[INFO] [stderr]    Compiling ecdsa v0.16.9
[INFO] [stderr]    Compiling primeorder v0.13.6
[INFO] [stderr]    Compiling clap v4.5.20
[INFO] [stderr]    Compiling criterion-plot v0.5.0
[INFO] [stderr]    Compiling p384 v0.13.0
[INFO] [stderr]    Compiling p256 v0.13.2
[INFO] [stderr]    Compiling k256 v0.13.4
[INFO] [stderr]    Compiling p521 v0.13.3
[INFO] [stderr]    Compiling serde v1.0.214
[INFO] [stderr]    Compiling darling_core v0.14.4
[INFO] [stderr]    Compiling num_enum_derive v0.5.11
[INFO] [stderr]    Compiling num_enum v0.5.11
[INFO] [stderr]    Compiling darling_macro v0.14.4
[INFO] [stderr]    Compiling darling v0.14.4
[INFO] [stderr]    Compiling derive_builder_core v0.12.0
[INFO] [stderr]    Compiling num-bigint-dig v0.8.4
[INFO] [stderr]    Compiling serde_json v1.0.132
[INFO] [stderr]    Compiling ciborium v0.2.2
[INFO] [stderr]    Compiling derive_builder_macro v0.12.0
[INFO] [stderr]    Compiling derive_builder v0.12.0
[INFO] [stderr]    Compiling tinytemplate v1.2.1
[INFO] [stderr]    Compiling rsa v0.9.6
[INFO] [stderr]    Compiling dsa v0.6.3
[INFO] [stderr]    Compiling criterion v0.5.1
[INFO] [stderr]    Compiling pgp v0.10.2
[INFO] [stderr]    Compiling pgp v0.14.0 (/opt/rustwide/workdir)
[INFO] [stderr]     Finished `test` profile [unoptimized + debuginfo] target(s) in 26.04s
[INFO] running `Command { std: "docker" "inspect" "72bccd096ad8d540f2f8ba229848f7430c3d9375f23ec912129a82624f9e76fc", kill_on_drop: false }`
[INFO] running `Command { std: "docker" "rm" "-f" "72bccd096ad8d540f2f8ba229848f7430c3d9375f23ec912129a82624f9e76fc", kill_on_drop: false }`
[INFO] [stdout] 72bccd096ad8d540f2f8ba229848f7430c3d9375f23ec912129a82624f9e76fc
[INFO] running `Command { std: "docker" "create" "-v" "/var/lib/crater-agent-workspace/builds/worker-0-tc1/target:/opt/rustwide/target:rw,Z" "-v" "/var/lib/crater-agent-workspace/builds/worker-0-tc1/source:/opt/rustwide/workdir:ro,Z" "-v" "/var/lib/crater-agent-workspace/cargo-home:/opt/rustwide/cargo-home:ro,Z" "-v" "/var/lib/crater-agent-workspace/rustup-home:/opt/rustwide/rustup-home:ro,Z" "-e" "SOURCE_DIR=/opt/rustwide/workdir" "-e" "CARGO_TARGET_DIR=/opt/rustwide/target" "-e" "CARGO_INCREMENTAL=0" "-e" "RUST_BACKTRACE=full" "-e" "RUSTFLAGS=--cap-lints=forbid" "-e" "RUSTDOCFLAGS=--cap-lints=forbid" "-e" "CARGO_HOME=/opt/rustwide/cargo-home" "-e" "RUSTUP_HOME=/opt/rustwide/rustup-home" "-w" "/opt/rustwide/workdir" "-m" "1610612736" "--user" "0:0" "--network" "none" "ghcr.io/rust-lang/crates-build-env/linux@sha256:4a844ea9eb2546a2d2c7022eacef16ef2e8229c7fbb2c7d4d55a9ceca922f72d" "/opt/rustwide/cargo-home/bin/cargo" "+nightly-2024-10-28" "test" "--frozen", kill_on_drop: false }`
[INFO] [stdout] c642144e763f4474ed6a569b33c7d340187cec871da55266cf15cc5eb539bf56
[INFO] running `Command { std: "docker" "start" "-a" "c642144e763f4474ed6a569b33c7d340187cec871da55266cf15cc5eb539bf56", kill_on_drop: false }`
[INFO] [stderr]     Finished `test` profile [unoptimized + debuginfo] target(s) in 0.21s
[INFO] [stderr]      Running unittests src/lib.rs (/opt/rustwide/target/debug/deps/pgp-ab7ac6719263d3dd)
[INFO] [stdout] 
[INFO] [stdout] running 145 tests
[INFO] [stdout] test armor::reader::tests::test_armor_header_line ... ok
[INFO] [stdout] test armor::reader::tests::test_armor_headers ... ok
[INFO] [stdout] test armor::reader::tests::test_armor_header ... ok
[INFO] [stdout] test armor::reader::tests::test_armor_headers_lines ... ok
[INFO] [stdout] test armor::reader::tests::test_hash_header_line ... ok
[INFO] [stdout] test armor::reader::tests::test_footer_parser ... ok
[INFO] [stdout] test armor::reader::tests::test_dearmor_small_stream ... ok
[INFO] [stdout] test armor::reader::tests::test_key_value_pair_single ... ok
[INFO] [stdout] test armor::reader::tests::test_key_value_pairs_multiple ... ok
[INFO] [stdout] test armor::reader::tests::test_key_value_pairs_single ... ok
[INFO] [stdout] test armor::reader::tests::test_parse_armor_missing_header_value ... ok
[INFO] [stdout] test armor::reader::tests::test_parse_armor_full ... ok
[INFO] [stdout] test armor::reader::tests::test_parse_armor_small ... ok
[INFO] [stdout] test armor::reader::tests::test_parse_armor_full_no_header ... ok
[INFO] [stdout] test armor::reader::tests::test_parse_armor_two_entries ... ok
[INFO] [stdout] test armor::reader::tests::test_parse_armor_whitespace ... ok
[INFO] [stdout] test base64_reader::tests::test_base64_reader_n_lineending ... ok
[INFO] [stdout] test composed::cleartext::tests::test_cleartext_body ... ok
[INFO] [stdout] test composed::cleartext::tests::test_cleartext_interop_testsuite_1_fail ... ok
[INFO] [stdout] test composed::cleartext::tests::test_cleartext_interop_testsuite_1_any ... ok
[INFO] [stdout] test armor::reader::tests::test_regression_long_key_2_2 ... ok
[INFO] [stdout] test base64_decoder::tests::test_base64_decoder_with_base64_reader ... ok
[INFO] [stdout] test base64_decoder::tests::test_base64_decoder_with_end_base ... ok
[INFO] [stdout] test composed::cleartext::tests::test_cleartext_interop_testsuite_2_fail ... ok
[INFO] [stdout] test base64_decoder::tests::test_base64_decoder_with_end_no_linebreak ... ok
[INFO] [stdout] test composed::cleartext::tests::test_cleartext_openpgp_1 ... ok
[INFO] [stdout] test base64_decoder::tests::test_base64_decoder_with_end_one_linebreak ... ok
[INFO] [stdout] test armor::reader::tests::test_regression_long_key_2_1 ... ok
[INFO] [stdout] test composed::key::builder::tests::key_gen_25519_legacy_long ... ignored
[INFO] [stdout] test composed::cleartext::tests::test_cleartext_openpgp_2 ... ok
[INFO] [stdout] test composed::cleartext::tests::test_cleartext_openpgp_3 ... ok
[INFO] [stdout] test composed::cleartext::tests::test_dash_escape ... ok
[INFO] [stdout] test composed::key::builder::tests::key_gen_25519_rfc9580_long ... ignored
[INFO] [stdout] test composed::key::builder::tests::key_gen_dsa ... ignored
[INFO] [stdout] test composed::key::builder::tests::test_key_gen_rsa_2048 ... ignored
[INFO] [stdout] test composed::message::types::tests::test_compression_quine ... ok
[INFO] [stdout] test composed::message::types::tests::test_compression_uncompressed ... ok
[INFO] [stdout] test composed::cleartext::tests::test_cleartext_interop_testsuite_1_good ... ok
[INFO] [stdout] test composed::message::types::tests::test_compression_zip ... ok
[INFO] [stdout] test composed::message::types::tests::test_compression_zlib ... ok
[INFO] [stdout] test composed::message::types::tests::test_no_plaintext_decryption ... ok
[INFO] [stdout] test base64_reader::tests::test_regression_long_key ... ok
[INFO] [stdout] test armor::writer::tests::writes_no_doubleline ... ok
[INFO] [stdout] test composed::message::types::tests::test_rsa_encryption_seipdv1 ... ok
[INFO] [stdout] test armor::writer::tests::writes_no_checksum ... ok
[INFO] [stdout] test armor::reader::tests::test_regression_long_key_1 ... ok
[INFO] [stdout] test composed::message::types::tests::test_rsa_signing_bytes ... ok
[INFO] [stdout] test composed::message::types::tests::test_rsa_encryption_seipdv2 ... FAILED
[INFO] [stdout] test composed::message::types::tests::test_rsa_signing_bytes_compressed ... ok
[INFO] [stdout] test composed::message::types::tests::test_v6_annex_a_7 ... ok
[INFO] [stdout] test composed::message::types::tests::test_v6_annex_a_6 ... ok
[INFO] [stdout] test composed::message::types::tests::test_v6_annex_a_8 ... ok
[INFO] [stdout] test composed::message::types::tests::test_text_signature_normalization ... ok
[INFO] [stdout] test composed::message::types::tests::test_x25519_encryption_seipdv2 ... FAILED
[INFO] [stdout] test composed::cleartext::tests::test_sign_no_newline ... ok
[INFO] [stdout] test composed::message::types::tests::test_x25519_signing_bytes ... ok
[INFO] [stdout] test composed::message::types::tests::test_x25519_signing_string ... ok
[INFO] [stdout] test composed::signed_key::secret::tests::secret_key_protection_v6 ... ignored
[INFO] [stdout] test composed::message::types::tests::test_x25519_signing_bytes_compressed ... ok
[INFO] [stdout] test composed::signed_key::secret::tests::test_v6_annex_a_5 ... ignored
[INFO] [stdout] test crypto::aes_kw::tests::wrap_unwrap_128_key_128_kek ... ok
[INFO] [stdout] test crypto::aes_kw::tests::wrap_unwrap_128_key_192_kek ... ok
[INFO] [stdout] test crypto::aes_kw::tests::wrap_unwrap_128_key_256_kek ... ok
[INFO] [stdout] test crypto::aes_kw::tests::wrap_unwrap_192_key_192_kek ... ok
[INFO] [stdout] test crypto::aes_kw::tests::wrap_unwrap_192_key_256_kek ... ok
[INFO] [stdout] test crypto::aes_kw::tests::wrap_unwrap_256_key_256_kek ... ok
[INFO] [stdout] test composed::cleartext::tests::test_sign ... ok
[INFO] [stdout] test composed::signed_key::secret::tests::test_v6_annex_a_4 ... ok
[INFO] [stdout] test crypto::ecc_curve::tests::test_asn1_der_object_id_val_enc ... ok
[INFO] [stdout] test composed::signed_key::public::tests::test_v6_annex_a_3 ... ok
[INFO] [stdout] test crypto::ecc_curve::tests::test_ecc_curve_from_oid ... ok
[INFO] [stdout] test crypto::ecc_curve::tests::test_ecc_curve_to_oid ... ok
[INFO] [stdout] test crypto::ecc_curve::tests::test_unknown_ecc_curve ... ok
[INFO] [stdout] test crypto::ecdh::tests::test_decrypt_padding ... ok
[INFO] [stdout] test crypto::sym::tests::decrypt_without_enough_ciphertext ... ok
[INFO] [stdout] test crypto::dsa::test::test_dsa_1024 ... ok
[INFO] [stdout] test crypto::sym::tests::roundtrip_aes128 ... ok
[INFO] [stdout] test base64_decoder::tests::test_base64_decoder_roundtrip_standard_1000_no_newlines ... ok
[INFO] [stdout] test crypto::sym::tests::roundtrip_aes192 ... ok
[INFO] [stdout] test crypto::sym::tests::roundtrip_aes256 ... ok
[INFO] [stdout] test base64_decoder::tests::test_base64_decoder_roundtrip_standard_1000_newlines ... ok
[INFO] [stdout] test crypto::sym::tests::roundtrip_blowfish ... ok
[INFO] [stdout] test crypto::sym::tests::roundtrip_camellia128 ... ok
[INFO] [stdout] test crypto::sym::tests::roundtrip_idea ... ok
[INFO] [stdout] test crypto::dsa::test::test_dsa_2048 ... ok
[INFO] [stdout] test crypto::sym::tests::roundtrip_cast5 ... ok
[INFO] [stdout] test crypto::sym::tests::roundtrip_camellia256 ... ok
[INFO] [stdout] test crypto::x25519::tests::x25519_hkdf ... ok
[INFO] [stdout] test crypto::sym::tests::roundtrip_camellia192 ... ok
[INFO] [stdout] test line_writer::tests::simple_writes ... ok
[INFO] [stdout] test line_writer::tests::test_break_line_len_1 ... ok
[INFO] [stdout] test line_writer::tests::test_break_line_len_10 ... ok
[INFO] [stdout] test line_writer::tests::test_break_line_len_100 ... ok
[INFO] [stdout] test line_writer::tests::test_break_line_len_2 ... ok
[INFO] [stdout] test line_writer::tests::test_break_line_len_74 ... ok
[INFO] [stdout] test line_writer::tests::test_key_roundtrip ... ok
[INFO] [stdout] test normalize_lines::tests::normalized_cr ... ok
[INFO] [stdout] test normalize_lines::tests::normalized_crlf ... ok
[INFO] [stdout] test normalize_lines::tests::normalized_lf ... ok
[INFO] [stdout] test packet::key::secret::tests::secret_key_protection_v4 ... ignored
[INFO] [stdout] test packet::literal_data::test_utf8_literal ... ok
[INFO] [stdout] test packet::many::tests::incomplete_packet_parser ... ok
[INFO] [stdout] test packet::many::tests::test_many_parser ... ignored
[INFO] [stdout] test packet::many::tests::test_packet_roundtrip_0001 ... ignored
[INFO] [stdout] test packet::many::tests::test_packet_roundtrip_0002 ... ignored
[INFO] [stdout] test packet::many::tests::test_packet_roundtrip_0009 ... ignored
[INFO] [stdout] test packet::many::tests::test_partial_length_encoding ... ok
[INFO] [stdout] test packet::padding::tests::test_padding_new ... ok
[INFO] [stdout] test packet::padding::tests::test_padding_roundtrip ... ok
[INFO] [stdout] test packet::signature::de::tests::test_subpacket_pref_sym_alg ... ok
[INFO] [stdout] test packet::signature::de::tests::test_unknown_revocation_code ... ok
[INFO] [stdout] test packet::signature::ser::tests::packet_signature_roundtrip_openpgp_sig_1_key_1 ... ok
[INFO] [stdout] test packet::signature::ser::tests::packet_signature_roundtrip_openpgp_sig_1_key_2 ... ok
[INFO] [stdout] test packet::signature::ser::tests::packet_signature_roundtrip_openpgp_sig_2_keys_1 ... ok
[INFO] [stdout] test packet::signature::ser::tests::packet_signature_roundtrip_openpgp_sig_2_keys_2 ... ok
[INFO] [stdout] test packet::signature::ser::tests::packet_signature_roundtrip_openpgp_with_unicode ... ok
[INFO] [stdout] test packet::signature::types::tests::test_critical ... ok
[INFO] [stdout] test packet::signature::types::tests::test_keyflags ... ok
[INFO] [stdout] test composed::message::types::tests::test_password_encryption_seipdv2 ... FAILED
[INFO] [stdout] test packet::user_id::tests::test_user_id_certification ... ok
[INFO] [stdout] test types::mpi::tests::test_bignum_mpi ... ok
[INFO] [stdout] test types::mpi::tests::test_mpi ... ok
[INFO] [stdout] test types::packet::tests::test_write_header ... ok
[INFO] [stdout] test packet::sym_encrypted_protected_data::tests::test_aead_message_sizes ... ok
[INFO] [stdout] test types::s2k::tests::argon2 ... ignored
[INFO] [stdout] test types::s2k::tests::argon2_skesk_msg ... ignored
[INFO] [stdout] test types::s2k::tests::iterated_and_salted ... ignored
[INFO] [stdout] test util::tests::test_strip_leading_zeros_with_all_zeros ... ok
[INFO] [stdout] test util::tests::test_write_packet_len ... ok
[INFO] [stdout] test util::tests::test_write_packet_length ... ok
[INFO] [stdout] test crypto::x25519::tests::test_encrypt_decrypt ... ok
[INFO] [stdout] test composed::message::types::tests::test_x25519_encryption_seipdv1 ... ok
[INFO] [stdout] test composed::key::builder::tests::key_gen_ecdsa_secp256k1 ... ok
[INFO] [stdout] test composed::message::types::tests::test_rsa_signing_string ... ok
[INFO] [stdout] test composed::message::types::tests::test_password_encryption_seipdv1 ... ok
[INFO] [stdout] test crypto::sym::tests::roundtrip_tripledes ... ok
[INFO] [stdout] test crypto::x448::tests::test_encrypt_decrypt ... ok
[INFO] [stdout] test crypto::sym::tests::roundtrip_twofish ... ok
[INFO] [stdout] test composed::key::builder::tests::key_gen_25519_legacy_short ... ok
[INFO] [stdout] test composed::key::builder::tests::key_gen_25519_rfc9580_short ... ok
[INFO] [stdout] test types::s2k::tests::aead_skesk_msg ... ok
[INFO] [stdout] test composed::key::builder::tests::key_gen_ecdsa_p256 ... ok
[INFO] [stdout] test composed::key::builder::tests::key_gen_ecdsa_p521 ... ok
[INFO] [stdout] test composed::key::builder::tests::key_gen_ecdsa_p384 has been running for over 60 seconds
[INFO] [stdout] test crypto::ecdh::tests::test_encrypt_decrypt has been running for over 60 seconds
[INFO] [stdout] test composed::key::builder::tests::key_gen_ecdsa_p384 ... ok
[INFO] [stdout] test crypto::ecdh::tests::test_encrypt_decrypt ... ok
[INFO] [stdout] 
[INFO] [stdout] failures:
[INFO] [stdout] 
[INFO] [stdout] ---- composed::message::types::tests::test_rsa_encryption_seipdv2 stdout ----
[INFO] [stdout] thread 'composed::message::types::tests::test_rsa_encryption_seipdv2' panicked at src/composed/message/types.rs:1017:50:
[INFO] [stdout] called `Result::unwrap()` on an `Err` value: Os { code: 30, kind: ReadOnlyFilesystem, message: "Read-only file system" }
[INFO] [stdout] stack backtrace:
[INFO] [stdout]    0:     0x5be71aea5bca - std::backtrace_rs::backtrace::libunwind::trace::h207520d6e9873551
[INFO] [stdout]                                at /rustc/df4ca44d3fbc9301ee17f30f4d474e6ae4b05252/library/std/src/../../backtrace/src/backtrace/libunwind.rs:116:5
[INFO] [stdout]    1:     0x5be71aea5bca - std::backtrace_rs::backtrace::trace_unsynchronized::h2ed7433f370e3eca
[INFO] [stdout]                                at /rustc/df4ca44d3fbc9301ee17f30f4d474e6ae4b05252/library/std/src/../../backtrace/src/backtrace/mod.rs:66:5
[INFO] [stdout]    2:     0x5be71aea5bca - std::sys::backtrace::_print_fmt::h916fac51166b18d7
[INFO] [stdout]                                at /rustc/df4ca44d3fbc9301ee17f30f4d474e6ae4b05252/library/std/src/sys/backtrace.rs:66:9
[INFO] [stdout]    3:     0x5be71aea5bca - <std::sys::backtrace::BacktraceLock::print::DisplayBacktrace as core::fmt::Display>::fmt::ha0a4c9b8ce3802e6
[INFO] [stdout]                                at /rustc/df4ca44d3fbc9301ee17f30f4d474e6ae4b05252/library/std/src/sys/backtrace.rs:39:26
[INFO] [stdout]    4:     0x5be71aecdca3 - core::fmt::rt::Argument::fmt::h4cfc8587d52b3eb5
[INFO] [stdout]                                at /rustc/df4ca44d3fbc9301ee17f30f4d474e6ae4b05252/library/core/src/fmt/rt.rs:177:76
[INFO] [stdout]    5:     0x5be71aecdca3 - core::fmt::write::h522cc39e5b36ae9f
[INFO] [stdout]                                at /rustc/df4ca44d3fbc9301ee17f30f4d474e6ae4b05252/library/core/src/fmt/mod.rs:1190:21
[INFO] [stdout]    6:     0x5be71aea2693 - std::io::Write::write_fmt::h7d3c26752da97734
[INFO] [stdout]                                at /rustc/df4ca44d3fbc9301ee17f30f4d474e6ae4b05252/library/std/src/io/mod.rs:1839:15
[INFO] [stdout]    7:     0x5be71aea5a12 - std::sys::backtrace::BacktraceLock::print::h4b9e00b29e9c0942
[INFO] [stdout]                                at /rustc/df4ca44d3fbc9301ee17f30f4d474e6ae4b05252/library/std/src/sys/backtrace.rs:42:9
[INFO] [stdout]    8:     0x5be71aea705a - std::panicking::default_hook::{{closure}}::hb59b88280d0324d9
[INFO] [stdout]                                at /rustc/df4ca44d3fbc9301ee17f30f4d474e6ae4b05252/library/std/src/panicking.rs:268:22
[INFO] [stdout]    9:     0x5be71aea6e64 - std::panicking::default_hook::he1dd496665be4a29
[INFO] [stdout]                                at /rustc/df4ca44d3fbc9301ee17f30f4d474e6ae4b05252/library/std/src/panicking.rs:292:9
[INFO] [stdout]   10:     0x5be71a991da9 - <alloc::boxed::Box<F,A> as core::ops::function::Fn<Args>>::call::h4ff71de18744e1dc
[INFO] [stdout]                                at /rustc/df4ca44d3fbc9301ee17f30f4d474e6ae4b05252/library/alloc/src/boxed.rs:2468:9
[INFO] [stdout]   11:     0x5be71a991da9 - test::test_main::{{closure}}::hcf7c055ce117aa81
[INFO] [stdout]                                at /rustc/df4ca44d3fbc9301ee17f30f4d474e6ae4b05252/library/test/src/lib.rs:133:21
[INFO] [stdout]   12:     0x5be71aea7758 - <alloc::boxed::Box<F,A> as core::ops::function::Fn<Args>>::call::h1d66c6bbd60c9692
[INFO] [stdout]                                at /rustc/df4ca44d3fbc9301ee17f30f4d474e6ae4b05252/library/alloc/src/boxed.rs:2468:9
[INFO] [stdout]   13:     0x5be71aea7758 - std::panicking::rust_panic_with_hook::h2ff17fe8f26dfcf8
[INFO] [stdout]                                at /rustc/df4ca44d3fbc9301ee17f30f4d474e6ae4b05252/library/std/src/panicking.rs:809:13
[INFO] [stdout]   14:     0x5be71aea751a - std::panicking::begin_panic_handler::{{closure}}::h4fad77951c07e101
[INFO] [stdout]                                at /rustc/df4ca44d3fbc9301ee17f30f4d474e6ae4b05252/library/std/src/panicking.rs:674:13
[INFO] [stdout]   15:     0x5be71aea60a9 - std::sys::backtrace::__rust_end_short_backtrace::hb1a25b3da5d0ea08
[INFO] [stdout]                                at /rustc/df4ca44d3fbc9301ee17f30f4d474e6ae4b05252/library/std/src/sys/backtrace.rs:170:18
[INFO] [stdout]   16:     0x5be71aea71ac - rust_begin_unwind
[INFO] [stdout]                                at /rustc/df4ca44d3fbc9301ee17f30f4d474e6ae4b05252/library/std/src/panicking.rs:665:5
[INFO] [stdout]   17:     0x5be71aecc250 - core::panicking::panic_fmt::ha9db07b529f9b256
[INFO] [stdout]                                at /rustc/df4ca44d3fbc9301ee17f30f4d474e6ae4b05252/library/core/src/panicking.rs:75:14
[INFO] [stdout]   18:     0x5be71aecc736 - core::result::unwrap_failed::h5e8218e4d4338b8a
[INFO] [stdout]                                at /rustc/df4ca44d3fbc9301ee17f30f4d474e6ae4b05252/library/core/src/result.rs:1698:5
[INFO] [stdout]   19:     0x5be71a411d13 - core::result::Result<T,E>::unwrap::hb83641653b65c8ae
[INFO] [stdout]                                at /rustc/df4ca44d3fbc9301ee17f30f4d474e6ae4b05252/library/core/src/result.rs:1103:23
[INFO] [stdout]   20:     0x5be71a411d13 - pgp::composed::message::types::tests::test_rsa_encryption_seipdv2::h53b614a6de288348
[INFO] [stdout]                                at /opt/rustwide/workdir/src/composed/message/types.rs:1017:9
[INFO] [stdout]   21:     0x5be71a411097 - pgp::composed::message::types::tests::test_rsa_encryption_seipdv2::{{closure}}::hc49addd3cd9df34b
[INFO] [stdout]                                at /opt/rustwide/workdir/src/composed/message/types.rs:980:37
[INFO] [stdout]   22:     0x5be71a7762a6 - core::ops::function::FnOnce::call_once::h2ba6b7ec232f0fb5
[INFO] [stdout]                                at /rustc/df4ca44d3fbc9301ee17f30f4d474e6ae4b05252/library/core/src/ops/function.rs:250:5
[INFO] [stdout]   23:     0x5be71a99667b - core::ops::function::FnOnce::call_once::h22c3ba5715e93f05
[INFO] [stdout]                                at /rustc/df4ca44d3fbc9301ee17f30f4d474e6ae4b05252/library/core/src/ops/function.rs:250:5
[INFO] [stdout]   24:     0x5be71a99667b - test::__rust_begin_short_backtrace::h8e82d8113d0da17f
[INFO] [stdout]                                at /rustc/df4ca44d3fbc9301ee17f30f4d474e6ae4b05252/library/test/src/lib.rs:621:18
[INFO] [stdout]   25:     0x5be71a995ff7 - test::run_test_in_process::{{closure}}::h33235f4f20b7b7c7
[INFO] [stdout]                                at /rustc/df4ca44d3fbc9301ee17f30f4d474e6ae4b05252/library/test/src/lib.rs:644:60
[INFO] [stdout]   26:     0x5be71a995ff7 - <core::panic::unwind_safe::AssertUnwindSafe<F> as core::ops::function::FnOnce<()>>::call_once::hb5043206310c586f
[INFO] [stdout]                                at /rustc/df4ca44d3fbc9301ee17f30f4d474e6ae4b05252/library/core/src/panic/unwind_safe.rs:272:9
[INFO] [stdout]   27:     0x5be71a995ff7 - std::panicking::try::do_call::h9ad4731a60ab23e2
[INFO] [stdout]                                at /rustc/df4ca44d3fbc9301ee17f30f4d474e6ae4b05252/library/std/src/panicking.rs:557:40
[INFO] [stdout]   28:     0x5be71a995ff7 - std::panicking::try::h3824d23db772a716
[INFO] [stdout]                                at /rustc/df4ca44d3fbc9301ee17f30f4d474e6ae4b05252/library/std/src/panicking.rs:520:19
[INFO] [stdout]   29:     0x5be71a995ff7 - std::panic::catch_unwind::h5afd514605fde46b
[INFO] [stdout]                                at /rustc/df4ca44d3fbc9301ee17f30f4d474e6ae4b05252/library/std/src/panic.rs:358:14
[INFO] [stdout]   30:     0x5be71a995ff7 - test::run_test_in_process::h0d5cbfa7067d1720
[INFO] [stdout]                                at /rustc/df4ca44d3fbc9301ee17f30f4d474e6ae4b05252/library/test/src/lib.rs:644:27
[INFO] [stdout]   31:     0x5be71a995ff7 - test::run_test::{{closure}}::h708eb8872708115d
[INFO] [stdout]                                at /rustc/df4ca44d3fbc9301ee17f30f4d474e6ae4b05252/library/test/src/lib.rs:565:43
[INFO] [stdout]   32:     0x5be71a959714 - test::run_test::{{closure}}::h392c51cee94713ab
[INFO] [stdout]                                at /rustc/df4ca44d3fbc9301ee17f30f4d474e6ae4b05252/library/test/src/lib.rs:595:41
[INFO] [stdout]   33:     0x5be71a959714 - std::sys::backtrace::__rust_begin_short_backtrace::h2f40290710935a8b
[INFO] [stdout]                                at /rustc/df4ca44d3fbc9301ee17f30f4d474e6ae4b05252/library/std/src/sys/backtrace.rs:154:18
[INFO] [stdout]   34:     0x5be71a95cebe - std::thread::Builder::spawn_unchecked_::{{closure}}::{{closure}}::h3fd968d89053a903
[INFO] [stdout]                                at /rustc/df4ca44d3fbc9301ee17f30f4d474e6ae4b05252/library/std/src/thread/mod.rs:541:17
[INFO] [stdout]   35:     0x5be71a95cebe - <core::panic::unwind_safe::AssertUnwindSafe<F> as core::ops::function::FnOnce<()>>::call_once::h743f637ba4229880
[INFO] [stdout]                                at /rustc/df4ca44d3fbc9301ee17f30f4d474e6ae4b05252/library/core/src/panic/unwind_safe.rs:272:9
[INFO] [stdout]   36:     0x5be71a95cebe - std::panicking::try::do_call::h07440897322525a6
[INFO] [stdout]                                at /rustc/df4ca44d3fbc9301ee17f30f4d474e6ae4b05252/library/std/src/panicking.rs:557:40
[INFO] [stdout]   37:     0x5be71a95cebe - std::panicking::try::he5a2e00188156637
[INFO] [stdout]                                at /rustc/df4ca44d3fbc9301ee17f30f4d474e6ae4b05252/library/std/src/panicking.rs:520:19
[INFO] [stdout]   38:     0x5be71a95cebe - std::panic::catch_unwind::hbaf3cae49b3c6433
[INFO] [stdout]                                at /rustc/df4ca44d3fbc9301ee17f30f4d474e6ae4b05252/library/std/src/panic.rs:358:14
[INFO] [stdout]   39:     0x5be71a95cebe - std::thread::Builder::spawn_unchecked_::{{closure}}::h8e141ea224820bce
[INFO] [stdout]                                at /rustc/df4ca44d3fbc9301ee17f30f4d474e6ae4b05252/library/std/src/thread/mod.rs:540:30
[INFO] [stdout]   40:     0x5be71a95cebe - core::ops::function::FnOnce::call_once{{vtable.shim}}::h90d312fedd7b8ea8
[INFO] [stdout]                                at /rustc/df4ca44d3fbc9301ee17f30f4d474e6ae4b05252/library/core/src/ops/function.rs:250:5
[INFO] [stdout]   41:     0x5be71aeab55b - <alloc::boxed::Box<F,A> as core::ops::function::FnOnce<Args>>::call_once::h69aa08ddb6adb8b6
[INFO] [stdout]                                at /rustc/df4ca44d3fbc9301ee17f30f4d474e6ae4b05252/library/alloc/src/boxed.rs:2454:9
[INFO] [stdout]   42:     0x5be71aeab55b - <alloc::boxed::Box<F,A> as core::ops::function::FnOnce<Args>>::call_once::h5aa36efdb79c806f
[INFO] [stdout]                                at /rustc/df4ca44d3fbc9301ee17f30f4d474e6ae4b05252/library/alloc/src/boxed.rs:2454:9
[INFO] [stdout]   43:     0x5be71aeab55b - std::sys::pal::unix::thread::Thread::new::thread_start::h6cd80a1b4be5158d
[INFO] [stdout]                                at /rustc/df4ca44d3fbc9301ee17f30f4d474e6ae4b05252/library/std/src/sys/pal/unix/thread.rs:105:17
[INFO] [stdout]   44:     0x79bb418beac3 - <unknown>
[INFO] [stdout]   45:     0x79bb4194fa04 - clone
[INFO] [stdout]   46:                0x0 - <unknown>
[INFO] [stdout] 
[INFO] [stdout] ---- composed::message::types::tests::test_x25519_encryption_seipdv2 stdout ----
[INFO] [stdout] thread 'composed::message::types::tests::test_x25519_encryption_seipdv2' panicked at src/composed/message/types.rs:1081:65:
[INFO] [stdout] called `Result::unwrap()` on an `Err` value: Os { code: 30, kind: ReadOnlyFilesystem, message: "Read-only file system" }
[INFO] [stdout] stack backtrace:
[INFO] [stdout]    0:     0x5be71aea5bca - std::backtrace_rs::backtrace::libunwind::trace::h207520d6e9873551
[INFO] [stdout]                                at /rustc/df4ca44d3fbc9301ee17f30f4d474e6ae4b05252/library/std/src/../../backtrace/src/backtrace/libunwind.rs:116:5
[INFO] [stdout]    1:     0x5be71aea5bca - std::backtrace_rs::backtrace::trace_unsynchronized::h2ed7433f370e3eca
[INFO] [stdout]                                at /rustc/df4ca44d3fbc9301ee17f30f4d474e6ae4b05252/library/std/src/../../backtrace/src/backtrace/mod.rs:66:5
[INFO] [stdout]    2:     0x5be71aea5bca - std::sys::backtrace::_print_fmt::h916fac51166b18d7
[INFO] [stdout]                                at /rustc/df4ca44d3fbc9301ee17f30f4d474e6ae4b05252/library/std/src/sys/backtrace.rs:66:9
[INFO] [stdout]    3:     0x5be71aea5bca - <std::sys::backtrace::BacktraceLock::print::DisplayBacktrace as core::fmt::Display>::fmt::ha0a4c9b8ce3802e6
[INFO] [stdout]                                at /rustc/df4ca44d3fbc9301ee17f30f4d474e6ae4b05252/library/std/src/sys/backtrace.rs:39:26
[INFO] [stdout]    4:     0x5be71aecdca3 - core::fmt::rt::Argument::fmt::h4cfc8587d52b3eb5
[INFO] [stdout]                                at /rustc/df4ca44d3fbc9301ee17f30f4d474e6ae4b05252/library/core/src/fmt/rt.rs:177:76
[INFO] [stdout]    5:     0x5be71aecdca3 - core::fmt::write::h522cc39e5b36ae9f
[INFO] [stdout]                                at /rustc/df4ca44d3fbc9301ee17f30f4d474e6ae4b05252/library/core/src/fmt/mod.rs:1190:21
[INFO] [stdout]    6:     0x5be71aea2693 - std::io::Write::write_fmt::h7d3c26752da97734
[INFO] [stdout]                                at /rustc/df4ca44d3fbc9301ee17f30f4d474e6ae4b05252/library/std/src/io/mod.rs:1839:15
[INFO] [stdout]    7:     0x5be71aea5a12 - std::sys::backtrace::BacktraceLock::print::h4b9e00b29e9c0942
[INFO] [stdout]                                at /rustc/df4ca44d3fbc9301ee17f30f4d474e6ae4b05252/library/std/src/sys/backtrace.rs:42:9
[INFO] [stdout]    8:     0x5be71aea705a - std::panicking::default_hook::{{closure}}::hb59b88280d0324d9
[INFO] [stdout]                                at /rustc/df4ca44d3fbc9301ee17f30f4d474e6ae4b05252/library/std/src/panicking.rs:268:22
[INFO] [stdout]    9:     0x5be71aea6e64 - std::panicking::default_hook::he1dd496665be4a29
[INFO] [stdout]                                at /rustc/df4ca44d3fbc9301ee17f30f4d474e6ae4b05252/library/std/src/panicking.rs:292:9
[INFO] [stdout]   10:     0x5be71a991da9 - <alloc::boxed::Box<F,A> as core::ops::function::Fn<Args>>::call::h4ff71de18744e1dc
[INFO] [stdout]                                at /rustc/df4ca44d3fbc9301ee17f30f4d474e6ae4b05252/library/alloc/src/boxed.rs:2468:9
[INFO] [stdout]   11:     0x5be71a991da9 - test::test_main::{{closure}}::hcf7c055ce117aa81
[INFO] [stdout]                                at /rustc/df4ca44d3fbc9301ee17f30f4d474e6ae4b05252/library/test/src/lib.rs:133:21
[INFO] [stdout]   12:     0x5be71aea7758 - <alloc::boxed::Box<F,A> as core::ops::function::Fn<Args>>::call::h1d66c6bbd60c9692
[INFO] [stdout]                                at /rustc/df4ca44d3fbc9301ee17f30f4d474e6ae4b05252/library/alloc/src/boxed.rs:2468:9
[INFO] [stdout]   13:     0x5be71aea7758 - std::panicking::rust_panic_with_hook::h2ff17fe8f26dfcf8
[INFO] [stdout]                                at /rustc/df4ca44d3fbc9301ee17f30f4d474e6ae4b05252/library/std/src/panicking.rs:809:13
[INFO] [stdout]   14:     0x5be71aea751a - std::panicking::begin_panic_handler::{{closure}}::h4fad77951c07e101
[INFO] [stdout]                                at /rustc/df4ca44d3fbc9301ee17f30f4d474e6ae4b05252/library/std/src/panicking.rs:674:13
[INFO] [stdout]   15:     0x5be71aea60a9 - std::sys::backtrace::__rust_end_short_backtrace::hb1a25b3da5d0ea08
[INFO] [stdout]                                at /rustc/df4ca44d3fbc9301ee17f30f4d474e6ae4b05252/library/std/src/sys/backtrace.rs:170:18
[INFO] [stdout]   16:     0x5be71aea71ac - rust_begin_unwind
[INFO] [stdout]                                at /rustc/df4ca44d3fbc9301ee17f30f4d474e6ae4b05252/library/std/src/panicking.rs:665:5
[INFO] [stdout]   17:     0x5be71aecc250 - core::panicking::panic_fmt::ha9db07b529f9b256
[INFO] [stdout]                                at /rustc/df4ca44d3fbc9301ee17f30f4d474e6ae4b05252/library/core/src/panicking.rs:75:14
[INFO] [stdout]   18:     0x5be71aecc736 - core::result::unwrap_failed::h5e8218e4d4338b8a
[INFO] [stdout]                                at /rustc/df4ca44d3fbc9301ee17f30f4d474e6ae4b05252/library/core/src/result.rs:1698:5
[INFO] [stdout]   19:     0x5be71a413ea3 - core::result::Result<T,E>::unwrap::hb83641653b65c8ae
[INFO] [stdout]                                at /rustc/df4ca44d3fbc9301ee17f30f4d474e6ae4b05252/library/core/src/result.rs:1103:23
[INFO] [stdout]   20:     0x5be71a413ea3 - pgp::composed::message::types::tests::test_x25519_encryption_seipdv2::h02f23d17d763df4c
[INFO] [stdout]                                at /opt/rustwide/workdir/src/composed/message/types.rs:1081:21
[INFO] [stdout]   21:     0x5be71a413167 - pgp::composed::message::types::tests::test_x25519_encryption_seipdv2::{{closure}}::h70bc2dbb3b52665b
[INFO] [stdout]                                at /opt/rustwide/workdir/src/composed/message/types.rs:1056:40
[INFO] [stdout]   22:     0x5be71a776446 - core::ops::function::FnOnce::call_once::h2f1c9df8679d4ae0
[INFO] [stdout]                                at /rustc/df4ca44d3fbc9301ee17f30f4d474e6ae4b05252/library/core/src/ops/function.rs:250:5
[INFO] [stdout]   23:     0x5be71a99667b - core::ops::function::FnOnce::call_once::h22c3ba5715e93f05
[INFO] [stdout]                                at /rustc/df4ca44d3fbc9301ee17f30f4d474e6ae4b05252/library/core/src/ops/function.rs:250:5
[INFO] [stdout]   24:     0x5be71a99667b - test::__rust_begin_short_backtrace::h8e82d8113d0da17f
[INFO] [stdout]                                at /rustc/df4ca44d3fbc9301ee17f30f4d474e6ae4b05252/library/test/src/lib.rs:621:18
[INFO] [stdout]   25:     0x5be71a995ff7 - test::run_test_in_process::{{closure}}::h33235f4f20b7b7c7
[INFO] [stdout]                                at /rustc/df4ca44d3fbc9301ee17f30f4d474e6ae4b05252/library/test/src/lib.rs:644:60
[INFO] [stdout]   26:     0x5be71a995ff7 - <core::panic::unwind_safe::AssertUnwindSafe<F> as core::ops::function::FnOnce<()>>::call_once::hb5043206310c586f
[INFO] [stdout]                                at /rustc/df4ca44d3fbc9301ee17f30f4d474e6ae4b05252/library/core/src/panic/unwind_safe.rs:272:9
[INFO] [stdout]   27:     0x5be71a995ff7 - std::panicking::try::do_call::h9ad4731a60ab23e2
[INFO] [stdout]                                at /rustc/df4ca44d3fbc9301ee17f30f4d474e6ae4b05252/library/std/src/panicking.rs:557:40
[INFO] [stdout]   28:     0x5be71a995ff7 - std::panicking::try::h3824d23db772a716
[INFO] [stdout]                                at /rustc/df4ca44d3fbc9301ee17f30f4d474e6ae4b05252/library/std/src/panicking.rs:520:19
[INFO] [stdout]   29:     0x5be71a995ff7 - std::panic::catch_unwind::h5afd514605fde46b
[INFO] [stdout]                                at /rustc/df4ca44d3fbc9301ee17f30f4d474e6ae4b05252/library/std/src/panic.rs:358:14
[INFO] [stdout]   30:     0x5be71a995ff7 - test::run_test_in_process::h0d5cbfa7067d1720
[INFO] [stdout]                                at /rustc/df4ca44d3fbc9301ee17f30f4d474e6ae4b05252/library/test/src/lib.rs:644:27
[INFO] [stdout]   31:     0x5be71a995ff7 - test::run_test::{{closure}}::h708eb8872708115d
[INFO] [stdout]                                at /rustc/df4ca44d3fbc9301ee17f30f4d474e6ae4b05252/library/test/src/lib.rs:565:43
[INFO] [stdout]   32:     0x5be71a959714 - test::run_test::{{closure}}::h392c51cee94713ab
[INFO] [stdout]                                at /rustc/df4ca44d3fbc9301ee17f30f4d474e6ae4b05252/library/test/src/lib.rs:595:41
[INFO] [stdout]   33:     0x5be71a959714 - std::sys::backtrace::__rust_begin_short_backtrace::h2f40290710935a8b
[INFO] [stdout]                                at /rustc/df4ca44d3fbc9301ee17f30f4d474e6ae4b05252/library/std/src/sys/backtrace.rs:154:18
[INFO] [stdout]   34:     0x5be71a95cebe - std::thread::Builder::spawn_unchecked_::{{closure}}::{{closure}}::h3fd968d89053a903
[INFO] [stdout]                                at /rustc/df4ca44d3fbc9301ee17f30f4d474e6ae4b05252/library/std/src/thread/mod.rs:541:17
[INFO] [stdout]   35:     0x5be71a95cebe - <core::panic::unwind_safe::AssertUnwindSafe<F> as core::ops::function::FnOnce<()>>::call_once::h743f637ba4229880
[INFO] [stdout]                                at /rustc/df4ca44d3fbc9301ee17f30f4d474e6ae4b05252/library/core/src/panic/unwind_safe.rs:272:9
[INFO] [stdout]   36:     0x5be71a95cebe - std::panicking::try::do_call::h07440897322525a6
[INFO] [stdout]                                at /rustc/df4ca44d3fbc9301ee17f30f4d474e6ae4b05252/library/std/src/panicking.rs:557:40
[INFO] [stdout]   37:     0x5be71a95cebe - std::panicking::try::he5a2e00188156637
[INFO] [stdout]                                at /rustc/df4ca44d3fbc9301ee17f30f4d474e6ae4b05252/library/std/src/panicking.rs:520:19
[INFO] [stdout]   38:     0x5be71a95cebe - std::panic::catch_unwind::hbaf3cae49b3c6433
[INFO] [stdout]                                at /rustc/df4ca44d3fbc9301ee17f30f4d474e6ae4b05252/library/std/src/panic.rs:358:14
[INFO] [stdout]   39:     0x5be71a95cebe - std::thread::Builder::spawn_unchecked_::{{closure}}::h8e141ea224820bce
[INFO] [stdout]                                at /rustc/df4ca44d3fbc9301ee17f30f4d474e6ae4b05252/library/std/src/thread/mod.rs:540:30
[INFO] [stdout]   40:     0x5be71a95cebe - core::ops::function::FnOnce::call_once{{vtable.shim}}::h90d312fedd7b8ea8
[INFO] [stdout]                                at /rustc/df4ca44d3fbc9301ee17f30f4d474e6ae4b05252/library/core/src/ops/function.rs:250:5
[INFO] [stdout]   41:     0x5be71aeab55b - <alloc::boxed::Box<F,A> as core::ops::function::FnOnce<Args>>::call_once::h69aa08ddb6adb8b6
[INFO] [stdout]                                at /rustc/df4ca44d3fbc9301ee17f30f4d474e6ae4b05252/library/alloc/src/boxed.rs:2454:9
[INFO] [stdout]   42:     0x5be71aeab55b - <alloc::boxed::Box<F,A> as core::ops::function::FnOnce<Args>>::call_once::h5aa36efdb79c806f
[INFO] [stdout]                                at /rustc/df4ca44d3fbc9301ee17f30f4d474e6ae4b05252/library/alloc/src/boxed.rs:2454:9
[INFO] [stdout]   43:     0x5be71aeab55b - std::sys::pal::unix::thread::Thread::new::thread_start::h6cd80a1b4be5158d
[INFO] [stdout]                                at /rustc/df4ca44d3fbc9301ee17f30f4d474e6ae4b05252/library/std/src/sys/pal/unix/thread.rs:105:17
[INFO] [stdout]   44:     0x79bb418beac3 - <unknown>
[INFO] [stdout]   45:     0x79bb4194fa04 - clone
[INFO] [stdout]   46:                0x0 - <unknown>
[INFO] [stdout] 
[INFO] [stdout] ---- composed::message::types::tests::test_password_encryption_seipdv2 stdout ----
[INFO] [stdout] thread 'composed::message::types::tests::test_password_encryption_seipdv2' panicked at src/composed/message/types.rs:1144:63:
[INFO] [stdout] called `Result::unwrap()` on an `Err` value: Os { code: 30, kind: ReadOnlyFilesystem, message: "Read-only file system" }
[INFO] [stdout] stack backtrace:
[INFO] [stdout]    0:     0x5be71aea5bca - std::backtrace_rs::backtrace::libunwind::trace::h207520d6e9873551
[INFO] [stdout]                                at /rustc/df4ca44d3fbc9301ee17f30f4d474e6ae4b05252/library/std/src/../../backtrace/src/backtrace/libunwind.rs:116:5
[INFO] [stdout]    1:     0x5be71aea5bca - std::backtrace_rs::backtrace::trace_unsynchronized::h2ed7433f370e3eca
[INFO] [stdout]                                at /rustc/df4ca44d3fbc9301ee17f30f4d474e6ae4b05252/library/std/src/../../backtrace/src/backtrace/mod.rs:66:5
[INFO] [stdout]    2:     0x5be71aea5bca - std::sys::backtrace::_print_fmt::h916fac51166b18d7
[INFO] [stdout]                                at /rustc/df4ca44d3fbc9301ee17f30f4d474e6ae4b05252/library/std/src/sys/backtrace.rs:66:9
[INFO] [stdout]    3:     0x5be71aea5bca - <std::sys::backtrace::BacktraceLock::print::DisplayBacktrace as core::fmt::Display>::fmt::ha0a4c9b8ce3802e6
[INFO] [stdout]                                at /rustc/df4ca44d3fbc9301ee17f30f4d474e6ae4b05252/library/std/src/sys/backtrace.rs:39:26
[INFO] [stdout]    4:     0x5be71aecdca3 - core::fmt::rt::Argument::fmt::h4cfc8587d52b3eb5
[INFO] [stdout]                                at /rustc/df4ca44d3fbc9301ee17f30f4d474e6ae4b05252/library/core/src/fmt/rt.rs:177:76
[INFO] [stdout]    5:     0x5be71aecdca3 - core::fmt::write::h522cc39e5b36ae9f
[INFO] [stdout]                                at /rustc/df4ca44d3fbc9301ee17f30f4d474e6ae4b05252/library/core/src/fmt/mod.rs:1190:21
[INFO] [stdout]    6:     0x5be71aea2693 - std::io::Write::write_fmt::h7d3c26752da97734
[INFO] [stdout]                                at /rustc/df4ca44d3fbc9301ee17f30f4d474e6ae4b05252/library/std/src/io/mod.rs:1839:15
[INFO] [stdout]    7:     0x5be71aea5a12 - std::sys::backtrace::BacktraceLock::print::h4b9e00b29e9c0942
[INFO] [stdout]                                at /rustc/df4ca44d3fbc9301ee17f30f4d474e6ae4b05252/library/std/src/sys/backtrace.rs:42:9
[INFO] [stdout]    8:     0x5be71aea705a - std::panicking::default_hook::{{closure}}::hb59b88280d0324d9
[INFO] [stdout]                                at /rustc/df4ca44d3fbc9301ee17f30f4d474e6ae4b05252/library/std/src/panicking.rs:268:22
[INFO] [stdout]    9:     0x5be71aea6e64 - std::panicking::default_hook::he1dd496665be4a29
[INFO] [stdout]                                at /rustc/df4ca44d3fbc9301ee17f30f4d474e6ae4b05252/library/std/src/panicking.rs:292:9
[INFO] [stdout]   10:     0x5be71a991da9 - <alloc::boxed::Box<F,A> as core::ops::function::Fn<Args>>::call::h4ff71de18744e1dc
[INFO] [stdout]                                at /rustc/df4ca44d3fbc9301ee17f30f4d474e6ae4b05252/library/alloc/src/boxed.rs:2468:9
[INFO] [stdout]   11:     0x5be71a991da9 - test::test_main::{{closure}}::hcf7c055ce117aa81
[INFO] [stdout]                                at /rustc/df4ca44d3fbc9301ee17f30f4d474e6ae4b05252/library/test/src/lib.rs:133:21
[INFO] [stdout]   12:     0x5be71aea7758 - <alloc::boxed::Box<F,A> as core::ops::function::Fn<Args>>::call::h1d66c6bbd60c9692
[INFO] [stdout]                                at /rustc/df4ca44d3fbc9301ee17f30f4d474e6ae4b05252/library/alloc/src/boxed.rs:2468:9
[INFO] [stdout]   13:     0x5be71aea7758 - std::panicking::rust_panic_with_hook::h2ff17fe8f26dfcf8
[INFO] [stdout]                                at /rustc/df4ca44d3fbc9301ee17f30f4d474e6ae4b05252/library/std/src/panicking.rs:809:13
[INFO] [stdout]   14:     0x5be71aea751a - std::panicking::begin_panic_handler::{{closure}}::h4fad77951c07e101
[INFO] [stdout]                                at /rustc/df4ca44d3fbc9301ee17f30f4d474e6ae4b05252/library/std/src/panicking.rs:674:13
[INFO] [stdout]   15:     0x5be71aea60a9 - std::sys::backtrace::__rust_end_short_backtrace::hb1a25b3da5d0ea08
[INFO] [stdout]                                at /rustc/df4ca44d3fbc9301ee17f30f4d474e6ae4b05252/library/std/src/sys/backtrace.rs:170:18
[INFO] [stdout]   16:     0x5be71aea71ac - rust_begin_unwind
[INFO] [stdout]                                at /rustc/df4ca44d3fbc9301ee17f30f4d474e6ae4b05252/library/std/src/panicking.rs:665:5
[INFO] [stdout]   17:     0x5be71aecc250 - core::panicking::panic_fmt::ha9db07b529f9b256
[INFO] [stdout]                                at /rustc/df4ca44d3fbc9301ee17f30f4d474e6ae4b05252/library/core/src/panicking.rs:75:14
[INFO] [stdout]   18:     0x5be71aecc736 - core::result::unwrap_failed::h5e8218e4d4338b8a
[INFO] [stdout]                                at /rustc/df4ca44d3fbc9301ee17f30f4d474e6ae4b05252/library/core/src/result.rs:1698:5
[INFO] [stdout]   19:     0x5be71a41581d - core::result::Result<T,E>::unwrap::hb83641653b65c8ae
[INFO] [stdout]                                at /rustc/df4ca44d3fbc9301ee17f30f4d474e6ae4b05252/library/core/src/result.rs:1103:23
[INFO] [stdout]   20:     0x5be71a41581d - pgp::composed::message::types::tests::test_password_encryption_seipdv2::ha7cbdcdb8017ff02
[INFO] [stdout]                                at /opt/rustwide/workdir/src/composed/message/types.rs:1144:17
[INFO] [stdout]   21:     0x5be71a414e97 - pgp::composed::message::types::tests::test_password_encryption_seipdv2::{{closure}}::hecd57b71c21496fe
[INFO] [stdout]                                at /opt/rustwide/workdir/src/composed/message/types.rs:1121:42
[INFO] [stdout]   22:     0x5be71a778016 - core::ops::function::FnOnce::call_once::hc606bcdcbc533060
[INFO] [stdout]                                at /rustc/df4ca44d3fbc9301ee17f30f4d474e6ae4b05252/library/core/src/ops/function.rs:250:5
[INFO] [stdout]   23:     0x5be71a99667b - core::ops::function::FnOnce::call_once::h22c3ba5715e93f05
[INFO] [stdout]                                at /rustc/df4ca44d3fbc9301ee17f30f4d474e6ae4b05252/library/core/src/ops/function.rs:250:5
[INFO] [stdout]   24:     0x5be71a99667b - test::__rust_begin_short_backtrace::h8e82d8113d0da17f
[INFO] [stdout]                                at /rustc/df4ca44d3fbc9301ee17f30f4d474e6ae4b05252/library/test/src/lib.rs:621:18
[INFO] [stdout]   25:     0x5be71a995ff7 - test::run_test_in_process::{{closure}}::h33235f4f20b7b7c7
[INFO] [stdout]                                at /rustc/df4ca44d3fbc9301ee17f30f4d474e6ae4b05252/library/test/src/lib.rs:644:60
[INFO] [stdout]   26:     0x5be71a995ff7 - <core::panic::unwind_safe::AssertUnwindSafe<F> as core::ops::function::FnOnce<()>>::call_once::hb5043206310c586f
[INFO] [stdout]                                at /rustc/df4ca44d3fbc9301ee17f30f4d474e6ae4b05252/library/core/src/panic/unwind_safe.rs:272:9
[INFO] [stdout]   27:     0x5be71a995ff7 - std::panicking::try::do_call::h9ad4731a60ab23e2
[INFO] [stdout]                                at /rustc/df4ca44d3fbc9301ee17f30f4d474e6ae4b05252/library/std/src/panicking.rs:557:40
[INFO] [stdout]   28:     0x5be71a995ff7 - std::panicking::try::h3824d23db772a716
[INFO] [stdout]                                at /rustc/df4ca44d3fbc9301ee17f30f4d474e6ae4b05252/library/std/src/panicking.rs:520:19
[INFO] [stdout]   29:     0x5be71a995ff7 - std::panic::catch_unwind::h5afd514605fde46b
[INFO] [stdout]                                at /rustc/df4ca44d3fbc9301ee17f30f4d474e6ae4b05252/library/std/src/panic.rs:358:14
[INFO] [stdout]   30:     0x5be71a995ff7 - test::run_test_in_process::h0d5cbfa7067d1720
[INFO] [stdout]                                at /rustc/df4ca44d3fbc9301ee17f30f4d474e6ae4b05252/library/test/src/lib.rs:644:27
[INFO] [stdout]   31:     0x5be71a995ff7 - test::run_test::{{closure}}::h708eb8872708115d
[INFO] [stdout]                                at /rustc/df4ca44d3fbc9301ee17f30f4d474e6ae4b05252/library/test/src/lib.rs:565:43
[INFO] [stdout]   32:     0x5be71a959714 - test::run_test::{{closure}}::h392c51cee94713ab
[INFO] [stdout]                                at /rustc/df4ca44d3fbc9301ee17f30f4d474e6ae4b05252/library/test/src/lib.rs:595:41
[INFO] [stdout]   33:     0x5be71a959714 - std::sys::backtrace::__rust_begin_short_backtrace::h2f40290710935a8b
[INFO] [stdout]                                at /rustc/df4ca44d3fbc9301ee17f30f4d474e6ae4b05252/library/std/src/sys/backtrace.rs:154:18
[INFO] [stdout]   34:     0x5be71a95cebe - std::thread::Builder::spawn_unchecked_::{{closure}}::{{closure}}::h3fd968d89053a903
[INFO] [stdout]                                at /rustc/df4ca44d3fbc9301ee17f30f4d474e6ae4b05252/library/std/src/thread/mod.rs:541:17
[INFO] [stdout]   35:     0x5be71a95cebe - <core::panic::unwind_safe::AssertUnwindSafe<F> as core::ops::function::FnOnce<()>>::call_once::h743f637ba4229880
[INFO] [stdout]                                at /rustc/df4ca44d3fbc9301ee17f30f4d474e6ae4b05252/library/core/src/panic/unwind_safe.rs:272:9
[INFO] [stdout]   36:     0x5be71a95cebe - std::panicking::try::do_call::h07440897322525a6
[INFO] [stdout]                                at /rustc/df4ca44d3fbc9301ee17f30f4d474e6ae4b05252/library/std/src/panicking.rs:557:40
[INFO] [stdout]   37:     0x5be71a95cebe - std::panicking::try::he5a2e00188156637
[INFO] [stdout]                                at /rustc/df4ca44d3fbc9301ee17f30f4d474e6ae4b05252/library/std/src/panicking.rs:520:19
[INFO] [stdout]   38:     0x5be71a95cebe - std::panic::catch_unwind::hbaf3cae49b3c6433
[INFO] [stdout]                                at /rustc/df4ca44d3fbc9301ee17f30f4d474e6ae4b05252/library/std/src/panic.rs:358:14
[INFO] [stdout]   39:     0x5be71a95cebe - std::thread::Builder::spawn_unchecked_::{{closure}}::h8e141ea224820bce
[INFO] [stdout]                                at /rustc/df4ca44d3fbc9301ee17f30f4d474e6ae4b05252/library/std/src/thread/mod.rs:540:30
[INFO] [stdout]   40:     0x5be71a95cebe - core::ops::function::FnOnce::call_once{{vtable.shim}}::h90d312fedd7b8ea8
[INFO] [stdout]                                at /rustc/df4ca44d3fbc9301ee17f30f4d474e6ae4b05252/library/core/src/ops/function.rs:250:5
[INFO] [stdout]   41:     0x5be71aeab55b - <alloc::boxed::Box<F,A> as core::ops::function::FnOnce<Args>>::call_once::h69aa08ddb6adb8b6
[INFO] [stdout]                                at /rustc/df4ca44d3fbc9301ee17f30f4d474e6ae4b05252/library/alloc/src/boxed.rs:2454:9
[INFO] [stdout]   42:     0x5be71aeab55b - <alloc::boxed::Box<F,A> as core::ops::function::FnOnce<Args>>::call_once::h5aa36efdb79c806f
[INFO] [stdout]                                at /rustc/df4ca44d3fbc9301ee17f30f4d474e6ae4b05252/library/alloc/src/boxed.rs:2454:9
[INFO] [stdout]   43:     0x5be71aeab55b - std::sys::pal::unix::thread::Thread::new::thread_start::h6cd80a1b4be5158d
[INFO] [stdout]                                at /rustc/df4ca44d3fbc9301ee17f30f4d474e6ae4b05252/library/std/src/sys/pal/unix/thread.rs:105:17
[INFO] [stdout]   44:     0x79bb418beac3 - <unknown>
[INFO] [stdout]   45:     0x79bb4194fa04 - clone
[INFO] [stdout]   46:                0x0 - <unknown>
[INFO] [stdout] 
[INFO] [stdout] 
[INFO] [stdout] failures:
[INFO] [stdout]     composed::message::types::tests::test_password_encryption_seipdv2
[INFO] [stdout]     composed::message::types::tests::test_rsa_encryption_seipdv2
[INFO] [stdout]     composed::message::types::tests::test_x25519_encryption_seipdv2
[INFO] [stdout] 
[INFO] [stdout] test result: FAILED. 128 passed; 3 failed; 14 ignored; 0 measured; 0 filtered out; finished in 206.74s
[INFO] [stdout] 
[INFO] [stderr] error: test failed, to rerun pass `--lib`
[INFO] running `Command { std: "docker" "inspect" "c642144e763f4474ed6a569b33c7d340187cec871da55266cf15cc5eb539bf56", kill_on_drop: false }`
[INFO] running `Command { std: "docker" "rm" "-f" "c642144e763f4474ed6a569b33c7d340187cec871da55266cf15cc5eb539bf56", kill_on_drop: false }`
[INFO] [stdout] c642144e763f4474ed6a569b33c7d340187cec871da55266cf15cc5eb539bf56
