[INFO] fetching crate pg-embed 0.7.1...
[INFO] testing pg-embed-0.7.1 against nightly-2024-10-28 for randomize-layout
[INFO] extracting crate pg-embed 0.7.1 into /workspace/builds/worker-1-tc1/source
[INFO] validating manifest of crates.io crate pg-embed 0.7.1 on toolchain nightly-2024-10-28
[INFO] running `Command { std: CARGO_HOME="/workspace/cargo-home" RUSTUP_HOME="/workspace/rustup-home" "/workspace/cargo-home/bin/cargo" "+nightly-2024-10-28" "metadata" "--manifest-path" "Cargo.toml" "--no-deps", kill_on_drop: false }`
[INFO] started tweaking crates.io crate pg-embed 0.7.1
[INFO] removed 0 missing tests
[INFO] finished tweaking crates.io crate pg-embed 0.7.1
[INFO] tweaked toml for crates.io crate pg-embed 0.7.1 written to /workspace/builds/worker-1-tc1/source/Cargo.toml
[INFO] running `Command { std: CARGO_HOME="/workspace/cargo-home" RUSTUP_HOME="/workspace/rustup-home" "/workspace/cargo-home/bin/cargo" "+nightly-2024-10-28" "generate-lockfile" "--manifest-path" "Cargo.toml", kill_on_drop: false }`
[INFO] [stderr]     Updating crates.io index
[INFO] [stderr]      Locking 337 packages to latest compatible versions
[INFO] [stderr]       Adding crypto-mac v0.10.0 (available: v0.10.1)
[INFO] [stderr]       Adding dirs v3.0.2 (available: v5.0.1)
[INFO] [stderr]       Adding env_logger v0.8.4 (available: v0.11.5)
[INFO] [stderr]       Adding reqwest v0.11.27 (available: v0.12.9)
[INFO] [stderr]       Adding serial_test v0.5.1 (available: v3.1.1)
[INFO] [stderr]       Adding sqlx v0.6.3 (available: v0.8.2)
[INFO] [stderr]       Adding universal-hash v0.4.0 (available: v0.4.1)
[INFO] [stderr]       Adding wasi v0.10.0+wasi-snapshot-preview1 (available: v0.10.2+wasi-snapshot-preview1)
[INFO] [stderr]       Adding zip v0.5.13 (available: v2.2.0)
[INFO] running `Command { std: CARGO_HOME="/workspace/cargo-home" RUSTUP_HOME="/workspace/rustup-home" "/workspace/cargo-home/bin/cargo" "+nightly-2024-10-28" "fetch" "--manifest-path" "Cargo.toml", kill_on_drop: false }`
[INFO] [stderr] warning: file `/workspace/builds/worker-1-tc1/source/tests/postgres_tokio.rs` found to be present in multiple build targets:
[INFO] [stderr]   * `integration-test` target `postgres_tokio1`
[INFO] [stderr]   * `integration-test` target `postgres_tokio2`
[INFO] [stderr]  Downloading crates ...
[INFO] [stderr]   Downloaded archiver-rs v0.5.1
[INFO] [stderr]   Downloaded http-client v6.5.3
[INFO] [stderr]   Downloaded futures-rustls v0.22.2
[INFO] [stderr]   Downloaded flume v0.9.2
[INFO] [stderr]   Downloaded surf v2.3.2
[INFO] [stderr]   Downloaded isahc v0.9.14
[INFO] running `Command { std: "docker" "create" "-v" "/var/lib/crater-agent-workspace/builds/worker-1-tc1/target:/opt/rustwide/target:rw,Z" "-v" "/var/lib/crater-agent-workspace/builds/worker-1-tc1/source:/opt/rustwide/workdir:ro,Z" "-v" "/var/lib/crater-agent-workspace/cargo-home:/opt/rustwide/cargo-home:ro,Z" "-v" "/var/lib/crater-agent-workspace/rustup-home:/opt/rustwide/rustup-home:ro,Z" "-e" "SOURCE_DIR=/opt/rustwide/workdir" "-e" "CARGO_TARGET_DIR=/opt/rustwide/target" "-e" "CARGO_HOME=/opt/rustwide/cargo-home" "-e" "RUSTUP_HOME=/opt/rustwide/rustup-home" "-w" "/opt/rustwide/workdir" "-m" "1610612736" "--user" "0:0" "--network" "none" "ghcr.io/rust-lang/crates-build-env/linux@sha256:4a844ea9eb2546a2d2c7022eacef16ef2e8229c7fbb2c7d4d55a9ceca922f72d" "/opt/rustwide/cargo-home/bin/cargo" "+nightly-2024-10-28" "metadata" "--no-deps" "--format-version=1", kill_on_drop: false }`
[INFO] [stdout] 101f44aa27243748099511e0553b5bd9595ba394260bef67f917e333c12ae7fa
[INFO] running `Command { std: "docker" "start" "-a" "101f44aa27243748099511e0553b5bd9595ba394260bef67f917e333c12ae7fa", kill_on_drop: false }`
[INFO] running `Command { std: "docker" "inspect" "101f44aa27243748099511e0553b5bd9595ba394260bef67f917e333c12ae7fa", kill_on_drop: false }`
[INFO] running `Command { std: "docker" "rm" "-f" "101f44aa27243748099511e0553b5bd9595ba394260bef67f917e333c12ae7fa", kill_on_drop: false }`
[INFO] [stdout] 101f44aa27243748099511e0553b5bd9595ba394260bef67f917e333c12ae7fa
[INFO] running `Command { std: "docker" "create" "-v" "/var/lib/crater-agent-workspace/builds/worker-1-tc1/target:/opt/rustwide/target:rw,Z" "-v" "/var/lib/crater-agent-workspace/builds/worker-1-tc1/source:/opt/rustwide/workdir:ro,Z" "-v" "/var/lib/crater-agent-workspace/cargo-home:/opt/rustwide/cargo-home:ro,Z" "-v" "/var/lib/crater-agent-workspace/rustup-home:/opt/rustwide/rustup-home:ro,Z" "-e" "SOURCE_DIR=/opt/rustwide/workdir" "-e" "CARGO_TARGET_DIR=/opt/rustwide/target" "-e" "CARGO_INCREMENTAL=0" "-e" "RUST_BACKTRACE=full" "-e" "RUSTFLAGS=--cap-lints=forbid" "-e" "RUSTDOCFLAGS=--cap-lints=forbid" "-e" "CARGO_HOME=/opt/rustwide/cargo-home" "-e" "RUSTUP_HOME=/opt/rustwide/rustup-home" "-w" "/opt/rustwide/workdir" "-m" "1610612736" "--user" "0:0" "--network" "none" "ghcr.io/rust-lang/crates-build-env/linux@sha256:4a844ea9eb2546a2d2c7022eacef16ef2e8229c7fbb2c7d4d55a9ceca922f72d" "/opt/rustwide/cargo-home/bin/cargo" "+nightly-2024-10-28" "build" "--frozen" "--message-format=json", kill_on_drop: false }`
[INFO] [stdout] 61e57cae8e145af93c68e4b75dd242f3b62a0ed83e20f93b62c99c6ce508e61c
[INFO] running `Command { std: "docker" "start" "-a" "61e57cae8e145af93c68e4b75dd242f3b62a0ed83e20f93b62c99c6ce508e61c", kill_on_drop: false }`
[INFO] [stderr] warning: file `/opt/rustwide/workdir/tests/postgres_tokio.rs` found to be present in multiple build targets:
[INFO] [stderr]   * `integration-test` target `postgres_tokio1`
[INFO] [stderr]   * `integration-test` target `postgres_tokio2`
[INFO] [stderr]    Compiling libc v0.2.161
[INFO] [stderr]    Compiling shlex v1.3.0
[INFO] [stderr]    Compiling pkg-config v0.3.31
[INFO] [stderr]    Compiling scopeguard v1.2.0
[INFO] [stderr]    Compiling bytes v1.8.0
[INFO] [stderr]    Compiling futures-core v0.3.31
[INFO] [stderr]    Compiling lock_api v0.4.12
[INFO] [stderr]    Compiling parking_lot_core v0.9.10
[INFO] [stderr]    Compiling typenum v1.17.0
[INFO] [stderr]    Compiling futures-sink v0.3.31
[INFO] [stderr]    Compiling generic-array v0.14.7
[INFO] [stderr]    Compiling spin v0.9.8
[INFO] [stderr]    Compiling vcpkg v0.2.15
[INFO] [stderr]    Compiling log v0.4.22
[INFO] [stderr]    Compiling syn v2.0.86
[INFO] [stderr]    Compiling untrusted v0.9.0
[INFO] [stderr]    Compiling subtle v2.6.1
[INFO] [stderr]    Compiling tinyvec_macros v0.1.1
[INFO] [stderr]    Compiling serde v1.0.214
[INFO] [stderr]    Compiling ahash v0.8.11
[INFO] [stderr]    Compiling futures-channel v0.3.31
[INFO] [stderr]    Compiling cc v1.1.31
[INFO] [stderr]    Compiling tinyvec v1.8.0
[INFO] [stderr]    Compiling spin v0.5.2
[INFO] [stderr]    Compiling rustls v0.20.9
[INFO] [stderr]    Compiling percent-encoding v2.3.1
[INFO] [stderr]    Compiling unicode-bidi v0.3.17
[INFO] [stderr]    Compiling parking_lot_core v0.8.6
[INFO] [stderr]    Compiling untrusted v0.7.1
[INFO] [stderr]    Compiling form_urlencoded v1.2.1
[INFO] [stderr]    Compiling instant v0.1.13
[INFO] [stderr]    Compiling num-traits v0.2.19
[INFO] [stderr]    Compiling foreign-types-shared v0.1.1
[INFO] [stderr]    Compiling openssl v0.10.68
[INFO] [stderr]    Compiling ahash v0.7.8
[INFO] [stderr]    Compiling foreign-types v0.3.2
[INFO] [stderr]    Compiling cpufeatures v0.2.14
[INFO] [stderr]    Compiling base64 v0.21.7
[INFO] [stderr]    Compiling http v0.2.12
[INFO] [stderr]    Compiling native-tls v0.2.12
[INFO] [stderr]    Compiling httparse v1.9.5
[INFO] [stderr]    Compiling allocator-api2 v0.2.18
[INFO] [stderr]    Compiling nom v7.1.3
[INFO] [stderr]    Compiling rustix v0.38.38
[INFO] [stderr]    Compiling tracing v0.1.40
[INFO] [stderr]    Compiling crc-catalog v2.4.0
[INFO] [stderr]    Compiling unicode-properties v0.1.3
[INFO] [stderr]    Compiling rustls-pemfile v1.0.4
[INFO] [stderr]    Compiling try-lock v0.2.5
[INFO] [stderr]    Compiling unicode_categories v0.1.1
[INFO] [stderr]    Compiling syn v1.0.109
[INFO] [stderr]    Compiling linux-raw-sys v0.4.14
[INFO] [stderr]    Compiling openssl-probe v0.1.5
[INFO] [stderr]    Compiling miniz_oxide v0.8.0
[INFO] [stderr]    Compiling want v0.3.1
[INFO] [stderr]    Compiling unicode-normalization v0.1.24
[INFO] [stderr]    Compiling crc v3.2.1
[INFO] [stderr]    Compiling crossbeam-queue v0.3.11
[INFO] [stderr]    Compiling crc32fast v1.4.2
[INFO] [stderr]    Compiling whoami v1.5.2
[INFO] [stderr]    Compiling dotenvy v0.15.7
[INFO] [stderr]    Compiling unicode-segmentation v1.12.0
[INFO] [stderr]    Compiling tower-service v0.3.3
[INFO] [stderr]    Compiling http-body v0.4.6
[INFO] [stderr]    Compiling atoi v1.0.0
[INFO] [stderr]    Compiling block-buffer v0.10.4
[INFO] [stderr]    Compiling crypto-common v0.1.6
[INFO] [stderr]    Compiling hex v0.4.3
[INFO] [stderr]    Compiling idna v0.5.0
[INFO] [stderr]    Compiling digest v0.10.7
[INFO] [stderr]    Compiling stringprep v0.1.5
[INFO] [stderr]    Compiling base64 v0.13.1
[INFO] [stderr]    Compiling either v1.13.0
[INFO] [stderr]    Compiling httpdate v1.0.3
[INFO] [stderr]    Compiling heck v0.4.1
[INFO] [stderr]    Compiling hmac v0.12.1
[INFO] [stderr]    Compiling md-5 v0.10.6
[INFO] [stderr]    Compiling sha2 v0.10.8
[INFO] [stderr]    Compiling ring v0.17.8
[INFO] [stderr]    Compiling openssl-sys v0.9.104
[INFO] [stderr]    Compiling getrandom v0.2.15
[INFO] [stderr]    Compiling socket2 v0.5.7
[INFO] [stderr]    Compiling mio v1.0.2
[INFO] [stderr]    Compiling signal-hook-registry v1.4.2
[INFO] [stderr]    Compiling ring v0.16.20
[INFO] [stderr]    Compiling dirs-sys v0.3.7
[INFO] [stderr]    Compiling parking_lot v0.12.3
[INFO] [stderr]    Compiling rand_core v0.6.4
[INFO] [stderr]    Compiling bzip2-sys v0.1.11+1.0.8
[INFO] [stderr]    Compiling url v2.5.2
[INFO] [stderr]    Compiling lzma-sys v0.1.20
[INFO] [stderr]    Compiling dirs v4.0.0
[INFO] [stderr]    Compiling parking_lot v0.11.2
[INFO] [stderr]    Compiling sqlformat v0.2.6
[INFO] [stderr]    Compiling hkdf v0.12.4
[INFO] [stderr]    Compiling sha1 v0.10.6
[INFO] [stderr]    Compiling time v0.1.45
[INFO] [stderr]    Compiling filetime v0.2.25
[INFO] [stderr]    Compiling flate2 v1.0.34
[INFO] [stderr]    Compiling encoding_rs v0.8.35
[INFO] [stderr]    Compiling xz2 v0.1.7
[INFO] [stderr]    Compiling futures-intrusive v0.4.2
[INFO] [stderr]    Compiling ipnet v2.10.1
[INFO] [stderr]    Compiling sync_wrapper v0.1.2
[INFO] [stderr]    Compiling mime v0.3.17
[INFO] [stderr]    Compiling dirs v3.0.2
[INFO] [stderr]    Compiling xattr v1.3.1
[INFO] [stderr]    Compiling tar v0.4.42
[INFO] [stderr]    Compiling bzip2 v0.4.4
[INFO] [stderr]    Compiling tokio-macros v2.4.0
[INFO] [stderr]    Compiling futures-macro v0.3.31
[INFO] [stderr]    Compiling zerocopy-derive v0.7.35
[INFO] [stderr]    Compiling serde_derive v1.0.214
[INFO] [stderr]    Compiling thiserror-impl v1.0.66
[INFO] [stderr]    Compiling openssl-macros v0.1.1
[INFO] [stderr]    Compiling async-trait v0.1.83
[INFO] [stderr]    Compiling tokio v1.41.0
[INFO] [stderr]    Compiling zerocopy v0.7.35
[INFO] [stderr]    Compiling futures-util v0.3.31
[INFO] [stderr]    Compiling thiserror v1.0.66
[INFO] [stderr]    Compiling zip v0.5.13
[INFO] [stderr]    Compiling archiver-rs v0.5.1
[INFO] [stderr]    Compiling ppv-lite86 v0.2.20
[INFO] [stderr]    Compiling hashbrown v0.14.5
[INFO] [stderr]    Compiling rand_chacha v0.3.1
[INFO] [stderr]    Compiling rand v0.8.5
[INFO] [stderr]    Compiling hashlink v0.8.4
[INFO] [stderr]    Compiling webpki v0.22.4
[INFO] [stderr]    Compiling sct v0.7.1
[INFO] [stderr]    Compiling webpki-roots v0.22.6
[INFO] [stderr]    Compiling futures-executor v0.3.31
[INFO] [stderr]    Compiling futures v0.3.31
[INFO] [stderr]    Compiling tokio-util v0.7.12
[INFO] [stderr]    Compiling tokio-rustls v0.23.4
[INFO] [stderr]    Compiling tokio-stream v0.1.16
[INFO] [stderr]    Compiling tokio-native-tls v0.3.1
[INFO] [stderr]    Compiling serde_json v1.0.132
[INFO] [stderr]    Compiling serde_urlencoded v0.7.1
[INFO] [stderr]    Compiling sqlx-rt v0.6.3
[INFO] [stderr]    Compiling h2 v0.3.26
[INFO] [stderr]    Compiling sqlx-core v0.6.3
[INFO] [stderr]    Compiling hyper v0.14.31
[INFO] [stderr]    Compiling hyper-tls v0.5.0
[INFO] [stderr]    Compiling reqwest v0.11.27
[INFO] [stderr]    Compiling sqlx-macros v0.6.3
[INFO] [stderr]    Compiling sqlx v0.6.3
[INFO] [stderr]    Compiling pg-embed v0.7.1 (/opt/rustwide/workdir)
[INFO] [stdout] warning: field `command` is never read
[INFO] [stdout]   --> src/command_executor.rs:89:5
[INFO] [stdout]    |
[INFO] [stdout] 81 | pub struct AsyncCommandExecutor<S, E, P>
[INFO] [stdout]    |            -------------------- field in this struct
[INFO] [stdout] ...
[INFO] [stdout] 89 |     command: tokio::process::Command,
[INFO] [stdout]    |     ^^^^^^^
[INFO] [stdout]    |
[INFO] [stdout]    = note: `#[warn(dead_code)]` on by default
[INFO] [stdout] 
[INFO] [stdout] 
[INFO] [stdout] warning: unused borrow that must be used
[INFO] [stdout]    --> src/postgres.rs:130:13
[INFO] [stdout]     |
[INFO] [stdout] 130 |             &self.init_db().await?;
[INFO] [stdout]     |             ^^^^^^^^^^^^^^^^^^^^^^ the borrow produces a value
[INFO] [stdout]     |
[INFO] [stdout]     = note: `#[warn(unused_must_use)]` on by default
[INFO] [stdout] help: use `let _ = ...` to ignore the resulting value
[INFO] [stdout]     |
[INFO] [stdout] 130 |             let _ = &self.init_db().await?;
[INFO] [stdout]     |             +++++++
[INFO] [stdout] 
[INFO] [stdout] 
[INFO] [stderr]     Finished `dev` profile [unoptimized + debuginfo] target(s) in 16.50s
[INFO] running `Command { std: "docker" "inspect" "61e57cae8e145af93c68e4b75dd242f3b62a0ed83e20f93b62c99c6ce508e61c", kill_on_drop: false }`
[INFO] running `Command { std: "docker" "rm" "-f" "61e57cae8e145af93c68e4b75dd242f3b62a0ed83e20f93b62c99c6ce508e61c", kill_on_drop: false }`
[INFO] [stdout] 61e57cae8e145af93c68e4b75dd242f3b62a0ed83e20f93b62c99c6ce508e61c
[INFO] running `Command { std: "docker" "create" "-v" "/var/lib/crater-agent-workspace/builds/worker-1-tc1/target:/opt/rustwide/target:rw,Z" "-v" "/var/lib/crater-agent-workspace/builds/worker-1-tc1/source:/opt/rustwide/workdir:ro,Z" "-v" "/var/lib/crater-agent-workspace/cargo-home:/opt/rustwide/cargo-home:ro,Z" "-v" "/var/lib/crater-agent-workspace/rustup-home:/opt/rustwide/rustup-home:ro,Z" "-e" "SOURCE_DIR=/opt/rustwide/workdir" "-e" "CARGO_TARGET_DIR=/opt/rustwide/target" "-e" "CARGO_INCREMENTAL=0" "-e" "RUST_BACKTRACE=full" "-e" "RUSTFLAGS=--cap-lints=forbid" "-e" "RUSTDOCFLAGS=--cap-lints=forbid" "-e" "CARGO_HOME=/opt/rustwide/cargo-home" "-e" "RUSTUP_HOME=/opt/rustwide/rustup-home" "-w" "/opt/rustwide/workdir" "-m" "1610612736" "--user" "0:0" "--network" "none" "ghcr.io/rust-lang/crates-build-env/linux@sha256:4a844ea9eb2546a2d2c7022eacef16ef2e8229c7fbb2c7d4d55a9ceca922f72d" "/opt/rustwide/cargo-home/bin/cargo" "+nightly-2024-10-28" "test" "--frozen" "--no-run" "--message-format=json", kill_on_drop: false }`
[INFO] [stdout] b5b83d6f4acdb48ad99ab08b704f289cfbe5da7e6efb3454b6bceace61d7e6f9
[INFO] running `Command { std: "docker" "start" "-a" "b5b83d6f4acdb48ad99ab08b704f289cfbe5da7e6efb3454b6bceace61d7e6f9", kill_on_drop: false }`
[INFO] [stderr] warning: file `/opt/rustwide/workdir/tests/postgres_tokio.rs` found to be present in multiple build targets:
[INFO] [stderr]   * `integration-test` target `postgres_tokio1`
[INFO] [stderr]   * `integration-test` target `postgres_tokio2`
[INFO] [stderr]    Compiling aho-corasick v1.1.3
[INFO] [stderr]    Compiling regex-syntax v0.8.5
[INFO] [stderr]    Compiling serial_test_derive v0.5.1
[INFO] [stderr]    Compiling atty v0.2.14
[INFO] [stderr]    Compiling humantime v2.1.0
[INFO] [stderr]    Compiling termcolor v1.4.1
[INFO] [stdout] warning: field `command` is never read
[INFO] [stdout]   --> src/command_executor.rs:89:5
[INFO] [stdout]    |
[INFO] [stdout] 81 | pub struct AsyncCommandExecutor<S, E, P>
[INFO] [stdout]    |            -------------------- field in this struct
[INFO] [stdout] ...
[INFO] [stdout] 89 |     command: tokio::process::Command,
[INFO] [stdout]    |     ^^^^^^^
[INFO] [stdout]    |
[INFO] [stdout]    = note: `#[warn(dead_code)]` on by default
[INFO] [stdout] 
[INFO] [stdout] 
[INFO] [stdout] warning: unused borrow that must be used
[INFO] [stdout]    --> src/postgres.rs:130:13
[INFO] [stdout]     |
[INFO] [stdout] 130 |             &self.init_db().await?;
[INFO] [stdout]     |             ^^^^^^^^^^^^^^^^^^^^^^ the borrow produces a value
[INFO] [stdout]     |
[INFO] [stdout]     = note: `#[warn(unused_must_use)]` on by default
[INFO] [stdout] help: use `let _ = ...` to ignore the resulting value
[INFO] [stdout]     |
[INFO] [stdout] 130 |             let _ = &self.init_db().await?;
[INFO] [stdout]     |             +++++++
[INFO] [stdout] 
[INFO] [stdout] 
[INFO] [stderr]    Compiling serial_test v0.5.1
[INFO] [stderr]    Compiling regex-automata v0.4.8
[INFO] [stderr]    Compiling regex v1.11.1
[INFO] [stderr]    Compiling env_logger v0.8.4
[INFO] [stderr]    Compiling pg-embed v0.7.1 (/opt/rustwide/workdir)
[INFO] [stdout] warning: unused import: `PgEmbedErrorType`
[INFO] [stdout]   --> tests/postgres_tokio.rs:10:41
[INFO] [stdout]    |
[INFO] [stdout] 10 | use pg_embed::pg_errors::{PgEmbedError, PgEmbedErrorType};
[INFO] [stdout]    |                                         ^^^^^^^^^^^^^^^^
[INFO] [stdout]    |
[INFO] [stdout]    = note: `#[warn(unused_imports)]` on by default
[INFO] [stdout] 
[INFO] [stdout] 
[INFO] [stdout] warning: variable does not need to be mutable
[INFO] [stdout]    --> tests/postgres_tokio.rs:147:9
[INFO] [stdout]     |
[INFO] [stdout] 147 |     let mut pg_settings = PgSettings {
[INFO] [stdout]     |         ----^^^^^^^^^^^
[INFO] [stdout]     |         |
[INFO] [stdout]     |         help: remove this `mut`
[INFO] [stdout]     |
[INFO] [stdout]     = note: `#[warn(unused_mut)]` on by default
[INFO] [stdout] 
[INFO] [stdout] 
[INFO] [stdout] warning: field `command` is never read
[INFO] [stdout]   --> src/command_executor.rs:89:5
[INFO] [stdout]    |
[INFO] [stdout] 81 | pub struct AsyncCommandExecutor<S, E, P>
[INFO] [stdout]    |            -------------------- field in this struct
[INFO] [stdout] ...
[INFO] [stdout] 89 |     command: tokio::process::Command,
[INFO] [stdout]    |     ^^^^^^^
[INFO] [stdout]    |
[INFO] [stdout]    = note: `#[warn(dead_code)]` on by default
[INFO] [stdout] 
[INFO] [stdout] 
[INFO] [stdout] warning: unused borrow that must be used
[INFO] [stdout]    --> src/postgres.rs:130:13
[INFO] [stdout]     |
[INFO] [stdout] 130 |             &self.init_db().await?;
[INFO] [stdout]     |             ^^^^^^^^^^^^^^^^^^^^^^ the borrow produces a value
[INFO] [stdout]     |
[INFO] [stdout]     = note: `#[warn(unused_must_use)]` on by default
[INFO] [stdout] help: use `let _ = ...` to ignore the resulting value
[INFO] [stdout]     |
[INFO] [stdout] 130 |             let _ = &self.init_db().await?;
[INFO] [stdout]     |             +++++++
[INFO] [stdout] 
[INFO] [stdout] 
[INFO] [stderr]     Finished `test` profile [unoptimized + debuginfo] target(s) in 5.96s
[INFO] running `Command { std: "docker" "inspect" "b5b83d6f4acdb48ad99ab08b704f289cfbe5da7e6efb3454b6bceace61d7e6f9", kill_on_drop: false }`
[INFO] running `Command { std: "docker" "rm" "-f" "b5b83d6f4acdb48ad99ab08b704f289cfbe5da7e6efb3454b6bceace61d7e6f9", kill_on_drop: false }`
[INFO] [stdout] b5b83d6f4acdb48ad99ab08b704f289cfbe5da7e6efb3454b6bceace61d7e6f9
[INFO] running `Command { std: "docker" "create" "-v" "/var/lib/crater-agent-workspace/builds/worker-1-tc1/target:/opt/rustwide/target:rw,Z" "-v" "/var/lib/crater-agent-workspace/builds/worker-1-tc1/source:/opt/rustwide/workdir:ro,Z" "-v" "/var/lib/crater-agent-workspace/cargo-home:/opt/rustwide/cargo-home:ro,Z" "-v" "/var/lib/crater-agent-workspace/rustup-home:/opt/rustwide/rustup-home:ro,Z" "-e" "SOURCE_DIR=/opt/rustwide/workdir" "-e" "CARGO_TARGET_DIR=/opt/rustwide/target" "-e" "CARGO_INCREMENTAL=0" "-e" "RUST_BACKTRACE=full" "-e" "RUSTFLAGS=--cap-lints=forbid" "-e" "RUSTDOCFLAGS=--cap-lints=forbid" "-e" "CARGO_HOME=/opt/rustwide/cargo-home" "-e" "RUSTUP_HOME=/opt/rustwide/rustup-home" "-w" "/opt/rustwide/workdir" "-m" "1610612736" "--user" "0:0" "--network" "none" "ghcr.io/rust-lang/crates-build-env/linux@sha256:4a844ea9eb2546a2d2c7022eacef16ef2e8229c7fbb2c7d4d55a9ceca922f72d" "/opt/rustwide/cargo-home/bin/cargo" "+nightly-2024-10-28" "test" "--frozen", kill_on_drop: false }`
[INFO] [stdout] e6e27a0823ca8e9df7c168d766ad481ae1da08406026e3fccdb240cc9753ce4b
[INFO] running `Command { std: "docker" "start" "-a" "e6e27a0823ca8e9df7c168d766ad481ae1da08406026e3fccdb240cc9753ce4b", kill_on_drop: false }`
[INFO] [stderr] warning: file `/opt/rustwide/workdir/tests/postgres_tokio.rs` found to be present in multiple build targets:
[INFO] [stderr]   * `integration-test` target `postgres_tokio1`
[INFO] [stderr]   * `integration-test` target `postgres_tokio2`
[INFO] [stderr] warning: field `command` is never read
[INFO] [stderr]   --> src/command_executor.rs:89:5
[INFO] [stderr]    |
[INFO] [stderr] 81 | pub struct AsyncCommandExecutor<S, E, P>
[INFO] [stderr]    |            -------------------- field in this struct
[INFO] [stderr] ...
[INFO] [stderr] 89 |     command: tokio::process::Command,
[INFO] [stderr]    |     ^^^^^^^
[INFO] [stderr]    |
[INFO] [stderr]    = note: `#[warn(dead_code)]` on by default
[INFO] [stderr] 
[INFO] [stderr] warning: unused borrow that must be used
[INFO] [stderr]    --> src/postgres.rs:130:13
[INFO] [stderr]     |
[INFO] [stderr] 130 |             &self.init_db().await?;
[INFO] [stderr]     |             ^^^^^^^^^^^^^^^^^^^^^^ the borrow produces a value
[INFO] [stderr]     |
[INFO] [stderr]     = note: `#[warn(unused_must_use)]` on by default
[INFO] [stderr] help: use `let _ = ...` to ignore the resulting value
[INFO] [stderr]     |
[INFO] [stderr] 130 |             let _ = &self.init_db().await?;
[INFO] [stderr]     |             +++++++
[INFO] [stderr] 
[INFO] [stderr] warning: `pg-embed` (lib) generated 2 warnings
[INFO] [stderr] warning: unused import: `PgEmbedErrorType`
[INFO] [stderr]   --> tests/postgres_tokio.rs:10:41
[INFO] [stderr]    |
[INFO] [stderr] 10 | use pg_embed::pg_errors::{PgEmbedError, PgEmbedErrorType};
[INFO] [stderr]    |                                         ^^^^^^^^^^^^^^^^
[INFO] [stderr]    |
[INFO] [stderr]    = note: `#[warn(unused_imports)]` on by default
[INFO] [stderr] 
[INFO] [stderr] warning: variable does not need to be mutable
[INFO] [stderr]    --> tests/postgres_tokio.rs:147:9
[INFO] [stderr]     |
[INFO] [stderr] 147 |     let mut pg_settings = PgSettings {
[INFO] [stderr]     |         ----^^^^^^^^^^^
[INFO] [stderr]     |         |
[INFO] [stderr]     |         help: remove this `mut`
[INFO] [stderr]     |
[INFO] [stderr]     = note: `#[warn(unused_mut)]` on by default
[INFO] [stderr] 
[INFO] [stderr] warning: `pg-embed` (test "postgres_tokio2") generated 2 warnings (run `cargo fix --test "postgres_tokio2"` to apply 2 suggestions)
[INFO] [stderr] warning: `pg-embed` (lib test) generated 2 warnings (2 duplicates)
[INFO] [stderr]     Finished `test` profile [unoptimized + debuginfo] target(s) in 0.22s
[INFO] [stderr]      Running unittests src/lib.rs (/opt/rustwide/target/debug/deps/pg_embed-fc5c23135d917764)
[INFO] [stdout] 
[INFO] [stdout] running 0 tests
[INFO] [stdout] 
[INFO] [stdout] test result: ok. 0 passed; 0 failed; 0 ignored; 0 measured; 0 filtered out; finished in 0.00s
[INFO] [stdout] 
[INFO] [stderr]      Running tests/common.rs (/opt/rustwide/target/debug/deps/common-221a012c5ef8c024)
[INFO] [stdout] 
[INFO] [stdout] running 0 tests
[INFO] [stdout] 
[INFO] [stdout] test result: ok. 0 passed; 0 failed; 0 ignored; 0 measured; 0 filtered out; finished in 0.00s
[INFO] [stdout] 
[INFO] [stderr]      Running tests/migration_tokio.rs (/opt/rustwide/target/debug/deps/migration_tokio-d906b2624520c0e2)
[INFO] [stdout] 
[INFO] [stdout] running 3 tests
[INFO] [stdout] test db_drop_database ... FAILED
[INFO] [stdout] test db_create_database ... FAILED
[INFO] [stdout] test db_migration ... FAILED
[INFO] [stdout] 
[INFO] [stdout] failures:
[INFO] [stdout] 
[INFO] [stdout] ---- db_drop_database stdout ----
[INFO] [stdout] Error: PgEmbedError { error_type: DirCreationError, source: Some(Os { code: 30, kind: ReadOnlyFilesystem, message: "Read-only file system" }), message: None }
[INFO] [stdout] 
[INFO] [stdout] ---- db_create_database stdout ----
[INFO] [stdout] Error: PgEmbedError { error_type: DirCreationError, source: Some(Os { code: 30, kind: ReadOnlyFilesystem, message: "Read-only file system" }), message: None }
[INFO] [stdout] 
[INFO] [stdout] ---- db_migration stdout ----
[INFO] [stdout] Error: PgEmbedError { error_type: DirCreationError, source: Some(Os { code: 30, kind: ReadOnlyFilesystem, message: "Read-only file system" }), message: None }
[INFO] [stdout] 
[INFO] [stdout] 
[INFO] [stdout] failures:
[INFO] [stdout]     db_create_database
[INFO] [stdout]     db_drop_database
[INFO] [stdout]     db_migration
[INFO] [stdout] 
[INFO] [stdout] test result: FAILED. 0 passed; 3 failed; 0 ignored; 0 measured; 0 filtered out; finished in 0.00s
[INFO] [stdout] 
[INFO] [stderr] error: test failed, to rerun pass `--test migration_tokio`
[INFO] running `Command { std: "docker" "inspect" "e6e27a0823ca8e9df7c168d766ad481ae1da08406026e3fccdb240cc9753ce4b", kill_on_drop: false }`
[INFO] running `Command { std: "docker" "rm" "-f" "e6e27a0823ca8e9df7c168d766ad481ae1da08406026e3fccdb240cc9753ce4b", kill_on_drop: false }`
[INFO] [stdout] e6e27a0823ca8e9df7c168d766ad481ae1da08406026e3fccdb240cc9753ce4b
