[INFO] fetching crate persian-rug_derive 0.1.3...
[INFO] testing persian-rug_derive-0.1.3 against nightly-2024-10-28 for randomize-layout
[INFO] extracting crate persian-rug_derive 0.1.3 into /workspace/builds/worker-4-tc1/source
[INFO] validating manifest of crates.io crate persian-rug_derive 0.1.3 on toolchain nightly-2024-10-28
[INFO] running `Command { std: CARGO_HOME="/workspace/cargo-home" RUSTUP_HOME="/workspace/rustup-home" "/workspace/cargo-home/bin/cargo" "+nightly-2024-10-28" "metadata" "--manifest-path" "Cargo.toml" "--no-deps", kill_on_drop: false }`
[INFO] started tweaking crates.io crate persian-rug_derive 0.1.3
[INFO] finished tweaking crates.io crate persian-rug_derive 0.1.3
[INFO] tweaked toml for crates.io crate persian-rug_derive 0.1.3 written to /workspace/builds/worker-4-tc1/source/Cargo.toml
[INFO] running `Command { std: CARGO_HOME="/workspace/cargo-home" RUSTUP_HOME="/workspace/rustup-home" "/workspace/cargo-home/bin/cargo" "+nightly-2024-10-28" "generate-lockfile" "--manifest-path" "Cargo.toml", kill_on_drop: false }`
[INFO] [stderr]     Updating crates.io index
[INFO] [stderr]      Locking 5 packages to latest compatible versions
[INFO] [stderr]       Adding convert_case v0.5.0 (available: v0.6.0)
[INFO] [stderr]       Adding syn v1.0.109 (available: v2.0.86)
[INFO] running `Command { std: CARGO_HOME="/workspace/cargo-home" RUSTUP_HOME="/workspace/rustup-home" "/workspace/cargo-home/bin/cargo" "+nightly-2024-10-28" "fetch" "--manifest-path" "Cargo.toml", kill_on_drop: false }`
[INFO] running `Command { std: "docker" "create" "-v" "/var/lib/crater-agent-workspace/builds/worker-4-tc1/target:/opt/rustwide/target:rw,Z" "-v" "/var/lib/crater-agent-workspace/builds/worker-4-tc1/source:/opt/rustwide/workdir:ro,Z" "-v" "/var/lib/crater-agent-workspace/cargo-home:/opt/rustwide/cargo-home:ro,Z" "-v" "/var/lib/crater-agent-workspace/rustup-home:/opt/rustwide/rustup-home:ro,Z" "-e" "SOURCE_DIR=/opt/rustwide/workdir" "-e" "CARGO_TARGET_DIR=/opt/rustwide/target" "-e" "CARGO_HOME=/opt/rustwide/cargo-home" "-e" "RUSTUP_HOME=/opt/rustwide/rustup-home" "-w" "/opt/rustwide/workdir" "-m" "1610612736" "--user" "0:0" "--network" "none" "ghcr.io/rust-lang/crates-build-env/linux@sha256:4a844ea9eb2546a2d2c7022eacef16ef2e8229c7fbb2c7d4d55a9ceca922f72d" "/opt/rustwide/cargo-home/bin/cargo" "+nightly-2024-10-28" "metadata" "--no-deps" "--format-version=1", kill_on_drop: false }`
[INFO] [stdout] aad83b6cdef3c3387acff7fd7227f4332d9971b51a32f0e2b1afaa422cfe83a2
[INFO] running `Command { std: "docker" "start" "-a" "aad83b6cdef3c3387acff7fd7227f4332d9971b51a32f0e2b1afaa422cfe83a2", kill_on_drop: false }`
[INFO] running `Command { std: "docker" "inspect" "aad83b6cdef3c3387acff7fd7227f4332d9971b51a32f0e2b1afaa422cfe83a2", kill_on_drop: false }`
[INFO] running `Command { std: "docker" "rm" "-f" "aad83b6cdef3c3387acff7fd7227f4332d9971b51a32f0e2b1afaa422cfe83a2", kill_on_drop: false }`
[INFO] [stdout] aad83b6cdef3c3387acff7fd7227f4332d9971b51a32f0e2b1afaa422cfe83a2
[INFO] running `Command { std: "docker" "create" "-v" "/var/lib/crater-agent-workspace/builds/worker-4-tc1/target:/opt/rustwide/target:rw,Z" "-v" "/var/lib/crater-agent-workspace/builds/worker-4-tc1/source:/opt/rustwide/workdir:ro,Z" "-v" "/var/lib/crater-agent-workspace/cargo-home:/opt/rustwide/cargo-home:ro,Z" "-v" "/var/lib/crater-agent-workspace/rustup-home:/opt/rustwide/rustup-home:ro,Z" "-e" "SOURCE_DIR=/opt/rustwide/workdir" "-e" "CARGO_TARGET_DIR=/opt/rustwide/target" "-e" "CARGO_INCREMENTAL=0" "-e" "RUST_BACKTRACE=full" "-e" "RUSTFLAGS=--cap-lints=forbid" "-e" "RUSTDOCFLAGS=--cap-lints=forbid" "-e" "CARGO_HOME=/opt/rustwide/cargo-home" "-e" "RUSTUP_HOME=/opt/rustwide/rustup-home" "-w" "/opt/rustwide/workdir" "-m" "1610612736" "--user" "0:0" "--network" "none" "ghcr.io/rust-lang/crates-build-env/linux@sha256:4a844ea9eb2546a2d2c7022eacef16ef2e8229c7fbb2c7d4d55a9ceca922f72d" "/opt/rustwide/cargo-home/bin/cargo" "+nightly-2024-10-28" "build" "--frozen" "--message-format=json", kill_on_drop: false }`
[INFO] [stdout] d7dd3d93821e73f04ed5b5d6d53a1daa96f0d45377416cc0403344078339fde2
[INFO] running `Command { std: "docker" "start" "-a" "d7dd3d93821e73f04ed5b5d6d53a1daa96f0d45377416cc0403344078339fde2", kill_on_drop: false }`
[INFO] [stderr]    Compiling syn v1.0.109
[INFO] [stderr]    Compiling convert_case v0.5.0
[INFO] [stderr]    Compiling persian-rug_derive v0.1.3 (/opt/rustwide/workdir)
[INFO] [stderr]     Finished `dev` profile [unoptimized + debuginfo] target(s) in 4.93s
[INFO] running `Command { std: "docker" "inspect" "d7dd3d93821e73f04ed5b5d6d53a1daa96f0d45377416cc0403344078339fde2", kill_on_drop: false }`
[INFO] running `Command { std: "docker" "rm" "-f" "d7dd3d93821e73f04ed5b5d6d53a1daa96f0d45377416cc0403344078339fde2", kill_on_drop: false }`
[INFO] [stdout] d7dd3d93821e73f04ed5b5d6d53a1daa96f0d45377416cc0403344078339fde2
[INFO] running `Command { std: "docker" "create" "-v" "/var/lib/crater-agent-workspace/builds/worker-4-tc1/target:/opt/rustwide/target:rw,Z" "-v" "/var/lib/crater-agent-workspace/builds/worker-4-tc1/source:/opt/rustwide/workdir:ro,Z" "-v" "/var/lib/crater-agent-workspace/cargo-home:/opt/rustwide/cargo-home:ro,Z" "-v" "/var/lib/crater-agent-workspace/rustup-home:/opt/rustwide/rustup-home:ro,Z" "-e" "SOURCE_DIR=/opt/rustwide/workdir" "-e" "CARGO_TARGET_DIR=/opt/rustwide/target" "-e" "CARGO_INCREMENTAL=0" "-e" "RUST_BACKTRACE=full" "-e" "RUSTFLAGS=--cap-lints=forbid" "-e" "RUSTDOCFLAGS=--cap-lints=forbid" "-e" "CARGO_HOME=/opt/rustwide/cargo-home" "-e" "RUSTUP_HOME=/opt/rustwide/rustup-home" "-w" "/opt/rustwide/workdir" "-m" "1610612736" "--user" "0:0" "--network" "none" "ghcr.io/rust-lang/crates-build-env/linux@sha256:4a844ea9eb2546a2d2c7022eacef16ef2e8229c7fbb2c7d4d55a9ceca922f72d" "/opt/rustwide/cargo-home/bin/cargo" "+nightly-2024-10-28" "test" "--frozen" "--no-run" "--message-format=json", kill_on_drop: false }`
[INFO] [stdout] 4856c8ae85739ca07da8d21908c194315bf894f930daef7ef73df4d24f613ce0
[INFO] running `Command { std: "docker" "start" "-a" "4856c8ae85739ca07da8d21908c194315bf894f930daef7ef73df4d24f613ce0", kill_on_drop: false }`
[INFO] [stderr]    Compiling persian-rug_derive v0.1.3 (/opt/rustwide/workdir)
[INFO] [stderr]     Finished `test` profile [unoptimized + debuginfo] target(s) in 0.58s
[INFO] running `Command { std: "docker" "inspect" "4856c8ae85739ca07da8d21908c194315bf894f930daef7ef73df4d24f613ce0", kill_on_drop: false }`
[INFO] running `Command { std: "docker" "rm" "-f" "4856c8ae85739ca07da8d21908c194315bf894f930daef7ef73df4d24f613ce0", kill_on_drop: false }`
[INFO] [stdout] 4856c8ae85739ca07da8d21908c194315bf894f930daef7ef73df4d24f613ce0
[INFO] running `Command { std: "docker" "create" "-v" "/var/lib/crater-agent-workspace/builds/worker-4-tc1/target:/opt/rustwide/target:rw,Z" "-v" "/var/lib/crater-agent-workspace/builds/worker-4-tc1/source:/opt/rustwide/workdir:ro,Z" "-v" "/var/lib/crater-agent-workspace/cargo-home:/opt/rustwide/cargo-home:ro,Z" "-v" "/var/lib/crater-agent-workspace/rustup-home:/opt/rustwide/rustup-home:ro,Z" "-e" "SOURCE_DIR=/opt/rustwide/workdir" "-e" "CARGO_TARGET_DIR=/opt/rustwide/target" "-e" "CARGO_INCREMENTAL=0" "-e" "RUST_BACKTRACE=full" "-e" "RUSTFLAGS=--cap-lints=forbid" "-e" "RUSTDOCFLAGS=--cap-lints=forbid" "-e" "CARGO_HOME=/opt/rustwide/cargo-home" "-e" "RUSTUP_HOME=/opt/rustwide/rustup-home" "-w" "/opt/rustwide/workdir" "-m" "1610612736" "--user" "0:0" "--network" "none" "ghcr.io/rust-lang/crates-build-env/linux@sha256:4a844ea9eb2546a2d2c7022eacef16ef2e8229c7fbb2c7d4d55a9ceca922f72d" "/opt/rustwide/cargo-home/bin/cargo" "+nightly-2024-10-28" "test" "--frozen", kill_on_drop: false }`
[INFO] [stdout] bac39dcabb55f4d46a21809549f571032c9747f6de2c62a9b6cd31eabf51df2e
[INFO] running `Command { std: "docker" "start" "-a" "bac39dcabb55f4d46a21809549f571032c9747f6de2c62a9b6cd31eabf51df2e", kill_on_drop: false }`
[INFO] [stderr]     Finished `test` profile [unoptimized + debuginfo] target(s) in 0.01s
[INFO] [stderr]      Running unittests src/lib.rs (/opt/rustwide/target/debug/deps/persian_rug_derive-2a97ee92f165ff65)
[INFO] [stderr]    Doc-tests persian_rug_derive
[INFO] [stdout] 
[INFO] [stdout] running 0 tests
[INFO] [stdout] 
[INFO] [stdout] test result: ok. 0 passed; 0 failed; 0 ignored; 0 measured; 0 filtered out; finished in 0.00s
[INFO] [stdout] 
[INFO] [stdout] 
[INFO] [stdout] running 4 tests
[INFO] [stdout] test src/lib.rs - constraints (line 94) ... FAILED
[INFO] [stdout] test src/lib.rs - contextual (line 385) ... FAILED
[INFO] [stdout] test src/lib.rs - contextual (line 394) ... FAILED
[INFO] [stdout] test src/lib.rs - persian_rug (line 173) ... FAILED
[INFO] [stdout] 
[INFO] [stdout] failures:
[INFO] [stdout] 
[INFO] [stdout] ---- src/lib.rs - constraints (line 94) stdout ----
[INFO] [stdout] error[E0432]: unresolved import `persian_rug`
[INFO] [stdout]  --> src/lib.rs:95:5
[INFO] [stdout]   |
[INFO] [stdout] 3 | use persian_rug::{contextual, Context, Mutator, Proxy};
[INFO] [stdout]   |     ^^^^^^^^^^^ use of undeclared crate or module `persian_rug`
[INFO] [stdout] 
[INFO] [stdout] error[E0433]: failed to resolve: use of undeclared crate or module `persian_rug`
[INFO] [stdout]   --> src/lib.rs:107:3
[INFO] [stdout]    |
[INFO] [stdout] 15 | #[persian_rug::constraints(context = C, access(Foo<C>))]
[INFO] [stdout]    |   ^^^^^^^^^^^ use of undeclared crate or module `persian_rug`
[INFO] [stdout] 
[INFO] [stdout] error: aborting due to 2 previous errors
[INFO] [stdout] 
[INFO] [stdout] Some errors have detailed explanations: E0432, E0433.
[INFO] [stdout] For more information about an error, try `rustc --explain E0432`.
[INFO] [stdout] Couldn't compile the test.
[INFO] [stdout] ---- src/lib.rs - contextual (line 385) stdout ----
[INFO] [stdout] error[E0432]: unresolved import `persian_rug`
[INFO] [stdout]  --> src/lib.rs:386:5
[INFO] [stdout]   |
[INFO] [stdout] 3 | use persian_rug::{contextual, Context};
[INFO] [stdout]   |     ^^^^^^^^^^^ use of undeclared crate or module `persian_rug`
[INFO] [stdout] 
[INFO] [stdout] error: aborting due to 1 previous error
[INFO] [stdout] 
[INFO] [stdout] For more information about this error, try `rustc --explain E0432`.
[INFO] [stdout] Couldn't compile the test.
[INFO] [stdout] ---- src/lib.rs - contextual (line 394) stdout ----
[INFO] [stdout] error[E0432]: unresolved import `persian_rug`
[INFO] [stdout]  --> src/lib.rs:395:5
[INFO] [stdout]   |
[INFO] [stdout] 3 | use persian_rug::{Context, Contextual};
[INFO] [stdout]   |     ^^^^^^^^^^^ use of undeclared crate or module `persian_rug`
[INFO] [stdout] 
[INFO] [stdout] error: aborting due to 1 previous error
[INFO] [stdout] 
[INFO] [stdout] For more information about this error, try `rustc --explain E0432`.
[INFO] [stdout] Couldn't compile the test.
[INFO] [stdout] ---- src/lib.rs - persian_rug (line 173) stdout ----
[INFO] [stdout] error[E0432]: unresolved import `persian_rug`
[INFO] [stdout]  --> src/lib.rs:174:5
[INFO] [stdout]   |
[INFO] [stdout] 3 | use persian_rug::{contextual, persian_rug, Proxy};
[INFO] [stdout]   |     ^^^^^^^^^^^ use of undeclared crate or module `persian_rug`
[INFO] [stdout] 
[INFO] [stdout] error: cannot find attribute `table` in this scope
[INFO] [stdout]   --> src/lib.rs:188:16
[INFO] [stdout]    |
[INFO] [stdout] 17 | struct MyRug(#[table] Foo, #[table] Bar);
[INFO] [stdout]    |                ^^^^^ help: a built-in attribute with a similar name exists: `stable`
[INFO] [stdout] 
[INFO] [stdout] error: cannot find attribute `table` in this scope
[INFO] [stdout]   --> src/lib.rs:188:30
[INFO] [stdout]    |
[INFO] [stdout] 17 | struct MyRug(#[table] Foo, #[table] Bar);
[INFO] [stdout]    |                              ^^^^^ help: a built-in attribute with a similar name exists: `stable`
[INFO] [stdout] 
[INFO] [stdout] error: aborting due to 3 previous errors
[INFO] [stdout] 
[INFO] [stdout] For more information about this error, try `rustc --explain E0432`.
[INFO] [stdout] Couldn't compile the test.
[INFO] [stdout] 
[INFO] [stdout] failures:
[INFO] [stdout]     src/lib.rs - constraints (line 94)
[INFO] [stdout]     src/lib.rs - contextual (line 385)
[INFO] [stdout]     src/lib.rs - contextual (line 394)
[INFO] [stdout]     src/lib.rs - persian_rug (line 173)
[INFO] [stdout] 
[INFO] [stdout] test result: FAILED. 0 passed; 4 failed; 0 ignored; 0 measured; 0 filtered out; finished in 0.11s
[INFO] [stdout] 
[INFO] [stderr] error: doctest failed, to rerun pass `--doc`
[INFO] running `Command { std: "docker" "inspect" "bac39dcabb55f4d46a21809549f571032c9747f6de2c62a9b6cd31eabf51df2e", kill_on_drop: false }`
[INFO] running `Command { std: "docker" "rm" "-f" "bac39dcabb55f4d46a21809549f571032c9747f6de2c62a9b6cd31eabf51df2e", kill_on_drop: false }`
[INFO] [stdout] bac39dcabb55f4d46a21809549f571032c9747f6de2c62a9b6cd31eabf51df2e
