[INFO] fetching crate peace_static_check_macros 0.0.13...
[INFO] testing peace_static_check_macros-0.0.13 against nightly-2024-10-28+rustflags=-Zrandomize-layout for randomize-layout
[INFO] extracting crate peace_static_check_macros 0.0.13 into /workspace/builds/worker-1-tc2/source
[INFO] validating manifest of crates.io crate peace_static_check_macros 0.0.13 on toolchain nightly-2024-10-28
[INFO] running `Command { std: CARGO_HOME="/workspace/cargo-home" RUSTUP_HOME="/workspace/rustup-home" "/workspace/cargo-home/bin/cargo" "+nightly-2024-10-28" "metadata" "--manifest-path" "Cargo.toml" "--no-deps", kill_on_drop: false }`
[INFO] started tweaking crates.io crate peace_static_check_macros 0.0.13
[INFO] finished tweaking crates.io crate peace_static_check_macros 0.0.13
[INFO] tweaked toml for crates.io crate peace_static_check_macros 0.0.13 written to /workspace/builds/worker-1-tc2/source/Cargo.toml
[INFO] running `Command { std: CARGO_HOME="/workspace/cargo-home" RUSTUP_HOME="/workspace/rustup-home" "/workspace/cargo-home/bin/cargo" "+nightly-2024-10-28" "generate-lockfile" "--manifest-path" "Cargo.toml", kill_on_drop: false }`
[INFO] [stderr]     Updating crates.io index
[INFO] [stderr]      Locking 4 packages to latest compatible versions
[INFO] running `Command { std: CARGO_HOME="/workspace/cargo-home" RUSTUP_HOME="/workspace/rustup-home" "/workspace/cargo-home/bin/cargo" "+nightly-2024-10-28" "fetch" "--manifest-path" "Cargo.toml", kill_on_drop: false }`
[INFO] running `Command { std: "docker" "create" "-v" "/var/lib/crater-agent-workspace/builds/worker-1-tc2/target:/opt/rustwide/target:rw,Z" "-v" "/var/lib/crater-agent-workspace/builds/worker-1-tc2/source:/opt/rustwide/workdir:ro,Z" "-v" "/var/lib/crater-agent-workspace/cargo-home:/opt/rustwide/cargo-home:ro,Z" "-v" "/var/lib/crater-agent-workspace/rustup-home:/opt/rustwide/rustup-home:ro,Z" "-e" "SOURCE_DIR=/opt/rustwide/workdir" "-e" "CARGO_TARGET_DIR=/opt/rustwide/target" "-e" "CARGO_HOME=/opt/rustwide/cargo-home" "-e" "RUSTUP_HOME=/opt/rustwide/rustup-home" "-w" "/opt/rustwide/workdir" "-m" "1610612736" "--user" "0:0" "--network" "none" "ghcr.io/rust-lang/crates-build-env/linux@sha256:4a844ea9eb2546a2d2c7022eacef16ef2e8229c7fbb2c7d4d55a9ceca922f72d" "/opt/rustwide/cargo-home/bin/cargo" "+nightly-2024-10-28" "metadata" "--no-deps" "--format-version=1", kill_on_drop: false }`
[INFO] [stdout] 26868c89a882916248bb49826d6c6807a6a97cdf272d5c74280fa9bd67c940c0
[INFO] running `Command { std: "docker" "start" "-a" "26868c89a882916248bb49826d6c6807a6a97cdf272d5c74280fa9bd67c940c0", kill_on_drop: false }`
[INFO] running `Command { std: "docker" "inspect" "26868c89a882916248bb49826d6c6807a6a97cdf272d5c74280fa9bd67c940c0", kill_on_drop: false }`
[INFO] running `Command { std: "docker" "rm" "-f" "26868c89a882916248bb49826d6c6807a6a97cdf272d5c74280fa9bd67c940c0", kill_on_drop: false }`
[INFO] [stdout] 26868c89a882916248bb49826d6c6807a6a97cdf272d5c74280fa9bd67c940c0
[INFO] running `Command { std: "docker" "create" "-v" "/var/lib/crater-agent-workspace/builds/worker-1-tc2/target:/opt/rustwide/target:rw,Z" "-v" "/var/lib/crater-agent-workspace/builds/worker-1-tc2/source:/opt/rustwide/workdir:ro,Z" "-v" "/var/lib/crater-agent-workspace/cargo-home:/opt/rustwide/cargo-home:ro,Z" "-v" "/var/lib/crater-agent-workspace/rustup-home:/opt/rustwide/rustup-home:ro,Z" "-e" "SOURCE_DIR=/opt/rustwide/workdir" "-e" "CARGO_TARGET_DIR=/opt/rustwide/target" "-e" "CARGO_INCREMENTAL=0" "-e" "RUST_BACKTRACE=full" "-e" "RUSTFLAGS=--cap-lints=forbid -Zrandomize-layout" "-e" "RUSTDOCFLAGS=--cap-lints=forbid" "-e" "CARGO_HOME=/opt/rustwide/cargo-home" "-e" "RUSTUP_HOME=/opt/rustwide/rustup-home" "-w" "/opt/rustwide/workdir" "-m" "1610612736" "--user" "0:0" "--network" "none" "ghcr.io/rust-lang/crates-build-env/linux@sha256:4a844ea9eb2546a2d2c7022eacef16ef2e8229c7fbb2c7d4d55a9ceca922f72d" "/opt/rustwide/cargo-home/bin/cargo" "+nightly-2024-10-28" "build" "--frozen" "--message-format=json", kill_on_drop: false }`
[INFO] [stdout] 993c76fb2771059ae16b6c509561d099522fec2fe4c2b1335585579edc2321f9
[INFO] running `Command { std: "docker" "start" "-a" "993c76fb2771059ae16b6c509561d099522fec2fe4c2b1335585579edc2321f9", kill_on_drop: false }`
[INFO] [stderr]    Compiling proc-macro2 v1.0.89
[INFO] [stderr]    Compiling unicode-ident v1.0.13
[INFO] [stderr]    Compiling quote v1.0.37
[INFO] [stderr]    Compiling syn v2.0.86
[INFO] [stderr]    Compiling peace_static_check_macros v0.0.13 (/opt/rustwide/workdir)
[INFO] [stderr]     Finished `dev` profile [unoptimized + debuginfo] target(s) in 1.85s
[INFO] running `Command { std: "docker" "inspect" "993c76fb2771059ae16b6c509561d099522fec2fe4c2b1335585579edc2321f9", kill_on_drop: false }`
[INFO] running `Command { std: "docker" "rm" "-f" "993c76fb2771059ae16b6c509561d099522fec2fe4c2b1335585579edc2321f9", kill_on_drop: false }`
[INFO] [stdout] 993c76fb2771059ae16b6c509561d099522fec2fe4c2b1335585579edc2321f9
[INFO] running `Command { std: "docker" "create" "-v" "/var/lib/crater-agent-workspace/builds/worker-1-tc2/target:/opt/rustwide/target:rw,Z" "-v" "/var/lib/crater-agent-workspace/builds/worker-1-tc2/source:/opt/rustwide/workdir:ro,Z" "-v" "/var/lib/crater-agent-workspace/cargo-home:/opt/rustwide/cargo-home:ro,Z" "-v" "/var/lib/crater-agent-workspace/rustup-home:/opt/rustwide/rustup-home:ro,Z" "-e" "SOURCE_DIR=/opt/rustwide/workdir" "-e" "CARGO_TARGET_DIR=/opt/rustwide/target" "-e" "CARGO_INCREMENTAL=0" "-e" "RUST_BACKTRACE=full" "-e" "RUSTFLAGS=--cap-lints=forbid -Zrandomize-layout" "-e" "RUSTDOCFLAGS=--cap-lints=forbid" "-e" "CARGO_HOME=/opt/rustwide/cargo-home" "-e" "RUSTUP_HOME=/opt/rustwide/rustup-home" "-w" "/opt/rustwide/workdir" "-m" "1610612736" "--user" "0:0" "--network" "none" "ghcr.io/rust-lang/crates-build-env/linux@sha256:4a844ea9eb2546a2d2c7022eacef16ef2e8229c7fbb2c7d4d55a9ceca922f72d" "/opt/rustwide/cargo-home/bin/cargo" "+nightly-2024-10-28" "test" "--frozen" "--no-run" "--message-format=json", kill_on_drop: false }`
[INFO] [stdout] 5e755d9aae41ca70f669d19369dfd779944c64f228b148c8783ecb1577e3b477
[INFO] running `Command { std: "docker" "start" "-a" "5e755d9aae41ca70f669d19369dfd779944c64f228b148c8783ecb1577e3b477", kill_on_drop: false }`
[INFO] [stderr]    Compiling peace_static_check_macros v0.0.13 (/opt/rustwide/workdir)
[INFO] [stderr]     Finished `test` profile [unoptimized + debuginfo] target(s) in 0.15s
[INFO] running `Command { std: "docker" "inspect" "5e755d9aae41ca70f669d19369dfd779944c64f228b148c8783ecb1577e3b477", kill_on_drop: false }`
[INFO] running `Command { std: "docker" "rm" "-f" "5e755d9aae41ca70f669d19369dfd779944c64f228b148c8783ecb1577e3b477", kill_on_drop: false }`
[INFO] [stdout] 5e755d9aae41ca70f669d19369dfd779944c64f228b148c8783ecb1577e3b477
[INFO] running `Command { std: "docker" "create" "-v" "/var/lib/crater-agent-workspace/builds/worker-1-tc2/target:/opt/rustwide/target:rw,Z" "-v" "/var/lib/crater-agent-workspace/builds/worker-1-tc2/source:/opt/rustwide/workdir:ro,Z" "-v" "/var/lib/crater-agent-workspace/cargo-home:/opt/rustwide/cargo-home:ro,Z" "-v" "/var/lib/crater-agent-workspace/rustup-home:/opt/rustwide/rustup-home:ro,Z" "-e" "SOURCE_DIR=/opt/rustwide/workdir" "-e" "CARGO_TARGET_DIR=/opt/rustwide/target" "-e" "CARGO_INCREMENTAL=0" "-e" "RUST_BACKTRACE=full" "-e" "RUSTFLAGS=--cap-lints=forbid -Zrandomize-layout" "-e" "RUSTDOCFLAGS=--cap-lints=forbid" "-e" "CARGO_HOME=/opt/rustwide/cargo-home" "-e" "RUSTUP_HOME=/opt/rustwide/rustup-home" "-w" "/opt/rustwide/workdir" "-m" "1610612736" "--user" "0:0" "--network" "none" "ghcr.io/rust-lang/crates-build-env/linux@sha256:4a844ea9eb2546a2d2c7022eacef16ef2e8229c7fbb2c7d4d55a9ceca922f72d" "/opt/rustwide/cargo-home/bin/cargo" "+nightly-2024-10-28" "test" "--frozen", kill_on_drop: false }`
[INFO] [stdout] 22d77301c0d9cb180829f1aa442e15fc652e58be3753a4ff19923def33d608df
[INFO] running `Command { std: "docker" "start" "-a" "22d77301c0d9cb180829f1aa442e15fc652e58be3753a4ff19923def33d608df", kill_on_drop: false }`
[INFO] [stderr]     Finished `test` profile [unoptimized + debuginfo] target(s) in 0.01s
[INFO] [stderr]      Running unittests src/lib.rs (/opt/rustwide/target/debug/deps/peace_static_check_macros-35d3f6812836ea2f)
[INFO] [stdout] 
[INFO] [stdout] running 7 tests
[INFO] [stdout] test tests::name_beginning_with_alpha_is_valid ... ok
[INFO] [stdout] test tests::name_beginning_with_number_is_invalid ... ok
[INFO] [stdout] test tests::name_containing_hyphen_is_invalid ... ok
[INFO] [stdout] test tests::name_containing_space_is_invalid ... ok
[INFO] [stdout] test tests::name_beginning_with_underscore_is_valid ... ok
[INFO] [stdout] test tests::name_empty_string_is_invalid ... ok
[INFO] [stdout] test tests::name_none_is_invalid ... ok
[INFO] [stdout] 
[INFO] [stdout] test result: ok. 7 passed; 0 failed; 0 ignored; 0 measured; 0 filtered out; finished in 0.00s
[INFO] [stdout] 
[INFO] [stderr]    Doc-tests peace_static_check_macros
[INFO] [stdout] 
[INFO] [stdout] running 8 tests
[INFO] [stdout] test src/lib.rs - profile (line 116) - compile fail ... ok
[INFO] [stdout] test src/lib.rs - app_name (line 31) - compile fail ... ok
[INFO] [stdout] test src/lib.rs - item_id (line 77) - compile fail ... ok
[INFO] [stdout] test src/lib.rs - flow_id (line 155) - compile fail ... ok
[INFO] [stdout] test src/lib.rs - item_id (line 63) ... FAILED
[INFO] [stdout] test src/lib.rs - flow_id (line 141) ... FAILED
[INFO] [stdout] test src/lib.rs - app_name (line 17) ... FAILED
[INFO] [stdout] test src/lib.rs - profile (line 102) ... FAILED
[INFO] [stdout] 
[INFO] [stdout] failures:
[INFO] [stdout] 
[INFO] [stdout] ---- src/lib.rs - item_id (line 63) stdout ----
[INFO] [stdout] error[E0433]: failed to resolve: use of undeclared crate or module `peace`
[INFO] [stdout]  --> src/lib.rs:68:27
[INFO] [stdout]   |
[INFO] [stdout] 8 | let _my_item_id: ItemId = item_id!("valid_id"); // Ok!
[INFO] [stdout]   |                           ^^^^^^^^^^^^^^^^^^^^ use of undeclared crate or module `peace`
[INFO] [stdout]   |
[INFO] [stdout]   = note: this error originates in the macro `item_id` (in Nightly builds, run with -Z macro-backtrace for more info)
[INFO] [stdout] 
[INFO] [stdout] error: aborting due to 1 previous error
[INFO] [stdout] 
[INFO] [stdout] For more information about this error, try `rustc --explain E0433`.
[INFO] [stdout] Couldn't compile the test.
[INFO] [stdout] ---- src/lib.rs - flow_id (line 141) stdout ----
[INFO] [stdout] error[E0433]: failed to resolve: use of undeclared crate or module `peace`
[INFO] [stdout]  --> src/lib.rs:146:24
[INFO] [stdout]   |
[INFO] [stdout] 8 | let _my_flow: FlowId = flow_id!("valid_id"); // Ok!
[INFO] [stdout]   |                        ^^^^^^^^^^^^^^^^^^^^ use of undeclared crate or module `peace`
[INFO] [stdout]   |
[INFO] [stdout]   = note: this error originates in the macro `flow_id` (in Nightly builds, run with -Z macro-backtrace for more info)
[INFO] [stdout] 
[INFO] [stdout] error: aborting due to 1 previous error
[INFO] [stdout] 
[INFO] [stdout] For more information about this error, try `rustc --explain E0433`.
[INFO] [stdout] Couldn't compile the test.
[INFO] [stdout] ---- src/lib.rs - app_name (line 17) stdout ----
[INFO] [stdout] error[E0433]: failed to resolve: use of undeclared crate or module `peace`
[INFO] [stdout]  --> src/lib.rs:22:25
[INFO] [stdout]   |
[INFO] [stdout] 8 | let _my_flow: AppName = app_name!("valid_id"); // Ok!
[INFO] [stdout]   |                         ^^^^^^^^^^^^^^^^^^^^^ use of undeclared crate or module `peace`
[INFO] [stdout]   |
[INFO] [stdout]   = note: this error originates in the macro `app_name` (in Nightly builds, run with -Z macro-backtrace for more info)
[INFO] [stdout] 
[INFO] [stdout] error: aborting due to 1 previous error
[INFO] [stdout] 
[INFO] [stdout] For more information about this error, try `rustc --explain E0433`.
[INFO] [stdout] Couldn't compile the test.
[INFO] [stdout] ---- src/lib.rs - profile (line 102) stdout ----
[INFO] [stdout] error[E0433]: failed to resolve: use of undeclared crate or module `peace`
[INFO] [stdout]  --> src/lib.rs:107:28
[INFO] [stdout]   |
[INFO] [stdout] 8 | let _my_profile: Profile = profile!("valid_id"); // Ok!
[INFO] [stdout]   |                            ^^^^^^^^^^^^^^^^^^^^ use of undeclared crate or module `peace`
[INFO] [stdout]   |
[INFO] [stdout]   = note: this error originates in the macro `profile` (in Nightly builds, run with -Z macro-backtrace for more info)
[INFO] [stdout] 
[INFO] [stdout] error: aborting due to 1 previous error
[INFO] [stdout] 
[INFO] [stdout] For more information about this error, try `rustc --explain E0433`.
[INFO] [stdout] Couldn't compile the test.
[INFO] [stdout] 
[INFO] [stdout] failures:
[INFO] [stdout]     src/lib.rs - app_name (line 17)
[INFO] [stdout]     src/lib.rs - flow_id (line 141)
[INFO] [stdout]     src/lib.rs - item_id (line 63)
[INFO] [stdout]     src/lib.rs - profile (line 102)
[INFO] [stdout] 
[INFO] [stdout] test result: FAILED. 4 passed; 4 failed; 0 ignored; 0 measured; 0 filtered out; finished in 0.05s
[INFO] [stdout] 
[INFO] [stderr] error: doctest failed, to rerun pass `--doc`
[INFO] running `Command { std: "docker" "inspect" "22d77301c0d9cb180829f1aa442e15fc652e58be3753a4ff19923def33d608df", kill_on_drop: false }`
[INFO] running `Command { std: "docker" "rm" "-f" "22d77301c0d9cb180829f1aa442e15fc652e58be3753a4ff19923def33d608df", kill_on_drop: false }`
[INFO] [stdout] 22d77301c0d9cb180829f1aa442e15fc652e58be3753a4ff19923def33d608df
