[INFO] fetching crate pcu 0.4.13...
[INFO] testing pcu-0.4.13 against nightly-2024-10-28+rustflags=-Zrandomize-layout for randomize-layout
[INFO] extracting crate pcu 0.4.13 into /workspace/builds/worker-0-tc2/source
[INFO] validating manifest of crates.io crate pcu 0.4.13 on toolchain nightly-2024-10-28
[INFO] running `Command { std: CARGO_HOME="/workspace/cargo-home" RUSTUP_HOME="/workspace/rustup-home" "/workspace/cargo-home/bin/cargo" "+nightly-2024-10-28" "metadata" "--manifest-path" "Cargo.toml" "--no-deps", kill_on_drop: false }`
[INFO] started tweaking crates.io crate pcu 0.4.13
[INFO] finished tweaking crates.io crate pcu 0.4.13
[INFO] tweaked toml for crates.io crate pcu 0.4.13 written to /workspace/builds/worker-0-tc2/source/Cargo.toml
[INFO] crate crates.io crate pcu 0.4.13 already has a lockfile, it will not be regenerated
[INFO] running `Command { std: CARGO_HOME="/workspace/cargo-home" RUSTUP_HOME="/workspace/rustup-home" "/workspace/cargo-home/bin/cargo" "+nightly-2024-10-28" "fetch" "--manifest-path" "Cargo.toml", kill_on_drop: false }`
[INFO] running `Command { std: "docker" "create" "-v" "/var/lib/crater-agent-workspace/builds/worker-0-tc2/target:/opt/rustwide/target:rw,Z" "-v" "/var/lib/crater-agent-workspace/builds/worker-0-tc2/source:/opt/rustwide/workdir:ro,Z" "-v" "/var/lib/crater-agent-workspace/cargo-home:/opt/rustwide/cargo-home:ro,Z" "-v" "/var/lib/crater-agent-workspace/rustup-home:/opt/rustwide/rustup-home:ro,Z" "-e" "SOURCE_DIR=/opt/rustwide/workdir" "-e" "CARGO_TARGET_DIR=/opt/rustwide/target" "-e" "CARGO_HOME=/opt/rustwide/cargo-home" "-e" "RUSTUP_HOME=/opt/rustwide/rustup-home" "-w" "/opt/rustwide/workdir" "-m" "1610612736" "--user" "0:0" "--network" "none" "ghcr.io/rust-lang/crates-build-env/linux@sha256:4a844ea9eb2546a2d2c7022eacef16ef2e8229c7fbb2c7d4d55a9ceca922f72d" "/opt/rustwide/cargo-home/bin/cargo" "+nightly-2024-10-28" "metadata" "--no-deps" "--format-version=1", kill_on_drop: false }`
[INFO] [stdout] fa34bdd9b0a64e2289787cbe967a60ef9badc35c24fe6d821c639fb07b1341ba
[INFO] running `Command { std: "docker" "start" "-a" "fa34bdd9b0a64e2289787cbe967a60ef9badc35c24fe6d821c639fb07b1341ba", kill_on_drop: false }`
[INFO] running `Command { std: "docker" "inspect" "fa34bdd9b0a64e2289787cbe967a60ef9badc35c24fe6d821c639fb07b1341ba", kill_on_drop: false }`
[INFO] running `Command { std: "docker" "rm" "-f" "fa34bdd9b0a64e2289787cbe967a60ef9badc35c24fe6d821c639fb07b1341ba", kill_on_drop: false }`
[INFO] [stdout] fa34bdd9b0a64e2289787cbe967a60ef9badc35c24fe6d821c639fb07b1341ba
[INFO] running `Command { std: "docker" "create" "-v" "/var/lib/crater-agent-workspace/builds/worker-0-tc2/target:/opt/rustwide/target:rw,Z" "-v" "/var/lib/crater-agent-workspace/builds/worker-0-tc2/source:/opt/rustwide/workdir:ro,Z" "-v" "/var/lib/crater-agent-workspace/cargo-home:/opt/rustwide/cargo-home:ro,Z" "-v" "/var/lib/crater-agent-workspace/rustup-home:/opt/rustwide/rustup-home:ro,Z" "-e" "SOURCE_DIR=/opt/rustwide/workdir" "-e" "CARGO_TARGET_DIR=/opt/rustwide/target" "-e" "CARGO_INCREMENTAL=0" "-e" "RUST_BACKTRACE=full" "-e" "RUSTFLAGS=--cap-lints=forbid -Zrandomize-layout" "-e" "RUSTDOCFLAGS=--cap-lints=forbid" "-e" "CARGO_HOME=/opt/rustwide/cargo-home" "-e" "RUSTUP_HOME=/opt/rustwide/rustup-home" "-w" "/opt/rustwide/workdir" "-m" "1610612736" "--user" "0:0" "--network" "none" "ghcr.io/rust-lang/crates-build-env/linux@sha256:4a844ea9eb2546a2d2c7022eacef16ef2e8229c7fbb2c7d4d55a9ceca922f72d" "/opt/rustwide/cargo-home/bin/cargo" "+nightly-2024-10-28" "build" "--frozen" "--message-format=json", kill_on_drop: false }`
[INFO] [stdout] ec94d5d4481152b3d041f04e6acd7576fc4e3f39b4aa74b580a773b03f503961
[INFO] running `Command { std: "docker" "start" "-a" "ec94d5d4481152b3d041f04e6acd7576fc4e3f39b4aa74b580a773b03f503961", kill_on_drop: false }`
[INFO] [stderr]    Compiling proc-macro2 v1.0.86
[INFO] [stderr]    Compiling unicode-ident v1.0.13
[INFO] [stderr]    Compiling libc v0.2.159
[INFO] [stderr]    Compiling serde v1.0.213
[INFO] [stderr]    Compiling fnv v1.0.7
[INFO] [stderr]    Compiling pin-project-lite v0.2.14
[INFO] [stderr]    Compiling bytes v1.7.2
[INFO] [stderr]    Compiling vcpkg v0.2.15
[INFO] [stderr]    Compiling futures-core v0.3.31
[INFO] [stderr]    Compiling hashbrown v0.15.0
[INFO] [stderr]    Compiling equivalent v1.0.1
[INFO] [stderr]    Compiling futures-task v0.3.31
[INFO] [stderr]    Compiling futures-sink v0.3.31
[INFO] [stderr]    Compiling thiserror v1.0.65
[INFO] [stderr]    Compiling httparse v1.9.5
[INFO] [stderr]    Compiling num-traits v0.2.19
[INFO] [stderr]    Compiling strsim v0.11.1
[INFO] [stderr]    Compiling try-lock v0.2.5
[INFO] [stderr]    Compiling serde_json v1.0.128
[INFO] [stderr]    Compiling tinyvec_macros v0.1.1
[INFO] [stderr]    Compiling smallvec v1.13.2
[INFO] [stderr]    Compiling futures-util v0.3.31
[INFO] [stderr]    Compiling want v0.3.1
[INFO] [stderr]    Compiling futures-channel v0.3.31
[INFO] [stderr]    Compiling tinyvec v1.8.0
[INFO] [stderr]    Compiling aho-corasick v1.1.3
[INFO] [stderr]    Compiling untrusted v0.9.0
[INFO] [stderr]    Compiling crunchy v0.2.2
[INFO] [stderr]    Compiling percent-encoding v2.3.1
[INFO] [stderr]    Compiling spin v0.9.8
[INFO] [stderr]    Compiling tower-service v0.3.3
[INFO] [stderr]    Compiling rustls-pki-types v1.9.0
[INFO] [stderr]    Compiling form_urlencoded v1.2.1
[INFO] [stderr]    Compiling ahash v0.8.11
[INFO] [stderr]    Compiling tiny-keccak v2.0.2
[INFO] [stderr]    Compiling base64 v0.21.7
[INFO] [stderr]    Compiling http v1.1.0
[INFO] [stderr]    Compiling unicode-bidi v0.3.17
[INFO] [stderr]    Compiling encoding_rs v0.8.34
[INFO] [stderr]    Compiling openssl v0.10.66
[INFO] [stderr]    Compiling indexmap v2.6.0
[INFO] [stderr]    Compiling atomic-waker v1.1.2
[INFO] [stderr]    Compiling quote v1.0.37
[INFO] [stderr]    Compiling zerocopy v0.7.35
[INFO] [stderr]    Compiling rustls v0.23.14
[INFO] [stderr]    Compiling http v0.2.12
[INFO] [stderr]    Compiling syn v2.0.82
[INFO] [stderr]    Compiling subtle v2.6.1
[INFO] [stderr]    Compiling jobserver v0.1.32
[INFO] [stderr]    Compiling socket2 v0.5.7
[INFO] [stderr]    Compiling mio v1.0.2
[INFO] [stderr]    Compiling getrandom v0.2.15
[INFO] [stderr]    Compiling unicode-normalization v0.1.24
[INFO] [stderr]    Compiling allocator-api2 v0.2.18
[INFO] [stderr]    Compiling time-core v0.1.2
[INFO] [stderr]    Compiling powerfmt v0.2.0
[INFO] [stderr]    Compiling cc v1.1.28
[INFO] [stderr]    Compiling zeroize v1.8.1
[INFO] [stderr]    Compiling regex-automata v0.4.8
[INFO] [stderr]    Compiling http-body v1.0.1
[INFO] [stderr]    Compiling openssl-probe v0.1.5
[INFO] [stderr]    Compiling regex-syntax v0.6.29
[INFO] [stderr]    Compiling utf8parse v0.2.2
[INFO] [stderr]    Compiling native-tls v0.2.12
[INFO] [stderr]    Compiling num-conv v0.1.0
[INFO] [stderr]    Compiling hashbrown v0.14.5
[INFO] [stderr]    Compiling idna v0.5.0
[INFO] [stderr]    Compiling anstyle-parse v0.2.5
[INFO] [stderr]    Compiling deranged v0.3.11
[INFO] [stderr]    Compiling const-random-macro v0.1.16
[INFO] [stderr]    Compiling num-integer v0.1.46
[INFO] [stderr]    Compiling is_terminal_polyfill v1.70.1
[INFO] [stderr]    Compiling time-macros v0.2.18
[INFO] [stderr]    Compiling anstyle-query v1.1.1
[INFO] [stderr]    Compiling colorchoice v1.0.2
[INFO] [stderr]    Compiling mime v0.3.17
[INFO] [stderr]    Compiling ipnet v2.10.1
[INFO] [stderr]    Compiling anstyle v1.0.8
[INFO] [stderr]    Compiling base64 v0.22.1
[INFO] [stderr]    Compiling url v2.5.2
[INFO] [stderr]    Compiling rustversion v1.0.17
[INFO] [stderr]    Compiling overload v0.1.1
[INFO] [stderr]    Compiling nu-ansi-term v0.46.0
[INFO] [stderr]    Compiling anstream v0.6.15
[INFO] [stderr]    Compiling chrono v0.4.38
[INFO] [stderr]    Compiling const-random v0.1.18
[INFO] [stderr]    Compiling num-bigint v0.4.6
[INFO] [stderr]    Compiling http-body v0.4.6
[INFO] [stderr]    Compiling webpki-roots v0.26.6
[INFO] [stderr]    Compiling tracing-log v0.2.0
[INFO] [stderr]    Compiling syn v1.0.109
[INFO] [stderr]    Compiling winnow v0.6.20
[INFO] [stderr]    Compiling httpdate v1.0.3
[INFO] [stderr]    Compiling dlv-list v0.5.2
[INFO] [stderr]    Compiling pem v3.0.4
[INFO] [stderr]    Compiling http-body-util v0.1.2
[INFO] [stderr]    Compiling rustls-pemfile v2.2.0
[INFO] [stderr]    Compiling sync_wrapper v1.0.1
[INFO] [stderr]    Compiling clap_lex v0.7.2
[INFO] [stderr]    Compiling semver v1.0.23
[INFO] [stderr]    Compiling openssl-sys v0.9.103
[INFO] [stderr]    Compiling ring v0.17.8
[INFO] [stderr]    Compiling libz-sys v1.1.20
[INFO] [stderr]    Compiling libssh2-sys v0.3.0
[INFO] [stderr]    Compiling libgit2-sys v0.17.0+1.8.1
[INFO] [stderr]    Compiling backtrace v0.3.71
[INFO] [stderr]    Compiling clap_builder v4.5.20
[INFO] [stderr]    Compiling time v0.3.36
[INFO] [stderr]    Compiling ordered-multimap v0.7.3
[INFO] [stderr]    Compiling regex-automata v0.1.10
[INFO] [stderr]    Compiling hashlink v0.8.4
[INFO] [stderr]    Compiling rustls-pemfile v1.0.4
[INFO] [stderr]    Compiling unicode-segmentation v1.12.0
[INFO] [stderr]    Compiling regex v1.11.1
[INFO] [stderr]    Compiling owo-colors v4.1.0
[INFO] [stderr]    Compiling minimal-lexical v0.2.1
[INFO] [stderr]    Compiling matchers v0.1.0
[INFO] [stderr]    Compiling bytemuck v1.18.0
[INFO] [stderr]    Compiling arraydeque v0.5.1
[INFO] [stderr]    Compiling sync_wrapper v0.1.2
[INFO] [stderr]    Compiling env_filter v0.1.2
[INFO] [stderr]    Compiling nom v7.1.3
[INFO] [stderr]    Compiling yaml-rust2 v0.8.1
[INFO] [stderr]    Compiling convert_case v0.6.0
[INFO] [stderr]    Compiling rust-ini v0.20.0
[INFO] [stderr]    Compiling darling_core v0.20.10
[INFO] [stderr]    Compiling tinyrand v0.5.0
[INFO] [stderr]    Compiling humantime v2.1.0
[INFO] [stderr]    Compiling pathdiff v0.2.1
[INFO] [stderr]    Compiling env_logger v0.11.5
[INFO] [stderr]    Compiling derive-getters v0.3.0
[INFO] [stderr]    Compiling serde_derive v1.0.213
[INFO] [stderr]    Compiling tracing-attributes v0.1.27
[INFO] [stderr]    Compiling tokio-macros v2.4.0
[INFO] [stderr]    Compiling thiserror-impl v1.0.65
[INFO] [stderr]    Compiling openssl-macros v0.1.1
[INFO] [stderr]    Compiling typed-builder-macro v0.18.2
[INFO] [stderr]    Compiling strum_macros v0.26.4
[INFO] [stderr]    Compiling clap_derive v4.5.18
[INFO] [stderr]    Compiling async-trait v0.1.83
[INFO] [stderr]    Compiling tokio v1.41.0
[INFO] [stderr]    Compiling darling_macro v0.20.10
[INFO] [stderr]    Compiling darling v0.20.10
[INFO] [stderr]    Compiling pest v2.7.13
[INFO] [stderr]    Compiling tracing v0.1.40
[INFO] [stderr]    Compiling derive_builder_core v0.20.1
[INFO] [stderr]    Compiling simple_asn1 v0.6.2
[INFO] [stderr]    Compiling typed-builder v0.18.2
[INFO] [stderr]    Compiling derive_setters v0.1.6
[INFO] [stderr]    Compiling tracing-subscriber v0.3.18
[INFO] [stderr]    Compiling clap v4.5.20
[INFO] [stderr]    Compiling strum v0.26.3
[INFO] [stderr]    Compiling clap-verbosity-flag v2.2.2
[INFO] [stderr]    Compiling derive_builder_macro v0.20.1
[INFO] [stderr]    Compiling derive_builder v0.20.1
[INFO] [stderr]    Compiling keep-a-changelog v0.1.4
[INFO] [stderr]    Compiling pest_meta v2.7.13
[INFO] [stderr]    Compiling tracing-error v0.2.0
[INFO] [stderr]    Compiling color-spantrace v0.2.1
[INFO] [stderr]    Compiling rustls-webpki v0.102.8
[INFO] [stderr]    Compiling color-eyre v0.6.3
[INFO] [stderr]    Compiling pest_generator v2.7.13
[INFO] [stderr]    Compiling pest_derive v2.7.13
[INFO] [stderr]    Compiling tokio-util v0.7.12
[INFO] [stderr]    Compiling h2 v0.4.6
[INFO] [stderr]    Compiling h2 v0.3.26
[INFO] [stderr]    Compiling bitflags v2.6.0
[INFO] [stderr]    Compiling serde_urlencoded v0.7.1
[INFO] [stderr]    Compiling serde_spanned v0.6.8
[INFO] [stderr]    Compiling toml_datetime v0.6.8
[INFO] [stderr]    Compiling rgb v0.8.50
[INFO] [stderr]    Compiling json5 v0.4.1
[INFO] [stderr]    Compiling toml_edit v0.22.22
[INFO] [stderr]    Compiling ron v0.8.1
[INFO] [stderr]    Compiling named-colour v0.3.4
[INFO] [stderr]    Compiling octocrate-types v2.0.1
[INFO] [stderr]    Compiling jsonwebtoken v9.3.0
[INFO] [stderr]    Compiling tokio-rustls v0.26.0
[INFO] [stderr]    Compiling git2 v0.19.0
[INFO] [stderr]    Compiling hyper v0.14.30
[INFO] [stderr]    Compiling hyper v1.4.1
[INFO] [stderr]    Compiling toml v0.8.19
[INFO] [stderr]    Compiling cargo_toml v0.20.5
[INFO] [stderr]    Compiling config v0.14.1
[INFO] [stderr]    Compiling hyper-util v0.1.9
[INFO] [stderr]    Compiling tokio-native-tls v0.3.1
[INFO] [stderr]    Compiling hyper-rustls v0.27.3
[INFO] [stderr]    Compiling reqwest v0.12.8
[INFO] [stderr]    Compiling hyper-tls v0.5.0
[INFO] [stderr]    Compiling reqwest v0.11.27
[INFO] [stderr]    Compiling gql_client v1.0.7
[INFO] [stderr]    Compiling octocrate-core v0.1.7
[INFO] [stderr]    Compiling octocrate v2.0.1
[INFO] [stderr]    Compiling pcu v0.4.13 (/opt/rustwide/workdir)
[INFO] [stderr]     Finished `dev` profile [unoptimized + debuginfo] target(s) in 44.39s
[INFO] running `Command { std: "docker" "inspect" "ec94d5d4481152b3d041f04e6acd7576fc4e3f39b4aa74b580a773b03f503961", kill_on_drop: false }`
[INFO] running `Command { std: "docker" "rm" "-f" "ec94d5d4481152b3d041f04e6acd7576fc4e3f39b4aa74b580a773b03f503961", kill_on_drop: false }`
[INFO] [stdout] ec94d5d4481152b3d041f04e6acd7576fc4e3f39b4aa74b580a773b03f503961
[INFO] running `Command { std: "docker" "create" "-v" "/var/lib/crater-agent-workspace/builds/worker-0-tc2/target:/opt/rustwide/target:rw,Z" "-v" "/var/lib/crater-agent-workspace/builds/worker-0-tc2/source:/opt/rustwide/workdir:ro,Z" "-v" "/var/lib/crater-agent-workspace/cargo-home:/opt/rustwide/cargo-home:ro,Z" "-v" "/var/lib/crater-agent-workspace/rustup-home:/opt/rustwide/rustup-home:ro,Z" "-e" "SOURCE_DIR=/opt/rustwide/workdir" "-e" "CARGO_TARGET_DIR=/opt/rustwide/target" "-e" "CARGO_INCREMENTAL=0" "-e" "RUST_BACKTRACE=full" "-e" "RUSTFLAGS=--cap-lints=forbid -Zrandomize-layout" "-e" "RUSTDOCFLAGS=--cap-lints=forbid" "-e" "CARGO_HOME=/opt/rustwide/cargo-home" "-e" "RUSTUP_HOME=/opt/rustwide/rustup-home" "-w" "/opt/rustwide/workdir" "-m" "1610612736" "--user" "0:0" "--network" "none" "ghcr.io/rust-lang/crates-build-env/linux@sha256:4a844ea9eb2546a2d2c7022eacef16ef2e8229c7fbb2c7d4d55a9ceca922f72d" "/opt/rustwide/cargo-home/bin/cargo" "+nightly-2024-10-28" "test" "--frozen" "--no-run" "--message-format=json", kill_on_drop: false }`
[INFO] [stdout] b4ebfda7bc9123cba2885173b22b52aa6ab3fa680ac7928fe5c347e83a32c724
[INFO] running `Command { std: "docker" "start" "-a" "b4ebfda7bc9123cba2885173b22b52aa6ab3fa680ac7928fe5c347e83a32c724", kill_on_drop: false }`
[INFO] [stderr]    Compiling futures-io v0.3.31
[INFO] [stderr]    Compiling futures-channel v0.3.31
[INFO] [stderr]    Compiling syn v2.0.82
[INFO] [stderr]    Compiling syn v1.0.109
[INFO] [stderr]    Compiling rustc_version v0.4.1
[INFO] [stderr]    Compiling anyhow v1.0.89
[INFO] [stderr]    Compiling toml_datetime v0.6.8
[INFO] [stderr]    Compiling thread-id v4.2.2
[INFO] [stderr]    Compiling arc-swap v1.7.1
[INFO] [stderr]    Compiling glob v0.3.1
[INFO] [stderr]    Compiling log-mdc v0.1.0
[INFO] [stderr]    Compiling relative-path v1.9.3
[INFO] [stderr]    Compiling futures-timer v3.0.3
[INFO] [stderr]    Compiling uuid v1.11.0
[INFO] [stderr]    Compiling toml_edit v0.22.22
[INFO] [stderr]    Compiling rstest_macros v0.23.0
[INFO] [stderr]    Compiling proc-macro-crate v3.2.0
[INFO] [stderr]    Compiling derivative v2.2.0
[INFO] [stderr]    Compiling derive-getters v0.3.0
[INFO] [stderr]    Compiling darling_core v0.20.10
[INFO] [stderr]    Compiling serde_derive v1.0.213
[INFO] [stderr]    Compiling tracing-attributes v0.1.27
[INFO] [stderr]    Compiling tokio-macros v2.4.0
[INFO] [stderr]    Compiling futures-macro v0.3.31
[INFO] [stderr]    Compiling thiserror-impl v1.0.65
[INFO] [stderr]    Compiling openssl-macros v0.1.1
[INFO] [stderr]    Compiling typed-builder-macro v0.18.2
[INFO] [stderr]    Compiling clap_derive v4.5.18
[INFO] [stderr]    Compiling strum_macros v0.26.4
[INFO] [stderr]    Compiling async-trait v0.1.83
[INFO] [stderr]    Compiling tokio v1.41.0
[INFO] [stderr]    Compiling futures-util v0.3.31
[INFO] [stderr]    Compiling thiserror v1.0.65
[INFO] [stderr]    Compiling pest v2.7.13
[INFO] [stderr]    Compiling simple_asn1 v0.6.2
[INFO] [stderr]    Compiling log4rs v1.3.0
[INFO] [stderr]    Compiling tracing v0.1.40
[INFO] [stderr]    Compiling typed-builder v0.18.2
[INFO] [stderr]    Compiling darling_macro v0.20.10
[INFO] [stderr]    Compiling tracing-subscriber v0.3.18
[INFO] [stderr]    Compiling log4rs_test_utils v0.2.3
[INFO] [stderr]    Compiling strum v0.26.3
[INFO] [stderr]    Compiling darling v0.20.10
[INFO] [stderr]    Compiling derive_builder_core v0.20.1
[INFO] [stderr]    Compiling derive_setters v0.1.6
[INFO] [stderr]    Compiling clap v4.5.20
[INFO] [stderr]    Compiling clap-verbosity-flag v2.2.2
[INFO] [stderr]    Compiling derive_builder_macro v0.20.1
[INFO] [stderr]    Compiling pest_meta v2.7.13
[INFO] [stderr]    Compiling serde v1.0.213
[INFO] [stderr]    Compiling derive_builder v0.20.1
[INFO] [stderr]    Compiling tracing-error v0.2.0
[INFO] [stderr]    Compiling keep-a-changelog v0.1.4
[INFO] [stderr]    Compiling color-spantrace v0.2.1
[INFO] [stderr]    Compiling color-eyre v0.6.3
[INFO] [stderr]    Compiling pest_generator v2.7.13
[INFO] [stderr]    Compiling http-body-util v0.1.2
[INFO] [stderr]    Compiling futures-executor v0.3.31
[INFO] [stderr]    Compiling futures v0.3.31
[INFO] [stderr]    Compiling rstest v0.23.0
[INFO] [stderr]    Compiling pest_derive v2.7.13
[INFO] [stderr]    Compiling tokio-util v0.7.12
[INFO] [stderr]    Compiling tokio-rustls v0.26.0
[INFO] [stderr]    Compiling h2 v0.4.6
[INFO] [stderr]    Compiling h2 v0.3.26
[INFO] [stderr]    Compiling bitflags v2.6.0
[INFO] [stderr]    Compiling serde_json v1.0.128
[INFO] [stderr]    Compiling serde_urlencoded v0.7.1
[INFO] [stderr]    Compiling serde_spanned v0.6.8
[INFO] [stderr]    Compiling json5 v0.4.1
[INFO] [stderr]    Compiling rgb v0.8.50
[INFO] [stderr]    Compiling openssl v0.10.66
[INFO] [stderr]    Compiling ron v0.8.1
[INFO] [stderr]    Compiling git2 v0.19.0
[INFO] [stderr]    Compiling named-colour v0.3.4
[INFO] [stderr]    Compiling jsonwebtoken v9.3.0
[INFO] [stderr]    Compiling octocrate-types v2.0.1
[INFO] [stderr]    Compiling toml v0.8.19
[INFO] [stderr]    Compiling hyper v0.14.30
[INFO] [stderr]    Compiling cargo_toml v0.20.5
[INFO] [stderr]    Compiling config v0.14.1
[INFO] [stderr]    Compiling hyper v1.4.1
[INFO] [stderr]    Compiling native-tls v0.2.12
[INFO] [stderr]    Compiling hyper-util v0.1.9
[INFO] [stderr]    Compiling tokio-native-tls v0.3.1
[INFO] [stderr]    Compiling hyper-rustls v0.27.3
[INFO] [stderr]    Compiling hyper-tls v0.5.0
[INFO] [stderr]    Compiling reqwest v0.12.8
[INFO] [stderr]    Compiling reqwest v0.11.27
[INFO] [stderr]    Compiling gql_client v1.0.7
[INFO] [stderr]    Compiling octocrate-core v0.1.7
[INFO] [stderr]    Compiling octocrate v2.0.1
[INFO] [stderr]    Compiling pcu v0.4.13 (/opt/rustwide/workdir)
[INFO] [stderr]     Finished `test` profile [unoptimized + debuginfo] target(s) in 36.47s
[INFO] running `Command { std: "docker" "inspect" "b4ebfda7bc9123cba2885173b22b52aa6ab3fa680ac7928fe5c347e83a32c724", kill_on_drop: false }`
[INFO] running `Command { std: "docker" "rm" "-f" "b4ebfda7bc9123cba2885173b22b52aa6ab3fa680ac7928fe5c347e83a32c724", kill_on_drop: false }`
[INFO] [stdout] b4ebfda7bc9123cba2885173b22b52aa6ab3fa680ac7928fe5c347e83a32c724
[INFO] running `Command { std: "docker" "create" "-v" "/var/lib/crater-agent-workspace/builds/worker-0-tc2/target:/opt/rustwide/target:rw,Z" "-v" "/var/lib/crater-agent-workspace/builds/worker-0-tc2/source:/opt/rustwide/workdir:ro,Z" "-v" "/var/lib/crater-agent-workspace/cargo-home:/opt/rustwide/cargo-home:ro,Z" "-v" "/var/lib/crater-agent-workspace/rustup-home:/opt/rustwide/rustup-home:ro,Z" "-e" "SOURCE_DIR=/opt/rustwide/workdir" "-e" "CARGO_TARGET_DIR=/opt/rustwide/target" "-e" "CARGO_INCREMENTAL=0" "-e" "RUST_BACKTRACE=full" "-e" "RUSTFLAGS=--cap-lints=forbid -Zrandomize-layout" "-e" "RUSTDOCFLAGS=--cap-lints=forbid" "-e" "CARGO_HOME=/opt/rustwide/cargo-home" "-e" "RUSTUP_HOME=/opt/rustwide/rustup-home" "-w" "/opt/rustwide/workdir" "-m" "1610612736" "--user" "0:0" "--network" "none" "ghcr.io/rust-lang/crates-build-env/linux@sha256:4a844ea9eb2546a2d2c7022eacef16ef2e8229c7fbb2c7d4d55a9ceca922f72d" "/opt/rustwide/cargo-home/bin/cargo" "+nightly-2024-10-28" "test" "--frozen", kill_on_drop: false }`
[INFO] [stdout] eada688614d7fe362384192ae2695a5eaf8897e77395cb4f7f2bf868d4950158
[INFO] running `Command { std: "docker" "start" "-a" "eada688614d7fe362384192ae2695a5eaf8897e77395cb4f7f2bf868d4950158", kill_on_drop: false }`
[INFO] [stderr]     Finished `test` profile [unoptimized + debuginfo] target(s) in 0.40s
[INFO] [stderr]      Running unittests src/lib/lib.rs (/opt/rustwide/target/debug/deps/pcu_lib-b1a9f21676b2fcf9)
[INFO] [stdout] 
[INFO] [stdout] running 22 tests
[INFO] [stdout] test pr_title::tests::test_calculate_kind_and_description::case_04 ... ok
[INFO] [stdout] test pr_title::tests::test_calculate_kind_and_description::case_01 ... ok
[INFO] [stdout] test pr_title::tests::test_calculate_kind_and_description::case_07 ... ok
[INFO] [stdout] test pr_title::tests::test_calculate_kind_and_description::case_03 ... ok
[INFO] [stdout] test pr_title::tests::test_calculate_kind_and_description::case_05 ... ok
[INFO] [stdout] test pr_title::tests::test_calculate_kind_and_description::case_06 ... ok
[INFO] [stdout] test pr_title::tests::test_calculate_kind_and_description::case_08 ... ok
[INFO] [stdout] test pr_title::tests::test_calculate_kind_and_description::case_09 ... ok
[INFO] [stdout] test pr_title::tests::test_calculate_kind_and_description::case_02 ... ok
[INFO] [stdout] test pr_title::tests::test_calculate_kind_and_description::case_11 ... ok
[INFO] [stdout] test pr_title::tests::test_update_change_log_added_issue_172 ... FAILED
[INFO] [stdout] test utilities::release_unreleased::tests::test_release_unreleased_creates_unreleased_section ... FAILED
[INFO] [stdout] test pr_title::tests::test_update_change_log_added ... FAILED
[INFO] [stdout] test pr_title::tests::test_pr_title_parse_issue_172 ... ok
[INFO] [stdout] test pr_title::tests::test_pr_title_parse_with_breaking_scope ... ok
[INFO] [stdout] test pr_title::tests::test_calculate_kind_and_description::case_13_issue_172 ... ok
[INFO] [stdout] test pr_title::tests::test_calculate_kind_and_description::case_10 ... ok
[INFO] [stdout] test pr_title::tests::test_calculate_kind_and_description::case_12 ... ok
[INFO] [stdout] test pr_title::tests::test_pr_title_parse_with_security_scope ... ok
[INFO] [stdout] test pr_title::tests::test_pr_title_parse_without_scope ... ok
[INFO] [stdout] test pr_title::tests::test_pr_title_parse_with_deprecate_scope ... ok
[INFO] [stdout] test pr_title::tests::test_pr_title_parse ... ok
[INFO] [stdout] 
[INFO] [stdout] failures:
[INFO] [stdout] 
[INFO] [stdout] ---- pr_title::tests::test_update_change_log_added_issue_172 stdout ----
[INFO] [stdout] Error: No such file or directory (os error 2)
[INFO] [stdout] 
[INFO] [stdout] Location:
[INFO] [stdout]     src/lib/pr_title.rs:533:31
[INFO] [stdout] 
[INFO] [stdout] ---- utilities::release_unreleased::tests::test_release_unreleased_creates_unreleased_section stdout ----
[INFO] [stdout] Error: KeepAChangelog("No such file or directory (os error 2)")
[INFO] [stdout] 
[INFO] [stdout] ---- pr_title::tests::test_update_change_log_added stdout ----
[INFO] [stdout] Error: No such file or directory (os error 2)
[INFO] [stdout] 
[INFO] [stdout] Location:
[INFO] [stdout]     src/lib/pr_title.rs:489:31
[INFO] [stdout] 
[INFO] [stdout] 
[INFO] [stdout] failures:
[INFO] [stdout]     pr_title::tests::test_update_change_log_added
[INFO] [stdout]     pr_title::tests::test_update_change_log_added_issue_172
[INFO] [stdout]     utilities::release_unreleased::tests::test_release_unreleased_creates_unreleased_section
[INFO] [stdout] 
[INFO] [stdout] test result: FAILED. 19 passed; 3 failed; 0 ignored; 0 measured; 0 filtered out; finished in 0.01s
[INFO] [stdout] 
[INFO] [stderr] error: test failed, to rerun pass `--lib`
[INFO] running `Command { std: "docker" "inspect" "eada688614d7fe362384192ae2695a5eaf8897e77395cb4f7f2bf868d4950158", kill_on_drop: false }`
[INFO] running `Command { std: "docker" "rm" "-f" "eada688614d7fe362384192ae2695a5eaf8897e77395cb4f7f2bf868d4950158", kill_on_drop: false }`
[INFO] [stdout] eada688614d7fe362384192ae2695a5eaf8897e77395cb4f7f2bf868d4950158
