[INFO] fetching crate pco 0.3.1...
[INFO] testing pco-0.3.1 against nightly-2024-10-28+rustflags=-Zrandomize-layout for randomize-layout
[INFO] extracting crate pco 0.3.1 into /workspace/builds/worker-7-tc2/source
[INFO] validating manifest of crates.io crate pco 0.3.1 on toolchain nightly-2024-10-28
[INFO] running `Command { std: CARGO_HOME="/workspace/cargo-home" RUSTUP_HOME="/workspace/rustup-home" "/workspace/cargo-home/bin/cargo" "+nightly-2024-10-28" "metadata" "--manifest-path" "Cargo.toml" "--no-deps", kill_on_drop: false }`
[INFO] started tweaking crates.io crate pco 0.3.1
[INFO] finished tweaking crates.io crate pco 0.3.1
[INFO] tweaked toml for crates.io crate pco 0.3.1 written to /workspace/builds/worker-7-tc2/source/Cargo.toml
[INFO] running `Command { std: CARGO_HOME="/workspace/cargo-home" RUSTUP_HOME="/workspace/rustup-home" "/workspace/cargo-home/bin/cargo" "+nightly-2024-10-28" "generate-lockfile" "--manifest-path" "Cargo.toml", kill_on_drop: false }`
[INFO] [stderr]     Updating crates.io index
[INFO] [stderr]      Locking 19 packages to latest compatible versions
[INFO] running `Command { std: CARGO_HOME="/workspace/cargo-home" RUSTUP_HOME="/workspace/rustup-home" "/workspace/cargo-home/bin/cargo" "+nightly-2024-10-28" "fetch" "--manifest-path" "Cargo.toml", kill_on_drop: false }`
[INFO] running `Command { std: "docker" "create" "-v" "/var/lib/crater-agent-workspace/builds/worker-7-tc2/target:/opt/rustwide/target:rw,Z" "-v" "/var/lib/crater-agent-workspace/builds/worker-7-tc2/source:/opt/rustwide/workdir:ro,Z" "-v" "/var/lib/crater-agent-workspace/cargo-home:/opt/rustwide/cargo-home:ro,Z" "-v" "/var/lib/crater-agent-workspace/rustup-home:/opt/rustwide/rustup-home:ro,Z" "-e" "SOURCE_DIR=/opt/rustwide/workdir" "-e" "CARGO_TARGET_DIR=/opt/rustwide/target" "-e" "CARGO_HOME=/opt/rustwide/cargo-home" "-e" "RUSTUP_HOME=/opt/rustwide/rustup-home" "-w" "/opt/rustwide/workdir" "-m" "1610612736" "--user" "0:0" "--network" "none" "ghcr.io/rust-lang/crates-build-env/linux@sha256:4a844ea9eb2546a2d2c7022eacef16ef2e8229c7fbb2c7d4d55a9ceca922f72d" "/opt/rustwide/cargo-home/bin/cargo" "+nightly-2024-10-28" "metadata" "--no-deps" "--format-version=1", kill_on_drop: false }`
[INFO] [stdout] 601be1dfac13aba433270dd1b0668c6bfc2ce78334a08718851549bd81be64cf
[INFO] running `Command { std: "docker" "start" "-a" "601be1dfac13aba433270dd1b0668c6bfc2ce78334a08718851549bd81be64cf", kill_on_drop: false }`
[INFO] running `Command { std: "docker" "inspect" "601be1dfac13aba433270dd1b0668c6bfc2ce78334a08718851549bd81be64cf", kill_on_drop: false }`
[INFO] running `Command { std: "docker" "rm" "-f" "601be1dfac13aba433270dd1b0668c6bfc2ce78334a08718851549bd81be64cf", kill_on_drop: false }`
[INFO] [stdout] 601be1dfac13aba433270dd1b0668c6bfc2ce78334a08718851549bd81be64cf
[INFO] running `Command { std: "docker" "create" "-v" "/var/lib/crater-agent-workspace/builds/worker-7-tc2/target:/opt/rustwide/target:rw,Z" "-v" "/var/lib/crater-agent-workspace/builds/worker-7-tc2/source:/opt/rustwide/workdir:ro,Z" "-v" "/var/lib/crater-agent-workspace/cargo-home:/opt/rustwide/cargo-home:ro,Z" "-v" "/var/lib/crater-agent-workspace/rustup-home:/opt/rustwide/rustup-home:ro,Z" "-e" "SOURCE_DIR=/opt/rustwide/workdir" "-e" "CARGO_TARGET_DIR=/opt/rustwide/target" "-e" "CARGO_INCREMENTAL=0" "-e" "RUST_BACKTRACE=full" "-e" "RUSTFLAGS=--cap-lints=forbid -Zrandomize-layout" "-e" "RUSTDOCFLAGS=--cap-lints=forbid" "-e" "CARGO_HOME=/opt/rustwide/cargo-home" "-e" "RUSTUP_HOME=/opt/rustwide/rustup-home" "-w" "/opt/rustwide/workdir" "-m" "1610612736" "--user" "0:0" "--network" "none" "ghcr.io/rust-lang/crates-build-env/linux@sha256:4a844ea9eb2546a2d2c7022eacef16ef2e8229c7fbb2c7d4d55a9ceca922f72d" "/opt/rustwide/cargo-home/bin/cargo" "+nightly-2024-10-28" "build" "--frozen" "--message-format=json", kill_on_drop: false }`
[INFO] [stdout] 08dfa1be193920a7f8cbda7cc38d74e6e23e6121f46c40602b2721d683508923
[INFO] running `Command { std: "docker" "start" "-a" "08dfa1be193920a7f8cbda7cc38d74e6e23e6121f46c40602b2721d683508923", kill_on_drop: false }`
[INFO] [stderr]    Compiling rand_core v0.6.4
[INFO] [stderr]    Compiling half v2.4.1
[INFO] [stderr]    Compiling better_io v0.1.0
[INFO] [stderr]    Compiling rand_xoshiro v0.6.0
[INFO] [stderr]    Compiling pco v0.3.1 (/opt/rustwide/workdir)
[INFO] [stderr]     Finished `dev` profile [unoptimized + debuginfo] target(s) in 1.74s
[INFO] running `Command { std: "docker" "inspect" "08dfa1be193920a7f8cbda7cc38d74e6e23e6121f46c40602b2721d683508923", kill_on_drop: false }`
[INFO] running `Command { std: "docker" "rm" "-f" "08dfa1be193920a7f8cbda7cc38d74e6e23e6121f46c40602b2721d683508923", kill_on_drop: false }`
[INFO] [stdout] 08dfa1be193920a7f8cbda7cc38d74e6e23e6121f46c40602b2721d683508923
[INFO] running `Command { std: "docker" "create" "-v" "/var/lib/crater-agent-workspace/builds/worker-7-tc2/target:/opt/rustwide/target:rw,Z" "-v" "/var/lib/crater-agent-workspace/builds/worker-7-tc2/source:/opt/rustwide/workdir:ro,Z" "-v" "/var/lib/crater-agent-workspace/cargo-home:/opt/rustwide/cargo-home:ro,Z" "-v" "/var/lib/crater-agent-workspace/rustup-home:/opt/rustwide/rustup-home:ro,Z" "-e" "SOURCE_DIR=/opt/rustwide/workdir" "-e" "CARGO_TARGET_DIR=/opt/rustwide/target" "-e" "CARGO_INCREMENTAL=0" "-e" "RUST_BACKTRACE=full" "-e" "RUSTFLAGS=--cap-lints=forbid -Zrandomize-layout" "-e" "RUSTDOCFLAGS=--cap-lints=forbid" "-e" "CARGO_HOME=/opt/rustwide/cargo-home" "-e" "RUSTUP_HOME=/opt/rustwide/rustup-home" "-w" "/opt/rustwide/workdir" "-m" "1610612736" "--user" "0:0" "--network" "none" "ghcr.io/rust-lang/crates-build-env/linux@sha256:4a844ea9eb2546a2d2c7022eacef16ef2e8229c7fbb2c7d4d55a9ceca922f72d" "/opt/rustwide/cargo-home/bin/cargo" "+nightly-2024-10-28" "test" "--frozen" "--no-run" "--message-format=json", kill_on_drop: false }`
[INFO] [stdout] 1430c58c59ce823fb17b1525069a8d72a6ce8b74c179fad1e2517cf1c3a63a94
[INFO] running `Command { std: "docker" "start" "-a" "1430c58c59ce823fb17b1525069a8d72a6ce8b74c179fad1e2517cf1c3a63a94", kill_on_drop: false }`
[INFO] [stderr]    Compiling proc-macro2 v1.0.89
[INFO] [stderr]    Compiling unicode-ident v1.0.13
[INFO] [stderr]    Compiling libc v0.2.161
[INFO] [stderr]    Compiling byteorder v1.5.0
[INFO] [stderr]    Compiling quote v1.0.37
[INFO] [stderr]    Compiling syn v2.0.86
[INFO] [stderr]    Compiling getrandom v0.2.15
[INFO] [stderr]    Compiling rand_core v0.6.4
[INFO] [stderr]    Compiling rand_xoshiro v0.6.0
[INFO] [stderr]    Compiling pco v0.3.1 (/opt/rustwide/workdir)
[INFO] [stderr]    Compiling zerocopy-derive v0.7.35
[INFO] [stderr]    Compiling zerocopy v0.7.35
[INFO] [stderr]    Compiling ppv-lite86 v0.2.20
[INFO] [stderr]    Compiling rand_chacha v0.3.1
[INFO] [stderr]    Compiling rand v0.8.5
[INFO] [stderr]     Finished `test` profile [unoptimized + debuginfo] target(s) in 8.69s
[INFO] running `Command { std: "docker" "inspect" "1430c58c59ce823fb17b1525069a8d72a6ce8b74c179fad1e2517cf1c3a63a94", kill_on_drop: false }`
[INFO] running `Command { std: "docker" "rm" "-f" "1430c58c59ce823fb17b1525069a8d72a6ce8b74c179fad1e2517cf1c3a63a94", kill_on_drop: false }`
[INFO] [stdout] 1430c58c59ce823fb17b1525069a8d72a6ce8b74c179fad1e2517cf1c3a63a94
[INFO] running `Command { std: "docker" "create" "-v" "/var/lib/crater-agent-workspace/builds/worker-7-tc2/target:/opt/rustwide/target:rw,Z" "-v" "/var/lib/crater-agent-workspace/builds/worker-7-tc2/source:/opt/rustwide/workdir:ro,Z" "-v" "/var/lib/crater-agent-workspace/cargo-home:/opt/rustwide/cargo-home:ro,Z" "-v" "/var/lib/crater-agent-workspace/rustup-home:/opt/rustwide/rustup-home:ro,Z" "-e" "SOURCE_DIR=/opt/rustwide/workdir" "-e" "CARGO_TARGET_DIR=/opt/rustwide/target" "-e" "CARGO_INCREMENTAL=0" "-e" "RUST_BACKTRACE=full" "-e" "RUSTFLAGS=--cap-lints=forbid -Zrandomize-layout" "-e" "RUSTDOCFLAGS=--cap-lints=forbid" "-e" "CARGO_HOME=/opt/rustwide/cargo-home" "-e" "RUSTUP_HOME=/opt/rustwide/rustup-home" "-w" "/opt/rustwide/workdir" "-m" "1610612736" "--user" "0:0" "--network" "none" "ghcr.io/rust-lang/crates-build-env/linux@sha256:4a844ea9eb2546a2d2c7022eacef16ef2e8229c7fbb2c7d4d55a9ceca922f72d" "/opt/rustwide/cargo-home/bin/cargo" "+nightly-2024-10-28" "test" "--frozen", kill_on_drop: false }`
[INFO] [stdout] 200c0497b324a5c726a041a279e77463c69825c3f2119a10e8bf1d11705331e4
[INFO] running `Command { std: "docker" "start" "-a" "200c0497b324a5c726a041a279e77463c69825c3f2119a10e8bf1d11705331e4", kill_on_drop: false }`
[INFO] [stderr]     Finished `test` profile [unoptimized + debuginfo] target(s) in 0.03s
[INFO] [stderr]      Running unittests src/lib.rs (/opt/rustwide/target/debug/deps/pco-9e9077436a25df80)
[INFO] [stdout] 
[INFO] [stdout] running 96 tests
[INFO] [stdout] test ans::spec::tests::ans_spec_new ... ok
[INFO] [stdout] test ans::encoding::tests::test_quantize_weights ... ok
[INFO] [stdout] test ans::encoding::tests::test_quantize_weights_to ... ok
[INFO] [stdout] test ans::spec::tests::ans_spec_new_trivial ... ok
[INFO] [stdout] test bin_optimization::tests::test_bin_optimization ... ok
[INFO] [stdout] test bin_optimization::tests::test_bin_optimization_enveloped ... ok
[INFO] [stdout] test ans::tests::ans_encoder_decoder_sparse ... ok
[INFO] [stdout] test bit_reader::tests::test_bit_reader ... ok
[INFO] [stdout] test ans::tests::ans_encoder_decoder_dense ... ok
[INFO] [stdout] test bit_reader::tests::test_bit_reader_builder ... ok
[INFO] [stdout] test bit_writer::tests::test_long_uint_writes ... ok
[INFO] [stdout] test bits::tests::test_bits_to_encode_offset_bits ... ok
[INFO] [stdout] test bits::tests::test_lowest_bits ... ok
[INFO] [stdout] test chunk_meta::tests::exact_size_binless ... ok
[INFO] [stdout] test chunk_meta::tests::exact_size_float_mult ... ok
[INFO] [stdout] test chunk_meta::tests::exact_size_trivial ... ok
[INFO] [stdout] test constants::tests::test_ans_interleaving_fits_in_u64 ... ok
[INFO] [stdout] test constants::tests::test_bits_to_encode_delta_encoding_order ... ok
[INFO] [stdout] test data_types::floats::tests::int_float32_invertibility ... ok
[INFO] [stdout] test data_types::floats::tests::int_float64_invertibility ... ok
[INFO] [stdout] test data_types::floats::tests::int_float_ordering ... ok
[INFO] [stdout] test data_types::floats::tests::test_choose_mult_mode ... ok
[INFO] [stdout] test data_types::floats::tests::test_choose_quant_mode ... ok
[INFO] [stdout] test data_types::floats::tests::test_exp2 ... ok
[INFO] [stdout] test data_types::floats::tests::test_exponent ... ok
[INFO] [stdout] test data_types::floats::tests::test_float_ordering ... ok
[INFO] [stdout] test data_types::signeds::tests::test_ordering ... ok
[INFO] [stdout] test delta::tests::test_delta_encode_decode ... ok
[INFO] [stdout] test float_mult_utils::test::test_approx_pair_gcd ... ok
[INFO] [stdout] test float_mult_utils::test::test_candidate_euclidean ... ok
[INFO] [stdout] test float_mult_utils::test::test_center_gcd ... ok
[INFO] [stdout] test float_mult_utils::test::test_float_mult_better_than_classic ... ok
[INFO] [stdout] test float_mult_utils::test::test_choose_config_and_bid ... ok
[INFO] [stdout] test float_mult_utils::test::test_gcd_euclidean ... ok
[INFO] [stdout] test float_mult_utils::test::test_near_zero ... ok
[INFO] [stdout] test float_mult_utils::test::test_snap ... ok
[INFO] [stdout] test float_mult_utils::test::test_float_mult_worse_than_classic ... ok
[INFO] [stdout] test float_mult_utils::test::test_trailing_zeros ... ok
[INFO] [stdout] test float_quant_utils::test::test_compute_bid ... ok
[INFO] [stdout] test float_mult_utils::test::test_float_mult_worse_than_classic_zeros ... ok
[INFO] [stdout] test float_quant_utils::test::test_estimate_best_k ... ok
[INFO] [stdout] test float_quant_utils::test::test_estimate_best_k_full_precision ... ok
[INFO] [stdout] test float_quant_utils::test::test_join_split_round_trip ... ok
[INFO] [stdout] test float_quant_utils::test::test_secondary_is_zero_for_exact_quantized ... ok
[INFO] [stdout] test histograms::tests::test_bin_idx_and_c_count ... ok
[INFO] [stdout] test histograms::tests::test_histogram_sorted_complex ... ok
[INFO] [stdout] test histograms::tests::test_histogram_sorted_simple ... ok
[INFO] [stdout] test int_mult_utils::tests::test_calc_candidate_gcd ... ok
[INFO] [stdout] test int_mult_utils::tests::test_calc_gcd ... ok
[INFO] [stdout] test int_mult_utils::tests::test_calc_triple_gcd ... ok
[INFO] [stdout] test int_mult_utils::tests::test_false_position ... ok
[INFO] [stdout] test float_quant_utils::test::test_split_latents_specific_values ... ok
[INFO] [stdout] test sampling::tests::test_choose_sample ... ok
[INFO] [stdout] test sampling::tests::test_sample_n ... ok
[INFO] [stdout] test standalone::constants::tests::test_enough_bits ... ok
[INFO] [stdout] test standalone::guarantee::tests::test_file_guarantee_empty ... ok
[INFO] [stdout] test standalone::guarantee::tests::test_header_guarantee ... ok
[INFO] [stdout] test histograms::tests::test_histogram_quicksort ... ok
[INFO] [stdout] test tests::compatibility::tests::v0_0_0_classic ... FAILED
[INFO] [stdout] test tests::compatibility::tests::v0_0_0_delta_float_mult ... FAILED
[INFO] [stdout] test tests::compatibility::tests::v0_1_0_delta_int_mult ... FAILED
[INFO] [stdout] test int_mult_utils::tests::test_split_join_latents ... ok
[INFO] [stdout] test standalone::simple::tests::test_simple_decompress_into ... ok
[INFO] [stdout] test tests::compatibility::tests::v0_1_1_classic ... FAILED
[INFO] [stdout] test standalone::guarantee::tests::test_file_guarantee_antagonistic ... ok
[INFO] [stdout] test tests::compatibility::tests::v0_3_0_float_quant ... FAILED
[INFO] [stdout] test tests::compatibility::tests::v0_3_0_f16 ... FAILED
[INFO] [stdout] test tests::recovery::test_56_bit_offsets ... ok
[INFO] [stdout] test tests::recovery::test_57_bit_offsets ... ok
[INFO] [stdout] test tests::recovery::test_64_bit_offsets ... ok
[INFO] [stdout] test tests::recovery::test_i16_codec ... ok
[INFO] [stdout] test tests::recovery::test_i32_codec ... ok
[INFO] [stdout] test tests::recovery::test_i64_codec ... ok
[INFO] [stdout] test tests::recovery::test_f32_codec ... ok
[INFO] [stdout] test tests::recovery::test_f16_mult ... ok
[INFO] [stdout] test tests::recovery::test_edge_cases ... ok
[INFO] [stdout] test tests::recovery::test_f64_codec ... ok
[INFO] [stdout] test tests::recovery::test_f16_codec ... ok
[INFO] [stdout] test tests::recovery::test_decimals ... ok
[INFO] [stdout] test tests::low_level::test_low_level_wrapped ... ok
[INFO] [stdout] test tests::recovery::test_u16_codec ... ok
[INFO] [stdout] test tests::recovery::test_u32_codec ... ok
[INFO] [stdout] test tests::recovery::test_multi_chunk ... ok
[INFO] [stdout] test tests::recovery::test_trivial_first_latent_var ... ok
[INFO] [stdout] test tests::recovery::test_with_int_mult ... ok
[INFO] [stdout] test wrapped::chunk_compressor::tests::test_choose_delta_sample ... ok
[INFO] [stdout] test tests::stability::test_insufficient_data_short_bins ... ok
[INFO] [stdout] test wrapped::guarantee::tests::test_chunk_guarantee_uniform ... ok
[INFO] [stdout] test tests::recovery::test_u64_codec ... ok
[INFO] [stdout] test wrapped::guarantee::tests::test_header_guarantee ... ok
[INFO] [stdout] test wrapped::guarantee::tests::test_chunk_guarantee_antagonistic ... ok
[INFO] [stdout] test tests::recovery::test_sparse_islands ... ok
[INFO] [stdout] test tests::recovery::test_sparse ... ok
[INFO] [stdout] test tests::stability::test_insufficient_data_sparse ... ok
[INFO] [stdout] test tests::recovery::test_moderate_data ... ok
[INFO] [stdout] test tests::stability::test_insufficient_data_long_offsets ... ok
[INFO] [stdout] 
[INFO] [stdout] failures:
[INFO] [stdout] 
[INFO] [stdout] ---- tests::compatibility::tests::v0_0_0_classic stdout ----
[INFO] [stdout] Error: PcoError { kind: Io(NotFound), message: "No such file or directory (os error 2)" }
[INFO] [stdout] 
[INFO] [stdout] ---- tests::compatibility::tests::v0_0_0_delta_float_mult stdout ----
[INFO] [stdout] Error: PcoError { kind: Io(NotFound), message: "No such file or directory (os error 2)" }
[INFO] [stdout] 
[INFO] [stdout] ---- tests::compatibility::tests::v0_1_0_delta_int_mult stdout ----
[INFO] [stdout] Error: PcoError { kind: Io(NotFound), message: "No such file or directory (os error 2)" }
[INFO] [stdout] 
[INFO] [stdout] ---- tests::compatibility::tests::v0_1_1_classic stdout ----
[INFO] [stdout] Error: PcoError { kind: Io(NotFound), message: "No such file or directory (os error 2)" }
[INFO] [stdout] 
[INFO] [stdout] ---- tests::compatibility::tests::v0_3_0_float_quant stdout ----
[INFO] [stdout] Error: PcoError { kind: Io(NotFound), message: "No such file or directory (os error 2)" }
[INFO] [stdout] 
[INFO] [stdout] ---- tests::compatibility::tests::v0_3_0_f16 stdout ----
[INFO] [stdout] Error: PcoError { kind: Io(NotFound), message: "No such file or directory (os error 2)" }
[INFO] [stdout] 
[INFO] [stdout] 
[INFO] [stdout] failures:
[INFO] [stdout]     tests::compatibility::tests::v0_0_0_classic
[INFO] [stdout]     tests::compatibility::tests::v0_0_0_delta_float_mult
[INFO] [stdout]     tests::compatibility::tests::v0_1_0_delta_int_mult
[INFO] [stdout]     tests::compatibility::tests::v0_1_1_classic
[INFO] [stdout]     tests::compatibility::tests::v0_3_0_f16
[INFO] [stdout]     tests::compatibility::tests::v0_3_0_float_quant
[INFO] [stdout] 
[INFO] [stdout] test result: FAILED. 90 passed; 6 failed; 0 ignored; 0 measured; 0 filtered out; finished in 0.67s
[INFO] [stdout] 
[INFO] [stderr] error: test failed, to rerun pass `--lib`
[INFO] running `Command { std: "docker" "inspect" "200c0497b324a5c726a041a279e77463c69825c3f2119a10e8bf1d11705331e4", kill_on_drop: false }`
[INFO] running `Command { std: "docker" "rm" "-f" "200c0497b324a5c726a041a279e77463c69825c3f2119a10e8bf1d11705331e4", kill_on_drop: false }`
[INFO] [stdout] 200c0497b324a5c726a041a279e77463c69825c3f2119a10e8bf1d11705331e4
