[INFO] fetching crate pavex 0.1.49...
[INFO] testing pavex-0.1.49 against nightly-2024-10-28 for randomize-layout
[INFO] extracting crate pavex 0.1.49 into /workspace/builds/worker-7-tc1/source
[INFO] validating manifest of crates.io crate pavex 0.1.49 on toolchain nightly-2024-10-28
[INFO] running `Command { std: CARGO_HOME="/workspace/cargo-home" RUSTUP_HOME="/workspace/rustup-home" "/workspace/cargo-home/bin/cargo" "+nightly-2024-10-28" "metadata" "--manifest-path" "Cargo.toml" "--no-deps", kill_on_drop: false }`
[INFO] started tweaking crates.io crate pavex 0.1.49
[INFO] removed 0 missing tests
[INFO] finished tweaking crates.io crate pavex 0.1.49
[INFO] tweaked toml for crates.io crate pavex 0.1.49 written to /workspace/builds/worker-7-tc1/source/Cargo.toml
[INFO] running `Command { std: CARGO_HOME="/workspace/cargo-home" RUSTUP_HOME="/workspace/rustup-home" "/workspace/cargo-home/bin/cargo" "+nightly-2024-10-28" "generate-lockfile" "--manifest-path" "Cargo.toml", kill_on_drop: false }`
[INFO] [stderr]     Updating crates.io index
[INFO] [stderr]      Locking 176 packages to latest compatible versions
[INFO] [stderr]       Adding fs-err v2.11.0 (available: v3.0.0)
[INFO] running `Command { std: CARGO_HOME="/workspace/cargo-home" RUSTUP_HOME="/workspace/rustup-home" "/workspace/cargo-home/bin/cargo" "+nightly-2024-10-28" "fetch" "--manifest-path" "Cargo.toml", kill_on_drop: false }`
[INFO] [stderr]  Downloading crates ...
[INFO] [stderr]   Downloaded biscotti v0.3.4
[INFO] [stderr]   Downloaded type-safe-id v0.3.0
[INFO] [stderr]   Downloaded pavex_bp_schema v0.1.49
[INFO] [stderr]   Downloaded pavex_macros v0.1.49
[INFO] [stderr]   Downloaded pavex_reflection v0.1.49
[INFO] [stderr]   Downloaded persist_if_changed v0.1.49
[INFO] [stderr]   Downloaded pavex_matchit v0.7.5
[INFO] running `Command { std: "docker" "create" "-v" "/var/lib/crater-agent-workspace/builds/worker-7-tc1/target:/opt/rustwide/target:rw,Z" "-v" "/var/lib/crater-agent-workspace/builds/worker-7-tc1/source:/opt/rustwide/workdir:ro,Z" "-v" "/var/lib/crater-agent-workspace/cargo-home:/opt/rustwide/cargo-home:ro,Z" "-v" "/var/lib/crater-agent-workspace/rustup-home:/opt/rustwide/rustup-home:ro,Z" "-e" "SOURCE_DIR=/opt/rustwide/workdir" "-e" "CARGO_TARGET_DIR=/opt/rustwide/target" "-e" "CARGO_HOME=/opt/rustwide/cargo-home" "-e" "RUSTUP_HOME=/opt/rustwide/rustup-home" "-w" "/opt/rustwide/workdir" "-m" "1610612736" "--user" "0:0" "--network" "none" "ghcr.io/rust-lang/crates-build-env/linux@sha256:4a844ea9eb2546a2d2c7022eacef16ef2e8229c7fbb2c7d4d55a9ceca922f72d" "/opt/rustwide/cargo-home/bin/cargo" "+nightly-2024-10-28" "metadata" "--no-deps" "--format-version=1", kill_on_drop: false }`
[INFO] [stdout] 69d2755d8b088d64a7de720f84e19bc76da5c62968788aa31df585188241938b
[INFO] running `Command { std: "docker" "start" "-a" "69d2755d8b088d64a7de720f84e19bc76da5c62968788aa31df585188241938b", kill_on_drop: false }`
[INFO] running `Command { std: "docker" "inspect" "69d2755d8b088d64a7de720f84e19bc76da5c62968788aa31df585188241938b", kill_on_drop: false }`
[INFO] running `Command { std: "docker" "rm" "-f" "69d2755d8b088d64a7de720f84e19bc76da5c62968788aa31df585188241938b", kill_on_drop: false }`
[INFO] [stdout] 69d2755d8b088d64a7de720f84e19bc76da5c62968788aa31df585188241938b
[INFO] running `Command { std: "docker" "create" "-v" "/var/lib/crater-agent-workspace/builds/worker-7-tc1/target:/opt/rustwide/target:rw,Z" "-v" "/var/lib/crater-agent-workspace/builds/worker-7-tc1/source:/opt/rustwide/workdir:ro,Z" "-v" "/var/lib/crater-agent-workspace/cargo-home:/opt/rustwide/cargo-home:ro,Z" "-v" "/var/lib/crater-agent-workspace/rustup-home:/opt/rustwide/rustup-home:ro,Z" "-e" "SOURCE_DIR=/opt/rustwide/workdir" "-e" "CARGO_TARGET_DIR=/opt/rustwide/target" "-e" "CARGO_INCREMENTAL=0" "-e" "RUST_BACKTRACE=full" "-e" "RUSTFLAGS=--cap-lints=forbid" "-e" "RUSTDOCFLAGS=--cap-lints=forbid" "-e" "CARGO_HOME=/opt/rustwide/cargo-home" "-e" "RUSTUP_HOME=/opt/rustwide/rustup-home" "-w" "/opt/rustwide/workdir" "-m" "1610612736" "--user" "0:0" "--network" "none" "ghcr.io/rust-lang/crates-build-env/linux@sha256:4a844ea9eb2546a2d2c7022eacef16ef2e8229c7fbb2c7d4d55a9ceca922f72d" "/opt/rustwide/cargo-home/bin/cargo" "+nightly-2024-10-28" "build" "--frozen" "--message-format=json", kill_on_drop: false }`
[INFO] [stdout] 7fe7bd5a0f94ad733404d36ad9fcf9a972b5b5dd498a194c5902309d7f268d59
[INFO] running `Command { std: "docker" "start" "-a" "7fe7bd5a0f94ad733404d36ad9fcf9a972b5b5dd498a194c5902309d7f268d59", kill_on_drop: false }`
[INFO] [stderr]    Compiling version_check v0.9.5
[INFO] [stderr]    Compiling typenum v1.17.0
[INFO] [stderr]    Compiling subtle v2.6.1
[INFO] [stderr]    Compiling pin-project-lite v0.2.15
[INFO] [stderr]    Compiling bytes v1.8.0
[INFO] [stderr]    Compiling futures-core v0.3.31
[INFO] [stderr]    Compiling cpufeatures v0.2.14
[INFO] [stderr]    Compiling byteorder v1.5.0
[INFO] [stderr]    Compiling slab v0.4.9
[INFO] [stderr]    Compiling fnv v1.0.7
[INFO] [stderr]    Compiling tracing-core v0.1.32
[INFO] [stderr]    Compiling hashbrown v0.15.0
[INFO] [stderr]    Compiling equivalent v1.0.1
[INFO] [stderr]    Compiling anyhow v1.0.92
[INFO] [stderr]    Compiling getrandom v0.2.15
[INFO] [stderr]    Compiling zerocopy-derive v0.7.35
[INFO] [stderr]    Compiling tracing-attributes v0.1.27
[INFO] [stderr]    Compiling socket2 v0.5.7
[INFO] [stderr]    Compiling mio v1.0.2
[INFO] [stderr]    Compiling futures-macro v0.3.31
[INFO] [stderr]    Compiling rand_core v0.6.4
[INFO] [stderr]    Compiling futures-sink v0.3.31
[INFO] [stderr]    Compiling pin-utils v0.1.0
[INFO] [stderr]    Compiling httparse v1.9.5
[INFO] [stderr]    Compiling futures-task v0.3.31
[INFO] [stderr]    Compiling fs-err v2.11.0
[INFO] [stderr]    Compiling generic-array v0.14.7
[INFO] [stderr]    Compiling atomic-waker v1.1.2
[INFO] [stderr]    Compiling percent-encoding v2.3.1
[INFO] [stderr]    Compiling opaque-debug v0.3.1
[INFO] [stderr]    Compiling try-lock v0.2.5
[INFO] [stderr]    Compiling time-macros v0.2.18
[INFO] [stderr]    Compiling http v1.1.0
[INFO] [stderr]    Compiling tokio v1.41.0
[INFO] [stderr]    Compiling want v0.3.1
[INFO] [stderr]    Compiling deranged v0.3.11
[INFO] [stderr]    Compiling indexmap v2.6.0
[INFO] [stderr]    Compiling futures-channel v0.3.31
[INFO] [stderr]    Compiling httpdate v1.0.3
[INFO] [stderr]    Compiling zeroize v1.8.1
[INFO] [stderr]    Compiling paste v1.0.15
[INFO] [stderr]    Compiling smallvec v1.13.2
[INFO] [stderr]    Compiling form_urlencoded v1.2.1
[INFO] [stderr]    Compiling zerocopy v0.7.35
[INFO] [stderr]    Compiling uuid v1.11.0
[INFO] [stderr]    Compiling pavex_reflection v0.1.49
[INFO] [stderr]    Compiling bitflags v2.6.0
[INFO] [stderr]    Compiling base64 v0.21.7
[INFO] [stderr]    Compiling futures-util v0.3.31
[INFO] [stderr]    Compiling base64 v0.22.1
[INFO] [stderr]    Compiling pavex_bp_schema v0.1.49
[INFO] [stderr]    Compiling serde_path_to_error v0.1.16
[INFO] [stderr]    Compiling ubyte v0.10.4
[INFO] [stderr]    Compiling http-body v1.0.1
[INFO] [stderr]    Compiling serde_html_form v0.2.6
[INFO] [stderr]    Compiling ron v0.8.1
[INFO] [stderr]    Compiling pavex_macros v0.1.49
[INFO] [stderr]    Compiling pavex_matchit v0.7.5
[INFO] [stderr]    Compiling ppv-lite86 v0.2.20
[INFO] [stderr]    Compiling tracing v0.1.40
[INFO] [stderr]    Compiling mime v0.3.17
[INFO] [stderr]    Compiling crypto-common v0.1.6
[INFO] [stderr]    Compiling block-buffer v0.10.4
[INFO] [stderr]    Compiling inout v0.1.3
[INFO] [stderr]    Compiling universal-hash v0.5.1
[INFO] [stderr]    Compiling aead v0.5.2
[INFO] [stderr]    Compiling digest v0.10.7
[INFO] [stderr]    Compiling rand_chacha v0.3.1
[INFO] [stderr]    Compiling cipher v0.4.4
[INFO] [stderr]    Compiling polyval v0.6.2
[INFO] [stderr]    Compiling time v0.3.36
[INFO] [stderr]    Compiling aes v0.8.4
[INFO] [stderr]    Compiling ctr v0.9.2
[INFO] [stderr]    Compiling sha2 v0.10.8
[INFO] [stderr]    Compiling hmac v0.12.1
[INFO] [stderr]    Compiling rand v0.8.5
[INFO] [stderr]    Compiling hkdf v0.12.4
[INFO] [stderr]    Compiling persist_if_changed v0.1.49
[INFO] [stderr]    Compiling aes-gcm-siv v0.11.1
[INFO] [stderr]    Compiling type-safe-id v0.3.0
[INFO] [stderr]    Compiling http-body-util v0.1.2
[INFO] [stderr]    Compiling biscotti v0.3.4
[INFO] [stderr]    Compiling tokio-util v0.7.12
[INFO] [stderr]    Compiling h2 v0.4.6
[INFO] [stderr]    Compiling hyper v1.5.0
[INFO] [stderr]    Compiling hyper-util v0.1.10
[INFO] [stderr]    Compiling pavex v0.1.49 (/opt/rustwide/workdir)
[INFO] [stderr]     Finished `dev` profile [unoptimized + debuginfo] target(s) in 8.84s
[INFO] running `Command { std: "docker" "inspect" "7fe7bd5a0f94ad733404d36ad9fcf9a972b5b5dd498a194c5902309d7f268d59", kill_on_drop: false }`
[INFO] running `Command { std: "docker" "rm" "-f" "7fe7bd5a0f94ad733404d36ad9fcf9a972b5b5dd498a194c5902309d7f268d59", kill_on_drop: false }`
[INFO] [stdout] 7fe7bd5a0f94ad733404d36ad9fcf9a972b5b5dd498a194c5902309d7f268d59
[INFO] running `Command { std: "docker" "create" "-v" "/var/lib/crater-agent-workspace/builds/worker-7-tc1/target:/opt/rustwide/target:rw,Z" "-v" "/var/lib/crater-agent-workspace/builds/worker-7-tc1/source:/opt/rustwide/workdir:ro,Z" "-v" "/var/lib/crater-agent-workspace/cargo-home:/opt/rustwide/cargo-home:ro,Z" "-v" "/var/lib/crater-agent-workspace/rustup-home:/opt/rustwide/rustup-home:ro,Z" "-e" "SOURCE_DIR=/opt/rustwide/workdir" "-e" "CARGO_TARGET_DIR=/opt/rustwide/target" "-e" "CARGO_INCREMENTAL=0" "-e" "RUST_BACKTRACE=full" "-e" "RUSTFLAGS=--cap-lints=forbid" "-e" "RUSTDOCFLAGS=--cap-lints=forbid" "-e" "CARGO_HOME=/opt/rustwide/cargo-home" "-e" "RUSTUP_HOME=/opt/rustwide/rustup-home" "-w" "/opt/rustwide/workdir" "-m" "1610612736" "--user" "0:0" "--network" "none" "ghcr.io/rust-lang/crates-build-env/linux@sha256:4a844ea9eb2546a2d2c7022eacef16ef2e8229c7fbb2c7d4d55a9ceca922f72d" "/opt/rustwide/cargo-home/bin/cargo" "+nightly-2024-10-28" "test" "--frozen" "--no-run" "--message-format=json", kill_on_drop: false }`
[INFO] [stdout] e9a52934dfad6a106489d6c3b47a25bdcc53e4a4b48366c5a5257f2804f4c1b1
[INFO] running `Command { std: "docker" "start" "-a" "e9a52934dfad6a106489d6c3b47a25bdcc53e4a4b48366c5a5257f2804f4c1b1", kill_on_drop: false }`
[INFO] [stderr]    Compiling shlex v1.3.0
[INFO] [stderr]    Compiling zeroize v1.8.1
[INFO] [stderr]    Compiling rustls-pki-types v1.10.0
[INFO] [stderr]    Compiling untrusted v0.9.0
[INFO] [stderr]    Compiling spin v0.9.8
[INFO] [stderr]    Compiling tokio-macros v2.4.0
[INFO] [stderr]    Compiling rustls v0.23.16
[INFO] [stderr]    Compiling tinyvec_macros v0.1.1
[INFO] [stderr]    Compiling tower-service v0.3.3
[INFO] [stderr]    Compiling unicode-bidi v0.3.17
[INFO] [stderr]    Compiling lazy_static v1.5.0
[INFO] [stderr]    Compiling serde_urlencoded v0.7.1
[INFO] [stderr]    Compiling sync_wrapper v1.0.1
[INFO] [stderr]    Compiling ipnet v2.10.1
[INFO] [stderr]    Compiling similar v2.6.0
[INFO] [stderr]    Compiling linked-hash-map v0.5.6
[INFO] [stderr]    Compiling tinyvec v1.8.0
[INFO] [stderr]    Compiling console v0.15.8
[INFO] [stderr]    Compiling log v0.4.22
[INFO] [stderr]    Compiling cc v1.1.31
[INFO] [stderr]    Compiling aes-gcm-siv v0.11.1
[INFO] [stderr]    Compiling biscotti v0.3.4
[INFO] [stderr]    Compiling webpki-roots v0.26.6
[INFO] [stderr]    Compiling rustls-pemfile v2.2.0
[INFO] [stderr]    Compiling tokio v1.41.0
[INFO] [stderr]    Compiling insta v1.41.1
[INFO] [stderr]    Compiling unicode-normalization v0.1.24
[INFO] [stderr]    Compiling ring v0.17.8
[INFO] [stderr]    Compiling idna v0.5.0
[INFO] [stderr]    Compiling url v2.5.2
[INFO] [stderr]    Compiling tokio-util v0.7.12
[INFO] [stderr]    Compiling h2 v0.4.6
[INFO] [stderr]    Compiling rustls-webpki v0.102.8
[INFO] [stderr]    Compiling hyper v1.5.0
[INFO] [stderr]    Compiling hyper-util v0.1.10
[INFO] [stderr]    Compiling tokio-rustls v0.26.0
[INFO] [stderr]    Compiling hyper-rustls v0.27.3
[INFO] [stderr]    Compiling pavex v0.1.49 (/opt/rustwide/workdir)
[INFO] [stderr]    Compiling reqwest v0.12.9
[INFO] [stderr]     Finished `test` profile [unoptimized + debuginfo] target(s) in 11.38s
[INFO] running `Command { std: "docker" "inspect" "e9a52934dfad6a106489d6c3b47a25bdcc53e4a4b48366c5a5257f2804f4c1b1", kill_on_drop: false }`
[INFO] running `Command { std: "docker" "rm" "-f" "e9a52934dfad6a106489d6c3b47a25bdcc53e4a4b48366c5a5257f2804f4c1b1", kill_on_drop: false }`
[INFO] [stdout] e9a52934dfad6a106489d6c3b47a25bdcc53e4a4b48366c5a5257f2804f4c1b1
[INFO] running `Command { std: "docker" "create" "-v" "/var/lib/crater-agent-workspace/builds/worker-7-tc1/target:/opt/rustwide/target:rw,Z" "-v" "/var/lib/crater-agent-workspace/builds/worker-7-tc1/source:/opt/rustwide/workdir:ro,Z" "-v" "/var/lib/crater-agent-workspace/cargo-home:/opt/rustwide/cargo-home:ro,Z" "-v" "/var/lib/crater-agent-workspace/rustup-home:/opt/rustwide/rustup-home:ro,Z" "-e" "SOURCE_DIR=/opt/rustwide/workdir" "-e" "CARGO_TARGET_DIR=/opt/rustwide/target" "-e" "CARGO_INCREMENTAL=0" "-e" "RUST_BACKTRACE=full" "-e" "RUSTFLAGS=--cap-lints=forbid" "-e" "RUSTDOCFLAGS=--cap-lints=forbid" "-e" "CARGO_HOME=/opt/rustwide/cargo-home" "-e" "RUSTUP_HOME=/opt/rustwide/rustup-home" "-w" "/opt/rustwide/workdir" "-m" "1610612736" "--user" "0:0" "--network" "none" "ghcr.io/rust-lang/crates-build-env/linux@sha256:4a844ea9eb2546a2d2c7022eacef16ef2e8229c7fbb2c7d4d55a9ceca922f72d" "/opt/rustwide/cargo-home/bin/cargo" "+nightly-2024-10-28" "test" "--frozen", kill_on_drop: false }`
[INFO] [stdout] 7a9e201cb65bf7a16a0774261975e37d63ce19456e0e98483605a4386acf2128
[INFO] running `Command { std: "docker" "start" "-a" "7a9e201cb65bf7a16a0774261975e37d63ce19456e0e98483605a4386acf2128", kill_on_drop: false }`
[INFO] [stderr]     Finished `test` profile [unoptimized + debuginfo] target(s) in 0.11s
[INFO] [stderr]      Running unittests src/lib.rs (/opt/rustwide/target/debug/deps/pavex-1443e6a7f941e6c2)
[INFO] [stdout] 
[INFO] [stdout] running 35 tests
[INFO] [stdout] test cookie::response_cookies::test::set_is_send ... ok
[INFO] [stdout] test cookie::response_cookies::test::simple ... ok
[INFO] [stdout] test request::body::json::tests::content_type_has_json_suffix ... ok
[INFO] [stdout] test request::body::json::tests::content_type_is_json ... ok
[INFO] [stdout] test request::body::json::tests::json_content_type_with_charset ... ok
[INFO] [stdout] test request::body::url_encoded::tests::content_type_is_form ... ok
[INFO] [stdout] test request::body::url_encoded::tests::form_content_type_with_charset ... ok
[INFO] [stdout] test request::path::deserializer::tests::test_parse_error_at_key_error_multiple ... ok
[INFO] [stdout] test request::path::deserializer::tests::test_parse_error_at_key_error ... ok
[INFO] [stdout] test request::path::deserializer::tests::test_parse_error_for_map ... ok
[INFO] [stdout] test request::path::deserializer::tests::test_parse_error_for_percent_encoded_str ... ok
[INFO] [stdout] test request::path::deserializer::tests::test_parse_errors_for_single_values ... ok
[INFO] [stdout] test request::path::deserializer::tests::test_parse_seq_seq ... ok
[INFO] [stdout] test request::path::deserializer::tests::test_parse_struct ... ok
[INFO] [stdout] test request::body::url_encoded::tests::test_parse ... ok
[INFO] [stdout] test request::path::deserializer::tests::test_tuple_with_wrong_number_of_parameters ... ok
[INFO] [stdout] test request::path::deserializer::tests::test_parse_struct_ignoring_additional_fields ... ok
[INFO] [stdout] test request::path::deserializer::tests::test_unsupported_type_error_nested_data_structure ... ok
[INFO] [stdout] test request::path::deserializer::tests::test_unsupported_seq ... ok
[INFO] [stdout] test request::path::deserializer::tests::test_unsupported_type_error_seq_tuple ... ok
[INFO] [stdout] test request::query::query_params::tests::test_parse ... ok
[INFO] [stdout] test request::query::query_params::tests::test_sequence ... ok
[INFO] [stdout] test response::body::body_::boxed::test_try_downcast ... ok
[INFO] [stdout] test request::query::query_params::tests::test_sequence_with_brackets ... ok
[INFO] [stdout] test telemetry::server_request_id::tests::server_request_id ... ok
[INFO] [stdout] test request::body::json::tests::content_type_is_not_json ... ok
[INFO] [stdout] test request::body::buffered_body::tests::error_if_content_length_header_is_larger_than_limit ... ok
[INFO] [stdout] test request::body::buffered_body::tests::error_if_body_above_size_limit_without_content_length ... ok
[INFO] [stdout] test request::body::url_encoded::tests::content_type_is_not_form ... ok
[INFO] [stdout] test request::body::json::tests::missing_content_type ... ok
[INFO] [stdout] test request::body::json::tests::missing_json_field ... ok
[INFO] [stdout] test request::body::json::tests::content_type_is_not_valid_mime ... ok
[INFO] [stdout] test request::body::url_encoded::tests::missing_content_type ... ok
[INFO] [stdout] test request::body::url_encoded::tests::content_type_is_not_valid_mime ... ok
[INFO] [stdout] test request::body::url_encoded::tests::missing_form_field ... ok
[INFO] [stdout] 
[INFO] [stdout] test result: ok. 35 passed; 0 failed; 0 ignored; 0 measured; 0 filtered out; finished in 0.02s
[INFO] [stdout] 
[INFO] [stderr]      Running tests/server.rs (/opt/rustwide/target/debug/deps/server-380757c9ae9f9de5)
[INFO] [stdout] 
[INFO] [stdout] running 7 tests
[INFO] [stdout] test bind ... ok
[INFO] [stdout] test multi_bind ... ok
[INFO] [stdout] test listen ... ok
[INFO] [stdout] test forced ... ok
[INFO] [stdout] test serve ... ok
[INFO] [stdout] test graceful_but_too_fast ... ok
[INFO] [stdout] test graceful ... ok
[INFO] [stdout] 
[INFO] [stdout] test result: ok. 7 passed; 0 failed; 0 ignored; 0 measured; 0 filtered out; finished in 0.12s
[INFO] [stdout] 
[INFO] [stderr]    Doc-tests pavex
[INFO] [stdout] 
[INFO] [stdout] running 74 tests
[INFO] [stdout] test src/blueprint/blueprint.rs - blueprint::blueprint::Blueprint::post_process (line 392) ... FAILED
[INFO] [stdout] test src/blueprint/blueprint.rs - blueprint::blueprint::Blueprint::nest_at (line 530) ... ok
[INFO] [stdout] test src/blueprint/blueprint.rs - blueprint::blueprint::Blueprint::pre_process (line 441) ... ok
[INFO] [stdout] test src/blueprint/blueprint.rs - blueprint::blueprint::Blueprint::nest_at (line 560) ... ok
[INFO] [stdout] test src/blueprint/blueprint.rs - blueprint::blueprint::Blueprint::nest_at (line 619) ... ok
[INFO] [stdout] test src/blueprint/blueprint.rs - blueprint::blueprint::Blueprint::wrap (line 332) ... ok
[INFO] [stdout] test src/blueprint/blueprint.rs - blueprint::blueprint::Blueprint::transient (line 281) ... ok
[INFO] [stdout] test src/blueprint/blueprint.rs - blueprint::blueprint::Blueprint::constructor (line 178) ... ok
[INFO] [stdout] test src/blueprint/constructor/registered.rs - blueprint::constructor::registered::RegisteredConstructor<'a>::error_handler (line 34) ... ok
[INFO] [stdout] test src/blueprint/blueprint.rs - blueprint::blueprint::Blueprint::error_observer (line 852) ... ok
[INFO] [stdout] test src/blueprint/blueprint.rs - blueprint::blueprint::Blueprint::singleton (line 221) ... ok
[INFO] [stdout] test src/blueprint/blueprint.rs - blueprint::blueprint::Blueprint::fallback (line 788) ... ok
[INFO] [stdout] test src/blueprint/blueprint.rs - blueprint::blueprint::Blueprint::fallback (line 750) ... ok
[INFO] [stdout] test src/blueprint/blueprint.rs - blueprint::blueprint::Blueprint::route (line 79) ... ok
[INFO] [stdout] test src/blueprint/blueprint.rs - blueprint::blueprint::Blueprint::request_scoped (line 251) ... ok
[INFO] [stdout] test src/blueprint/blueprint.rs - blueprint::blueprint::Blueprint::fallback (line 703) ... ok
[INFO] [stdout] test src/blueprint/router/fallback.rs - blueprint::router::fallback::RegisteredFallback<'a>::error_handler (line 28) ... ok
[INFO] [stdout] test src/blueprint/router/method_guard.rs - blueprint::router::method_guard::MethodGuard::or (line 64) ... ok
[INFO] [stdout] test src/blueprint/middleware/post/registered.rs - blueprint::middleware::post::registered::RegisteredPostProcessingMiddleware<'a>::error_handler (line 32) ... ok
[INFO] [stdout] test src/blueprint/router/method_guard.rs - blueprint::router::method_guard::MethodGuard::from_iter (line 26) ... ok
[INFO] [stdout] test src/blueprint/middleware/wrapping/registered.rs - blueprint::middleware::wrapping::registered::crate::blueprint::middleware::RegisteredWrappingMiddleware<'a>::error_handler (line 32) ... ok
[INFO] [stdout] test src/connection.rs - connection::ConnectionInfo::peer_addr (line 22) ... ok
[INFO] [stdout] test src/blueprint/middleware/pre/registered.rs - blueprint::middleware::pre::registered::RegisteredPreProcessingMiddleware<'a>::error_handler (line 32) ... ok
[INFO] [stdout] test src/cookie/kit.rs - cookie::kit::CookieKit (line 19) ... ok
[INFO] [stdout] test src/cookie/response_cookies.rs - cookie::response_cookies::ResponseCookies::discard (line 160) ... ok
[INFO] [stdout] test src/cookie/response_cookies.rs - cookie::response_cookies::ResponseCookies (line 28) ... ok
[INFO] [stdout] test src/cookie/response_cookies.rs - cookie::response_cookies::ResponseCookies::discard (line 176) ... ok
[INFO] [stdout] test src/request/body/buffered_body.rs - request::body::buffered_body::BufferedBody (line 37) ... ok
[INFO] [stdout] test src/error/mod.rs - error::UnexpectedError (line 13) ... ok
[INFO] [stdout] test src/cookie/response_cookies.rs - cookie::response_cookies::ResponseCookies (line 12) ... ok
[INFO] [stdout] test src/cookie/response_cookies.rs - cookie::response_cookies::ResponseCookies::get (line 98) ... ok
[INFO] [stdout] test src/cookie/response_cookies.rs - cookie::response_cookies::ResponseCookies::get (line 77) ... ok
[INFO] [stdout] test src/request/body/json.rs - request::body::json::JsonBody (line 28) ... ok
[INFO] [stdout] test src/blueprint/router/route.rs - blueprint::router::route::RegisteredRoute<'a>::error_handler (line 33) ... ok
[INFO] [stdout] test src/cookie/response_cookies.rs - cookie::response_cookies::ResponseCookies::iter (line 207) ... ok
[INFO] [stdout] test src/request/body/url_encoded.rs - request::body::url_encoded::UrlEncodedBody (line 28) ... ok
[INFO] [stdout] test src/cookie/response_cookies.rs - cookie::response_cookies::ResponseCookies::insert (line 123) ... ok
[INFO] [stdout] test src/kit/api.rs - kit::api::ApiKit (line 21) ... ok
[INFO] [stdout] test src/request/path/mod.rs - request::path::PathParams (line 60) ... ok
[INFO] [stdout] test src/request/path/raw_path_params.rs - request::path::raw_path_params::RawPathParams (line 17) ... ok
[INFO] [stdout] test src/request/path/matched_path.rs - request::path::matched_path::MatchedPathPattern::new (line 48) ... ok
[INFO] [stdout] test src/request/path/matched_path.rs - request::path::matched_path::MatchedPathPattern (line 10) ... ok
[INFO] [stdout] test src/request/query/query_params.rs - request::query::query_params::QueryParams (line 17) ... ok
[INFO] [stdout] test src/request/path/mod.rs - request::path (line 14) ... ok
[INFO] [stdout] test src/response/body/mod.rs - response::body::typed_body::TypedBody (line 55) ... ok
[INFO] [stdout] test src/request/path/path_params.rs - request::path::path_params::PathParams (line 20) ... ok
[INFO] [stdout] test src/cookie/response_cookies.rs - cookie::response_cookies::ResponseCookies::new (line 63) ... ok
[INFO] [stdout] test src/response/body/html.rs - response::body::html::Html (line 16) ... ok
[INFO] [stdout] test src/response/response_.rs - response::response_::Response (line 14) ... ok
[INFO] [stdout] test src/response/body/json.rs - response::body::json::Json (line 14) ... ok
[INFO] [stdout] test src/response/response_.rs - response::response_::Response::new (line 78) ... ok
[INFO] [stdout] test src/server/incoming.rs - server::incoming::IncomingStream::accept (line 102) - compile ... ok
[INFO] [stdout] test src/response/response_.rs - response::response_::Response::headers (line 410) ... ok
[INFO] [stdout] test src/response/response_.rs - response::response_::Response::new (line 65) ... ok
[INFO] [stdout] test src/response/response_.rs - response::response_::Response::headers_mut (line 339) ... ok
[INFO] [stdout] test src/response/response_.rs - response::response_::Response::append_header (line 167) ... ok
[INFO] [stdout] test src/response/response_.rs - response::response_::Response::insert_header (line 212) ... ok
[INFO] [stdout] test src/server/incoming.rs - server::incoming::IncomingStream::bind (line 42) ... ok
[INFO] [stdout] test src/router/allowed_methods.rs - router::allowed_methods::AllowedMethods (line 10) ... ok
[INFO] [stdout] test src/server/incoming.rs - server::incoming::IncomingStream::bind (line 23) ... ok
[INFO] [stdout] test src/response/response_.rs - response::response_::Response::set_typed_body (line 259) ... ok
[INFO] [stdout] test src/response/response_.rs - response::response_::Response::status (line 370) ... ok
[INFO] [stdout] test src/response/response_.rs - response::response_::Response::set_version (line 142) ... ok
[INFO] [stdout] test src/response/response_.rs - response::response_::Response::version (line 389) ... ok
[INFO] [stdout] test src/response/response_.rs - response::response_::Response::set_status (line 97) ... ok
[INFO] [stdout] test src/telemetry/server_request_id.rs - telemetry::server_request_id::ServerRequestId (line 24) ... ok
[INFO] [stdout] test src/server/server.rs - server::server::Server::listen (line 192) ... ok
[INFO] [stdout] test src/server/server_handle.rs - server::server_handle::ServerHandle (line 25) ... ok
[INFO] [stdout] test src/response/response_.rs - response::response_::Response::status_mut (line 117) ... ok
[INFO] [stdout] test src/response/response_.rs - response::response_::Response::set_raw_body (line 309) ... ok
[INFO] [stdout] test src/server/server.rs - server::server::Server::bind (line 111) ... ok
[INFO] [stdout] test src/server/server.rs - server::server::Server::bind (line 129) ... ok
[INFO] [stdout] test src/server/server.rs - server::server::Server (line 15) ... ok
[INFO] [stdout] test src/server/server.rs - server::server::Server::listen (line 169) ... ok
[INFO] [stdout] 
[INFO] [stdout] failures:
[INFO] [stdout] 
[INFO] [stdout] ---- src/blueprint/blueprint.rs - blueprint::blueprint::Blueprint::post_process (line 392) stdout ----
[INFO] [stdout] error[E0433]: failed to resolve: use of undeclared crate or module `pavex_tracing`
[INFO] [stdout]  --> src/blueprint/blueprint.rs:395:5
[INFO] [stdout]   |
[INFO] [stdout] 6 | use pavex_tracing::{
[INFO] [stdout]   |     ^^^^^^^^^^^^^ use of undeclared crate or module `pavex_tracing`
[INFO] [stdout] 
[INFO] [stdout] error[E0432]: unresolved import `pavex_tracing`
[INFO] [stdout]  --> src/blueprint/blueprint.rs:395:5
[INFO] [stdout]   |
[INFO] [stdout] 6 | use pavex_tracing::{
[INFO] [stdout]   |     ^^^^^^^^^^^^^ use of undeclared crate or module `pavex_tracing`
[INFO] [stdout] 
[INFO] [stdout] error: aborting due to 2 previous errors
[INFO] [stdout] 
[INFO] [stdout] Some errors have detailed explanations: E0432, E0433.
[INFO] [stdout] For more information about an error, try `rustc --explain E0432`.
[INFO] [stdout] Couldn't compile the test.
[INFO] [stdout] 
[INFO] [stdout] failures:
[INFO] [stdout]     src/blueprint/blueprint.rs - blueprint::blueprint::Blueprint::post_process (line 392)
[INFO] [stdout] 
[INFO] [stdout] test result: FAILED. 73 passed; 1 failed; 0 ignored; 0 measured; 0 filtered out; finished in 3.25s
[INFO] [stdout] 
[INFO] [stderr] error: doctest failed, to rerun pass `--doc`
[INFO] running `Command { std: "docker" "inspect" "7a9e201cb65bf7a16a0774261975e37d63ce19456e0e98483605a4386acf2128", kill_on_drop: false }`
[INFO] running `Command { std: "docker" "rm" "-f" "7a9e201cb65bf7a16a0774261975e37d63ce19456e0e98483605a4386acf2128", kill_on_drop: false }`
[INFO] [stdout] 7a9e201cb65bf7a16a0774261975e37d63ce19456e0e98483605a4386acf2128
