[INFO] fetching crate pathtrie 0.1.1...
[INFO] testing pathtrie-0.1.1 against nightly-2024-10-28+rustflags=-Zrandomize-layout for randomize-layout
[INFO] extracting crate pathtrie 0.1.1 into /workspace/builds/worker-4-tc2/source
[INFO] validating manifest of crates.io crate pathtrie 0.1.1 on toolchain nightly-2024-10-28
[INFO] running `Command { std: CARGO_HOME="/workspace/cargo-home" RUSTUP_HOME="/workspace/rustup-home" "/workspace/cargo-home/bin/cargo" "+nightly-2024-10-28" "metadata" "--manifest-path" "Cargo.toml" "--no-deps", kill_on_drop: false }`
[INFO] started tweaking crates.io crate pathtrie 0.1.1
[INFO] finished tweaking crates.io crate pathtrie 0.1.1
[INFO] tweaked toml for crates.io crate pathtrie 0.1.1 written to /workspace/builds/worker-4-tc2/source/Cargo.toml
[INFO] running `Command { std: CARGO_HOME="/workspace/cargo-home" RUSTUP_HOME="/workspace/rustup-home" "/workspace/cargo-home/bin/cargo" "+nightly-2024-10-28" "generate-lockfile" "--manifest-path" "Cargo.toml", kill_on_drop: false }`
[INFO] [stderr]     Updating crates.io index
[INFO] [stderr]      Locking 108 packages to latest compatible versions
[INFO] [stderr]       Adding criterion v0.3.6 (available: v0.5.1)
[INFO] [stderr]       Adding rand v0.7.3 (available: v0.8.5)
[INFO] [stderr]       Adding tracing-subscriber v0.2.25 (available: v0.3.18)
[INFO] running `Command { std: CARGO_HOME="/workspace/cargo-home" RUSTUP_HOME="/workspace/rustup-home" "/workspace/cargo-home/bin/cargo" "+nightly-2024-10-28" "fetch" "--manifest-path" "Cargo.toml", kill_on_drop: false }`
[INFO] running `Command { std: "docker" "create" "-v" "/var/lib/crater-agent-workspace/builds/worker-4-tc2/target:/opt/rustwide/target:rw,Z" "-v" "/var/lib/crater-agent-workspace/builds/worker-4-tc2/source:/opt/rustwide/workdir:ro,Z" "-v" "/var/lib/crater-agent-workspace/cargo-home:/opt/rustwide/cargo-home:ro,Z" "-v" "/var/lib/crater-agent-workspace/rustup-home:/opt/rustwide/rustup-home:ro,Z" "-e" "SOURCE_DIR=/opt/rustwide/workdir" "-e" "CARGO_TARGET_DIR=/opt/rustwide/target" "-e" "CARGO_HOME=/opt/rustwide/cargo-home" "-e" "RUSTUP_HOME=/opt/rustwide/rustup-home" "-w" "/opt/rustwide/workdir" "-m" "1610612736" "--user" "0:0" "--network" "none" "ghcr.io/rust-lang/crates-build-env/linux@sha256:4a844ea9eb2546a2d2c7022eacef16ef2e8229c7fbb2c7d4d55a9ceca922f72d" "/opt/rustwide/cargo-home/bin/cargo" "+nightly-2024-10-28" "metadata" "--no-deps" "--format-version=1", kill_on_drop: false }`
[INFO] [stdout] 14db2cb91c127ca631215cc04a5ccd0ee52c2bcda53482e78629c40d080d8142
[INFO] running `Command { std: "docker" "start" "-a" "14db2cb91c127ca631215cc04a5ccd0ee52c2bcda53482e78629c40d080d8142", kill_on_drop: false }`
[INFO] running `Command { std: "docker" "inspect" "14db2cb91c127ca631215cc04a5ccd0ee52c2bcda53482e78629c40d080d8142", kill_on_drop: false }`
[INFO] running `Command { std: "docker" "rm" "-f" "14db2cb91c127ca631215cc04a5ccd0ee52c2bcda53482e78629c40d080d8142", kill_on_drop: false }`
[INFO] [stdout] 14db2cb91c127ca631215cc04a5ccd0ee52c2bcda53482e78629c40d080d8142
[INFO] running `Command { std: "docker" "create" "-v" "/var/lib/crater-agent-workspace/builds/worker-4-tc2/target:/opt/rustwide/target:rw,Z" "-v" "/var/lib/crater-agent-workspace/builds/worker-4-tc2/source:/opt/rustwide/workdir:ro,Z" "-v" "/var/lib/crater-agent-workspace/cargo-home:/opt/rustwide/cargo-home:ro,Z" "-v" "/var/lib/crater-agent-workspace/rustup-home:/opt/rustwide/rustup-home:ro,Z" "-e" "SOURCE_DIR=/opt/rustwide/workdir" "-e" "CARGO_TARGET_DIR=/opt/rustwide/target" "-e" "CARGO_INCREMENTAL=0" "-e" "RUST_BACKTRACE=full" "-e" "RUSTFLAGS=--cap-lints=forbid -Zrandomize-layout" "-e" "RUSTDOCFLAGS=--cap-lints=forbid" "-e" "CARGO_HOME=/opt/rustwide/cargo-home" "-e" "RUSTUP_HOME=/opt/rustwide/rustup-home" "-w" "/opt/rustwide/workdir" "-m" "1610612736" "--user" "0:0" "--network" "none" "ghcr.io/rust-lang/crates-build-env/linux@sha256:4a844ea9eb2546a2d2c7022eacef16ef2e8229c7fbb2c7d4d55a9ceca922f72d" "/opt/rustwide/cargo-home/bin/cargo" "+nightly-2024-10-28" "build" "--frozen" "--message-format=json", kill_on_drop: false }`
[INFO] [stdout] 0bf19ae4b96ccb1af892e88f4c01b15eaec3d060178cff4f28b7d2d506228c94
[INFO] running `Command { std: "docker" "start" "-a" "0bf19ae4b96ccb1af892e88f4c01b15eaec3d060178cff4f28b7d2d506228c94", kill_on_drop: false }`
[INFO] [stderr]    Compiling proc-macro2 v1.0.89
[INFO] [stderr]    Compiling unicode-ident v1.0.13
[INFO] [stderr]    Compiling libc v0.2.161
[INFO] [stderr]    Compiling thiserror v1.0.66
[INFO] [stderr]    Compiling once_cell v1.20.2
[INFO] [stderr]    Compiling pin-project-lite v0.2.15
[INFO] [stderr]    Compiling indenter v0.3.3
[INFO] [stderr]    Compiling tracing-core v0.1.32
[INFO] [stderr]    Compiling quote v1.0.37
[INFO] [stderr]    Compiling syn v2.0.86
[INFO] [stderr]    Compiling memmap v0.7.0
[INFO] [stderr]    Compiling tracing-attributes v0.1.27
[INFO] [stderr]    Compiling thiserror-impl v1.0.66
[INFO] [stderr]    Compiling tracing v0.1.40
[INFO] [stderr]    Compiling pathtrie v0.1.1 (/opt/rustwide/workdir)
[INFO] [stdout] warning: elided lifetime has a name
[INFO] [stdout]    --> src/lib.rs:325:68
[INFO] [stdout]     |
[INFO] [stdout] 325 |     fn walk<'a>(&'a self, key: &[u8], node: &'a Node<T>) -> Option<&Node<T>> {
[INFO] [stdout]     |             -- lifetime `'a` declared here                         ^ this elided lifetime gets resolved as `'a`
[INFO] [stdout]     |
[INFO] [stdout]     = note: `#[warn(elided_named_lifetimes)]` on by default
[INFO] [stdout] 
[INFO] [stdout] 
[INFO] [stdout] warning: cannot use constants which depend on generic parameters in types
[INFO] [stdout]    --> src/lib.rs:358:33
[INFO] [stdout]     |
[INFO] [stdout] 358 |         writer.write_all(&[0u8; Self::HEADER_SIZE])?;
[INFO] [stdout]     |                                 ^^^^^^^^^^^^^^^^^
[INFO] [stdout]     |
[INFO] [stdout]     = warning: this was previously accepted by the compiler but is being phased out; it will become a hard error in a future release!
[INFO] [stdout]     = note: for more information, see issue #76200 <https://github.com/rust-lang/rust/issues/76200>
[INFO] [stdout]     = note: `#[warn(const_evaluatable_unchecked)]` on by default
[INFO] [stdout] 
[INFO] [stdout] 
[INFO] [stdout] warning: struct `ByteKey` is never constructed
[INFO] [stdout]   --> src/lib.rs:20:8
[INFO] [stdout]    |
[INFO] [stdout] 20 | struct ByteKey([u8]);
[INFO] [stdout]    |        ^^^^^^^
[INFO] [stdout]    |
[INFO] [stdout]    = note: `#[warn(dead_code)]` on by default
[INFO] [stdout] 
[INFO] [stdout] 
[INFO] [stderr]     Finished `dev` profile [unoptimized + debuginfo] target(s) in 4.49s
[INFO] running `Command { std: "docker" "inspect" "0bf19ae4b96ccb1af892e88f4c01b15eaec3d060178cff4f28b7d2d506228c94", kill_on_drop: false }`
[INFO] running `Command { std: "docker" "rm" "-f" "0bf19ae4b96ccb1af892e88f4c01b15eaec3d060178cff4f28b7d2d506228c94", kill_on_drop: false }`
[INFO] [stdout] 0bf19ae4b96ccb1af892e88f4c01b15eaec3d060178cff4f28b7d2d506228c94
[INFO] running `Command { std: "docker" "create" "-v" "/var/lib/crater-agent-workspace/builds/worker-4-tc2/target:/opt/rustwide/target:rw,Z" "-v" "/var/lib/crater-agent-workspace/builds/worker-4-tc2/source:/opt/rustwide/workdir:ro,Z" "-v" "/var/lib/crater-agent-workspace/cargo-home:/opt/rustwide/cargo-home:ro,Z" "-v" "/var/lib/crater-agent-workspace/rustup-home:/opt/rustwide/rustup-home:ro,Z" "-e" "SOURCE_DIR=/opt/rustwide/workdir" "-e" "CARGO_TARGET_DIR=/opt/rustwide/target" "-e" "CARGO_INCREMENTAL=0" "-e" "RUST_BACKTRACE=full" "-e" "RUSTFLAGS=--cap-lints=forbid -Zrandomize-layout" "-e" "RUSTDOCFLAGS=--cap-lints=forbid" "-e" "CARGO_HOME=/opt/rustwide/cargo-home" "-e" "RUSTUP_HOME=/opt/rustwide/rustup-home" "-w" "/opt/rustwide/workdir" "-m" "1610612736" "--user" "0:0" "--network" "none" "ghcr.io/rust-lang/crates-build-env/linux@sha256:4a844ea9eb2546a2d2c7022eacef16ef2e8229c7fbb2c7d4d55a9ceca922f72d" "/opt/rustwide/cargo-home/bin/cargo" "+nightly-2024-10-28" "test" "--frozen" "--no-run" "--message-format=json", kill_on_drop: false }`
[INFO] [stdout] 4a6c8f2d10e0ec87f300642f1c74ec23cd13705828360834203327ccfdb528b3
[INFO] running `Command { std: "docker" "start" "-a" "4a6c8f2d10e0ec87f300642f1c74ec23cd13705828360834203327ccfdb528b3", kill_on_drop: false }`
[INFO] [stderr]    Compiling serde v1.0.214
[INFO] [stderr]    Compiling autocfg v1.4.0
[INFO] [stderr]    Compiling crossbeam-utils v0.8.20
[INFO] [stderr]    Compiling cfg-if v1.0.0
[INFO] [stderr]    Compiling memchr v2.7.4
[INFO] [stderr]    Compiling itoa v1.0.11
[INFO] [stderr]    Compiling serde_json v1.0.132
[INFO] [stderr]    Compiling ryu v1.0.18
[INFO] [stderr]    Compiling getrandom v0.1.16
[INFO] [stderr]    Compiling zerocopy-derive v0.7.35
[INFO] [stderr]    Compiling regex-syntax v0.8.5
[INFO] [stderr]    Compiling either v1.13.0
[INFO] [stderr]    Compiling byteorder v1.5.0
[INFO] [stderr]    Compiling rayon-core v1.12.1
[INFO] [stderr]    Compiling lazy_static v1.5.0
[INFO] [stderr]    Compiling unicode-width v0.1.14
[INFO] [stderr]    Compiling plotters-backend v0.3.7
[INFO] [stderr]    Compiling regex-syntax v0.6.29
[INFO] [stderr]    Compiling bitflags v1.3.2
[INFO] [stderr]    Compiling cast v0.3.0
[INFO] [stderr]    Compiling itertools v0.10.5
[INFO] [stderr]    Compiling same-file v1.0.6
[INFO] [stderr]    Compiling log v0.4.22
[INFO] [stderr]    Compiling iana-time-zone v0.1.61
[INFO] [stderr]    Compiling half v1.8.3
[INFO] [stderr]    Compiling textwrap v0.11.0
[INFO] [stderr]    Compiling walkdir v2.5.0
[INFO] [stderr]    Compiling sharded-slab v0.1.7
[INFO] [stderr]    Compiling plotters-svg v0.3.7
[INFO] [stderr]    Compiling num-traits v0.2.19
[INFO] [stderr]    Compiling rand_core v0.5.1
[INFO] [stderr]    Compiling tracing-log v0.1.4
[INFO] [stderr]    Compiling clap v2.34.0
[INFO] [stderr]    Compiling thread_local v1.1.8
[INFO] [stderr]    Compiling atty v0.2.14
[INFO] [stderr]    Compiling serde_derive v1.0.214
[INFO] [stderr]    Compiling oorandom v11.1.4
[INFO] [stderr]    Compiling ansi_term v0.12.1
[INFO] [stderr]    Compiling smallvec v1.13.2
[INFO] [stderr]    Compiling csv-core v0.1.11
[INFO] [stdout] warning: elided lifetime has a name
[INFO] [stdout]    --> src/lib.rs:325:68
[INFO] [stdout]     |
[INFO] [stdout] 325 |     fn walk<'a>(&'a self, key: &[u8], node: &'a Node<T>) -> Option<&Node<T>> {
[INFO] [stdout]     |             -- lifetime `'a` declared here                         ^ this elided lifetime gets resolved as `'a`
[INFO] [stdout]     |
[INFO] [stdout]     = note: `#[warn(elided_named_lifetimes)]` on by default
[INFO] [stdout] 
[INFO] [stdout] 
[INFO] [stdout] warning: cannot use constants which depend on generic parameters in types
[INFO] [stdout]    --> src/lib.rs:358:33
[INFO] [stdout]     |
[INFO] [stdout] 358 |         writer.write_all(&[0u8; Self::HEADER_SIZE])?;
[INFO] [stdout]     |                                 ^^^^^^^^^^^^^^^^^
[INFO] [stdout]     |
[INFO] [stdout]     = warning: this was previously accepted by the compiler but is being phased out; it will become a hard error in a future release!
[INFO] [stdout]     = note: for more information, see issue #76200 <https://github.com/rust-lang/rust/issues/76200>
[INFO] [stdout]     = note: `#[warn(const_evaluatable_unchecked)]` on by default
[INFO] [stdout] 
[INFO] [stdout] 
[INFO] [stdout] warning: struct `ByteKey` is never constructed
[INFO] [stdout]   --> src/lib.rs:20:8
[INFO] [stdout]    |
[INFO] [stdout] 20 | struct ByteKey([u8]);
[INFO] [stdout]    |        ^^^^^^^
[INFO] [stdout]    |
[INFO] [stdout]    = note: `#[warn(dead_code)]` on by default
[INFO] [stdout] 
[INFO] [stdout] 
[INFO] [stderr]    Compiling zerocopy v0.7.35
[INFO] [stderr]    Compiling crossbeam-epoch v0.9.18
[INFO] [stderr]    Compiling criterion-plot v0.4.5
[INFO] [stderr]    Compiling crossbeam-deque v0.8.5
[INFO] [stderr]    Compiling ppv-lite86 v0.2.20
[INFO] [stderr]    Compiling regex-automata v0.4.8
[INFO] [stderr]    Compiling chrono v0.4.38
[INFO] [stderr]    Compiling plotters v0.3.7
[INFO] [stderr]    Compiling rand_chacha v0.2.2
[INFO] [stderr]    Compiling rayon v1.10.0
[INFO] [stderr]    Compiling rand v0.7.3
[INFO] [stderr]    Compiling regex-automata v0.1.10
[INFO] [stderr]    Compiling tracing-serde v0.1.3
[INFO] [stderr]    Compiling serde_cbor v0.11.2
[INFO] [stderr]    Compiling csv v1.3.0
[INFO] [stderr]    Compiling matchers v0.0.1
[INFO] [stderr]    Compiling regex v1.11.1
[INFO] [stderr]    Compiling tinytemplate v1.2.1
[INFO] [stderr]    Compiling tracing-subscriber v0.2.25
[INFO] [stderr]    Compiling criterion v0.3.6
[INFO] [stderr]    Compiling pathtrie v0.1.1 (/opt/rustwide/workdir)
[INFO] [stdout] warning: elided lifetime has a name
[INFO] [stdout]    --> src/lib.rs:325:68
[INFO] [stdout]     |
[INFO] [stdout] 325 |     fn walk<'a>(&'a self, key: &[u8], node: &'a Node<T>) -> Option<&Node<T>> {
[INFO] [stdout]     |             -- lifetime `'a` declared here                         ^ this elided lifetime gets resolved as `'a`
[INFO] [stdout]     |
[INFO] [stdout]     = note: `#[warn(elided_named_lifetimes)]` on by default
[INFO] [stdout] 
[INFO] [stdout] 
[INFO] [stdout] warning: cannot use constants which depend on generic parameters in types
[INFO] [stdout]    --> src/lib.rs:358:33
[INFO] [stdout]     |
[INFO] [stdout] 358 |         writer.write_all(&[0u8; Self::HEADER_SIZE])?;
[INFO] [stdout]     |                                 ^^^^^^^^^^^^^^^^^
[INFO] [stdout]     |
[INFO] [stdout]     = warning: this was previously accepted by the compiler but is being phased out; it will become a hard error in a future release!
[INFO] [stdout]     = note: for more information, see issue #76200 <https://github.com/rust-lang/rust/issues/76200>
[INFO] [stdout]     = note: `#[warn(const_evaluatable_unchecked)]` on by default
[INFO] [stdout] 
[INFO] [stdout] 
[INFO] [stdout] warning: struct `ByteKey` is never constructed
[INFO] [stdout]   --> src/lib.rs:20:8
[INFO] [stdout]    |
[INFO] [stdout] 20 | struct ByteKey([u8]);
[INFO] [stdout]    |        ^^^^^^^
[INFO] [stdout]    |
[INFO] [stdout]    = note: `#[warn(dead_code)]` on by default
[INFO] [stdout] 
[INFO] [stdout] 
[INFO] [stderr]     Finished `test` profile [unoptimized + debuginfo] target(s) in 11.81s
[INFO] running `Command { std: "docker" "inspect" "4a6c8f2d10e0ec87f300642f1c74ec23cd13705828360834203327ccfdb528b3", kill_on_drop: false }`
[INFO] running `Command { std: "docker" "rm" "-f" "4a6c8f2d10e0ec87f300642f1c74ec23cd13705828360834203327ccfdb528b3", kill_on_drop: false }`
[INFO] [stdout] 4a6c8f2d10e0ec87f300642f1c74ec23cd13705828360834203327ccfdb528b3
[INFO] running `Command { std: "docker" "create" "-v" "/var/lib/crater-agent-workspace/builds/worker-4-tc2/target:/opt/rustwide/target:rw,Z" "-v" "/var/lib/crater-agent-workspace/builds/worker-4-tc2/source:/opt/rustwide/workdir:ro,Z" "-v" "/var/lib/crater-agent-workspace/cargo-home:/opt/rustwide/cargo-home:ro,Z" "-v" "/var/lib/crater-agent-workspace/rustup-home:/opt/rustwide/rustup-home:ro,Z" "-e" "SOURCE_DIR=/opt/rustwide/workdir" "-e" "CARGO_TARGET_DIR=/opt/rustwide/target" "-e" "CARGO_INCREMENTAL=0" "-e" "RUST_BACKTRACE=full" "-e" "RUSTFLAGS=--cap-lints=forbid -Zrandomize-layout" "-e" "RUSTDOCFLAGS=--cap-lints=forbid" "-e" "CARGO_HOME=/opt/rustwide/cargo-home" "-e" "RUSTUP_HOME=/opt/rustwide/rustup-home" "-w" "/opt/rustwide/workdir" "-m" "1610612736" "--user" "0:0" "--network" "none" "ghcr.io/rust-lang/crates-build-env/linux@sha256:4a844ea9eb2546a2d2c7022eacef16ef2e8229c7fbb2c7d4d55a9ceca922f72d" "/opt/rustwide/cargo-home/bin/cargo" "+nightly-2024-10-28" "test" "--frozen", kill_on_drop: false }`
[INFO] [stdout] 4da90c466373e065cc2b9d87d9b0554c180a94a47db85968255042366f2bf290
[INFO] running `Command { std: "docker" "start" "-a" "4da90c466373e065cc2b9d87d9b0554c180a94a47db85968255042366f2bf290", kill_on_drop: false }`
[INFO] [stderr] warning: elided lifetime has a name
[INFO] [stderr]    --> src/lib.rs:325:68
[INFO] [stderr]     |
[INFO] [stderr] 325 |     fn walk<'a>(&'a self, key: &[u8], node: &'a Node<T>) -> Option<&Node<T>> {
[INFO] [stderr]     |             -- lifetime `'a` declared here                         ^ this elided lifetime gets resolved as `'a`
[INFO] [stderr]     |
[INFO] [stderr]     = note: `#[warn(elided_named_lifetimes)]` on by default
[INFO] [stderr] 
[INFO] [stderr] warning: cannot use constants which depend on generic parameters in types
[INFO] [stderr]    --> src/lib.rs:358:33
[INFO] [stderr]     |
[INFO] [stderr] 358 |         writer.write_all(&[0u8; Self::HEADER_SIZE])?;
[INFO] [stderr]     |                                 ^^^^^^^^^^^^^^^^^
[INFO] [stderr]     |
[INFO] [stderr]     = warning: this was previously accepted by the compiler but is being phased out; it will become a hard error in a future release!
[INFO] [stderr]     = note: for more information, see issue #76200 <https://github.com/rust-lang/rust/issues/76200>
[INFO] [stderr]     = note: `#[warn(const_evaluatable_unchecked)]` on by default
[INFO] [stderr] 
[INFO] [stderr] warning: struct `ByteKey` is never constructed
[INFO] [stderr]   --> src/lib.rs:20:8
[INFO] [stderr]    |
[INFO] [stderr] 20 | struct ByteKey([u8]);
[INFO] [stderr]    |        ^^^^^^^
[INFO] [stderr]    |
[INFO] [stderr]    = note: `#[warn(dead_code)]` on by default
[INFO] [stderr] 
[INFO] [stderr] warning: `pathtrie` (lib) generated 3 warnings
[INFO] [stderr] warning: `pathtrie` (lib test) generated 3 warnings (3 duplicates)
[INFO] [stderr]     Finished `test` profile [unoptimized + debuginfo] target(s) in 0.06s
[INFO] [stderr]      Running unittests src/lib.rs (/opt/rustwide/target/debug/deps/pathtrie-ba54ccc427c2a35f)
[INFO] [stdout] 
[INFO] [stdout] running 11 tests
[INFO] [stdout] test lcp::tests::divergent ... ok
[INFO] [stdout] test lcp::tests::incomplete ... ok
[INFO] [stdout] test lcp::tests::exact ... ok
[INFO] [stdout] test lcp::tests::no_match ... ok
[INFO] [stdout] test lcp::tests::perfect_subset ... ok
[INFO] [stdout] test tests::insert_divergent ... ok
[INFO] [stdout] test tests::insert_subset ... ok
[INFO] [stdout] test tests::insert_divergent2 ... ok
[INFO] [stdout] test tests::empty_fst ... FAILED
[INFO] [stdout] test tests::fst ... FAILED
[INFO] [stdout] test tests::set_and_get ... FAILED
[INFO] [stdout] 
[INFO] [stdout] failures:
[INFO] [stdout] 
[INFO] [stdout] ---- tests::empty_fst stdout ----
[INFO] [stdout] Cursor { inner: [255, 223, 0, 4, 0, 0, 0, 0, 0, 0, 0, 0], pos: 4 }
[INFO] [stdout] thread 'tests::empty_fst' panicked at src/lib.rs:666:62:
[INFO] [stdout] called `Result::unwrap()` on an `Err` value: Os { code: 30, kind: ReadOnlyFilesystem, message: "Read-only file system" }
[INFO] [stdout] stack backtrace:
[INFO] [stdout]    0:     0x624eaf01f19a - std::backtrace_rs::backtrace::libunwind::trace::h207520d6e9873551
[INFO] [stdout]                                at /rustc/df4ca44d3fbc9301ee17f30f4d474e6ae4b05252/library/std/src/../../backtrace/src/backtrace/libunwind.rs:116:5
[INFO] [stdout]    1:     0x624eaf01f19a - std::backtrace_rs::backtrace::trace_unsynchronized::h2ed7433f370e3eca
[INFO] [stdout]                                at /rustc/df4ca44d3fbc9301ee17f30f4d474e6ae4b05252/library/std/src/../../backtrace/src/backtrace/mod.rs:66:5
[INFO] [stdout]    2:     0x624eaf01f19a - std::sys::backtrace::_print_fmt::h916fac51166b18d7
[INFO] [stdout]                                at /rustc/df4ca44d3fbc9301ee17f30f4d474e6ae4b05252/library/std/src/sys/backtrace.rs:66:9
[INFO] [stdout]    3:     0x624eaf01f19a - <std::sys::backtrace::BacktraceLock::print::DisplayBacktrace as core::fmt::Display>::fmt::ha0a4c9b8ce3802e6
[INFO] [stdout]                                at /rustc/df4ca44d3fbc9301ee17f30f4d474e6ae4b05252/library/std/src/sys/backtrace.rs:39:26
[INFO] [stdout]    4:     0x624eaf045833 - core::fmt::rt::Argument::fmt::h4cfc8587d52b3eb5
[INFO] [stdout]                                at /rustc/df4ca44d3fbc9301ee17f30f4d474e6ae4b05252/library/core/src/fmt/rt.rs:177:76
[INFO] [stdout]    5:     0x624eaf045833 - core::fmt::write::h522cc39e5b36ae9f
[INFO] [stdout]                                at /rustc/df4ca44d3fbc9301ee17f30f4d474e6ae4b05252/library/core/src/fmt/mod.rs:1190:21
[INFO] [stdout]    6:     0x624eaf01be03 - std::io::Write::write_fmt::h7d3c26752da97734
[INFO] [stdout]                                at /rustc/df4ca44d3fbc9301ee17f30f4d474e6ae4b05252/library/std/src/io/mod.rs:1839:15
[INFO] [stdout]    7:     0x624eaf01efe2 - std::sys::backtrace::BacktraceLock::print::h4b9e00b29e9c0942
[INFO] [stdout]                                at /rustc/df4ca44d3fbc9301ee17f30f4d474e6ae4b05252/library/std/src/sys/backtrace.rs:42:9
[INFO] [stdout]    8:     0x624eaf02062a - std::panicking::default_hook::{{closure}}::hb59b88280d0324d9
[INFO] [stdout]                                at /rustc/df4ca44d3fbc9301ee17f30f4d474e6ae4b05252/library/std/src/panicking.rs:268:22
[INFO] [stdout]    9:     0x624eaf020434 - std::panicking::default_hook::he1dd496665be4a29
[INFO] [stdout]                                at /rustc/df4ca44d3fbc9301ee17f30f4d474e6ae4b05252/library/std/src/panicking.rs:292:9
[INFO] [stdout]   10:     0x624eaefe70e9 - <alloc::boxed::Box<F,A> as core::ops::function::Fn<Args>>::call::h4ff71de18744e1dc
[INFO] [stdout]                                at /rustc/df4ca44d3fbc9301ee17f30f4d474e6ae4b05252/library/alloc/src/boxed.rs:2468:9
[INFO] [stdout]   11:     0x624eaefe70e9 - test::test_main::{{closure}}::hcf7c055ce117aa81
[INFO] [stdout]                                at /rustc/df4ca44d3fbc9301ee17f30f4d474e6ae4b05252/library/test/src/lib.rs:133:21
[INFO] [stdout]   12:     0x624eaf020d28 - <alloc::boxed::Box<F,A> as core::ops::function::Fn<Args>>::call::h1d66c6bbd60c9692
[INFO] [stdout]                                at /rustc/df4ca44d3fbc9301ee17f30f4d474e6ae4b05252/library/alloc/src/boxed.rs:2468:9
[INFO] [stdout]   13:     0x624eaf020d28 - std::panicking::rust_panic_with_hook::h2ff17fe8f26dfcf8
[INFO] [stdout]                                at /rustc/df4ca44d3fbc9301ee17f30f4d474e6ae4b05252/library/std/src/panicking.rs:809:13
[INFO] [stdout]   14:     0x624eaf020aea - std::panicking::begin_panic_handler::{{closure}}::h4fad77951c07e101
[INFO] [stdout]                                at /rustc/df4ca44d3fbc9301ee17f30f4d474e6ae4b05252/library/std/src/panicking.rs:674:13
[INFO] [stdout]   15:     0x624eaf01f679 - std::sys::backtrace::__rust_end_short_backtrace::hb1a25b3da5d0ea08
[INFO] [stdout]                                at /rustc/df4ca44d3fbc9301ee17f30f4d474e6ae4b05252/library/std/src/sys/backtrace.rs:170:18
[INFO] [stdout]   16:     0x624eaf02077c - rust_begin_unwind
[INFO] [stdout]                                at /rustc/df4ca44d3fbc9301ee17f30f4d474e6ae4b05252/library/std/src/panicking.rs:665:5
[INFO] [stdout]   17:     0x624eaf044210 - core::panicking::panic_fmt::ha9db07b529f9b256
[INFO] [stdout]                                at /rustc/df4ca44d3fbc9301ee17f30f4d474e6ae4b05252/library/core/src/panicking.rs:75:14
[INFO] [stdout]   18:     0x624eaf044656 - core::result::unwrap_failed::h5e8218e4d4338b8a
[INFO] [stdout]                                at /rustc/df4ca44d3fbc9301ee17f30f4d474e6ae4b05252/library/core/src/result.rs:1698:5
[INFO] [stdout]   19:     0x624eaef9334b - core::result::Result<T,E>::unwrap::ha257fde054c431e8
[INFO] [stdout]                                at /rustc/df4ca44d3fbc9301ee17f30f4d474e6ae4b05252/library/core/src/result.rs:1103:23
[INFO] [stdout]   20:     0x624eaef9334b - pathtrie::tests::empty_fst::h2a2e622e4eb97ece
[INFO] [stdout]                                at /opt/rustwide/workdir/src/lib.rs:666:9
[INFO] [stdout]   21:     0x624eaef93007 - pathtrie::tests::empty_fst::{{closure}}::h7b259290073cb970
[INFO] [stdout]                                at /opt/rustwide/workdir/src/lib.rs:660:19
[INFO] [stdout]   22:     0x624eaef884d6 - core::ops::function::FnOnce::call_once::h13c6c141924c648d
[INFO] [stdout]                                at /rustc/df4ca44d3fbc9301ee17f30f4d474e6ae4b05252/library/core/src/ops/function.rs:250:5
[INFO] [stdout]   23:     0x624eaefeb9bb - core::ops::function::FnOnce::call_once::h22c3ba5715e93f05
[INFO] [stdout]                                at /rustc/df4ca44d3fbc9301ee17f30f4d474e6ae4b05252/library/core/src/ops/function.rs:250:5
[INFO] [stdout]   24:     0x624eaefeb9bb - test::__rust_begin_short_backtrace::h8e82d8113d0da17f
[INFO] [stdout]                                at /rustc/df4ca44d3fbc9301ee17f30f4d474e6ae4b05252/library/test/src/lib.rs:621:18
[INFO] [stdout]   25:     0x624eaefeb337 - test::run_test_in_process::{{closure}}::h33235f4f20b7b7c7
[INFO] [stdout]                                at /rustc/df4ca44d3fbc9301ee17f30f4d474e6ae4b05252/library/test/src/lib.rs:644:60
[INFO] [stdout]   26:     0x624eaefeb337 - <core::panic::unwind_safe::AssertUnwindSafe<F> as core::ops::function::FnOnce<()>>::call_once::hb5043206310c586f
[INFO] [stdout]                                at /rustc/df4ca44d3fbc9301ee17f30f4d474e6ae4b05252/library/core/src/panic/unwind_safe.rs:272:9
[INFO] [stdout]   27:     0x624eaefeb337 - std::panicking::try::do_call::h9ad4731a60ab23e2
[INFO] [stdout]                                at /rustc/df4ca44d3fbc9301ee17f30f4d474e6ae4b05252/library/std/src/panicking.rs:557:40
[INFO] [stdout]   28:     0x624eaefeb337 - std::panicking::try::h3824d23db772a716
[INFO] [stdout]                                at /rustc/df4ca44d3fbc9301ee17f30f4d474e6ae4b05252/library/std/src/panicking.rs:520:19
[INFO] [stdout]   29:     0x624eaefeb337 - std::panic::catch_unwind::h5afd514605fde46b
[INFO] [stdout]                                at /rustc/df4ca44d3fbc9301ee17f30f4d474e6ae4b05252/library/std/src/panic.rs:358:14
[INFO] [stdout]   30:     0x624eaefeb337 - test::run_test_in_process::h0d5cbfa7067d1720
[INFO] [stdout]                                at /rustc/df4ca44d3fbc9301ee17f30f4d474e6ae4b05252/library/test/src/lib.rs:644:27
[INFO] [stdout]   31:     0x624eaefeb337 - test::run_test::{{closure}}::h708eb8872708115d
[INFO] [stdout]                                at /rustc/df4ca44d3fbc9301ee17f30f4d474e6ae4b05252/library/test/src/lib.rs:565:43
[INFO] [stdout]   32:     0x624eaefaea54 - test::run_test::{{closure}}::h392c51cee94713ab
[INFO] [stdout]                                at /rustc/df4ca44d3fbc9301ee17f30f4d474e6ae4b05252/library/test/src/lib.rs:595:41
[INFO] [stdout]   33:     0x624eaefaea54 - std::sys::backtrace::__rust_begin_short_backtrace::h2f40290710935a8b
[INFO] [stdout]                                at /rustc/df4ca44d3fbc9301ee17f30f4d474e6ae4b05252/library/std/src/sys/backtrace.rs:154:18
[INFO] [stdout]   34:     0x624eaefb21fe - std::thread::Builder::spawn_unchecked_::{{closure}}::{{closure}}::h3fd968d89053a903
[INFO] [stdout]                                at /rustc/df4ca44d3fbc9301ee17f30f4d474e6ae4b05252/library/std/src/thread/mod.rs:541:17
[INFO] [stdout]   35:     0x624eaefb21fe - <core::panic::unwind_safe::AssertUnwindSafe<F> as core::ops::function::FnOnce<()>>::call_once::h743f637ba4229880
[INFO] [stdout]                                at /rustc/df4ca44d3fbc9301ee17f30f4d474e6ae4b05252/library/core/src/panic/unwind_safe.rs:272:9
[INFO] [stdout]   36:     0x624eaefb21fe - std::panicking::try::do_call::h07440897322525a6
[INFO] [stdout]                                at /rustc/df4ca44d3fbc9301ee17f30f4d474e6ae4b05252/library/std/src/panicking.rs:557:40
[INFO] [stdout]   37:     0x624eaefb21fe - std::panicking::try::he5a2e00188156637
[INFO] [stdout]                                at /rustc/df4ca44d3fbc9301ee17f30f4d474e6ae4b05252/library/std/src/panicking.rs:520:19
[INFO] [stdout]   38:     0x624eaefb21fe - std::panic::catch_unwind::hbaf3cae49b3c6433
[INFO] [stdout]                                at /rustc/df4ca44d3fbc9301ee17f30f4d474e6ae4b05252/library/std/src/panic.rs:358:14
[INFO] [stdout]   39:     0x624eaefb21fe - std::thread::Builder::spawn_unchecked_::{{closure}}::h8e141ea224820bce
[INFO] [stdout]                                at /rustc/df4ca44d3fbc9301ee17f30f4d474e6ae4b05252/library/std/src/thread/mod.rs:540:30
[INFO] [stdout]   40:     0x624eaefb21fe - core::ops::function::FnOnce::call_once{{vtable.shim}}::h90d312fedd7b8ea8
[INFO] [stdout]                                at /rustc/df4ca44d3fbc9301ee17f30f4d474e6ae4b05252/library/core/src/ops/function.rs:250:5
[INFO] [stdout]   41:     0x624eaf024b2b - <alloc::boxed::Box<F,A> as core::ops::function::FnOnce<Args>>::call_once::h69aa08ddb6adb8b6
[INFO] [stdout]                                at /rustc/df4ca44d3fbc9301ee17f30f4d474e6ae4b05252/library/alloc/src/boxed.rs:2454:9
[INFO] [stdout]   42:     0x624eaf024b2b - <alloc::boxed::Box<F,A> as core::ops::function::FnOnce<Args>>::call_once::h5aa36efdb79c806f
[INFO] [stdout]                                at /rustc/df4ca44d3fbc9301ee17f30f4d474e6ae4b05252/library/alloc/src/boxed.rs:2454:9
[INFO] [stdout]   43:     0x624eaf024b2b - std::sys::pal::unix::thread::Thread::new::thread_start::h6cd80a1b4be5158d
[INFO] [stdout]                                at /rustc/df4ca44d3fbc9301ee17f30f4d474e6ae4b05252/library/std/src/sys/pal/unix/thread.rs:105:17
[INFO] [stdout]   44:     0x7171e7b16ac3 - <unknown>
[INFO] [stdout]   45:     0x7171e7ba7a04 - clone
[INFO] [stdout]   46:                0x0 - <unknown>
[INFO] [stdout] 
[INFO] [stdout] ---- tests::fst stdout ----
[INFO] [stdout] ROOT: Node {
[INFO] [stdout]     key: "",
[INFO] [stdout]     body: Children(
[INFO] [stdout]         [
[INFO] [stdout]             Node {
[INFO] [stdout]                 key: "a/",
[INFO] [stdout]                 body: Children(
[INFO] [stdout]                     [
[INFO] [stdout]                         Node {
[INFO] [stdout]                             key: "1/",
[INFO] [stdout]                             body: Children(
[INFO] [stdout]                                 [
[INFO] [stdout]                                     Node {
[INFO] [stdout]                                         key: "a",
[INFO] [stdout]                                         body: Value(
[INFO] [stdout]                                             1,
[INFO] [stdout]                                         ),
[INFO] [stdout]                                     },
[INFO] [stdout]                                     Node {
[INFO] [stdout]                                         key: "b",
[INFO] [stdout]                                         body: Value(
[INFO] [stdout]                                             2,
[INFO] [stdout]                                         ),
[INFO] [stdout]                                     },
[INFO] [stdout]                                     Node {
[INFO] [stdout]                                         key: "c",
[INFO] [stdout]                                         body: Value(
[INFO] [stdout]                                             3,
[INFO] [stdout]                                         ),
[INFO] [stdout]                                     },
[INFO] [stdout]                                 ],
[INFO] [stdout]                             ),
[INFO] [stdout]                         },
[INFO] [stdout]                         Node {
[INFO] [stdout]                             key: "2/",
[INFO] [stdout]                             body: Children(
[INFO] [stdout]                                 [
[INFO] [stdout]                                     Node {
[INFO] [stdout]                                         key: "a",
[INFO] [stdout]                                         body: Value(
[INFO] [stdout]                                             10,
[INFO] [stdout]                                         ),
[INFO] [stdout]                                     },
[INFO] [stdout]                                     Node {
[INFO] [stdout]                                         key: "b",
[INFO] [stdout]                                         body: Value(
[INFO] [stdout]                                             11,
[INFO] [stdout]                                         ),
[INFO] [stdout]                                     },
[INFO] [stdout]                                     Node {
[INFO] [stdout]                                         key: "c",
[INFO] [stdout]                                         body: Value(
[INFO] [stdout]                                             12,
[INFO] [stdout]                                         ),
[INFO] [stdout]                                     },
[INFO] [stdout]                                 ],
[INFO] [stdout]                             ),
[INFO] [stdout]                         },
[INFO] [stdout]                     ],
[INFO] [stdout]                 ),
[INFO] [stdout]             },
[INFO] [stdout]             Node {
[INFO] [stdout]                 key: "b/",
[INFO] [stdout]                 body: Children(
[INFO] [stdout]                     [
[INFO] [stdout]                         Node {
[INFO] [stdout]                             key: "1/",
[INFO] [stdout]                             body: Children(
[INFO] [stdout]                                 [
[INFO] [stdout]                                     Node {
[INFO] [stdout]                                         key: "a",
[INFO] [stdout]                                         body: Value(
[INFO] [stdout]                                             4,
[INFO] [stdout]                                         ),
[INFO] [stdout]                                     },
[INFO] [stdout]                                     Node {
[INFO] [stdout]                                         key: "b",
[INFO] [stdout]                                         body: Value(
[INFO] [stdout]                                             5,
[INFO] [stdout]                                         ),
[INFO] [stdout]                                     },
[INFO] [stdout]                                     Node {
[INFO] [stdout]                                         key: "c",
[INFO] [stdout]                                         body: Value(
[INFO] [stdout]                                             6,
[INFO] [stdout]                                         ),
[INFO] [stdout]                                     },
[INFO] [stdout]                                 ],
[INFO] [stdout]                             ),
[INFO] [stdout]                         },
[INFO] [stdout]                         Node {
[INFO] [stdout]                             key: "2/",
[INFO] [stdout]                             body: Children(
[INFO] [stdout]                                 [
[INFO] [stdout]                                     Node {
[INFO] [stdout]                                         key: "a",
[INFO] [stdout]                                         body: Value(
[INFO] [stdout]                                             13,
[INFO] [stdout]                                         ),
[INFO] [stdout]                                     },
[INFO] [stdout]                                     Node {
[INFO] [stdout]                                         key: "b",
[INFO] [stdout]                                         body: Value(
[INFO] [stdout]                                             14,
[INFO] [stdout]                                         ),
[INFO] [stdout]                                     },
[INFO] [stdout]                                     Node {
[INFO] [stdout]                                         key: "c",
[INFO] [stdout]                                         body: Value(
[INFO] [stdout]                                             15,
[INFO] [stdout]                                         ),
[INFO] [stdout]                                     },
[INFO] [stdout]                                 ],
[INFO] [stdout]                             ),
[INFO] [stdout]                         },
[INFO] [stdout]                     ],
[INFO] [stdout]                 ),
[INFO] [stdout]             },
[INFO] [stdout]             Node {
[INFO] [stdout]                 key: "c/",
[INFO] [stdout]                 body: Children(
[INFO] [stdout]                     [
[INFO] [stdout]                         Node {
[INFO] [stdout]                             key: "1/",
[INFO] [stdout]                             body: Children(
[INFO] [stdout]                                 [
[INFO] [stdout]                                     Node {
[INFO] [stdout]                                         key: "a",
[INFO] [stdout]                                         body: Value(
[INFO] [stdout]                                             7,
[INFO] [stdout]                                         ),
[INFO] [stdout]                                     },
[INFO] [stdout]                                     Node {
[INFO] [stdout]                                         key: "b",
[INFO] [stdout]                                         body: Value(
[INFO] [stdout]                                             8,
[INFO] [stdout]                                         ),
[INFO] [stdout]                                     },
[INFO] [stdout]                                     Node {
[INFO] [stdout]                                         key: "c",
[INFO] [stdout]                                         body: Value(
[INFO] [stdout]                                             9,
[INFO] [stdout]                                         ),
[INFO] [stdout]                                     },
[INFO] [stdout]                                 ],
[INFO] [stdout]                             ),
[INFO] [stdout]                         },
[INFO] [stdout]                         Node {
[INFO] [stdout]                             key: "2/",
[INFO] [stdout]                             body: Children(
[INFO] [stdout]                                 [
[INFO] [stdout]                                     Node {
[INFO] [stdout]                                         key: "a",
[INFO] [stdout]                                         body: Value(
[INFO] [stdout]                                             16,
[INFO] [stdout]                                         ),
[INFO] [stdout]                                     },
[INFO] [stdout]                                     Node {
[INFO] [stdout]                                         key: "b",
[INFO] [stdout]                                         body: Value(
[INFO] [stdout]                                             17,
[INFO] [stdout]                                         ),
[INFO] [stdout]                                     },
[INFO] [stdout]                                     Node {
[INFO] [stdout]                                         key: "c",
[INFO] [stdout]                                         body: Value(
[INFO] [stdout]                                             18,
[INFO] [stdout]                                         ),
[INFO] [stdout]                                     },
[INFO] [stdout]                                 ],
[INFO] [stdout]                             ),
[INFO] [stdout]                         },
[INFO] [stdout]                     ],
[INFO] [stdout]                 ),
[INFO] [stdout]             },
[INFO] [stdout]         ],
[INFO] [stdout]     ),
[INFO] [stdout] }
[INFO] [stdout] D:0 Child [<>a/] Children([Node { key: "1/", body: Children([Node { key: "a", body: Value(1) }, Node { key: "b", body: Value(2) }, Node { key: "c", body: Value(3) }]) }, Node { key: "2/", body: Children([Node { key: "a", body: Value(10) }, Node { key: "b", body: Value(11) }, Node { key: "c", body: Value(12) }]) }])
[INFO] [stdout] D:0 Child [<>b/] Children([Node { key: "1/", body: Children([Node { key: "a", body: Value(4) }, Node { key: "b", body: Value(5) }, Node { key: "c", body: Value(6) }]) }, Node { key: "2/", body: Children([Node { key: "a", body: Value(13) }, Node { key: "b", body: Value(14) }, Node { key: "c", body: Value(15) }]) }])
[INFO] [stdout] D:0 Child [<>c/] Children([Node { key: "1/", body: Children([Node { key: "a", body: Value(7) }, Node { key: "b", body: Value(8) }, Node { key: "c", body: Value(9) }]) }, Node { key: "2/", body: Children([Node { key: "a", body: Value(16) }, Node { key: "b", body: Value(17) }, Node { key: "c", body: Value(18) }]) }])
[INFO] [stdout] D:1 Child [a/<>1/] Children([Node { key: "a", body: Value(1) }, Node { key: "b", body: Value(2) }, Node { key: "c", body: Value(3) }])
[INFO] [stdout] D:1 Child [a/<>2/] Children([Node { key: "a", body: Value(10) }, Node { key: "b", body: Value(11) }, Node { key: "c", body: Value(12) }])
[INFO] [stdout] D:2 Child [a/1/<>a] Value(1)
[INFO] [stdout] D:2 Child [a/1/<>b] Value(2)
[INFO] [stdout] D:2 Child [a/1/<>c] Value(3)
[INFO] [stdout] D:2 Child [a/2/<>a] Value(10)
[INFO] [stdout] D:2 Child [a/2/<>b] Value(11)
[INFO] [stdout] D:2 Child [a/2/<>c] Value(12)
[INFO] [stdout] D:1 Child [b/<>1/] Children([Node { key: "a", body: Value(4) }, Node { key: "b", body: Value(5) }, Node { key: "c", body: Value(6) }])
[INFO] [stdout] D:1 Child [b/<>2/] Children([Node { key: "a", body: Value(13) }, Node { key: "b", body: Value(14) }, Node { key: "c", body: Value(15) }])
[INFO] [stdout] D:2 Child [b/1/<>a] Value(4)
[INFO] [stdout] D:2 Child [b/1/<>b] Value(5)
[INFO] [stdout] D:2 Child [b/1/<>c] Value(6)
[INFO] [stdout] D:2 Child [b/2/<>a] Value(13)
[INFO] [stdout] D:2 Child [b/2/<>b] Value(14)
[INFO] [stdout] D:2 Child [b/2/<>c] Value(15)
[INFO] [stdout] D:1 Child [c/<>1/] Children([Node { key: "a", body: Value(7) }, Node { key: "b", body: Value(8) }, Node { key: "c", body: Value(9) }])
[INFO] [stdout] D:1 Child [c/<>2/] Children([Node { key: "a", body: Value(16) }, Node { key: "b", body: Value(17) }, Node { key: "c", body: Value(18) }])
[INFO] [stdout] D:2 Child [c/1/<>a] Value(7)
[INFO] [stdout] D:2 Child [c/1/<>b] Value(8)
[INFO] [stdout] D:2 Child [c/1/<>c] Value(9)
[INFO] [stdout] D:2 Child [c/2/<>a] Value(16)
[INFO] [stdout] D:2 Child [c/2/<>b] Value(17)
[INFO] [stdout] D:2 Child [c/2/<>c] Value(18)
[INFO] [stdout] Cursor { inner: [255, 223, 0, 4, 36, 0, 0, 0, 2, 97, 47, 0, 148, 0, 0, 0, 2, 98, 47, 0, 4, 1, 0, 0, 2, 99, 47, 0, 0, 0, 0, 0, 0, 0, 0, 0, 60, 0, 0, 0, 2, 49, 47, 0, 104, 0, 0, 0, 2, 50, 47, 0, 0, 0, 0, 0, 0, 0, 0, 0, 255, 255, 255, 255, 1, 0, 0, 0, 1, 97, 0, 0, 255, 255, 255, 255, 2, 0, 0, 0, 1, 98, 0, 0, 255, 255, 255, 255, 3, 0, 0, 0, 1, 99, 0, 0, 0, 0, 0, 0, 0, 0, 0, 0, 255, 255, 255, 255, 10, 0, 0, 0, 1, 97, 0, 0, 255, 255, 255, 255, 11, 0, 0, 0, 1, 98, 0, 0, 255, 255, 255, 255, 12, 0, 0, 0, 1, 99, 0, 0, 0, 0, 0, 0, 0, 0, 0, 0, 172, 0, 0, 0, 2, 49, 47, 0, 216, 0, 0, 0, 2, 50, 47, 0, 0, 0, 0, 0, 0, 0, 0, 0, 255, 255, 255, 255, 4, 0, 0, 0, 1, 97, 0, 0, 255, 255, 255, 255, 5, 0, 0, 0, 1, 98, 0, 0, 255, 255, 255, 255, 6, 0, 0, 0, 1, 99, 0, 0, 0, 0, 0, 0, 0, 0, 0, 0, 255, 255, 255, 255, 13, 0, 0, 0, 1, 97, 0, 0, 255, 255, 255, 255, 14, 0, 0, 0, 1, 98, 0, 0, 255, 255, 255, 255, 15, 0, 0, 0, 1, 99, 0, 0, 0, 0, 0, 0, 0, 0, 0, 0, 28, 1, 0, 0, 2, 49, 47, 0, 72, 1, 0, 0, 2, 50, 47, 0, 0, 0, 0, 0, 0, 0, 0, 0, 255, 255, 255, 255, 7, 0, 0, 0, 1, 97, 0, 0, 255, 255, 255, 255, 8, 0, 0, 0, 1, 98, 0, 0, 255, 255, 255, 255, 9, 0, 0, 0, 1, 99, 0, 0, 0, 0, 0, 0, 0, 0, 0, 0, 255, 255, 255, 255, 16, 0, 0, 0, 1, 97, 0, 0, 255, 255, 255, 255, 17, 0, 0, 0, 1, 98, 0, 0, 255, 255, 255, 255, 18, 0, 0, 0, 1, 99, 0, 0, 0, 0, 0, 0, 0, 0, 0, 0], pos: 4 }
[INFO] [stdout] thread 'tests::fst' panicked at src/lib.rs:598:56:
[INFO] [stdout] called `Result::unwrap()` on an `Err` value: Os { code: 30, kind: ReadOnlyFilesystem, message: "Read-only file system" }
[INFO] [stdout] stack backtrace:
[INFO] [stdout]    0:     0x624eaf01f19a - std::backtrace_rs::backtrace::libunwind::trace::h207520d6e9873551
[INFO] [stdout]                                at /rustc/df4ca44d3fbc9301ee17f30f4d474e6ae4b05252/library/std/src/../../backtrace/src/backtrace/libunwind.rs:116:5
[INFO] [stdout]    1:     0x624eaf01f19a - std::backtrace_rs::backtrace::trace_unsynchronized::h2ed7433f370e3eca
[INFO] [stdout]                                at /rustc/df4ca44d3fbc9301ee17f30f4d474e6ae4b05252/library/std/src/../../backtrace/src/backtrace/mod.rs:66:5
[INFO] [stdout]    2:     0x624eaf01f19a - std::sys::backtrace::_print_fmt::h916fac51166b18d7
[INFO] [stdout]                                at /rustc/df4ca44d3fbc9301ee17f30f4d474e6ae4b05252/library/std/src/sys/backtrace.rs:66:9
[INFO] [stdout]    3:     0x624eaf01f19a - <std::sys::backtrace::BacktraceLock::print::DisplayBacktrace as core::fmt::Display>::fmt::ha0a4c9b8ce3802e6
[INFO] [stdout]                                at /rustc/df4ca44d3fbc9301ee17f30f4d474e6ae4b05252/library/std/src/sys/backtrace.rs:39:26
[INFO] [stdout]    4:     0x624eaf045833 - core::fmt::rt::Argument::fmt::h4cfc8587d52b3eb5
[INFO] [stdout]                                at /rustc/df4ca44d3fbc9301ee17f30f4d474e6ae4b05252/library/core/src/fmt/rt.rs:177:76
[INFO] [stdout]    5:     0x624eaf045833 - core::fmt::write::h522cc39e5b36ae9f
[INFO] [stdout]                                at /rustc/df4ca44d3fbc9301ee17f30f4d474e6ae4b05252/library/core/src/fmt/mod.rs:1190:21
[INFO] [stdout]    6:     0x624eaf01be03 - std::io::Write::write_fmt::h7d3c26752da97734
[INFO] [stdout]                                at /rustc/df4ca44d3fbc9301ee17f30f4d474e6ae4b05252/library/std/src/io/mod.rs:1839:15
[INFO] [stdout]    7:     0x624eaf01efe2 - std::sys::backtrace::BacktraceLock::print::h4b9e00b29e9c0942
[INFO] [stdout]                                at /rustc/df4ca44d3fbc9301ee17f30f4d474e6ae4b05252/library/std/src/sys/backtrace.rs:42:9
[INFO] [stdout]    8:     0x624eaf02062a - std::panicking::default_hook::{{closure}}::hb59b88280d0324d9
[INFO] [stdout]                                at /rustc/df4ca44d3fbc9301ee17f30f4d474e6ae4b05252/library/std/src/panicking.rs:268:22
[INFO] [stdout]    9:     0x624eaf020434 - std::panicking::default_hook::he1dd496665be4a29
[INFO] [stdout]                                at /rustc/df4ca44d3fbc9301ee17f30f4d474e6ae4b05252/library/std/src/panicking.rs:292:9
[INFO] [stdout]   10:     0x624eaefe70e9 - <alloc::boxed::Box<F,A> as core::ops::function::Fn<Args>>::call::h4ff71de18744e1dc
[INFO] [stdout]                                at /rustc/df4ca44d3fbc9301ee17f30f4d474e6ae4b05252/library/alloc/src/boxed.rs:2468:9
[INFO] [stdout]   11:     0x624eaefe70e9 - test::test_main::{{closure}}::hcf7c055ce117aa81
[INFO] [stdout]                                at /rustc/df4ca44d3fbc9301ee17f30f4d474e6ae4b05252/library/test/src/lib.rs:133:21
[INFO] [stdout]   12:     0x624eaf020d28 - <alloc::boxed::Box<F,A> as core::ops::function::Fn<Args>>::call::h1d66c6bbd60c9692
[INFO] [stdout]                                at /rustc/df4ca44d3fbc9301ee17f30f4d474e6ae4b05252/library/alloc/src/boxed.rs:2468:9
[INFO] [stdout]   13:     0x624eaf020d28 - std::panicking::rust_panic_with_hook::h2ff17fe8f26dfcf8
[INFO] [stdout]                                at /rustc/df4ca44d3fbc9301ee17f30f4d474e6ae4b05252/library/std/src/panicking.rs:809:13
[INFO] [stdout]   14:     0x624eaf020aea - std::panicking::begin_panic_handler::{{closure}}::h4fad77951c07e101
[INFO] [stdout]                                at /rustc/df4ca44d3fbc9301ee17f30f4d474e6ae4b05252/library/std/src/panicking.rs:674:13
[INFO] [stdout]   15:     0x624eaf01f679 - std::sys::backtrace::__rust_end_short_backtrace::hb1a25b3da5d0ea08
[INFO] [stdout]                                at /rustc/df4ca44d3fbc9301ee17f30f4d474e6ae4b05252/library/std/src/sys/backtrace.rs:170:18
[INFO] [stdout]   16:     0x624eaf02077c - rust_begin_unwind
[INFO] [stdout]                                at /rustc/df4ca44d3fbc9301ee17f30f4d474e6ae4b05252/library/std/src/panicking.rs:665:5
[INFO] [stdout]   17:     0x624eaf044210 - core::panicking::panic_fmt::ha9db07b529f9b256
[INFO] [stdout]                                at /rustc/df4ca44d3fbc9301ee17f30f4d474e6ae4b05252/library/core/src/panicking.rs:75:14
[INFO] [stdout]   18:     0x624eaf044656 - core::result::unwrap_failed::h5e8218e4d4338b8a
[INFO] [stdout]                                at /rustc/df4ca44d3fbc9301ee17f30f4d474e6ae4b05252/library/core/src/result.rs:1698:5
[INFO] [stdout]   19:     0x624eaef9128d - core::result::Result<T,E>::unwrap::ha257fde054c431e8
[INFO] [stdout]                                at /rustc/df4ca44d3fbc9301ee17f30f4d474e6ae4b05252/library/core/src/result.rs:1103:23
[INFO] [stdout]   20:     0x624eaef9128d - pathtrie::tests::fst::h5f978bcd17591e4c
[INFO] [stdout]                                at /opt/rustwide/workdir/src/lib.rs:598:9
[INFO] [stdout]   21:     0x624eaef90bd7 - pathtrie::tests::fst::{{closure}}::h4ddc466dbb2902d8
[INFO] [stdout]                                at /opt/rustwide/workdir/src/lib.rs:569:13
[INFO] [stdout]   22:     0x624eaef88626 - core::ops::function::FnOnce::call_once::h64ed7e56b32df4c5
[INFO] [stdout]                                at /rustc/df4ca44d3fbc9301ee17f30f4d474e6ae4b05252/library/core/src/ops/function.rs:250:5
[INFO] [stdout]   23:     0x624eaefeb9bb - core::ops::function::FnOnce::call_once::h22c3ba5715e93f05
[INFO] [stdout]                                at /rustc/df4ca44d3fbc9301ee17f30f4d474e6ae4b05252/library/core/src/ops/function.rs:250:5
[INFO] [stdout]   24:     0x624eaefeb9bb - test::__rust_begin_short_backtrace::h8e82d8113d0da17f
[INFO] [stdout]                                at /rustc/df4ca44d3fbc9301ee17f30f4d474e6ae4b05252/library/test/src/lib.rs:621:18
[INFO] [stdout]   25:     0x624eaefeb337 - test::run_test_in_process::{{closure}}::h33235f4f20b7b7c7
[INFO] [stdout]                                at /rustc/df4ca44d3fbc9301ee17f30f4d474e6ae4b05252/library/test/src/lib.rs:644:60
[INFO] [stdout]   26:     0x624eaefeb337 - <core::panic::unwind_safe::AssertUnwindSafe<F> as core::ops::function::FnOnce<()>>::call_once::hb5043206310c586f
[INFO] [stdout]                                at /rustc/df4ca44d3fbc9301ee17f30f4d474e6ae4b05252/library/core/src/panic/unwind_safe.rs:272:9
[INFO] [stdout]   27:     0x624eaefeb337 - std::panicking::try::do_call::h9ad4731a60ab23e2
[INFO] [stdout]                                at /rustc/df4ca44d3fbc9301ee17f30f4d474e6ae4b05252/library/std/src/panicking.rs:557:40
[INFO] [stdout]   28:     0x624eaefeb337 - std::panicking::try::h3824d23db772a716
[INFO] [stdout]                                at /rustc/df4ca44d3fbc9301ee17f30f4d474e6ae4b05252/library/std/src/panicking.rs:520:19
[INFO] [stdout]   29:     0x624eaefeb337 - std::panic::catch_unwind::h5afd514605fde46b
[INFO] [stdout]                                at /rustc/df4ca44d3fbc9301ee17f30f4d474e6ae4b05252/library/std/src/panic.rs:358:14
[INFO] [stdout]   30:     0x624eaefeb337 - test::run_test_in_process::h0d5cbfa7067d1720
[INFO] [stdout]                                at /rustc/df4ca44d3fbc9301ee17f30f4d474e6ae4b05252/library/test/src/lib.rs:644:27
[INFO] [stdout]   31:     0x624eaefeb337 - test::run_test::{{closure}}::h708eb8872708115d
[INFO] [stdout]                                at /rustc/df4ca44d3fbc9301ee17f30f4d474e6ae4b05252/library/test/src/lib.rs:565:43
[INFO] [stdout]   32:     0x624eaefaea54 - test::run_test::{{closure}}::h392c51cee94713ab
[INFO] [stdout]                                at /rustc/df4ca44d3fbc9301ee17f30f4d474e6ae4b05252/library/test/src/lib.rs:595:41
[INFO] [stdout]   33:     0x624eaefaea54 - std::sys::backtrace::__rust_begin_short_backtrace::h2f40290710935a8b
[INFO] [stdout]                                at /rustc/df4ca44d3fbc9301ee17f30f4d474e6ae4b05252/library/std/src/sys/backtrace.rs:154:18
[INFO] [stdout]   34:     0x624eaefb21fe - std::thread::Builder::spawn_unchecked_::{{closure}}::{{closure}}::h3fd968d89053a903
[INFO] [stdout]                                at /rustc/df4ca44d3fbc9301ee17f30f4d474e6ae4b05252/library/std/src/thread/mod.rs:541:17
[INFO] [stdout]   35:     0x624eaefb21fe - <core::panic::unwind_safe::AssertUnwindSafe<F> as core::ops::function::FnOnce<()>>::call_once::h743f637ba4229880
[INFO] [stdout]                                at /rustc/df4ca44d3fbc9301ee17f30f4d474e6ae4b05252/library/core/src/panic/unwind_safe.rs:272:9
[INFO] [stdout]   36:     0x624eaefb21fe - std::panicking::try::do_call::h07440897322525a6
[INFO] [stdout]                                at /rustc/df4ca44d3fbc9301ee17f30f4d474e6ae4b05252/library/std/src/panicking.rs:557:40
[INFO] [stdout]   37:     0x624eaefb21fe - std::panicking::try::he5a2e00188156637
[INFO] [stdout]                                at /rustc/df4ca44d3fbc9301ee17f30f4d474e6ae4b05252/library/std/src/panicking.rs:520:19
[INFO] [stdout]   38:     0x624eaefb21fe - std::panic::catch_unwind::hbaf3cae49b3c6433
[INFO] [stdout]                                at /rustc/df4ca44d3fbc9301ee17f30f4d474e6ae4b05252/library/std/src/panic.rs:358:14
[INFO] [stdout]   39:     0x624eaefb21fe - std::thread::Builder::spawn_unchecked_::{{closure}}::h8e141ea224820bce
[INFO] [stdout]                                at /rustc/df4ca44d3fbc9301ee17f30f4d474e6ae4b05252/library/std/src/thread/mod.rs:540:30
[INFO] [stdout]   40:     0x624eaefb21fe - core::ops::function::FnOnce::call_once{{vtable.shim}}::h90d312fedd7b8ea8
[INFO] [stdout]                                at /rustc/df4ca44d3fbc9301ee17f30f4d474e6ae4b05252/library/core/src/ops/function.rs:250:5
[INFO] [stdout]   41:     0x624eaf024b2b - <alloc::boxed::Box<F,A> as core::ops::function::FnOnce<Args>>::call_once::h69aa08ddb6adb8b6
[INFO] [stdout]                                at /rustc/df4ca44d3fbc9301ee17f30f4d474e6ae4b05252/library/alloc/src/boxed.rs:2454:9
[INFO] [stdout]   42:     0x624eaf024b2b - <alloc::boxed::Box<F,A> as core::ops::function::FnOnce<Args>>::call_once::h5aa36efdb79c806f
[INFO] [stdout]                                at /rustc/df4ca44d3fbc9301ee17f30f4d474e6ae4b05252/library/alloc/src/boxed.rs:2454:9
[INFO] [stdout]   43:     0x624eaf024b2b - std::sys::pal::unix::thread::Thread::new::thread_start::h6cd80a1b4be5158d
[INFO] [stdout]                                at /rustc/df4ca44d3fbc9301ee17f30f4d474e6ae4b05252/library/std/src/sys/pal/unix/thread.rs:105:17
[INFO] [stdout]   44:     0x7171e7b16ac3 - <unknown>
[INFO] [stdout]   45:     0x7171e7ba7a04 - clone
[INFO] [stdout]   46:                0x0 - <unknown>
[INFO] [stdout] 
[INFO] [stdout] ---- tests::set_and_get stdout ----
[INFO] [stdout] "" => [
[INFO] [stdout]   "a" => [
[INFO] [stdout]     "nvil/camel" => 11,
[INFO] [stdout]     "pple/" => [
[INFO] [stdout]       "appl" => [
[INFO] [stdout]         "f/banana" => 14,
[INFO] [stdout]         "e/" => [
[INFO] [stdout]           "banana" => 13,
[INFO] [stdout]           "apple" => 12,
[INFO] [stdout]         ],
[INFO] [stdout]       ],
[INFO] [stdout]       "b" => [
[INFO] [stdout]         "eans/carrot" => 3,
[INFO] [stdout]         "anana/c" => [
[INFO] [stdout]           "oconut" => 2,
[INFO] [stderr] error: test failed, to rerun pass `--lib`
[INFO] [stdout]           "arrot" => 1,
[INFO] [stdout]         ],
[INFO] [stdout]       ],
[INFO] [stdout]     ],
[INFO] [stdout]   ],
[INFO] [stdout]   "b" => [
[INFO] [stdout]     "reak-everything/haha" => 10,
[INFO] [stdout]     "acon/" => [
[INFO] [stdout]       "baguette/croissant" => 7,
[INFO] [stdout]       "sandwich/ham" => [
[INFO] [stdout]         "-replacement" => 6,
[INFO] [stdout]         "burger" => 4,
[INFO] [stdout]         "" => 5,
[INFO] [stdout]       ],
[INFO] [stdout]       "jam" => 8,
[INFO] [stdout]       "wat" => 9,
[INFO] [stdout]     ],
[INFO] [stdout]   ],
[INFO] [stdout] ],
[INFO] [stdout] Cursor { inner: [255, 223, 0, 4, 28, 0, 0, 0, 1, 97, 0, 0, 4, 1, 0, 0, 1, 98, 0, 0, 0, 0, 0, 0, 0, 0, 0, 0, 255, 255, 255, 255, 11, 0, 0, 0, 10, 110, 118, 105, 108, 47, 99, 97, 109, 101, 108, 0, 68, 0, 0, 0, 5, 112, 112, 108, 101, 47, 0, 0, 0, 0, 0, 0, 0, 0, 0, 0, 96, 0, 0, 0, 4, 97, 112, 112, 108, 0, 0, 0, 172, 0, 0, 0, 1, 98, 0, 0, 0, 0, 0, 0, 0, 0, 0, 0, 255, 255, 255, 255, 14, 0, 0, 0, 8, 102, 47, 98, 97, 110, 97, 110, 97, 0, 0, 0, 132, 0, 0, 0, 2, 101, 47, 0, 0, 0, 0, 0, 0, 0, 0, 0, 255, 255, 255, 255, 13, 0, 0, 0, 6, 98, 97, 110, 97, 110, 97, 0, 255, 255, 255, 255, 12, 0, 0, 0, 5, 97, 112, 112, 108, 101, 0, 0, 0, 0, 0, 0, 0, 0, 0, 0, 255, 255, 255, 255, 3, 0, 0, 0, 11, 101, 97, 110, 115, 47, 99, 97, 114, 114, 111, 116, 0, 0, 0, 0, 220, 0, 0, 0, 7, 97, 110, 97, 110, 97, 47, 99, 0, 0, 0, 0, 0, 0, 0, 0, 0, 0, 0, 0, 255, 255, 255, 255, 2, 0, 0, 0, 6, 111, 99, 111, 110, 117, 116, 0, 255, 255, 255, 255, 1, 0, 0, 0, 5, 97, 114, 114, 111, 116, 0, 0, 0, 0, 0, 0, 0, 0, 0, 0, 255, 255, 255, 255, 10, 0, 0, 0, 20, 114, 101, 97, 107, 45, 101, 118, 101, 114, 121, 116, 104, 105, 110, 103, 47, 104, 97, 104, 97, 0, 0, 0, 56, 1, 0, 0, 5, 97, 99, 111, 110, 47, 0, 0, 0, 0, 0, 0, 0, 0, 0, 0, 255, 255, 255, 255, 7, 0, 0, 0, 18, 98, 97, 103, 117, 101, 116, 116, 101, 47, 99, 114, 111, 105, 115, 115, 97, 110, 116, 0, 144, 1, 0, 0, 12, 115, 97, 110, 100, 119, 105, 99, 104, 47, 104, 97, 109, 0, 0, 0, 255, 255, 255, 255, 8, 0, 0, 0, 3, 106, 97, 109, 0, 0, 0, 0, 255, 255, 255, 255, 9, 0, 0, 0, 3, 119, 97, 116, 0, 0, 0, 0, 0, 0, 0, 0, 0, 0, 0, 0, 255, 255, 255, 255, 6, 0, 0, 0, 12, 45, 114, 101, 112, 108, 97, 99, 101, 109, 101, 110, 116, 0, 0, 0, 255, 255, 255, 255, 4, 0, 0, 0, 6, 98, 117, 114, 103, 101, 114, 0, 255, 255, 255, 255, 5, 0, 0, 0, 0, 0, 0, 0, 0, 0, 0, 0, 0, 0, 0, 0], pos: 4 }
[INFO] [stdout] thread 'tests::set_and_get' panicked at src/lib.rs:648:57:
[INFO] [stdout] called `Result::unwrap()` on an `Err` value: Os { code: 30, kind: ReadOnlyFilesystem, message: "Read-only file system" }
[INFO] [stdout] stack backtrace:
[INFO] [stdout]    0:     0x624eaf01f19a - std::backtrace_rs::backtrace::libunwind::trace::h207520d6e9873551
[INFO] [stdout]                                at /rustc/df4ca44d3fbc9301ee17f30f4d474e6ae4b05252/library/std/src/../../backtrace/src/backtrace/libunwind.rs:116:5
[INFO] [stdout]    1:     0x624eaf01f19a - std::backtrace_rs::backtrace::trace_unsynchronized::h2ed7433f370e3eca
[INFO] [stdout]                                at /rustc/df4ca44d3fbc9301ee17f30f4d474e6ae4b05252/library/std/src/../../backtrace/src/backtrace/mod.rs:66:5
[INFO] [stdout]    2:     0x624eaf01f19a - std::sys::backtrace::_print_fmt::h916fac51166b18d7
[INFO] [stdout]                                at /rustc/df4ca44d3fbc9301ee17f30f4d474e6ae4b05252/library/std/src/sys/backtrace.rs:66:9
[INFO] [stdout]    3:     0x624eaf01f19a - <std::sys::backtrace::BacktraceLock::print::DisplayBacktrace as core::fmt::Display>::fmt::ha0a4c9b8ce3802e6
[INFO] [stdout]                                at /rustc/df4ca44d3fbc9301ee17f30f4d474e6ae4b05252/library/std/src/sys/backtrace.rs:39:26
[INFO] [stdout]    4:     0x624eaf045833 - core::fmt::rt::Argument::fmt::h4cfc8587d52b3eb5
[INFO] [stdout]                                at /rustc/df4ca44d3fbc9301ee17f30f4d474e6ae4b05252/library/core/src/fmt/rt.rs:177:76
[INFO] [stdout]    5:     0x624eaf045833 - core::fmt::write::h522cc39e5b36ae9f
[INFO] [stdout]                                at /rustc/df4ca44d3fbc9301ee17f30f4d474e6ae4b05252/library/core/src/fmt/mod.rs:1190:21
[INFO] [stdout]    6:     0x624eaf01be03 - std::io::Write::write_fmt::h7d3c26752da97734
[INFO] [stdout]                                at /rustc/df4ca44d3fbc9301ee17f30f4d474e6ae4b05252/library/std/src/io/mod.rs:1839:15
[INFO] [stdout]    7:     0x624eaf01efe2 - std::sys::backtrace::BacktraceLock::print::h4b9e00b29e9c0942
[INFO] [stdout]                                at /rustc/df4ca44d3fbc9301ee17f30f4d474e6ae4b05252/library/std/src/sys/backtrace.rs:42:9
[INFO] [stdout]    8:     0x624eaf02062a - std::panicking::default_hook::{{closure}}::hb59b88280d0324d9
[INFO] [stdout]                                at /rustc/df4ca44d3fbc9301ee17f30f4d474e6ae4b05252/library/std/src/panicking.rs:268:22
[INFO] [stdout]    9:     0x624eaf020434 - std::panicking::default_hook::he1dd496665be4a29
[INFO] [stdout]                                at /rustc/df4ca44d3fbc9301ee17f30f4d474e6ae4b05252/library/std/src/panicking.rs:292:9
[INFO] [stdout]   10:     0x624eaefe70e9 - <alloc::boxed::Box<F,A> as core::ops::function::Fn<Args>>::call::h4ff71de18744e1dc
[INFO] [stdout]                                at /rustc/df4ca44d3fbc9301ee17f30f4d474e6ae4b05252/library/alloc/src/boxed.rs:2468:9
[INFO] [stdout]   11:     0x624eaefe70e9 - test::test_main::{{closure}}::hcf7c055ce117aa81
[INFO] [stdout]                                at /rustc/df4ca44d3fbc9301ee17f30f4d474e6ae4b05252/library/test/src/lib.rs:133:21
[INFO] [stdout]   12:     0x624eaf020d28 - <alloc::boxed::Box<F,A> as core::ops::function::Fn<Args>>::call::h1d66c6bbd60c9692
[INFO] [stdout]                                at /rustc/df4ca44d3fbc9301ee17f30f4d474e6ae4b05252/library/alloc/src/boxed.rs:2468:9
[INFO] [stdout]   13:     0x624eaf020d28 - std::panicking::rust_panic_with_hook::h2ff17fe8f26dfcf8
[INFO] [stdout]                                at /rustc/df4ca44d3fbc9301ee17f30f4d474e6ae4b05252/library/std/src/panicking.rs:809:13
[INFO] [stdout]   14:     0x624eaf020aea - std::panicking::begin_panic_handler::{{closure}}::h4fad77951c07e101
[INFO] [stdout]                                at /rustc/df4ca44d3fbc9301ee17f30f4d474e6ae4b05252/library/std/src/panicking.rs:674:13
[INFO] [stdout]   15:     0x624eaf01f679 - std::sys::backtrace::__rust_end_short_backtrace::hb1a25b3da5d0ea08
[INFO] [stdout]                                at /rustc/df4ca44d3fbc9301ee17f30f4d474e6ae4b05252/library/std/src/sys/backtrace.rs:170:18
[INFO] [stdout]   16:     0x624eaf02077c - rust_begin_unwind
[INFO] [stdout]                                at /rustc/df4ca44d3fbc9301ee17f30f4d474e6ae4b05252/library/std/src/panicking.rs:665:5
[INFO] [stdout]   17:     0x624eaf044210 - core::panicking::panic_fmt::ha9db07b529f9b256
[INFO] [stdout]                                at /rustc/df4ca44d3fbc9301ee17f30f4d474e6ae4b05252/library/core/src/panicking.rs:75:14
[INFO] [stdout]   18:     0x624eaf044656 - core::result::unwrap_failed::h5e8218e4d4338b8a
[INFO] [stdout]                                at /rustc/df4ca44d3fbc9301ee17f30f4d474e6ae4b05252/library/core/src/result.rs:1698:5
[INFO] [stdout]   19:     0x624eaef92829 - core::result::Result<T,E>::unwrap::ha257fde054c431e8
[INFO] [stdout]                                at /rustc/df4ca44d3fbc9301ee17f30f4d474e6ae4b05252/library/core/src/result.rs:1103:23
[INFO] [stdout]   20:     0x624eaef92829 - pathtrie::tests::set_and_get::h24ae94a07bc978ab
[INFO] [stdout]                                at /opt/rustwide/workdir/src/lib.rs:648:9
[INFO] [stdout]   21:     0x624eaef91e17 - pathtrie::tests::set_and_get::{{closure}}::hc436f71ca013e99b
[INFO] [stdout]                                at /opt/rustwide/workdir/src/lib.rs:610:21
[INFO] [stdout]   22:     0x624eaef888b6 - core::ops::function::FnOnce::call_once::hb8b57d4e6cc0aca1
[INFO] [stdout]                                at /rustc/df4ca44d3fbc9301ee17f30f4d474e6ae4b05252/library/core/src/ops/function.rs:250:5
[INFO] [stdout]   23:     0x624eaefeb9bb - core::ops::function::FnOnce::call_once::h22c3ba5715e93f05
[INFO] [stdout]                                at /rustc/df4ca44d3fbc9301ee17f30f4d474e6ae4b05252/library/core/src/ops/function.rs:250:5
[INFO] [stdout]   24:     0x624eaefeb9bb - test::__rust_begin_short_backtrace::h8e82d8113d0da17f
[INFO] [stdout]                                at /rustc/df4ca44d3fbc9301ee17f30f4d474e6ae4b05252/library/test/src/lib.rs:621:18
[INFO] [stdout]   25:     0x624eaefeb337 - test::run_test_in_process::{{closure}}::h33235f4f20b7b7c7
[INFO] [stdout]                                at /rustc/df4ca44d3fbc9301ee17f30f4d474e6ae4b05252/library/test/src/lib.rs:644:60
[INFO] [stdout]   26:     0x624eaefeb337 - <core::panic::unwind_safe::AssertUnwindSafe<F> as core::ops::function::FnOnce<()>>::call_once::hb5043206310c586f
[INFO] [stdout]                                at /rustc/df4ca44d3fbc9301ee17f30f4d474e6ae4b05252/library/core/src/panic/unwind_safe.rs:272:9
[INFO] [stdout]   27:     0x624eaefeb337 - std::panicking::try::do_call::h9ad4731a60ab23e2
[INFO] [stdout]                                at /rustc/df4ca44d3fbc9301ee17f30f4d474e6ae4b05252/library/std/src/panicking.rs:557:40
[INFO] [stdout]   28:     0x624eaefeb337 - std::panicking::try::h3824d23db772a716
[INFO] [stdout]                                at /rustc/df4ca44d3fbc9301ee17f30f4d474e6ae4b05252/library/std/src/panicking.rs:520:19
[INFO] [stdout]   29:     0x624eaefeb337 - std::panic::catch_unwind::h5afd514605fde46b
[INFO] [stdout]                                at /rustc/df4ca44d3fbc9301ee17f30f4d474e6ae4b05252/library/std/src/panic.rs:358:14
[INFO] [stdout]   30:     0x624eaefeb337 - test::run_test_in_process::h0d5cbfa7067d1720
[INFO] [stdout]                                at /rustc/df4ca44d3fbc9301ee17f30f4d474e6ae4b05252/library/test/src/lib.rs:644:27
[INFO] [stdout]   31:     0x624eaefeb337 - test::run_test::{{closure}}::h708eb8872708115d
[INFO] [stdout]                                at /rustc/df4ca44d3fbc9301ee17f30f4d474e6ae4b05252/library/test/src/lib.rs:565:43
[INFO] [stdout]   32:     0x624eaefaea54 - test::run_test::{{closure}}::h392c51cee94713ab
[INFO] [stdout]                                at /rustc/df4ca44d3fbc9301ee17f30f4d474e6ae4b05252/library/test/src/lib.rs:595:41
[INFO] [stdout]   33:     0x624eaefaea54 - std::sys::backtrace::__rust_begin_short_backtrace::h2f40290710935a8b
[INFO] [stdout]                                at /rustc/df4ca44d3fbc9301ee17f30f4d474e6ae4b05252/library/std/src/sys/backtrace.rs:154:18
[INFO] [stdout]   34:     0x624eaefb21fe - std::thread::Builder::spawn_unchecked_::{{closure}}::{{closure}}::h3fd968d89053a903
[INFO] [stdout]                                at /rustc/df4ca44d3fbc9301ee17f30f4d474e6ae4b05252/library/std/src/thread/mod.rs:541:17
[INFO] [stdout]   35:     0x624eaefb21fe - <core::panic::unwind_safe::AssertUnwindSafe<F> as core::ops::function::FnOnce<()>>::call_once::h743f637ba4229880
[INFO] [stdout]                                at /rustc/df4ca44d3fbc9301ee17f30f4d474e6ae4b05252/library/core/src/panic/unwind_safe.rs:272:9
[INFO] [stdout]   36:     0x624eaefb21fe - std::panicking::try::do_call::h07440897322525a6
[INFO] [stdout]                                at /rustc/df4ca44d3fbc9301ee17f30f4d474e6ae4b05252/library/std/src/panicking.rs:557:40
[INFO] [stdout]   37:     0x624eaefb21fe - std::panicking::try::he5a2e00188156637
[INFO] [stdout]                                at /rustc/df4ca44d3fbc9301ee17f30f4d474e6ae4b05252/library/std/src/panicking.rs:520:19
[INFO] [stdout]   38:     0x624eaefb21fe - std::panic::catch_unwind::hbaf3cae49b3c6433
[INFO] [stdout]                                at /rustc/df4ca44d3fbc9301ee17f30f4d474e6ae4b05252/library/std/src/panic.rs:358:14
[INFO] [stdout]   39:     0x624eaefb21fe - std::thread::Builder::spawn_unchecked_::{{closure}}::h8e141ea224820bce
[INFO] [stdout]                                at /rustc/df4ca44d3fbc9301ee17f30f4d474e6ae4b05252/library/std/src/thread/mod.rs:540:30
[INFO] [stdout]   40:     0x624eaefb21fe - core::ops::function::FnOnce::call_once{{vtable.shim}}::h90d312fedd7b8ea8
[INFO] [stdout]                                at /rustc/df4ca44d3fbc9301ee17f30f4d474e6ae4b05252/library/core/src/ops/function.rs:250:5
[INFO] [stdout]   41:     0x624eaf024b2b - <alloc::boxed::Box<F,A> as core::ops::function::FnOnce<Args>>::call_once::h69aa08ddb6adb8b6
[INFO] [stdout]                                at /rustc/df4ca44d3fbc9301ee17f30f4d474e6ae4b05252/library/alloc/src/boxed.rs:2454:9
[INFO] [stdout]   42:     0x624eaf024b2b - <alloc::boxed::Box<F,A> as core::ops::function::FnOnce<Args>>::call_once::h5aa36efdb79c806f
[INFO] [stdout]                                at /rustc/df4ca44d3fbc9301ee17f30f4d474e6ae4b05252/library/alloc/src/boxed.rs:2454:9
[INFO] [stdout]   43:     0x624eaf024b2b - std::sys::pal::unix::thread::Thread::new::thread_start::h6cd80a1b4be5158d
[INFO] [stdout]                                at /rustc/df4ca44d3fbc9301ee17f30f4d474e6ae4b05252/library/std/src/sys/pal/unix/thread.rs:105:17
[INFO] [stdout]   44:     0x7171e7b16ac3 - <unknown>
[INFO] [stdout]   45:     0x7171e7ba7a04 - clone
[INFO] [stdout]   46:                0x0 - <unknown>
[INFO] [stdout] 
[INFO] [stdout] 
[INFO] [stdout] failures:
[INFO] [stdout]     tests::empty_fst
[INFO] [stdout]     tests::fst
[INFO] [stdout]     tests::set_and_get
[INFO] [stdout] 
[INFO] [stdout] test result: FAILED. 8 passed; 3 failed; 0 ignored; 0 measured; 0 filtered out; finished in 0.02s
[INFO] [stdout] 
[INFO] running `Command { std: "docker" "inspect" "4da90c466373e065cc2b9d87d9b0554c180a94a47db85968255042366f2bf290", kill_on_drop: false }`
[INFO] running `Command { std: "docker" "rm" "-f" "4da90c466373e065cc2b9d87d9b0554c180a94a47db85968255042366f2bf290", kill_on_drop: false }`
[INFO] [stdout] 4da90c466373e065cc2b9d87d9b0554c180a94a47db85968255042366f2bf290
