[INFO] fetching crate partial_config 0.7.0...
[INFO] testing partial_config-0.7.0 against nightly-2024-10-28 for randomize-layout
[INFO] extracting crate partial_config 0.7.0 into /workspace/builds/worker-1-tc1/source
[INFO] validating manifest of crates.io crate partial_config 0.7.0 on toolchain nightly-2024-10-28
[INFO] running `Command { std: CARGO_HOME="/workspace/cargo-home" RUSTUP_HOME="/workspace/rustup-home" "/workspace/cargo-home/bin/cargo" "+nightly-2024-10-28" "metadata" "--manifest-path" "Cargo.toml" "--no-deps", kill_on_drop: false }`
[INFO] started tweaking crates.io crate partial_config 0.7.0
[INFO] removed 0 missing tests
[INFO] finished tweaking crates.io crate partial_config 0.7.0
[INFO] tweaked toml for crates.io crate partial_config 0.7.0 written to /workspace/builds/worker-1-tc1/source/Cargo.toml
[INFO] crate crates.io crate partial_config 0.7.0 already has a lockfile, it will not be regenerated
[INFO] running `Command { std: CARGO_HOME="/workspace/cargo-home" RUSTUP_HOME="/workspace/rustup-home" "/workspace/cargo-home/bin/cargo" "+nightly-2024-10-28" "fetch" "--manifest-path" "Cargo.toml", kill_on_drop: false }`
[INFO] [stderr]     Updating crates.io index
[INFO] [stderr]  Downloading crates ...
[INFO] [stderr]   Downloaded partial_config_derive v0.5.0
[INFO] [stderr]   Downloaded toml_edit v0.22.9
[INFO] running `Command { std: "docker" "create" "-v" "/var/lib/crater-agent-workspace/builds/worker-1-tc1/target:/opt/rustwide/target:rw,Z" "-v" "/var/lib/crater-agent-workspace/builds/worker-1-tc1/source:/opt/rustwide/workdir:ro,Z" "-v" "/var/lib/crater-agent-workspace/cargo-home:/opt/rustwide/cargo-home:ro,Z" "-v" "/var/lib/crater-agent-workspace/rustup-home:/opt/rustwide/rustup-home:ro,Z" "-e" "SOURCE_DIR=/opt/rustwide/workdir" "-e" "CARGO_TARGET_DIR=/opt/rustwide/target" "-e" "CARGO_HOME=/opt/rustwide/cargo-home" "-e" "RUSTUP_HOME=/opt/rustwide/rustup-home" "-w" "/opt/rustwide/workdir" "-m" "1610612736" "--user" "0:0" "--network" "none" "ghcr.io/rust-lang/crates-build-env/linux@sha256:4a844ea9eb2546a2d2c7022eacef16ef2e8229c7fbb2c7d4d55a9ceca922f72d" "/opt/rustwide/cargo-home/bin/cargo" "+nightly-2024-10-28" "metadata" "--no-deps" "--format-version=1", kill_on_drop: false }`
[INFO] [stdout] 40b2677532c796b97b202d542807e7b0be9a6f90f0d12b87f49ebb2a23dbb8b4
[INFO] running `Command { std: "docker" "start" "-a" "40b2677532c796b97b202d542807e7b0be9a6f90f0d12b87f49ebb2a23dbb8b4", kill_on_drop: false }`
[INFO] running `Command { std: "docker" "inspect" "40b2677532c796b97b202d542807e7b0be9a6f90f0d12b87f49ebb2a23dbb8b4", kill_on_drop: false }`
[INFO] running `Command { std: "docker" "rm" "-f" "40b2677532c796b97b202d542807e7b0be9a6f90f0d12b87f49ebb2a23dbb8b4", kill_on_drop: false }`
[INFO] [stdout] 40b2677532c796b97b202d542807e7b0be9a6f90f0d12b87f49ebb2a23dbb8b4
[INFO] running `Command { std: "docker" "create" "-v" "/var/lib/crater-agent-workspace/builds/worker-1-tc1/target:/opt/rustwide/target:rw,Z" "-v" "/var/lib/crater-agent-workspace/builds/worker-1-tc1/source:/opt/rustwide/workdir:ro,Z" "-v" "/var/lib/crater-agent-workspace/cargo-home:/opt/rustwide/cargo-home:ro,Z" "-v" "/var/lib/crater-agent-workspace/rustup-home:/opt/rustwide/rustup-home:ro,Z" "-e" "SOURCE_DIR=/opt/rustwide/workdir" "-e" "CARGO_TARGET_DIR=/opt/rustwide/target" "-e" "CARGO_INCREMENTAL=0" "-e" "RUST_BACKTRACE=full" "-e" "RUSTFLAGS=--cap-lints=forbid" "-e" "RUSTDOCFLAGS=--cap-lints=forbid" "-e" "CARGO_HOME=/opt/rustwide/cargo-home" "-e" "RUSTUP_HOME=/opt/rustwide/rustup-home" "-w" "/opt/rustwide/workdir" "-m" "1610612736" "--user" "0:0" "--network" "none" "ghcr.io/rust-lang/crates-build-env/linux@sha256:4a844ea9eb2546a2d2c7022eacef16ef2e8229c7fbb2c7d4d55a9ceca922f72d" "/opt/rustwide/cargo-home/bin/cargo" "+nightly-2024-10-28" "build" "--frozen" "--message-format=json", kill_on_drop: false }`
[INFO] [stdout] 4b4f4ba78be5b15fc4db9c6c948e8a88bbec94a70267d57dff9e33059abcebf4
[INFO] running `Command { std: "docker" "start" "-a" "4b4f4ba78be5b15fc4db9c6c948e8a88bbec94a70267d57dff9e33059abcebf4", kill_on_drop: false }`
[INFO] [stderr]    Compiling proc-macro2 v1.0.79
[INFO] [stderr]    Compiling unicode-ident v1.0.12
[INFO] [stderr]    Compiling serde v1.0.197
[INFO] [stderr]    Compiling quote v1.0.35
[INFO] [stderr]    Compiling syn v2.0.53
[INFO] [stderr]    Compiling proc-macro-error-attr2 v2.0.0
[INFO] [stderr]    Compiling proc-macro-error2 v2.0.1
[INFO] [stderr]    Compiling serde_derive v1.0.197
[INFO] [stderr]    Compiling partial_config_derive v0.5.0
[INFO] [stderr]    Compiling partial_config v0.7.0 (/opt/rustwide/workdir)
[INFO] [stderr]     Finished `dev` profile [unoptimized + debuginfo] target(s) in 12.37s
[INFO] running `Command { std: "docker" "inspect" "4b4f4ba78be5b15fc4db9c6c948e8a88bbec94a70267d57dff9e33059abcebf4", kill_on_drop: false }`
[INFO] running `Command { std: "docker" "rm" "-f" "4b4f4ba78be5b15fc4db9c6c948e8a88bbec94a70267d57dff9e33059abcebf4", kill_on_drop: false }`
[INFO] [stdout] 4b4f4ba78be5b15fc4db9c6c948e8a88bbec94a70267d57dff9e33059abcebf4
[INFO] running `Command { std: "docker" "create" "-v" "/var/lib/crater-agent-workspace/builds/worker-1-tc1/target:/opt/rustwide/target:rw,Z" "-v" "/var/lib/crater-agent-workspace/builds/worker-1-tc1/source:/opt/rustwide/workdir:ro,Z" "-v" "/var/lib/crater-agent-workspace/cargo-home:/opt/rustwide/cargo-home:ro,Z" "-v" "/var/lib/crater-agent-workspace/rustup-home:/opt/rustwide/rustup-home:ro,Z" "-e" "SOURCE_DIR=/opt/rustwide/workdir" "-e" "CARGO_TARGET_DIR=/opt/rustwide/target" "-e" "CARGO_INCREMENTAL=0" "-e" "RUST_BACKTRACE=full" "-e" "RUSTFLAGS=--cap-lints=forbid" "-e" "RUSTDOCFLAGS=--cap-lints=forbid" "-e" "CARGO_HOME=/opt/rustwide/cargo-home" "-e" "RUSTUP_HOME=/opt/rustwide/rustup-home" "-w" "/opt/rustwide/workdir" "-m" "1610612736" "--user" "0:0" "--network" "none" "ghcr.io/rust-lang/crates-build-env/linux@sha256:4a844ea9eb2546a2d2c7022eacef16ef2e8229c7fbb2c7d4d55a9ceca922f72d" "/opt/rustwide/cargo-home/bin/cargo" "+nightly-2024-10-28" "test" "--frozen" "--no-run" "--message-format=json", kill_on_drop: false }`
[INFO] [stdout] fa733402092301ec0ad29b464eacb36c9166eb21d914433d1869c149862ea03b
[INFO] running `Command { std: "docker" "start" "-a" "fa733402092301ec0ad29b464eacb36c9166eb21d914433d1869c149862ea03b", kill_on_drop: false }`
[INFO] [stderr]    Compiling serde v1.0.197
[INFO] [stderr]    Compiling hashbrown v0.14.3
[INFO] [stderr]    Compiling winnow v0.6.5
[INFO] [stderr]    Compiling serde_json v1.0.114
[INFO] [stderr]    Compiling trybuild v1.0.99
[INFO] [stderr]    Compiling itoa v1.0.10
[INFO] [stderr]    Compiling ryu v1.0.17
[INFO] [stderr]    Compiling indexmap v2.2.5
[INFO] [stderr]    Compiling serde_spanned v0.6.5
[INFO] [stderr]    Compiling toml_datetime v0.6.5
[INFO] [stderr]    Compiling partial_config v0.7.0 (/opt/rustwide/workdir)
[INFO] [stderr]    Compiling toml_edit v0.22.9
[INFO] [stderr]    Compiling toml v0.8.12
[INFO] [stderr]     Finished `test` profile [unoptimized + debuginfo] target(s) in 14.14s
[INFO] running `Command { std: "docker" "inspect" "fa733402092301ec0ad29b464eacb36c9166eb21d914433d1869c149862ea03b", kill_on_drop: false }`
[INFO] running `Command { std: "docker" "rm" "-f" "fa733402092301ec0ad29b464eacb36c9166eb21d914433d1869c149862ea03b", kill_on_drop: false }`
[INFO] [stdout] fa733402092301ec0ad29b464eacb36c9166eb21d914433d1869c149862ea03b
[INFO] running `Command { std: "docker" "create" "-v" "/var/lib/crater-agent-workspace/builds/worker-1-tc1/target:/opt/rustwide/target:rw,Z" "-v" "/var/lib/crater-agent-workspace/builds/worker-1-tc1/source:/opt/rustwide/workdir:ro,Z" "-v" "/var/lib/crater-agent-workspace/cargo-home:/opt/rustwide/cargo-home:ro,Z" "-v" "/var/lib/crater-agent-workspace/rustup-home:/opt/rustwide/rustup-home:ro,Z" "-e" "SOURCE_DIR=/opt/rustwide/workdir" "-e" "CARGO_TARGET_DIR=/opt/rustwide/target" "-e" "CARGO_INCREMENTAL=0" "-e" "RUST_BACKTRACE=full" "-e" "RUSTFLAGS=--cap-lints=forbid" "-e" "RUSTDOCFLAGS=--cap-lints=forbid" "-e" "CARGO_HOME=/opt/rustwide/cargo-home" "-e" "RUSTUP_HOME=/opt/rustwide/rustup-home" "-w" "/opt/rustwide/workdir" "-m" "1610612736" "--user" "0:0" "--network" "none" "ghcr.io/rust-lang/crates-build-env/linux@sha256:4a844ea9eb2546a2d2c7022eacef16ef2e8229c7fbb2c7d4d55a9ceca922f72d" "/opt/rustwide/cargo-home/bin/cargo" "+nightly-2024-10-28" "test" "--frozen", kill_on_drop: false }`
[INFO] [stdout] c3f609d6d037545275da723fa7f9bd438cb63631b905142889e395a856d30e3f
[INFO] running `Command { std: "docker" "start" "-a" "c3f609d6d037545275da723fa7f9bd438cb63631b905142889e395a856d30e3f", kill_on_drop: false }`
[INFO] [stderr]     Finished `test` profile [unoptimized + debuginfo] target(s) in 0.05s
[INFO] [stderr]      Running unittests src/lib.rs (/opt/rustwide/target/debug/deps/partial_config-8a812982558f8e0a)
[INFO] [stdout] 
[INFO] [stdout] running 0 tests
[INFO] [stdout] 
[INFO] [stdout] test result: ok. 0 passed; 0 failed; 0 ignored; 0 measured; 0 filtered out; finished in 0.00s
[INFO] [stdout] 
[INFO] [stderr]      Running unittests src/main.rs (/opt/rustwide/target/debug/deps/partial_config-3e341dba1c8a743f)
[INFO] [stdout] 
[INFO] [stdout] running 0 tests
[INFO] [stdout] 
[INFO] [stdout] test result: ok. 0 passed; 0 failed; 0 ignored; 0 measured; 0 filtered out; finished in 0.00s
[INFO] [stdout] 
[INFO] [stderr]      Running tests/config.rs (/opt/rustwide/target/debug/deps/config-ffaa26a552649781)
[INFO] [stdout] 
[INFO] [stdout] running 3 tests
[INFO] [stdout] test complete_config_overrides_correctly ... ok
[INFO] [stdout] test rename_works ... ok
[INFO] [stdout] test incomplete_config_fails_to_build ... ok
[INFO] [stdout] 
[INFO] [stdout] test result: ok. 3 passed; 0 failed; 0 ignored; 0 measured; 0 filtered out; finished in 0.00s
[INFO] [stdout] 
[INFO] [stderr]      Running tests/ui.rs (/opt/rustwide/target/debug/deps/ui-99af39542f69efd8)
[INFO] [stdout] 
[INFO] [stdout] running 1 test
[INFO] [stderr]    Compiling proc-macro2 v1.0.79
[INFO] [stderr]    Compiling unicode-ident v1.0.12
[INFO] [stderr]    Compiling serde v1.0.197
[INFO] [stderr]    Compiling quote v1.0.35
[INFO] [stderr]    Compiling syn v2.0.53
[INFO] [stderr]    Compiling proc-macro-error-attr2 v2.0.0
[INFO] [stderr]    Compiling proc-macro-error2 v2.0.1
[INFO] [stderr]    Compiling serde_derive v1.0.197
[INFO] [stderr]    Compiling partial_config_derive v0.5.0
[INFO] [stderr]    Compiling partial_config v0.7.0 (/opt/rustwide/workdir)
[INFO] [stderr]    Compiling partial_config-tests v0.0.0 (/opt/rustwide/target/tests/trybuild/partial_config)
[INFO] [stderr]     Finished `dev` profile [unoptimized + debuginfo] target(s) in 13.09s
[INFO] [stderr] 
[INFO] [stderr] 
[INFO] [stderr] test tests/ui/enum.rs [should fail to compile] ... ok
[INFO] [stderr] test tests/ui/generic_lifetimes.rs [should pass] ... ok
[INFO] [stderr] test tests/ui/unions.rs [should fail to compile] ... ok
[INFO] [stderr] test tests/ui/unnamed_fields.rs [should fail to compile] ... ok
[INFO] [stderr] test tests/ui/vis.rs [should fail to compile] ... ok
[INFO] [stderr] test tests/ui/vis_private.rs [should fail to compile] ... ok
[INFO] [stderr] 
[INFO] [stderr] 
[INFO] [stdout] test ui ... ok
[INFO] [stdout] 
[INFO] [stdout] test result: ok. 1 passed; 0 failed; 0 ignored; 0 measured; 0 filtered out; finished in 13.88s
[INFO] [stdout] 
[INFO] [stderr]    Doc-tests partial_config
[INFO] [stdout] 
[INFO] [stdout] running 4 tests
[INFO] [stdout] test src/lib.rs - env::extract (line 188) ... FAILED
[INFO] [stdout] test src/lib.rs - env::extract (line 196) ... FAILED
[INFO] [stdout] test src/lib.rs - Partial::source (line 102) ... FAILED
[INFO] [stdout] test src/lib.rs - (line 34) ... ok
[INFO] [stdout] 
[INFO] [stdout] failures:
[INFO] [stdout] 
[INFO] [stdout] ---- src/lib.rs - env::extract (line 188) stdout ----
[INFO] [stdout] error: expected one of `!`, `.`, `::`, `;`, `?`, `{`, `}`, or an operator, found `any`
[INFO] [stdout]  --> src/lib.rs:189:6
[INFO] [stdout]   |
[INFO] [stdout] 3 | - If any specified candidate environment variables has two
[INFO] [stdout]   |      ^^^ expected one of 8 possible tokens
[INFO] [stdout]   |
[INFO] [stdout] help: write keyword `if` in lowercase (notice the capitalization difference)
[INFO] [stdout]   |
[INFO] [stdout] 3 | - if any specified candidate environment variables has two
[INFO] [stdout]   |   ~~
[INFO] [stdout] 
[INFO] [stdout] error: aborting due to 1 previous error
[INFO] [stdout] 
[INFO] [stdout] Couldn't compile the test.
[INFO] [stdout] ---- src/lib.rs - env::extract (line 196) stdout ----
[INFO] [stdout] error: unknown start of token: `
[INFO] [stdout]  --> src/lib.rs:197:3
[INFO] [stdout]   |
[INFO] [stdout] 3 | - `None` is returned if neither of the candidate environment
[INFO] [stdout]   |   ^
[INFO] [stdout]   |
[INFO] [stdout] help: Unicode character '`' (Grave Accent) looks like ''' (Single Quote), but it is not
[INFO] [stdout]   |
[INFO] [stdout] 3 | - 'None` is returned if neither of the candidate environment
[INFO] [stdout]   |   ~
[INFO] [stdout] 
[INFO] [stdout] error: unknown start of token: `
[INFO] [stdout]  --> src/lib.rs:197:8
[INFO] [stdout]   |
[INFO] [stdout] 3 | - `None` is returned if neither of the candidate environment
[INFO] [stdout]   |        ^
[INFO] [stdout]   |
[INFO] [stdout] help: Unicode character '`' (Grave Accent) looks like ''' (Single Quote), but it is not
[INFO] [stdout]   |
[INFO] [stdout] 3 | - `None' is returned if neither of the candidate environment
[INFO] [stdout]   |        ~
[INFO] [stdout] 
[INFO] [stdout] error: expected one of `!`, `.`, `::`, `;`, `?`, `{`, `}`, or an operator, found `is`
[INFO] [stdout]  --> src/lib.rs:197:10
[INFO] [stdout]   |
[INFO] [stdout] 3 | - `None` is returned if neither of the candidate environment
[INFO] [stdout]   |          ^^ expected one of 8 possible tokens
[INFO] [stdout] 
[INFO] [stdout] error: aborting due to 3 previous errors
[INFO] [stdout] 
[INFO] [stdout] Couldn't compile the test.
[INFO] [stdout] ---- src/lib.rs - Partial::source (line 102) stdout ----
[INFO] [stdout] error[E0423]: expected value, found macro `file`
[INFO] [stdout]  --> src/lib.rs:103:40
[INFO] [stdout]   |
[INFO] [stdout] 3 | PartialConfiguration::default().source(file).source(EnvVars).source(CliArgs)
[INFO] [stdout]   |                                        ^^^^ not a value
[INFO] [stdout] 
[INFO] [stdout] error[E0425]: cannot find value `EnvVars` in this scope
[INFO] [stdout]  --> src/lib.rs:103:53
[INFO] [stdout]   |
[INFO] [stdout] 3 | PartialConfiguration::default().source(file).source(EnvVars).source(CliArgs)
[INFO] [stdout]   |                                                     ^^^^^^^ not found in this scope
[INFO] [stdout] 
[INFO] [stdout] error[E0425]: cannot find value `CliArgs` in this scope
[INFO] [stdout]  --> src/lib.rs:103:69
[INFO] [stdout]   |
[INFO] [stdout] 3 | PartialConfiguration::default().source(file).source(EnvVars).source(CliArgs)
[INFO] [stdout]   |                                                                     ^^^^^^^ not found in this scope
[INFO] [stdout] 
[INFO] [stdout] error[E0433]: failed to resolve: use of undeclared type `PartialConfiguration`
[INFO] [stdout]  --> src/lib.rs:103:1
[INFO] [stdout]   |
[INFO] [stdout] 3 | PartialConfiguration::default().source(file).source(EnvVars).source(CliArgs)
[INFO] [stdout]   | ^^^^^^^^^^^^^^^^^^^^ use of undeclared type `PartialConfiguration`
[INFO] [stdout] 
[INFO] [stdout] error: aborting due to 4 previous errors
[INFO] [stdout] 
[INFO] [stdout] Some errors have detailed explanations: E0423, E0425, E0433.
[INFO] [stdout] For more information about an error, try `rustc --explain E0423`.
[INFO] [stdout] Couldn't compile the test.
[INFO] [stdout] 
[INFO] [stdout] failures:
[INFO] [stdout]     src/lib.rs - Partial::source (line 102)
[INFO] [stdout]     src/lib.rs - env::extract (line 188)
[INFO] [stdout]     src/lib.rs - env::extract (line 196)
[INFO] [stdout] 
[INFO] [stdout] test result: FAILED. 1 passed; 3 failed; 0 ignored; 0 measured; 0 filtered out; finished in 0.17s
[INFO] [stdout] 
[INFO] [stderr] error: doctest failed, to rerun pass `--doc`
[INFO] running `Command { std: "docker" "inspect" "c3f609d6d037545275da723fa7f9bd438cb63631b905142889e395a856d30e3f", kill_on_drop: false }`
[INFO] running `Command { std: "docker" "rm" "-f" "c3f609d6d037545275da723fa7f9bd438cb63631b905142889e395a856d30e3f", kill_on_drop: false }`
[INFO] [stdout] c3f609d6d037545275da723fa7f9bd438cb63631b905142889e395a856d30e3f
