[INFO] fetching crate parsr 0.8.5...
[INFO] testing parsr-0.8.5 against nightly-2024-10-28 for randomize-layout
[INFO] extracting crate parsr 0.8.5 into /workspace/builds/worker-2-tc1/source
[INFO] validating manifest of crates.io crate parsr 0.8.5 on toolchain nightly-2024-10-28
[INFO] running `Command { std: CARGO_HOME="/workspace/cargo-home" RUSTUP_HOME="/workspace/rustup-home" "/workspace/cargo-home/bin/cargo" "+nightly-2024-10-28" "metadata" "--manifest-path" "Cargo.toml" "--no-deps", kill_on_drop: false }`
[INFO] started tweaking crates.io crate parsr 0.8.5
[INFO] finished tweaking crates.io crate parsr 0.8.5
[INFO] tweaked toml for crates.io crate parsr 0.8.5 written to /workspace/builds/worker-2-tc1/source/Cargo.toml
[INFO] running `Command { std: CARGO_HOME="/workspace/cargo-home" RUSTUP_HOME="/workspace/rustup-home" "/workspace/cargo-home/bin/cargo" "+nightly-2024-10-28" "generate-lockfile" "--manifest-path" "Cargo.toml", kill_on_drop: false }`
[INFO] [stderr]     Updating crates.io index
[INFO] [stderr]      Locking 1 package to latest compatible version
[INFO] running `Command { std: CARGO_HOME="/workspace/cargo-home" RUSTUP_HOME="/workspace/rustup-home" "/workspace/cargo-home/bin/cargo" "+nightly-2024-10-28" "fetch" "--manifest-path" "Cargo.toml", kill_on_drop: false }`
[INFO] running `Command { std: "docker" "create" "-v" "/var/lib/crater-agent-workspace/builds/worker-2-tc1/target:/opt/rustwide/target:rw,Z" "-v" "/var/lib/crater-agent-workspace/builds/worker-2-tc1/source:/opt/rustwide/workdir:ro,Z" "-v" "/var/lib/crater-agent-workspace/cargo-home:/opt/rustwide/cargo-home:ro,Z" "-v" "/var/lib/crater-agent-workspace/rustup-home:/opt/rustwide/rustup-home:ro,Z" "-e" "SOURCE_DIR=/opt/rustwide/workdir" "-e" "CARGO_TARGET_DIR=/opt/rustwide/target" "-e" "CARGO_HOME=/opt/rustwide/cargo-home" "-e" "RUSTUP_HOME=/opt/rustwide/rustup-home" "-w" "/opt/rustwide/workdir" "-m" "1610612736" "--user" "0:0" "--network" "none" "ghcr.io/rust-lang/crates-build-env/linux@sha256:4a844ea9eb2546a2d2c7022eacef16ef2e8229c7fbb2c7d4d55a9ceca922f72d" "/opt/rustwide/cargo-home/bin/cargo" "+nightly-2024-10-28" "metadata" "--no-deps" "--format-version=1", kill_on_drop: false }`
[INFO] [stdout] 0dac3ddd70da8bd56f13d9ee3fdde9fcde95dedc2f1fb1d75f75e13b1cfa7a40
[INFO] running `Command { std: "docker" "start" "-a" "0dac3ddd70da8bd56f13d9ee3fdde9fcde95dedc2f1fb1d75f75e13b1cfa7a40", kill_on_drop: false }`
[INFO] running `Command { std: "docker" "inspect" "0dac3ddd70da8bd56f13d9ee3fdde9fcde95dedc2f1fb1d75f75e13b1cfa7a40", kill_on_drop: false }`
[INFO] running `Command { std: "docker" "rm" "-f" "0dac3ddd70da8bd56f13d9ee3fdde9fcde95dedc2f1fb1d75f75e13b1cfa7a40", kill_on_drop: false }`
[INFO] [stdout] 0dac3ddd70da8bd56f13d9ee3fdde9fcde95dedc2f1fb1d75f75e13b1cfa7a40
[INFO] running `Command { std: "docker" "create" "-v" "/var/lib/crater-agent-workspace/builds/worker-2-tc1/target:/opt/rustwide/target:rw,Z" "-v" "/var/lib/crater-agent-workspace/builds/worker-2-tc1/source:/opt/rustwide/workdir:ro,Z" "-v" "/var/lib/crater-agent-workspace/cargo-home:/opt/rustwide/cargo-home:ro,Z" "-v" "/var/lib/crater-agent-workspace/rustup-home:/opt/rustwide/rustup-home:ro,Z" "-e" "SOURCE_DIR=/opt/rustwide/workdir" "-e" "CARGO_TARGET_DIR=/opt/rustwide/target" "-e" "CARGO_INCREMENTAL=0" "-e" "RUST_BACKTRACE=full" "-e" "RUSTFLAGS=--cap-lints=forbid" "-e" "RUSTDOCFLAGS=--cap-lints=forbid" "-e" "CARGO_HOME=/opt/rustwide/cargo-home" "-e" "RUSTUP_HOME=/opt/rustwide/rustup-home" "-w" "/opt/rustwide/workdir" "-m" "1610612736" "--user" "0:0" "--network" "none" "ghcr.io/rust-lang/crates-build-env/linux@sha256:4a844ea9eb2546a2d2c7022eacef16ef2e8229c7fbb2c7d4d55a9ceca922f72d" "/opt/rustwide/cargo-home/bin/cargo" "+nightly-2024-10-28" "build" "--frozen" "--message-format=json", kill_on_drop: false }`
[INFO] [stdout] bb4b23dc65b4e7edef2744abc30f6624c4cd660c333698daf66f87a6823878b0
[INFO] running `Command { std: "docker" "start" "-a" "bb4b23dc65b4e7edef2744abc30f6624c4cd660c333698daf66f87a6823878b0", kill_on_drop: false }`
[INFO] [stderr]    Compiling unwrap-infallible v0.1.5
[INFO] [stderr]    Compiling parsr v0.8.5 (/opt/rustwide/workdir)
[INFO] [stderr]     Finished `dev` profile [unoptimized + debuginfo] target(s) in 0.15s
[INFO] running `Command { std: "docker" "inspect" "bb4b23dc65b4e7edef2744abc30f6624c4cd660c333698daf66f87a6823878b0", kill_on_drop: false }`
[INFO] running `Command { std: "docker" "rm" "-f" "bb4b23dc65b4e7edef2744abc30f6624c4cd660c333698daf66f87a6823878b0", kill_on_drop: false }`
[INFO] [stdout] bb4b23dc65b4e7edef2744abc30f6624c4cd660c333698daf66f87a6823878b0
[INFO] running `Command { std: "docker" "create" "-v" "/var/lib/crater-agent-workspace/builds/worker-2-tc1/target:/opt/rustwide/target:rw,Z" "-v" "/var/lib/crater-agent-workspace/builds/worker-2-tc1/source:/opt/rustwide/workdir:ro,Z" "-v" "/var/lib/crater-agent-workspace/cargo-home:/opt/rustwide/cargo-home:ro,Z" "-v" "/var/lib/crater-agent-workspace/rustup-home:/opt/rustwide/rustup-home:ro,Z" "-e" "SOURCE_DIR=/opt/rustwide/workdir" "-e" "CARGO_TARGET_DIR=/opt/rustwide/target" "-e" "CARGO_INCREMENTAL=0" "-e" "RUST_BACKTRACE=full" "-e" "RUSTFLAGS=--cap-lints=forbid" "-e" "RUSTDOCFLAGS=--cap-lints=forbid" "-e" "CARGO_HOME=/opt/rustwide/cargo-home" "-e" "RUSTUP_HOME=/opt/rustwide/rustup-home" "-w" "/opt/rustwide/workdir" "-m" "1610612736" "--user" "0:0" "--network" "none" "ghcr.io/rust-lang/crates-build-env/linux@sha256:4a844ea9eb2546a2d2c7022eacef16ef2e8229c7fbb2c7d4d55a9ceca922f72d" "/opt/rustwide/cargo-home/bin/cargo" "+nightly-2024-10-28" "test" "--frozen" "--no-run" "--message-format=json", kill_on_drop: false }`
[INFO] [stdout] 9208f2dee47d15e6f9452ca1efd56809c87f050f31abdf96ed7295478fd29b68
[INFO] running `Command { std: "docker" "start" "-a" "9208f2dee47d15e6f9452ca1efd56809c87f050f31abdf96ed7295478fd29b68", kill_on_drop: false }`
[INFO] [stderr]    Compiling parsr v0.8.5 (/opt/rustwide/workdir)
[INFO] [stderr]     Finished `test` profile [unoptimized + debuginfo] target(s) in 0.25s
[INFO] running `Command { std: "docker" "inspect" "9208f2dee47d15e6f9452ca1efd56809c87f050f31abdf96ed7295478fd29b68", kill_on_drop: false }`
[INFO] running `Command { std: "docker" "rm" "-f" "9208f2dee47d15e6f9452ca1efd56809c87f050f31abdf96ed7295478fd29b68", kill_on_drop: false }`
[INFO] [stdout] 9208f2dee47d15e6f9452ca1efd56809c87f050f31abdf96ed7295478fd29b68
[INFO] running `Command { std: "docker" "create" "-v" "/var/lib/crater-agent-workspace/builds/worker-2-tc1/target:/opt/rustwide/target:rw,Z" "-v" "/var/lib/crater-agent-workspace/builds/worker-2-tc1/source:/opt/rustwide/workdir:ro,Z" "-v" "/var/lib/crater-agent-workspace/cargo-home:/opt/rustwide/cargo-home:ro,Z" "-v" "/var/lib/crater-agent-workspace/rustup-home:/opt/rustwide/rustup-home:ro,Z" "-e" "SOURCE_DIR=/opt/rustwide/workdir" "-e" "CARGO_TARGET_DIR=/opt/rustwide/target" "-e" "CARGO_INCREMENTAL=0" "-e" "RUST_BACKTRACE=full" "-e" "RUSTFLAGS=--cap-lints=forbid" "-e" "RUSTDOCFLAGS=--cap-lints=forbid" "-e" "CARGO_HOME=/opt/rustwide/cargo-home" "-e" "RUSTUP_HOME=/opt/rustwide/rustup-home" "-w" "/opt/rustwide/workdir" "-m" "1610612736" "--user" "0:0" "--network" "none" "ghcr.io/rust-lang/crates-build-env/linux@sha256:4a844ea9eb2546a2d2c7022eacef16ef2e8229c7fbb2c7d4d55a9ceca922f72d" "/opt/rustwide/cargo-home/bin/cargo" "+nightly-2024-10-28" "test" "--frozen", kill_on_drop: false }`
[INFO] [stdout] feaa13fe5b823a4c9f76e4858a6fd3d2955b49c6958bca2ac7adc062c6b6d430
[INFO] running `Command { std: "docker" "start" "-a" "feaa13fe5b823a4c9f76e4858a6fd3d2955b49c6958bca2ac7adc062c6b6d430", kill_on_drop: false }`
[INFO] [stderr]     Finished `test` profile [unoptimized + debuginfo] target(s) in 0.00s
[INFO] [stderr]      Running unittests src/lib.rs (/opt/rustwide/target/debug/deps/parsr-bd6db947645b9fcc)
[INFO] [stdout] 
[INFO] [stdout] running 15 tests
[INFO] [stdout] test tests::indexing ... ok
[INFO] [stdout] test tests::segment ... ok
[INFO] [stdout] test tests::segment_edge_case_1 ... ok
[INFO] [stdout] test tests::segment_edge_case_2 ... ok
[INFO] [stdout] test tests::segment_edge_case_3 ... ok
[INFO] [stdout] test tests::segment_edge_case_4 ... ok
[INFO] [stdout] test tests::trim ... ok
[INFO] [stdout] test tests::trim_edge_case_1 ... ok
[INFO] [stdout] test tests::segment_edge_case_5 ... ok
[INFO] [stdout] test tests::trim_edge_case_2 ... ok
[INFO] [stdout] test tests::trim_edge_case_3 ... ok
[INFO] [stdout] test tests::until ... ok
[INFO] [stdout] test tests::until_edge_case_1 ... ok
[INFO] [stdout] test tests::until_edge_case_2 ... ok
[INFO] [stdout] test tests::until_edge_case_3 ... ok
[INFO] [stdout] 
[INFO] [stdout] test result: ok. 15 passed; 0 failed; 0 ignored; 0 measured; 0 filtered out; finished in 0.00s
[INFO] [stdout] 
[INFO] [stderr]    Doc-tests parsr
[INFO] [stdout] 
[INFO] [stdout] running 2 tests
[INFO] [stdout] test src/lib.rs - (line 25) ... FAILED
[INFO] [stdout] test src/lib.rs - (line 9) ... ok
[INFO] [stdout] 
[INFO] [stdout] failures:
[INFO] [stdout] 
[INFO] [stdout] ---- src/lib.rs - (line 25) stdout ----
[INFO] [stdout] error[E0432]: unresolved import `segment_parser`
[INFO] [stdout]  --> src/lib.rs:29:5
[INFO] [stdout]   |
[INFO] [stdout] 7 | use segment_parser::SegmentParser;
[INFO] [stdout]   |     ^^^^^^^^^^^^^^ use of undeclared crate or module `segment_parser`
[INFO] [stdout] 
[INFO] [stdout] error[E0432]: unresolved import `white_space`
[INFO] [stdout]  --> src/lib.rs:30:5
[INFO] [stdout]   |
[INFO] [stdout] 8 | use white_space::WhiteSpace;
[INFO] [stdout]   |     ^^^^^^^^^^^ use of undeclared crate or module `white_space`
[INFO] [stdout] 
[INFO] [stdout] error[E0599]: no method named `parse_iter_with` found for reference `&str` in the current scope
[INFO] [stdout]   --> src/lib.rs:35:6
[INFO] [stdout]    |
[INFO] [stdout] 12 |   let vec = input
[INFO] [stdout]    |  ___________-
[INFO] [stdout] 13 | |     .parse_iter_with::<SegmentParser>(&WhiteSpace)
[INFO] [stdout]    | |_____-^^^^^^^^^^^^^^^
[INFO] [stdout]    |
[INFO] [stdout]    = help: items from traits can only be used if the trait is in scope
[INFO] [stdout] help: trait `IntoParseIterWith` which provides `parse_iter_with` is implemented but not in scope; perhaps you want to import it
[INFO] [stdout]    |
[INFO] [stdout] 2  + use crate::parsr::prelude::IntoParseIterWith;
[INFO] [stdout]    |
[INFO] [stdout] help: there is a method `parse_iter_with_mut` with a similar name
[INFO] [stdout]    |
[INFO] [stdout] 13 |     .parse_iter_with_mut::<SegmentParser>(&WhiteSpace)
[INFO] [stdout]    |      ~~~~~~~~~~~~~~~~~~~
[INFO] [stdout] 
[INFO] [stdout] error: aborting due to 3 previous errors
[INFO] [stdout] 
[INFO] [stdout] Some errors have detailed explanations: E0432, E0599.
[INFO] [stdout] For more information about an error, try `rustc --explain E0432`.
[INFO] [stdout] Couldn't compile the test.
[INFO] [stdout] 
[INFO] [stdout] failures:
[INFO] [stdout]     src/lib.rs - (line 25)
[INFO] [stdout] 
[INFO] [stdout] test result: FAILED. 1 passed; 1 failed; 0 ignored; 0 measured; 0 filtered out; finished in 0.09s
[INFO] [stdout] 
[INFO] [stderr] error: doctest failed, to rerun pass `--doc`
[INFO] running `Command { std: "docker" "inspect" "feaa13fe5b823a4c9f76e4858a6fd3d2955b49c6958bca2ac7adc062c6b6d430", kill_on_drop: false }`
[INFO] running `Command { std: "docker" "rm" "-f" "feaa13fe5b823a4c9f76e4858a6fd3d2955b49c6958bca2ac7adc062c6b6d430", kill_on_drop: false }`
[INFO] [stdout] feaa13fe5b823a4c9f76e4858a6fd3d2955b49c6958bca2ac7adc062c6b6d430
