[INFO] fetching crate parsell 0.6.5...
[INFO] testing parsell-0.6.5 against nightly-2024-10-28+rustflags=-Zrandomize-layout for randomize-layout
[INFO] extracting crate parsell 0.6.5 into /workspace/builds/worker-5-tc2/source
[INFO] validating manifest of crates.io crate parsell 0.6.5 on toolchain nightly-2024-10-28
[INFO] running `Command { std: CARGO_HOME="/workspace/cargo-home" RUSTUP_HOME="/workspace/rustup-home" "/workspace/cargo-home/bin/cargo" "+nightly-2024-10-28" "metadata" "--manifest-path" "Cargo.toml" "--no-deps", kill_on_drop: false }`
[INFO] started tweaking crates.io crate parsell 0.6.5
[INFO] finished tweaking crates.io crate parsell 0.6.5
[INFO] tweaked toml for crates.io crate parsell 0.6.5 written to /workspace/builds/worker-5-tc2/source/Cargo.toml
[INFO] running `Command { std: CARGO_HOME="/workspace/cargo-home" RUSTUP_HOME="/workspace/rustup-home" "/workspace/cargo-home/bin/cargo" "+nightly-2024-10-28" "generate-lockfile" "--manifest-path" "Cargo.toml", kill_on_drop: false }`
[INFO] [stderr]     Updating crates.io index
[INFO] [stderr]      Locking 15 packages to latest compatible versions
[INFO] [stderr]       Adding skeptic v0.4.0 (available: v0.13.7)
[INFO] running `Command { std: CARGO_HOME="/workspace/cargo-home" RUSTUP_HOME="/workspace/rustup-home" "/workspace/cargo-home/bin/cargo" "+nightly-2024-10-28" "fetch" "--manifest-path" "Cargo.toml", kill_on_drop: false }`
[INFO] [stderr] warning: no edition set: defaulting to the 2015 edition while the latest is 2021
[INFO] running `Command { std: "docker" "create" "-v" "/var/lib/crater-agent-workspace/builds/worker-5-tc2/target:/opt/rustwide/target:rw,Z" "-v" "/var/lib/crater-agent-workspace/builds/worker-5-tc2/source:/opt/rustwide/workdir:ro,Z" "-v" "/var/lib/crater-agent-workspace/cargo-home:/opt/rustwide/cargo-home:ro,Z" "-v" "/var/lib/crater-agent-workspace/rustup-home:/opt/rustwide/rustup-home:ro,Z" "-e" "SOURCE_DIR=/opt/rustwide/workdir" "-e" "CARGO_TARGET_DIR=/opt/rustwide/target" "-e" "CARGO_HOME=/opt/rustwide/cargo-home" "-e" "RUSTUP_HOME=/opt/rustwide/rustup-home" "-w" "/opt/rustwide/workdir" "-m" "1610612736" "--user" "0:0" "--network" "none" "ghcr.io/rust-lang/crates-build-env/linux@sha256:4a844ea9eb2546a2d2c7022eacef16ef2e8229c7fbb2c7d4d55a9ceca922f72d" "/opt/rustwide/cargo-home/bin/cargo" "+nightly-2024-10-28" "metadata" "--no-deps" "--format-version=1", kill_on_drop: false }`
[INFO] [stdout] 790dc195ecdc5154d3db0a7320ea1e756925d443379131ae53d1cc80068c9044
[INFO] running `Command { std: "docker" "start" "-a" "790dc195ecdc5154d3db0a7320ea1e756925d443379131ae53d1cc80068c9044", kill_on_drop: false }`
[INFO] running `Command { std: "docker" "inspect" "790dc195ecdc5154d3db0a7320ea1e756925d443379131ae53d1cc80068c9044", kill_on_drop: false }`
[INFO] running `Command { std: "docker" "rm" "-f" "790dc195ecdc5154d3db0a7320ea1e756925d443379131ae53d1cc80068c9044", kill_on_drop: false }`
[INFO] [stdout] 790dc195ecdc5154d3db0a7320ea1e756925d443379131ae53d1cc80068c9044
[INFO] running `Command { std: "docker" "create" "-v" "/var/lib/crater-agent-workspace/builds/worker-5-tc2/target:/opt/rustwide/target:rw,Z" "-v" "/var/lib/crater-agent-workspace/builds/worker-5-tc2/source:/opt/rustwide/workdir:ro,Z" "-v" "/var/lib/crater-agent-workspace/cargo-home:/opt/rustwide/cargo-home:ro,Z" "-v" "/var/lib/crater-agent-workspace/rustup-home:/opt/rustwide/rustup-home:ro,Z" "-e" "SOURCE_DIR=/opt/rustwide/workdir" "-e" "CARGO_TARGET_DIR=/opt/rustwide/target" "-e" "CARGO_INCREMENTAL=0" "-e" "RUST_BACKTRACE=full" "-e" "RUSTFLAGS=--cap-lints=forbid -Zrandomize-layout" "-e" "RUSTDOCFLAGS=--cap-lints=forbid" "-e" "CARGO_HOME=/opt/rustwide/cargo-home" "-e" "RUSTUP_HOME=/opt/rustwide/rustup-home" "-w" "/opt/rustwide/workdir" "-m" "1610612736" "--user" "0:0" "--network" "none" "ghcr.io/rust-lang/crates-build-env/linux@sha256:4a844ea9eb2546a2d2c7022eacef16ef2e8229c7fbb2c7d4d55a9ceca922f72d" "/opt/rustwide/cargo-home/bin/cargo" "+nightly-2024-10-28" "build" "--frozen" "--message-format=json", kill_on_drop: false }`
[INFO] [stdout] 995715bf39e957c386ed9365851562ee99e52b125ae38f99de5398ee0a89fd8e
[INFO] running `Command { std: "docker" "start" "-a" "995715bf39e957c386ed9365851562ee99e52b125ae38f99de5398ee0a89fd8e", kill_on_drop: false }`
[INFO] [stderr] warning: no edition set: defaulting to the 2015 edition while the latest is 2021
[INFO] [stderr]    Compiling libc v0.2.161
[INFO] [stderr]    Compiling unicode-width v0.1.14
[INFO] [stderr]    Compiling remove_dir_all v0.5.3
[INFO] [stderr]    Compiling getopts v0.2.21
[INFO] [stderr]    Compiling pulldown-cmark v0.0.3
[INFO] [stderr]    Compiling rand v0.4.6
[INFO] [stderr]    Compiling tempdir v0.3.7
[INFO] [stderr]    Compiling skeptic v0.4.0
[INFO] [stderr]    Compiling parsell v0.6.5 (/opt/rustwide/workdir)
[INFO] [stdout] warning: use of deprecated macro `try`: use the `?` operator instead
[INFO] [stdout]    --> src/impls.rs:135:25
[INFO] [stdout]     |
[INFO] [stdout] 135 |         Ok(self.0.apply(try!(args)))
[INFO] [stdout]     |                         ^^^
[INFO] [stdout]     |
[INFO] [stdout]     = note: `#[warn(deprecated)]` on by default
[INFO] [stdout] 
[INFO] [stdout] 
[INFO] [stdout] warning: use of deprecated macro `try`: use the `?` operator instead
[INFO] [stdout]    --> src/impls.rs:142:25
[INFO] [stdout]     |
[INFO] [stdout] 142 |         Ok(self.0.apply(try!(args)))
[INFO] [stdout]     |                         ^^^
[INFO] [stdout] 
[INFO] [stdout] 
[INFO] [stdout] warning: use of deprecated macro `try`: use the `?` operator instead
[INFO] [stdout]    --> src/impls.rs:156:9
[INFO] [stdout]     |
[INFO] [stdout] 156 |         try!(arg); Ok(())
[INFO] [stdout]     |         ^^^
[INFO] [stdout] 
[INFO] [stdout] 
[INFO] [stdout] warning: use of deprecated macro `try`: use the `?` operator instead
[INFO] [stdout]    --> src/impls.rs:165:13
[INFO] [stdout]     |
[INFO] [stdout] 165 |         Ok((try!(args.0), args.1))
[INFO] [stdout]     |             ^^^
[INFO] [stdout] 
[INFO] [stdout] 
[INFO] [stdout] warning: use of deprecated macro `try`: use the `?` operator instead
[INFO] [stdout]    --> src/impls.rs:174:21
[INFO] [stdout]     |
[INFO] [stdout] 174 |         Ok((args.0, try!(args.1)))
[INFO] [stdout]     |                     ^^^
[INFO] [stdout] 
[INFO] [stdout] 
[INFO] [stdout] warning: use of deprecated macro `try`: use the `?` operator instead
[INFO] [stdout]    --> src/impls.rs:183:13
[INFO] [stdout]     |
[INFO] [stdout] 183 |         Ok((try!(args.0), try!(args.1)))
[INFO] [stdout]     |             ^^^
[INFO] [stdout] 
[INFO] [stdout] 
[INFO] [stdout] warning: use of deprecated macro `try`: use the `?` operator instead
[INFO] [stdout]    --> src/impls.rs:183:27
[INFO] [stdout]     |
[INFO] [stdout] 183 |         Ok((try!(args.0), try!(args.1)))
[INFO] [stdout]     |                           ^^^
[INFO] [stdout] 
[INFO] [stdout] 
[INFO] [stdout] warning: use of deprecated macro `try`: use the `?` operator instead
[INFO] [stdout]    --> src/impls.rs:189:13
[INFO] [stdout]     |
[INFO] [stdout] 189 |         Ok((try!(args.0), try!(args.1)))
[INFO] [stdout]     |             ^^^
[INFO] [stdout] 
[INFO] [stdout] 
[INFO] [stdout] warning: use of deprecated macro `try`: use the `?` operator instead
[INFO] [stdout]    --> src/impls.rs:189:27
[INFO] [stdout]     |
[INFO] [stdout] 189 |         Ok((try!(args.0), try!(args.1)))
[INFO] [stdout]     |                           ^^^
[INFO] [stdout] 
[INFO] [stdout] 
[INFO] [stdout] warning: unnecessary parentheses around match arm expression
[INFO] [stdout]    --> src/lib.rs:276:57
[INFO] [stdout]     |
[INFO] [stdout] 276 |             (&Done(ref result1), &Done(ref result2)) => (result1 == result2),
[INFO] [stdout]     |                                                         ^                  ^
[INFO] [stdout]     |
[INFO] [stdout]     = note: `#[warn(unused_parens)]` on by default
[INFO] [stdout] help: remove these parentheses
[INFO] [stdout]     |
[INFO] [stdout] 276 -             (&Done(ref result1), &Done(ref result2)) => (result1 == result2),
[INFO] [stdout] 276 +             (&Done(ref result1), &Done(ref result2)) => result1 == result2,
[INFO] [stdout]     |
[INFO] [stdout] 
[INFO] [stdout] 
[INFO] [stderr]     Finished `dev` profile [unoptimized + debuginfo] target(s) in 1.32s
[INFO] running `Command { std: "docker" "inspect" "995715bf39e957c386ed9365851562ee99e52b125ae38f99de5398ee0a89fd8e", kill_on_drop: false }`
[INFO] running `Command { std: "docker" "rm" "-f" "995715bf39e957c386ed9365851562ee99e52b125ae38f99de5398ee0a89fd8e", kill_on_drop: false }`
[INFO] [stdout] 995715bf39e957c386ed9365851562ee99e52b125ae38f99de5398ee0a89fd8e
[INFO] running `Command { std: "docker" "create" "-v" "/var/lib/crater-agent-workspace/builds/worker-5-tc2/target:/opt/rustwide/target:rw,Z" "-v" "/var/lib/crater-agent-workspace/builds/worker-5-tc2/source:/opt/rustwide/workdir:ro,Z" "-v" "/var/lib/crater-agent-workspace/cargo-home:/opt/rustwide/cargo-home:ro,Z" "-v" "/var/lib/crater-agent-workspace/rustup-home:/opt/rustwide/rustup-home:ro,Z" "-e" "SOURCE_DIR=/opt/rustwide/workdir" "-e" "CARGO_TARGET_DIR=/opt/rustwide/target" "-e" "CARGO_INCREMENTAL=0" "-e" "RUST_BACKTRACE=full" "-e" "RUSTFLAGS=--cap-lints=forbid -Zrandomize-layout" "-e" "RUSTDOCFLAGS=--cap-lints=forbid" "-e" "CARGO_HOME=/opt/rustwide/cargo-home" "-e" "RUSTUP_HOME=/opt/rustwide/rustup-home" "-w" "/opt/rustwide/workdir" "-m" "1610612736" "--user" "0:0" "--network" "none" "ghcr.io/rust-lang/crates-build-env/linux@sha256:4a844ea9eb2546a2d2c7022eacef16ef2e8229c7fbb2c7d4d55a9ceca922f72d" "/opt/rustwide/cargo-home/bin/cargo" "+nightly-2024-10-28" "test" "--frozen" "--no-run" "--message-format=json", kill_on_drop: false }`
[INFO] [stdout] 7c0602a69a2286cde6aacf151b4452548e910ea0269cbdaca171f88a6391bcea
[INFO] running `Command { std: "docker" "start" "-a" "7c0602a69a2286cde6aacf151b4452548e910ea0269cbdaca171f88a6391bcea", kill_on_drop: false }`
[INFO] [stderr] warning: no edition set: defaulting to the 2015 edition while the latest is 2021
[INFO] [stderr]    Compiling libc v0.2.161
[INFO] [stderr]    Compiling unicode-width v0.1.14
[INFO] [stderr]    Compiling remove_dir_all v0.5.3
[INFO] [stderr]    Compiling getopts v0.2.21
[INFO] [stderr]    Compiling pulldown-cmark v0.0.3
[INFO] [stderr]    Compiling rand v0.4.6
[INFO] [stderr]    Compiling tempdir v0.3.7
[INFO] [stderr]    Compiling skeptic v0.4.0
[INFO] [stderr]    Compiling parsell v0.6.5 (/opt/rustwide/workdir)
[INFO] [stdout] warning: use of deprecated macro `try`: use the `?` operator instead
[INFO] [stdout]    --> src/impls.rs:135:25
[INFO] [stdout]     |
[INFO] [stdout] 135 |         Ok(self.0.apply(try!(args)))
[INFO] [stdout]     |                         ^^^
[INFO] [stdout]     |
[INFO] [stdout]     = note: `#[warn(deprecated)]` on by default
[INFO] [stdout] 
[INFO] [stdout] 
[INFO] [stdout] warning: use of deprecated macro `try`: use the `?` operator instead
[INFO] [stdout]    --> src/impls.rs:142:25
[INFO] [stdout]     |
[INFO] [stdout] 142 |         Ok(self.0.apply(try!(args)))
[INFO] [stdout]     |                         ^^^
[INFO] [stdout] 
[INFO] [stdout] 
[INFO] [stdout] warning: use of deprecated macro `try`: use the `?` operator instead
[INFO] [stdout]    --> src/impls.rs:156:9
[INFO] [stdout]     |
[INFO] [stdout] 156 |         try!(arg); Ok(())
[INFO] [stdout]     |         ^^^
[INFO] [stdout] 
[INFO] [stdout] 
[INFO] [stdout] warning: use of deprecated macro `try`: use the `?` operator instead
[INFO] [stdout]    --> src/impls.rs:165:13
[INFO] [stdout]     |
[INFO] [stdout] 165 |         Ok((try!(args.0), args.1))
[INFO] [stdout]     |             ^^^
[INFO] [stdout] 
[INFO] [stdout] 
[INFO] [stdout] warning: use of deprecated macro `try`: use the `?` operator instead
[INFO] [stdout]    --> src/impls.rs:174:21
[INFO] [stdout]     |
[INFO] [stdout] 174 |         Ok((args.0, try!(args.1)))
[INFO] [stdout]     |                     ^^^
[INFO] [stdout] 
[INFO] [stdout] 
[INFO] [stdout] warning: use of deprecated macro `try`: use the `?` operator instead
[INFO] [stdout]    --> src/impls.rs:183:13
[INFO] [stdout]     |
[INFO] [stdout] 183 |         Ok((try!(args.0), try!(args.1)))
[INFO] [stdout]     |             ^^^
[INFO] [stdout] 
[INFO] [stdout] 
[INFO] [stdout] warning: use of deprecated macro `try`: use the `?` operator instead
[INFO] [stdout]    --> src/impls.rs:183:27
[INFO] [stdout]     |
[INFO] [stdout] 183 |         Ok((try!(args.0), try!(args.1)))
[INFO] [stdout]     |                           ^^^
[INFO] [stdout] 
[INFO] [stdout] 
[INFO] [stdout] warning: use of deprecated macro `try`: use the `?` operator instead
[INFO] [stdout]    --> src/impls.rs:189:13
[INFO] [stdout]     |
[INFO] [stdout] 189 |         Ok((try!(args.0), try!(args.1)))
[INFO] [stdout]     |             ^^^
[INFO] [stdout] 
[INFO] [stdout] 
[INFO] [stdout] warning: use of deprecated macro `try`: use the `?` operator instead
[INFO] [stdout]    --> src/impls.rs:189:27
[INFO] [stdout]     |
[INFO] [stdout] 189 |         Ok((try!(args.0), try!(args.1)))
[INFO] [stdout]     |                           ^^^
[INFO] [stdout] 
[INFO] [stdout] 
[INFO] [stdout] warning: unnecessary parentheses around match arm expression
[INFO] [stdout]    --> src/lib.rs:276:57
[INFO] [stdout]     |
[INFO] [stdout] 276 |             (&Done(ref result1), &Done(ref result2)) => (result1 == result2),
[INFO] [stdout]     |                                                         ^                  ^
[INFO] [stdout]     |
[INFO] [stdout]     = note: `#[warn(unused_parens)]` on by default
[INFO] [stdout] help: remove these parentheses
[INFO] [stdout]     |
[INFO] [stdout] 276 -             (&Done(ref result1), &Done(ref result2)) => (result1 == result2),
[INFO] [stdout] 276 +             (&Done(ref result1), &Done(ref result2)) => result1 == result2,
[INFO] [stdout]     |
[INFO] [stdout] 
[INFO] [stdout] 
[INFO] [stdout] warning: use of deprecated macro `try`: use the `?` operator instead
[INFO] [stdout]    --> src/impls.rs:135:25
[INFO] [stdout]     |
[INFO] [stdout] 135 |         Ok(self.0.apply(try!(args)))
[INFO] [stdout]     |                         ^^^
[INFO] [stdout]     |
[INFO] [stdout]     = note: `#[warn(deprecated)]` on by default
[INFO] [stdout] 
[INFO] [stdout] 
[INFO] [stdout] warning: use of deprecated macro `try`: use the `?` operator instead
[INFO] [stdout]    --> src/impls.rs:142:25
[INFO] [stdout]     |
[INFO] [stdout] 142 |         Ok(self.0.apply(try!(args)))
[INFO] [stdout]     |                         ^^^
[INFO] [stdout] 
[INFO] [stdout] 
[INFO] [stdout] warning: use of deprecated macro `try`: use the `?` operator instead
[INFO] [stdout]    --> src/impls.rs:156:9
[INFO] [stdout]     |
[INFO] [stdout] 156 |         try!(arg); Ok(())
[INFO] [stdout]     |         ^^^
[INFO] [stdout] 
[INFO] [stdout] 
[INFO] [stdout] warning: use of deprecated macro `try`: use the `?` operator instead
[INFO] [stdout]    --> src/impls.rs:165:13
[INFO] [stdout]     |
[INFO] [stdout] 165 |         Ok((try!(args.0), args.1))
[INFO] [stdout]     |             ^^^
[INFO] [stdout] 
[INFO] [stdout] 
[INFO] [stdout] warning: use of deprecated macro `try`: use the `?` operator instead
[INFO] [stdout]    --> src/impls.rs:174:21
[INFO] [stdout]     |
[INFO] [stdout] 174 |         Ok((args.0, try!(args.1)))
[INFO] [stdout]     |                     ^^^
[INFO] [stdout] 
[INFO] [stdout] 
[INFO] [stdout] warning: use of deprecated macro `try`: use the `?` operator instead
[INFO] [stdout]    --> src/impls.rs:183:13
[INFO] [stdout]     |
[INFO] [stdout] 183 |         Ok((try!(args.0), try!(args.1)))
[INFO] [stdout]     |             ^^^
[INFO] [stdout] 
[INFO] [stdout] 
[INFO] [stdout] warning: use of deprecated macro `try`: use the `?` operator instead
[INFO] [stdout]    --> src/impls.rs:183:27
[INFO] [stdout]     |
[INFO] [stdout] 183 |         Ok((try!(args.0), try!(args.1)))
[INFO] [stdout]     |                           ^^^
[INFO] [stdout] 
[INFO] [stdout] 
[INFO] [stdout] warning: use of deprecated macro `try`: use the `?` operator instead
[INFO] [stdout]    --> src/impls.rs:189:13
[INFO] [stdout]     |
[INFO] [stdout] 189 |         Ok((try!(args.0), try!(args.1)))
[INFO] [stdout]     |             ^^^
[INFO] [stdout] 
[INFO] [stdout] 
[INFO] [stdout] warning: use of deprecated macro `try`: use the `?` operator instead
[INFO] [stdout]    --> src/impls.rs:189:27
[INFO] [stdout]     |
[INFO] [stdout] 189 |         Ok((try!(args.0), try!(args.1)))
[INFO] [stdout]     |                           ^^^
[INFO] [stdout] 
[INFO] [stdout] 
[INFO] [stdout] warning: unnecessary parentheses around match arm expression
[INFO] [stdout]    --> src/lib.rs:276:57
[INFO] [stdout]     |
[INFO] [stdout] 276 |             (&Done(ref result1), &Done(ref result2)) => (result1 == result2),
[INFO] [stdout]     |                                                         ^                  ^
[INFO] [stdout]     |
[INFO] [stdout]     = note: `#[warn(unused_parens)]` on by default
[INFO] [stdout] help: remove these parentheses
[INFO] [stdout]     |
[INFO] [stdout] 276 -             (&Done(ref result1), &Done(ref result2)) => (result1 == result2),
[INFO] [stdout] 276 +             (&Done(ref result1), &Done(ref result2)) => result1 == result2,
[INFO] [stdout]     |
[INFO] [stdout] 
[INFO] [stdout] 
[INFO] [stdout] warning: trait objects without an explicit `dyn` are deprecated
[INFO] [stdout]     --> src/lib.rs:1860:40
[INFO] [stdout]      |
[INFO] [stdout] 1860 |     type TestState = InState<Test, Box<for<'a> Boxable<TestCh<'a>, TestStr<'a>, TestOutput<'a>>>>;
[INFO] [stdout]      |                                        ^^^^^^^^^^^^^^^^^^^^^^^^^^^^^^^^^^^^^^^^^^^^^^^^^^^^^^^^
[INFO] [stdout]      |
[INFO] [stdout]      = warning: this is accepted in the current edition (Rust 2015) but is a hard error in Rust 2021!
[INFO] [stdout]      = note: for more information, see <https://doc.rust-lang.org/nightly/edition-guide/rust-2021/warnings-promoted-to-error.html>
[INFO] [stdout]      = note: `#[warn(bare_trait_objects)]` on by default
[INFO] [stdout] help: if this is a dyn-compatible trait, use `dyn`
[INFO] [stdout]      |
[INFO] [stdout] 1860 |     type TestState = InState<Test, Box<dyn for<'a> Boxable<TestCh<'a>, TestStr<'a>, TestOutput<'a>>>>;
[INFO] [stdout]      |                                        +++
[INFO] [stdout] 
[INFO] [stdout] 
[INFO] [stderr]     Finished `test` profile [unoptimized + debuginfo] target(s) in 1.97s
[INFO] running `Command { std: "docker" "inspect" "7c0602a69a2286cde6aacf151b4452548e910ea0269cbdaca171f88a6391bcea", kill_on_drop: false }`
[INFO] running `Command { std: "docker" "rm" "-f" "7c0602a69a2286cde6aacf151b4452548e910ea0269cbdaca171f88a6391bcea", kill_on_drop: false }`
[INFO] [stdout] 7c0602a69a2286cde6aacf151b4452548e910ea0269cbdaca171f88a6391bcea
[INFO] running `Command { std: "docker" "create" "-v" "/var/lib/crater-agent-workspace/builds/worker-5-tc2/target:/opt/rustwide/target:rw,Z" "-v" "/var/lib/crater-agent-workspace/builds/worker-5-tc2/source:/opt/rustwide/workdir:ro,Z" "-v" "/var/lib/crater-agent-workspace/cargo-home:/opt/rustwide/cargo-home:ro,Z" "-v" "/var/lib/crater-agent-workspace/rustup-home:/opt/rustwide/rustup-home:ro,Z" "-e" "SOURCE_DIR=/opt/rustwide/workdir" "-e" "CARGO_TARGET_DIR=/opt/rustwide/target" "-e" "CARGO_INCREMENTAL=0" "-e" "RUST_BACKTRACE=full" "-e" "RUSTFLAGS=--cap-lints=forbid -Zrandomize-layout" "-e" "RUSTDOCFLAGS=--cap-lints=forbid" "-e" "CARGO_HOME=/opt/rustwide/cargo-home" "-e" "RUSTUP_HOME=/opt/rustwide/rustup-home" "-w" "/opt/rustwide/workdir" "-m" "1610612736" "--user" "0:0" "--network" "none" "ghcr.io/rust-lang/crates-build-env/linux@sha256:4a844ea9eb2546a2d2c7022eacef16ef2e8229c7fbb2c7d4d55a9ceca922f72d" "/opt/rustwide/cargo-home/bin/cargo" "+nightly-2024-10-28" "test" "--frozen", kill_on_drop: false }`
[INFO] [stdout] ab6b7c12031bfc9f960669d2d4c9173c86455a10ef1d00d8f815f6ec9a404411
[INFO] running `Command { std: "docker" "start" "-a" "ab6b7c12031bfc9f960669d2d4c9173c86455a10ef1d00d8f815f6ec9a404411", kill_on_drop: false }`
[INFO] [stderr] warning: no edition set: defaulting to the 2015 edition while the latest is 2021
[INFO] [stderr] warning: use of deprecated macro `try`: use the `?` operator instead
[INFO] [stderr]    --> src/impls.rs:135:25
[INFO] [stderr]     |
[INFO] [stderr] 135 |         Ok(self.0.apply(try!(args)))
[INFO] [stderr]     |                         ^^^
[INFO] [stderr]     |
[INFO] [stderr]     = note: `#[warn(deprecated)]` on by default
[INFO] [stderr] 
[INFO] [stderr] warning: use of deprecated macro `try`: use the `?` operator instead
[INFO] [stderr]    --> src/impls.rs:142:25
[INFO] [stderr]     |
[INFO] [stderr] 142 |         Ok(self.0.apply(try!(args)))
[INFO] [stderr]     |                         ^^^
[INFO] [stderr] 
[INFO] [stderr] warning: use of deprecated macro `try`: use the `?` operator instead
[INFO] [stderr]    --> src/impls.rs:156:9
[INFO] [stderr]     |
[INFO] [stderr] 156 |         try!(arg); Ok(())
[INFO] [stderr]     |         ^^^
[INFO] [stderr] 
[INFO] [stderr] warning: use of deprecated macro `try`: use the `?` operator instead
[INFO] [stderr]    --> src/impls.rs:165:13
[INFO] [stderr]     |
[INFO] [stderr] 165 |         Ok((try!(args.0), args.1))
[INFO] [stderr]     |             ^^^
[INFO] [stderr] 
[INFO] [stderr] warning: use of deprecated macro `try`: use the `?` operator instead
[INFO] [stderr]    --> src/impls.rs:174:21
[INFO] [stderr]     |
[INFO] [stderr] 174 |         Ok((args.0, try!(args.1)))
[INFO] [stderr]     |                     ^^^
[INFO] [stderr] 
[INFO] [stderr] warning: use of deprecated macro `try`: use the `?` operator instead
[INFO] [stderr]    --> src/impls.rs:183:13
[INFO] [stderr]     |
[INFO] [stderr] 183 |         Ok((try!(args.0), try!(args.1)))
[INFO] [stderr]     |             ^^^
[INFO] [stderr] 
[INFO] [stderr] warning: use of deprecated macro `try`: use the `?` operator instead
[INFO] [stderr]    --> src/impls.rs:183:27
[INFO] [stderr]     |
[INFO] [stderr] 183 |         Ok((try!(args.0), try!(args.1)))
[INFO] [stderr]     |                           ^^^
[INFO] [stderr] 
[INFO] [stderr] warning: use of deprecated macro `try`: use the `?` operator instead
[INFO] [stderr]    --> src/impls.rs:189:13
[INFO] [stderr]     |
[INFO] [stderr] 189 |         Ok((try!(args.0), try!(args.1)))
[INFO] [stderr]     |             ^^^
[INFO] [stderr] 
[INFO] [stderr] warning: use of deprecated macro `try`: use the `?` operator instead
[INFO] [stderr]    --> src/impls.rs:189:27
[INFO] [stderr]     |
[INFO] [stderr] 189 |         Ok((try!(args.0), try!(args.1)))
[INFO] [stderr]     |                           ^^^
[INFO] [stderr] 
[INFO] [stderr] warning: unnecessary parentheses around match arm expression
[INFO] [stderr]    --> src/lib.rs:276:57
[INFO] [stderr]     |
[INFO] [stderr] 276 |             (&Done(ref result1), &Done(ref result2)) => (result1 == result2),
[INFO] [stderr]     |                                                         ^                  ^
[INFO] [stderr]     |
[INFO] [stderr]     = note: `#[warn(unused_parens)]` on by default
[INFO] [stderr] help: remove these parentheses
[INFO] [stderr]     |
[INFO] [stderr] 276 -             (&Done(ref result1), &Done(ref result2)) => (result1 == result2),
[INFO] [stderr] 276 +             (&Done(ref result1), &Done(ref result2)) => result1 == result2,
[INFO] [stderr]     |
[INFO] [stderr] 
[INFO] [stderr] warning: trait objects without an explicit `dyn` are deprecated
[INFO] [stderr]     --> src/lib.rs:1860:40
[INFO] [stderr]      |
[INFO] [stderr] 1860 |     type TestState = InState<Test, Box<for<'a> Boxable<TestCh<'a>, TestStr<'a>, TestOutput<'a>>>>;
[INFO] [stderr]      |                                        ^^^^^^^^^^^^^^^^^^^^^^^^^^^^^^^^^^^^^^^^^^^^^^^^^^^^^^^^
[INFO] [stderr]      |
[INFO] [stderr]      = warning: this is accepted in the current edition (Rust 2015) but is a hard error in Rust 2021!
[INFO] [stderr]      = note: for more information, see <https://doc.rust-lang.org/nightly/edition-guide/rust-2021/warnings-promoted-to-error.html>
[INFO] [stderr]      = note: `#[warn(bare_trait_objects)]` on by default
[INFO] [stderr] help: if this is a dyn-compatible trait, use `dyn`
[INFO] [stderr]      |
[INFO] [stderr] 1860 |     type TestState = InState<Test, Box<dyn for<'a> Boxable<TestCh<'a>, TestStr<'a>, TestOutput<'a>>>>;
[INFO] [stderr]      |                                        +++
[INFO] [stderr] 
[INFO] [stderr] warning: `parsell` (lib) generated 10 warnings (run `cargo fix --lib -p parsell` to apply 1 suggestion)
[INFO] [stderr] warning: `parsell` (lib test) generated 11 warnings (10 duplicates) (run `cargo fix --lib -p parsell --tests` to apply 1 suggestion)
[INFO] [stderr]     Finished `test` profile [unoptimized + debuginfo] target(s) in 0.01s
[INFO] [stderr]      Running unittests src/lib.rs (/opt/rustwide/target/debug/deps/parsell-979109fde6b0c151)
[INFO] [stdout] 
[INFO] [stdout] running 23 tests
[INFO] [stdout] test test_CHARACTER ... ok
[INFO] [stdout] test test_and_then_discard ... ok
[INFO] [stdout] test test_and_then ... ok
[INFO] [stdout] test test_and_then_try_discard ... ok
[INFO] [stdout] test test_and_then_try ... ok
[INFO] [stdout] test test_boxable ... ok
[INFO] [stdout] test test_buffer ... ok
[INFO] [stdout] test test_character ... ok
[INFO] [stdout] test test_character_map ... ok
[INFO] [stdout] test test_character_map_ref ... ok
[INFO] [stdout] test test_character_ref ... ok
[INFO] [stdout] test test_cow ... ok
[INFO] [stdout] test test_discard ... ok
[INFO] [stdout] test test_discard_and_then ... ok
[INFO] [stdout] test test_map ... ok
[INFO] [stdout] test test_or_else ... ok
[INFO] [stdout] test test_plus ... ok
[INFO] [stdout] test test_star ... ok
[INFO] [stdout] test test_try_and_then ... ok
[INFO] [stdout] test test_try_and_then_try ... ok
[INFO] [stdout] test test_try_and_then_try_discard ... ok
[INFO] [stdout] test test_try_discard_and_then ... ok
[INFO] [stdout] test test_try_discard_and_then_try ... ok
[INFO] [stdout] 
[INFO] [stdout] test result: ok. 23 passed; 0 failed; 0 ignored; 0 measured; 0 filtered out; finished in 0.00s
[INFO] [stdout] 
[INFO] [stderr]      Running tests/skeptic.rs (/opt/rustwide/target/debug/deps/skeptic-30924645169d6c7e)
[INFO] [stdout] 
[INFO] [stdout] running 1 test
[INFO] [stderr] error[E0464]: multiple candidates for `rlib` dependency `parsell` found
[INFO] [stderr]  --> /tmp/rust-skeptic.ZyqrepHrkcOI/test.rs:1:1
[INFO] [stderr]   |
[INFO] [stderr] 1 | extern crate parsell;
[INFO] [stderr]   | ^^^^^^^^^^^^^^^^^^^^^
[INFO] [stderr]   |
[INFO] [stderr]   = note: candidate #1: /opt/rustwide/target/debug/deps/libparsell-2370f1b2d5a7adab.rlib
[INFO] [stderr]   = note: candidate #2: /opt/rustwide/target/debug/deps/libparsell-f04f38209d08b59e.rlib
[INFO] [stderr] 
[INFO] [stderr] error: aborting due to 1 previous error
[INFO] [stderr] 
[INFO] [stderr] For more information about this error, try `rustc --explain E0464`.
[INFO] [stdout] test readme_0 ... FAILED
[INFO] [stdout] 
[INFO] [stdout] failures:
[INFO] [stdout] 
[INFO] [stdout] ---- readme_0 stdout ----
[INFO] [stdout] thread 'readme_0' panicked at /opt/rustwide/cargo-home/registry/src/index.crates.io-6f17d22bba15001f/skeptic-0.4.0/lib.rs:308:13:
[INFO] [stdout] command failed
[INFO] [stdout] stack backtrace:
[INFO] [stdout]    0:     0x650bfa2dee6a - std::backtrace_rs::backtrace::libunwind::trace::h207520d6e9873551
[INFO] [stdout]                                at /rustc/df4ca44d3fbc9301ee17f30f4d474e6ae4b05252/library/std/src/../../backtrace/src/backtrace/libunwind.rs:116:5
[INFO] [stdout]    1:     0x650bfa2dee6a - std::backtrace_rs::backtrace::trace_unsynchronized::h2ed7433f370e3eca
[INFO] [stdout]                                at /rustc/df4ca44d3fbc9301ee17f30f4d474e6ae4b05252/library/std/src/../../backtrace/src/backtrace/mod.rs:66:5
[INFO] [stdout]    2:     0x650bfa2dee6a - std::sys::backtrace::_print_fmt::h916fac51166b18d7
[INFO] [stdout]                                at /rustc/df4ca44d3fbc9301ee17f30f4d474e6ae4b05252/library/std/src/sys/backtrace.rs:66:9
[INFO] [stdout]    3:     0x650bfa2dee6a - <std::sys::backtrace::BacktraceLock::print::DisplayBacktrace as core::fmt::Display>::fmt::ha0a4c9b8ce3802e6
[INFO] [stdout]                                at /rustc/df4ca44d3fbc9301ee17f30f4d474e6ae4b05252/library/std/src/sys/backtrace.rs:39:26
[INFO] [stdout]    4:     0x650bfa305ef3 - core::fmt::rt::Argument::fmt::h4cfc8587d52b3eb5
[INFO] [stdout]                                at /rustc/df4ca44d3fbc9301ee17f30f4d474e6ae4b05252/library/core/src/fmt/rt.rs:177:76
[INFO] [stdout]    5:     0x650bfa305ef3 - core::fmt::write::h522cc39e5b36ae9f
[INFO] [stdout]                                at /rustc/df4ca44d3fbc9301ee17f30f4d474e6ae4b05252/library/core/src/fmt/mod.rs:1190:21
[INFO] [stdout]    6:     0x650bfa2db863 - std::io::Write::write_fmt::h7d3c26752da97734
[INFO] [stdout]                                at /rustc/df4ca44d3fbc9301ee17f30f4d474e6ae4b05252/library/std/src/io/mod.rs:1839:15
[INFO] [stdout]    7:     0x650bfa2decb2 - std::sys::backtrace::BacktraceLock::print::h4b9e00b29e9c0942
[INFO] [stdout]                                at /rustc/df4ca44d3fbc9301ee17f30f4d474e6ae4b05252/library/std/src/sys/backtrace.rs:42:9
[INFO] [stdout]    8:     0x650bfa2e02fa - std::panicking::default_hook::{{closure}}::hb59b88280d0324d9
[INFO] [stdout]                                at /rustc/df4ca44d3fbc9301ee17f30f4d474e6ae4b05252/library/std/src/panicking.rs:268:22
[INFO] [stdout]    9:     0x650bfa2e0104 - std::panicking::default_hook::he1dd496665be4a29
[INFO] [stdout]                                at /rustc/df4ca44d3fbc9301ee17f30f4d474e6ae4b05252/library/std/src/panicking.rs:292:9
[INFO] [stdout]   10:     0x650bfa2943c9 - <alloc::boxed::Box<F,A> as core::ops::function::Fn<Args>>::call::h4ff71de18744e1dc
[INFO] [stdout]                                at /rustc/df4ca44d3fbc9301ee17f30f4d474e6ae4b05252/library/alloc/src/boxed.rs:2468:9
[INFO] [stdout]   11:     0x650bfa2943c9 - test::test_main::{{closure}}::hcf7c055ce117aa81
[INFO] [stdout]                                at /rustc/df4ca44d3fbc9301ee17f30f4d474e6ae4b05252/library/test/src/lib.rs:133:21
[INFO] [stdout]   12:     0x650bfa2e09f8 - <alloc::boxed::Box<F,A> as core::ops::function::Fn<Args>>::call::h1d66c6bbd60c9692
[INFO] [stdout]                                at /rustc/df4ca44d3fbc9301ee17f30f4d474e6ae4b05252/library/alloc/src/boxed.rs:2468:9
[INFO] [stdout]   13:     0x650bfa2e09f8 - std::panicking::rust_panic_with_hook::h2ff17fe8f26dfcf8
[INFO] [stdout]                                at /rustc/df4ca44d3fbc9301ee17f30f4d474e6ae4b05252/library/std/src/panicking.rs:809:13
[INFO] [stdout]   14:     0x650bfa2ad80a - std::panicking::begin_panic::{{closure}}::hd6f8b3b008468a9b
[INFO] [stdout]                                at /rustc/df4ca44d3fbc9301ee17f30f4d474e6ae4b05252/library/std/src/panicking.rs:738:9
[INFO] [stdout]   15:     0x650bfa2ad66a - std::sys::backtrace::__rust_end_short_backtrace::h9679707bb9d1925f
[INFO] [stdout]                                at /rustc/df4ca44d3fbc9301ee17f30f4d474e6ae4b05252/library/std/src/sys/backtrace.rs:170:18
[INFO] [stdout]   16:     0x650bfa2ad7b5 - std::panicking::begin_panic::h54e0abbd2d1a2c4c
[INFO] [stdout]                                at /rustc/df4ca44d3fbc9301ee17f30f4d474e6ae4b05252/library/std/src/panicking.rs:737:5
[INFO] [stdout]   17:     0x650bfa2a178e - skeptic::rt::interpret_output::h807ec05e00149445
[INFO] [stdout]                                at /opt/rustwide/cargo-home/registry/src/index.crates.io-6f17d22bba15001f/skeptic-0.4.0/lib.rs:308:13
[INFO] [stdout]   18:     0x650bfa2a0eab - skeptic::rt::compile_test_case::h640a95106779f552
[INFO] [stdout]                                at /opt/rustwide/cargo-home/registry/src/index.crates.io-6f17d22bba15001f/skeptic-0.4.0/lib.rs:287:9
[INFO] [stdout]   19:     0x650bfa2a07b6 - skeptic::rt::run_test::h2f570398251b8a9a
[INFO] [stdout]                                at /opt/rustwide/cargo-home/registry/src/index.crates.io-6f17d22bba15001f/skeptic-0.4.0/lib.rs:262:9
[INFO] [stdout]   20:     0x650bfa25a43b - skeptic::readme_0::h7ab5ba0c254d2de1
[INFO] [stdout]                                at /opt/rustwide/target/debug/build/parsell-59b657e230bfbc89/out/skeptic-tests.rs:37:5
[INFO] [stdout]   21:     0x650bfa25a377 - skeptic::readme_0::{{closure}}::hd6dcc5e74f389ae5
[INFO] [stdout]                                at /opt/rustwide/target/debug/build/parsell-59b657e230bfbc89/out/skeptic-tests.rs:3:22
[INFO] [stdout]   22:     0x650bfa259e76 - core::ops::function::FnOnce::call_once::h7276fc291d9960dd
[INFO] [stdout]                                at /rustc/df4ca44d3fbc9301ee17f30f4d474e6ae4b05252/library/core/src/ops/function.rs:250:5
[INFO] [stdout]   23:     0x650bfa298c9b - core::ops::function::FnOnce::call_once::h22c3ba5715e93f05
[INFO] [stdout]                                at /rustc/df4ca44d3fbc9301ee17f30f4d474e6ae4b05252/library/core/src/ops/function.rs:250:5
[INFO] [stdout]   24:     0x650bfa298c9b - test::__rust_begin_short_backtrace::h8e82d8113d0da17f
[INFO] [stdout]                                at /rustc/df4ca44d3fbc9301ee17f30f4d474e6ae4b05252/library/test/src/lib.rs:621:18
[INFO] [stdout]   25:     0x650bfa298617 - test::run_test_in_process::{{closure}}::h33235f4f20b7b7c7
[INFO] [stdout]                                at /rustc/df4ca44d3fbc9301ee17f30f4d474e6ae4b05252/library/test/src/lib.rs:644:60
[INFO] [stdout]   26:     0x650bfa298617 - <core::panic::unwind_safe::AssertUnwindSafe<F> as core::ops::function::FnOnce<()>>::call_once::hb5043206310c586f
[INFO] [stdout]                                at /rustc/df4ca44d3fbc9301ee17f30f4d474e6ae4b05252/library/core/src/panic/unwind_safe.rs:272:9
[INFO] [stdout]   27:     0x650bfa298617 - std::panicking::try::do_call::h9ad4731a60ab23e2
[INFO] [stdout]                                at /rustc/df4ca44d3fbc9301ee17f30f4d474e6ae4b05252/library/std/src/panicking.rs:557:40
[INFO] [stdout]   28:     0x650bfa298617 - std::panicking::try::h3824d23db772a716
[INFO] [stdout]                                at /rustc/df4ca44d3fbc9301ee17f30f4d474e6ae4b05252/library/std/src/panicking.rs:520:19
[INFO] [stdout]   29:     0x650bfa298617 - std::panic::catch_unwind::h5afd514605fde46b
[INFO] [stdout]                                at /rustc/df4ca44d3fbc9301ee17f30f4d474e6ae4b05252/library/std/src/panic.rs:358:14
[INFO] [stdout]   30:     0x650bfa298617 - test::run_test_in_process::h0d5cbfa7067d1720
[INFO] [stdout]                                at /rustc/df4ca44d3fbc9301ee17f30f4d474e6ae4b05252/library/test/src/lib.rs:644:27
[INFO] [stdout]   31:     0x650bfa298617 - test::run_test::{{closure}}::h708eb8872708115d
[INFO] [stdout]                                at /rustc/df4ca44d3fbc9301ee17f30f4d474e6ae4b05252/library/test/src/lib.rs:565:43
[INFO] [stdout]   32:     0x650bfa25bd34 - test::run_test::{{closure}}::h392c51cee94713ab
[INFO] [stdout]                                at /rustc/df4ca44d3fbc9301ee17f30f4d474e6ae4b05252/library/test/src/lib.rs:595:41
[INFO] [stdout]   33:     0x650bfa25bd34 - std::sys::backtrace::__rust_begin_short_backtrace::h2f40290710935a8b
[INFO] [stdout]                                at /rustc/df4ca44d3fbc9301ee17f30f4d474e6ae4b05252/library/std/src/sys/backtrace.rs:154:18
[INFO] [stdout]   34:     0x650bfa25f4de - std::thread::Builder::spawn_unchecked_::{{closure}}::{{closure}}::h3fd968d89053a903
[INFO] [stdout]                                at /rustc/df4ca44d3fbc9301ee17f30f4d474e6ae4b05252/library/std/src/thread/mod.rs:541:17
[INFO] [stdout]   35:     0x650bfa25f4de - <core::panic::unwind_safe::AssertUnwindSafe<F> as core::ops::function::FnOnce<()>>::call_once::h743f637ba4229880
[INFO] [stdout]                                at /rustc/df4ca44d3fbc9301ee17f30f4d474e6ae4b05252/library/core/src/panic/unwind_safe.rs:272:9
[INFO] [stdout]   36:     0x650bfa25f4de - std::panicking::try::do_call::h07440897322525a6
[INFO] [stdout]                                at /rustc/df4ca44d3fbc9301ee17f30f4d474e6ae4b05252/library/std/src/panicking.rs:557:40
[INFO] [stdout]   37:     0x650bfa25f4de - std::panicking::try::he5a2e00188156637
[INFO] [stdout]                                at /rustc/df4ca44d3fbc9301ee17f30f4d474e6ae4b05252/library/std/src/panicking.rs:520:19
[INFO] [stdout]   38:     0x650bfa25f4de - std::panic::catch_unwind::hbaf3cae49b3c6433
[INFO] [stdout]                                at /rustc/df4ca44d3fbc9301ee17f30f4d474e6ae4b05252/library/std/src/panic.rs:358:14
[INFO] [stdout]   39:     0x650bfa25f4de - std::thread::Builder::spawn_unchecked_::{{closure}}::h8e141ea224820bce
[INFO] [stdout]                                at /rustc/df4ca44d3fbc9301ee17f30f4d474e6ae4b05252/library/std/src/thread/mod.rs:540:30
[INFO] [stdout]   40:     0x650bfa25f4de - core::ops::function::FnOnce::call_once{{vtable.shim}}::h90d312fedd7b8ea8
[INFO] [stdout]                                at /rustc/df4ca44d3fbc9301ee17f30f4d474e6ae4b05252/library/core/src/ops/function.rs:250:5
[INFO] [stdout]   41:     0x650bfa2e52eb - <alloc::boxed::Box<F,A> as core::ops::function::FnOnce<Args>>::call_once::h69aa08ddb6adb8b6
[INFO] [stdout]                                at /rustc/df4ca44d3fbc9301ee17f30f4d474e6ae4b05252/library/alloc/src/boxed.rs:2454:9
[INFO] [stdout]   42:     0x650bfa2e52eb - <alloc::boxed::Box<F,A> as core::ops::function::FnOnce<Args>>::call_once::h5aa36efdb79c806f
[INFO] [stdout]                                at /rustc/df4ca44d3fbc9301ee17f30f4d474e6ae4b05252/library/alloc/src/boxed.rs:2454:9
[INFO] [stdout]   43:     0x650bfa2e52eb - std::sys::pal::unix::thread::Thread::new::thread_start::h6cd80a1b4be5158d
[INFO] [stdout]                                at /rustc/df4ca44d3fbc9301ee17f30f4d474e6ae4b05252/library/std/src/sys/pal/unix/thread.rs:105:17
[INFO] [stdout]   44:     0x730da8f0bac3 - <unknown>
[INFO] [stdout]   45:     0x730da8f9ca04 - clone
[INFO] [stdout]   46:                0x0 - <unknown>
[INFO] [stdout] 
[INFO] [stdout] 
[INFO] [stdout] failures:
[INFO] [stdout]     readme_0
[INFO] [stdout] 
[INFO] [stdout] test result: FAILED. 0 passed; 1 failed; 0 ignored; 0 measured; 0 filtered out; finished in 0.09s
[INFO] [stdout] 
[INFO] [stderr] error: test failed, to rerun pass `--test skeptic`
[INFO] running `Command { std: "docker" "inspect" "ab6b7c12031bfc9f960669d2d4c9173c86455a10ef1d00d8f815f6ec9a404411", kill_on_drop: false }`
[INFO] running `Command { std: "docker" "rm" "-f" "ab6b7c12031bfc9f960669d2d4c9173c86455a10ef1d00d8f815f6ec9a404411", kill_on_drop: false }`
[INFO] [stdout] ab6b7c12031bfc9f960669d2d4c9173c86455a10ef1d00d8f815f6ec9a404411
