[INFO] fetching crate parol_runtime 1.0.1...
[INFO] testing parol_runtime-1.0.1 against nightly-2024-10-28 for randomize-layout
[INFO] extracting crate parol_runtime 1.0.1 into /workspace/builds/worker-0-tc1/source
[INFO] validating manifest of crates.io crate parol_runtime 1.0.1 on toolchain nightly-2024-10-28
[INFO] running `Command { std: CARGO_HOME="/workspace/cargo-home" RUSTUP_HOME="/workspace/rustup-home" "/workspace/cargo-home/bin/cargo" "+nightly-2024-10-28" "metadata" "--manifest-path" "Cargo.toml" "--no-deps", kill_on_drop: false }`
[INFO] started tweaking crates.io crate parol_runtime 1.0.1
[INFO] removed 0 missing tests
[INFO] finished tweaking crates.io crate parol_runtime 1.0.1
[INFO] tweaked toml for crates.io crate parol_runtime 1.0.1 written to /workspace/builds/worker-0-tc1/source/Cargo.toml
[INFO] running `Command { std: CARGO_HOME="/workspace/cargo-home" RUSTUP_HOME="/workspace/rustup-home" "/workspace/cargo-home/bin/cargo" "+nightly-2024-10-28" "generate-lockfile" "--manifest-path" "Cargo.toml", kill_on_drop: false }`
[INFO] [stderr]     Updating crates.io index
[INFO] [stderr]      Locking 113 packages to latest compatible versions
[INFO] [stderr]       Adding syntree v0.14.5 (available: v0.18.0)
[INFO] [stderr]       Adding syntree_layout v0.2.0 (available: v0.3.1)
[INFO] running `Command { std: CARGO_HOME="/workspace/cargo-home" RUSTUP_HOME="/workspace/rustup-home" "/workspace/cargo-home/bin/cargo" "+nightly-2024-10-28" "fetch" "--manifest-path" "Cargo.toml", kill_on_drop: false }`
[INFO] [stderr]  Downloading crates ...
[INFO] [stderr]   Downloaded syntree_layout v0.2.0
[INFO] [stderr]   Downloaded function_name v0.3.0
[INFO] [stderr]   Downloaded parol-macros v1.0.0
[INFO] [stderr]   Downloaded function_name-proc-macro v0.3.0
[INFO] [stderr]   Downloaded syntree v0.14.5
[INFO] [stderr]   Downloaded xml_writer v0.4.0
[INFO] running `Command { std: "docker" "create" "-v" "/var/lib/crater-agent-workspace/builds/worker-0-tc1/target:/opt/rustwide/target:rw,Z" "-v" "/var/lib/crater-agent-workspace/builds/worker-0-tc1/source:/opt/rustwide/workdir:ro,Z" "-v" "/var/lib/crater-agent-workspace/cargo-home:/opt/rustwide/cargo-home:ro,Z" "-v" "/var/lib/crater-agent-workspace/rustup-home:/opt/rustwide/rustup-home:ro,Z" "-e" "SOURCE_DIR=/opt/rustwide/workdir" "-e" "CARGO_TARGET_DIR=/opt/rustwide/target" "-e" "CARGO_HOME=/opt/rustwide/cargo-home" "-e" "RUSTUP_HOME=/opt/rustwide/rustup-home" "-w" "/opt/rustwide/workdir" "-m" "1610612736" "--user" "0:0" "--network" "none" "ghcr.io/rust-lang/crates-build-env/linux@sha256:4a844ea9eb2546a2d2c7022eacef16ef2e8229c7fbb2c7d4d55a9ceca922f72d" "/opt/rustwide/cargo-home/bin/cargo" "+nightly-2024-10-28" "metadata" "--no-deps" "--format-version=1", kill_on_drop: false }`
[INFO] [stdout] 7c6725de43242e846ef8ce894b82af06da9fd84bc4a4e42f207a35ea285eeb8c
[INFO] running `Command { std: "docker" "start" "-a" "7c6725de43242e846ef8ce894b82af06da9fd84bc4a4e42f207a35ea285eeb8c", kill_on_drop: false }`
[INFO] running `Command { std: "docker" "inspect" "7c6725de43242e846ef8ce894b82af06da9fd84bc4a4e42f207a35ea285eeb8c", kill_on_drop: false }`
[INFO] running `Command { std: "docker" "rm" "-f" "7c6725de43242e846ef8ce894b82af06da9fd84bc4a4e42f207a35ea285eeb8c", kill_on_drop: false }`
[INFO] [stdout] 7c6725de43242e846ef8ce894b82af06da9fd84bc4a4e42f207a35ea285eeb8c
[INFO] running `Command { std: "docker" "create" "-v" "/var/lib/crater-agent-workspace/builds/worker-0-tc1/target:/opt/rustwide/target:rw,Z" "-v" "/var/lib/crater-agent-workspace/builds/worker-0-tc1/source:/opt/rustwide/workdir:ro,Z" "-v" "/var/lib/crater-agent-workspace/cargo-home:/opt/rustwide/cargo-home:ro,Z" "-v" "/var/lib/crater-agent-workspace/rustup-home:/opt/rustwide/rustup-home:ro,Z" "-e" "SOURCE_DIR=/opt/rustwide/workdir" "-e" "CARGO_TARGET_DIR=/opt/rustwide/target" "-e" "CARGO_INCREMENTAL=0" "-e" "RUST_BACKTRACE=full" "-e" "RUSTFLAGS=--cap-lints=forbid" "-e" "RUSTDOCFLAGS=--cap-lints=forbid" "-e" "CARGO_HOME=/opt/rustwide/cargo-home" "-e" "RUSTUP_HOME=/opt/rustwide/rustup-home" "-w" "/opt/rustwide/workdir" "-m" "1610612736" "--user" "0:0" "--network" "none" "ghcr.io/rust-lang/crates-build-env/linux@sha256:4a844ea9eb2546a2d2c7022eacef16ef2e8229c7fbb2c7d4d55a9ceca922f72d" "/opt/rustwide/cargo-home/bin/cargo" "+nightly-2024-10-28" "build" "--frozen" "--message-format=json", kill_on_drop: false }`
[INFO] [stdout] 812deec03a1ec91c92568d8c845c23d66845d7b531dfe21942deb1e48968ef9f
[INFO] running `Command { std: "docker" "start" "-a" "812deec03a1ec91c92568d8c845c23d66845d7b531dfe21942deb1e48968ef9f", kill_on_drop: false }`
[INFO] [stderr]    Compiling strsim v0.11.1
[INFO] [stderr]    Compiling hashbrown v0.15.0
[INFO] [stderr]    Compiling regex-syntax v0.8.5
[INFO] [stderr]    Compiling syntree v0.14.5
[INFO] [stderr]    Compiling function_name-proc-macro v0.3.0
[INFO] [stderr]    Compiling fixedbitset v0.4.2
[INFO] [stderr]    Compiling xml_writer v0.4.0
[INFO] [stderr]    Compiling unicode-width v0.1.14
[INFO] [stderr]    Compiling log v0.4.22
[INFO] [stderr]    Compiling thiserror-impl v1.0.66
[INFO] [stderr]    Compiling darling_core v0.20.10
[INFO] [stderr]    Compiling codespan-reporting v0.11.1
[INFO] [stderr]    Compiling function_name v0.3.0
[INFO] [stderr]    Compiling indexmap v2.6.0
[INFO] [stderr]    Compiling thiserror v1.0.66
[INFO] [stderr]    Compiling syntree_layout v0.2.0
[INFO] [stderr]    Compiling petgraph v0.6.5
[INFO] [stderr]    Compiling regex-automata v0.4.8
[INFO] [stderr]    Compiling darling_macro v0.20.10
[INFO] [stderr]    Compiling darling v0.20.10
[INFO] [stderr]    Compiling derive_builder_core v0.20.2
[INFO] [stderr]    Compiling derive_builder_macro v0.20.2
[INFO] [stderr]    Compiling derive_builder v0.20.2
[INFO] [stderr]    Compiling parol_runtime v1.0.1 (/opt/rustwide/workdir)
[INFO] [stderr]     Finished `dev` profile [unoptimized + debuginfo] target(s) in 7.80s
[INFO] running `Command { std: "docker" "inspect" "812deec03a1ec91c92568d8c845c23d66845d7b531dfe21942deb1e48968ef9f", kill_on_drop: false }`
[INFO] running `Command { std: "docker" "rm" "-f" "812deec03a1ec91c92568d8c845c23d66845d7b531dfe21942deb1e48968ef9f", kill_on_drop: false }`
[INFO] [stdout] 812deec03a1ec91c92568d8c845c23d66845d7b531dfe21942deb1e48968ef9f
[INFO] running `Command { std: "docker" "create" "-v" "/var/lib/crater-agent-workspace/builds/worker-0-tc1/target:/opt/rustwide/target:rw,Z" "-v" "/var/lib/crater-agent-workspace/builds/worker-0-tc1/source:/opt/rustwide/workdir:ro,Z" "-v" "/var/lib/crater-agent-workspace/cargo-home:/opt/rustwide/cargo-home:ro,Z" "-v" "/var/lib/crater-agent-workspace/rustup-home:/opt/rustwide/rustup-home:ro,Z" "-e" "SOURCE_DIR=/opt/rustwide/workdir" "-e" "CARGO_TARGET_DIR=/opt/rustwide/target" "-e" "CARGO_INCREMENTAL=0" "-e" "RUST_BACKTRACE=full" "-e" "RUSTFLAGS=--cap-lints=forbid" "-e" "RUSTDOCFLAGS=--cap-lints=forbid" "-e" "CARGO_HOME=/opt/rustwide/cargo-home" "-e" "RUSTUP_HOME=/opt/rustwide/rustup-home" "-w" "/opt/rustwide/workdir" "-m" "1610612736" "--user" "0:0" "--network" "none" "ghcr.io/rust-lang/crates-build-env/linux@sha256:4a844ea9eb2546a2d2c7022eacef16ef2e8229c7fbb2c7d4d55a9ceca922f72d" "/opt/rustwide/cargo-home/bin/cargo" "+nightly-2024-10-28" "test" "--frozen" "--no-run" "--message-format=json", kill_on_drop: false }`
[INFO] [stdout] 0b6423ada2d59dac8eb283a58b63a08774856c3bd6aab353204e98dbee7e59c8
[INFO] running `Command { std: "docker" "start" "-a" "0b6423ada2d59dac8eb283a58b63a08774856c3bd6aab353204e98dbee7e59c8", kill_on_drop: false }`
[INFO] [stderr]    Compiling anstyle v1.0.9
[INFO] [stderr]    Compiling serde_json v1.0.132
[INFO] [stderr]    Compiling libc v0.2.161
[INFO] [stderr]    Compiling num-traits v0.2.19
[INFO] [stderr]    Compiling rayon-core v1.12.1
[INFO] [stderr]    Compiling either v1.13.0
[INFO] [stderr]    Compiling half v2.4.1
[INFO] [stderr]    Compiling ciborium-io v0.2.2
[INFO] [stderr]    Compiling utf8parse v0.2.2
[INFO] [stderr]    Compiling plotters-backend v0.3.7
[INFO] [stderr]    Compiling clap_lex v0.7.2
[INFO] [stderr]    Compiling regex v1.11.1
[INFO] [stderr]    Compiling crossbeam-epoch v0.9.18
[INFO] [stderr]    Compiling serde_derive v1.0.214
[INFO] [stderr]    Compiling syn v1.0.109
[INFO] [stderr]    Compiling same-file v1.0.6
[INFO] [stderr]    Compiling is_terminal_polyfill v1.70.1
[INFO] [stderr]    Compiling anstyle-parse v0.2.6
[INFO] [stderr]    Compiling anstyle-query v1.1.2
[INFO] [stderr]    Compiling colorchoice v1.0.3
[INFO] [stderr]    Compiling cast v0.3.0
[INFO] [stderr]    Compiling walkdir v2.5.0
[INFO] [stderr]    Compiling clap_builder v4.5.20
[INFO] [stderr]    Compiling plotters-svg v0.3.7
[INFO] [stderr]    Compiling ciborium-ll v0.2.2
[INFO] [stderr]    Compiling crossbeam-deque v0.8.5
[INFO] [stderr]    Compiling itertools v0.10.5
[INFO] [stderr]    Compiling anstream v0.6.17
[INFO] [stderr]    Compiling humantime v2.1.0
[INFO] [stderr]    Compiling anes v0.1.6
[INFO] [stderr]    Compiling oorandom v11.1.4
[INFO] [stderr]    Compiling parol_runtime v1.0.1 (/opt/rustwide/workdir)
[INFO] [stderr]    Compiling env_logger v0.8.4
[INFO] [stderr]    Compiling env_filter v0.1.2
[INFO] [stderr]    Compiling getrandom v0.2.15
[INFO] [stderr]    Compiling is-terminal v0.4.13
[INFO] [stderr]    Compiling env_logger v0.11.5
[INFO] [stderr]    Compiling rayon v1.10.0
[INFO] [stderr]    Compiling rand_core v0.6.4
[INFO] [stderr]    Compiling rand v0.8.5
[INFO] [stderr]    Compiling plotters v0.3.7
[INFO] [stderr]    Compiling quickcheck v1.0.3
[INFO] [stderr]    Compiling criterion-plot v0.5.0
[INFO] [stderr]    Compiling clap v4.5.20
[INFO] [stderr]    Compiling serde v1.0.214
[INFO] [stderr]    Compiling quickcheck_macros v1.0.0
[INFO] [stderr]    Compiling ciborium v0.2.2
[INFO] [stderr]    Compiling tinytemplate v1.2.1
[INFO] [stderr]    Compiling criterion v0.5.1
[INFO] [stderr]     Finished `test` profile [unoptimized + debuginfo] target(s) in 17.54s
[INFO] running `Command { std: "docker" "inspect" "0b6423ada2d59dac8eb283a58b63a08774856c3bd6aab353204e98dbee7e59c8", kill_on_drop: false }`
[INFO] running `Command { std: "docker" "rm" "-f" "0b6423ada2d59dac8eb283a58b63a08774856c3bd6aab353204e98dbee7e59c8", kill_on_drop: false }`
[INFO] [stdout] 0b6423ada2d59dac8eb283a58b63a08774856c3bd6aab353204e98dbee7e59c8
[INFO] running `Command { std: "docker" "create" "-v" "/var/lib/crater-agent-workspace/builds/worker-0-tc1/target:/opt/rustwide/target:rw,Z" "-v" "/var/lib/crater-agent-workspace/builds/worker-0-tc1/source:/opt/rustwide/workdir:ro,Z" "-v" "/var/lib/crater-agent-workspace/cargo-home:/opt/rustwide/cargo-home:ro,Z" "-v" "/var/lib/crater-agent-workspace/rustup-home:/opt/rustwide/rustup-home:ro,Z" "-e" "SOURCE_DIR=/opt/rustwide/workdir" "-e" "CARGO_TARGET_DIR=/opt/rustwide/target" "-e" "CARGO_INCREMENTAL=0" "-e" "RUST_BACKTRACE=full" "-e" "RUSTFLAGS=--cap-lints=forbid" "-e" "RUSTDOCFLAGS=--cap-lints=forbid" "-e" "CARGO_HOME=/opt/rustwide/cargo-home" "-e" "RUSTUP_HOME=/opt/rustwide/rustup-home" "-w" "/opt/rustwide/workdir" "-m" "1610612736" "--user" "0:0" "--network" "none" "ghcr.io/rust-lang/crates-build-env/linux@sha256:4a844ea9eb2546a2d2c7022eacef16ef2e8229c7fbb2c7d4d55a9ceca922f72d" "/opt/rustwide/cargo-home/bin/cargo" "+nightly-2024-10-28" "test" "--frozen", kill_on_drop: false }`
[INFO] [stdout] 8973749cb9de581bca4bbfa56740aa773c64e66e7403b673ba0664852569b8cb
[INFO] running `Command { std: "docker" "start" "-a" "8973749cb9de581bca4bbfa56740aa773c64e66e7403b673ba0664852569b8cb", kill_on_drop: false }`
[INFO] [stderr]     Finished `test` profile [unoptimized + debuginfo] target(s) in 0.15s
[INFO] [stderr]      Running unittests src/lib.rs (/opt/rustwide/target/debug/deps/parol_runtime-27fb7214d1c894fd)
[INFO] [stdout] 
[INFO] [stdout] running 7 tests
[INFO] [stdout] test lexer::rng::tests::test_add ... ok
[INFO] [stdout] test lexer::rng::tests::test_string_application ... ok
[INFO] [stdout] test parser::recovery::test::test_calculate_match_ranges ... ok
[INFO] [stdout] test lexer::rng::tests::test_conversions ... ok
[INFO] [stdout] test lexer::rng::tests::test_extend ... ok
[INFO] [stdout] test parser::recovery::test::test_restore_terminal_strings ... ok
[INFO] [stdout] test parser::recovery::test::length_of_match_ranges_are_equal ... ok
[INFO] [stdout] 
[INFO] [stdout] test result: ok. 7 passed; 0 failed; 0 ignored; 0 measured; 0 filtered out; finished in 0.02s
[INFO] [stdout] 
[INFO] [stderr]      Running tests/lexer_test.rs (/opt/rustwide/target/debug/deps/lexer_test-c871dd901169bc00)
[INFO] [stdout] 
[INFO] [stdout] running 4 tests
[INFO] [stdout] test tokenizer_test ... ok
[INFO] [stdout] test lexer_token_production ... ok
[INFO] [stdout] test lookahead_must_fail - should panic ... ok
[INFO] [stdout] test lookahead_beyond_buffer_must_fail - should panic ... ok
[INFO] [stdout] 
[INFO] [stdout] test result: ok. 4 passed; 0 failed; 0 ignored; 0 measured; 0 filtered out; finished in 8.70s
[INFO] [stdout] 
[INFO] [stderr]      Running tests/token_stream_test.rs (/opt/rustwide/target/debug/deps/token_stream_test-66e8a82416337ece)
[INFO] [stdout] 
[INFO] [stdout] running 1 test
[INFO] [stdout] test scanner_switch_and_named_source ... ok
[INFO] [stdout] 
[INFO] [stdout] test result: ok. 1 passed; 0 failed; 0 ignored; 0 measured; 0 filtered out; finished in 13.47s
[INFO] [stdout] 
[INFO] [stderr]    Doc-tests parol_runtime
[INFO] [stdout] 
[INFO] [stdout] running 1 test
[INFO] [stdout] test src/errors/reports.rs - errors::reports::Report (line 16) ... FAILED
[INFO] [stdout] 
[INFO] [stdout] failures:
[INFO] [stdout] 
[INFO] [stdout] ---- src/errors/reports.rs - errors::reports::Report (line 16) stdout ----
[INFO] [stdout] error[E0432]: unresolved import `parol_macros`
[INFO] [stdout]  --> src/errors/reports.rs:19:5
[INFO] [stdout]   |
[INFO] [stdout] 6 | use parol_macros::parol;
[INFO] [stdout]   |     ^^^^^^^^^^^^ use of undeclared crate or module `parol_macros`
[INFO] [stdout] 
[INFO] [stdout] error: aborting due to 1 previous error
[INFO] [stdout] 
[INFO] [stdout] For more information about this error, try `rustc --explain E0432`.
[INFO] [stdout] Couldn't compile the test.
[INFO] [stdout] 
[INFO] [stdout] failures:
[INFO] [stdout]     src/errors/reports.rs - errors::reports::Report (line 16)
[INFO] [stdout] 
[INFO] [stdout] test result: FAILED. 0 passed; 1 failed; 0 ignored; 0 measured; 0 filtered out; finished in 0.18s
[INFO] [stdout] 
[INFO] [stderr] error: doctest failed, to rerun pass `--doc`
[INFO] running `Command { std: "docker" "inspect" "8973749cb9de581bca4bbfa56740aa773c64e66e7403b673ba0664852569b8cb", kill_on_drop: false }`
[INFO] running `Command { std: "docker" "rm" "-f" "8973749cb9de581bca4bbfa56740aa773c64e66e7403b673ba0664852569b8cb", kill_on_drop: false }`
[INFO] [stdout] 8973749cb9de581bca4bbfa56740aa773c64e66e7403b673ba0664852569b8cb
