[INFO] fetching crate panda-re-macros 0.25.1...
[INFO] testing panda-re-macros-0.25.1 against nightly-2024-10-28 for randomize-layout
[INFO] extracting crate panda-re-macros 0.25.1 into /workspace/builds/worker-6-tc1/source
[INFO] validating manifest of crates.io crate panda-re-macros 0.25.1 on toolchain nightly-2024-10-28
[INFO] running `Command { std: CARGO_HOME="/workspace/cargo-home" RUSTUP_HOME="/workspace/rustup-home" "/workspace/cargo-home/bin/cargo" "+nightly-2024-10-28" "metadata" "--manifest-path" "Cargo.toml" "--no-deps", kill_on_drop: false }`
[INFO] started tweaking crates.io crate panda-re-macros 0.25.1
[INFO] finished tweaking crates.io crate panda-re-macros 0.25.1
[INFO] tweaked toml for crates.io crate panda-re-macros 0.25.1 written to /workspace/builds/worker-6-tc1/source/Cargo.toml
[INFO] running `Command { std: CARGO_HOME="/workspace/cargo-home" RUSTUP_HOME="/workspace/rustup-home" "/workspace/cargo-home/bin/cargo" "+nightly-2024-10-28" "generate-lockfile" "--manifest-path" "Cargo.toml", kill_on_drop: false }`
[INFO] [stderr]     Updating crates.io index
[INFO] [stderr]      Locking 11 packages to latest compatible versions
[INFO] [stderr]       Adding darling v0.10.2 (available: v0.20.10)
[INFO] [stderr]       Adding syn v1.0.109 (available: v2.0.86)
[INFO] running `Command { std: CARGO_HOME="/workspace/cargo-home" RUSTUP_HOME="/workspace/rustup-home" "/workspace/cargo-home/bin/cargo" "+nightly-2024-10-28" "fetch" "--manifest-path" "Cargo.toml", kill_on_drop: false }`
[INFO] running `Command { std: "docker" "create" "-v" "/var/lib/crater-agent-workspace/builds/worker-6-tc1/target:/opt/rustwide/target:rw,Z" "-v" "/var/lib/crater-agent-workspace/builds/worker-6-tc1/source:/opt/rustwide/workdir:ro,Z" "-v" "/var/lib/crater-agent-workspace/cargo-home:/opt/rustwide/cargo-home:ro,Z" "-v" "/var/lib/crater-agent-workspace/rustup-home:/opt/rustwide/rustup-home:ro,Z" "-e" "SOURCE_DIR=/opt/rustwide/workdir" "-e" "CARGO_TARGET_DIR=/opt/rustwide/target" "-e" "CARGO_HOME=/opt/rustwide/cargo-home" "-e" "RUSTUP_HOME=/opt/rustwide/rustup-home" "-w" "/opt/rustwide/workdir" "-m" "1610612736" "--user" "0:0" "--network" "none" "ghcr.io/rust-lang/crates-build-env/linux@sha256:4a844ea9eb2546a2d2c7022eacef16ef2e8229c7fbb2c7d4d55a9ceca922f72d" "/opt/rustwide/cargo-home/bin/cargo" "+nightly-2024-10-28" "metadata" "--no-deps" "--format-version=1", kill_on_drop: false }`
[INFO] [stdout] 8b74b0dc8893c11c06e4485870421e7ddbb01ad096550f717b16c414ff30fb43
[INFO] running `Command { std: "docker" "start" "-a" "8b74b0dc8893c11c06e4485870421e7ddbb01ad096550f717b16c414ff30fb43", kill_on_drop: false }`
[INFO] running `Command { std: "docker" "inspect" "8b74b0dc8893c11c06e4485870421e7ddbb01ad096550f717b16c414ff30fb43", kill_on_drop: false }`
[INFO] running `Command { std: "docker" "rm" "-f" "8b74b0dc8893c11c06e4485870421e7ddbb01ad096550f717b16c414ff30fb43", kill_on_drop: false }`
[INFO] [stdout] 8b74b0dc8893c11c06e4485870421e7ddbb01ad096550f717b16c414ff30fb43
[INFO] running `Command { std: "docker" "create" "-v" "/var/lib/crater-agent-workspace/builds/worker-6-tc1/target:/opt/rustwide/target:rw,Z" "-v" "/var/lib/crater-agent-workspace/builds/worker-6-tc1/source:/opt/rustwide/workdir:ro,Z" "-v" "/var/lib/crater-agent-workspace/cargo-home:/opt/rustwide/cargo-home:ro,Z" "-v" "/var/lib/crater-agent-workspace/rustup-home:/opt/rustwide/rustup-home:ro,Z" "-e" "SOURCE_DIR=/opt/rustwide/workdir" "-e" "CARGO_TARGET_DIR=/opt/rustwide/target" "-e" "CARGO_INCREMENTAL=0" "-e" "RUST_BACKTRACE=full" "-e" "RUSTFLAGS=--cap-lints=forbid" "-e" "RUSTDOCFLAGS=--cap-lints=forbid" "-e" "CARGO_HOME=/opt/rustwide/cargo-home" "-e" "RUSTUP_HOME=/opt/rustwide/rustup-home" "-w" "/opt/rustwide/workdir" "-m" "1610612736" "--user" "0:0" "--network" "none" "ghcr.io/rust-lang/crates-build-env/linux@sha256:4a844ea9eb2546a2d2c7022eacef16ef2e8229c7fbb2c7d4d55a9ceca922f72d" "/opt/rustwide/cargo-home/bin/cargo" "+nightly-2024-10-28" "build" "--frozen" "--message-format=json", kill_on_drop: false }`
[INFO] [stdout] 2024c49c6219238f856ca1ee052b96a764eb38a3323edc57289fd5fa97d8b638
[INFO] running `Command { std: "docker" "start" "-a" "2024c49c6219238f856ca1ee052b96a764eb38a3323edc57289fd5fa97d8b638", kill_on_drop: false }`
[INFO] [stderr]    Compiling syn v1.0.109
[INFO] [stderr]    Compiling strsim v0.9.3
[INFO] [stderr]    Compiling ident_case v1.0.1
[INFO] [stderr]    Compiling fnv v1.0.7
[INFO] [stderr]    Compiling doc-comment v0.3.3
[INFO] [stderr]    Compiling darling_core v0.10.2
[INFO] [stderr]    Compiling darling_macro v0.10.2
[INFO] [stderr]    Compiling darling v0.10.2
[INFO] [stderr]    Compiling panda-re-macros v0.25.1 (/opt/rustwide/workdir)
[INFO] [stdout] warning: unused macro definition: `define_syscalls_callbacks`
[INFO] [stdout]    --> src/lib.rs:400:14
[INFO] [stdout]     |
[INFO] [stdout] 400 | macro_rules! define_syscalls_callbacks {
[INFO] [stdout]     |              ^^^^^^^^^^^^^^^^^^^^^^^^^
[INFO] [stdout]     |
[INFO] [stdout]     = note: `#[warn(unused_macros)]` on by default
[INFO] [stdout] 
[INFO] [stdout] 
[INFO] [stdout] warning: fields `0` and `1` are never read
[INFO] [stdout]    --> src/lib.rs:242:15
[INFO] [stdout]     |
[INFO] [stdout] 242 | struct Idents(syn::Ident, syn::Ident);
[INFO] [stdout]     |        ------ ^^^^^^^^^^  ^^^^^^^^^^
[INFO] [stdout]     |        |
[INFO] [stdout]     |        fields in this struct
[INFO] [stdout]     |
[INFO] [stdout]     = help: consider removing these fields
[INFO] [stdout]     = note: `#[warn(dead_code)]` on by default
[INFO] [stdout] 
[INFO] [stdout] 
[INFO] [stdout] warning: field `0` is never read
[INFO] [stdout]   --> src/guest_type.rs:47:9
[INFO] [stdout]    |
[INFO] [stdout] 47 |     Int(IntRepr),
[INFO] [stdout]    |     --- ^^^^^^^
[INFO] [stdout]    |     |
[INFO] [stdout]    |     field in this variant
[INFO] [stdout]    |
[INFO] [stdout] help: consider changing the field to be of unit type to suppress this warning while preserving the field numbering, or remove the field
[INFO] [stdout]    |
[INFO] [stdout] 47 |     Int(()),
[INFO] [stdout]    |         ~~
[INFO] [stdout] 
[INFO] [stdout] 
[INFO] [stderr]     Finished `dev` profile [unoptimized + debuginfo] target(s) in 11.62s
[INFO] running `Command { std: "docker" "inspect" "2024c49c6219238f856ca1ee052b96a764eb38a3323edc57289fd5fa97d8b638", kill_on_drop: false }`
[INFO] running `Command { std: "docker" "rm" "-f" "2024c49c6219238f856ca1ee052b96a764eb38a3323edc57289fd5fa97d8b638", kill_on_drop: false }`
[INFO] [stdout] 2024c49c6219238f856ca1ee052b96a764eb38a3323edc57289fd5fa97d8b638
[INFO] running `Command { std: "docker" "create" "-v" "/var/lib/crater-agent-workspace/builds/worker-6-tc1/target:/opt/rustwide/target:rw,Z" "-v" "/var/lib/crater-agent-workspace/builds/worker-6-tc1/source:/opt/rustwide/workdir:ro,Z" "-v" "/var/lib/crater-agent-workspace/cargo-home:/opt/rustwide/cargo-home:ro,Z" "-v" "/var/lib/crater-agent-workspace/rustup-home:/opt/rustwide/rustup-home:ro,Z" "-e" "SOURCE_DIR=/opt/rustwide/workdir" "-e" "CARGO_TARGET_DIR=/opt/rustwide/target" "-e" "CARGO_INCREMENTAL=0" "-e" "RUST_BACKTRACE=full" "-e" "RUSTFLAGS=--cap-lints=forbid" "-e" "RUSTDOCFLAGS=--cap-lints=forbid" "-e" "CARGO_HOME=/opt/rustwide/cargo-home" "-e" "RUSTUP_HOME=/opt/rustwide/rustup-home" "-w" "/opt/rustwide/workdir" "-m" "1610612736" "--user" "0:0" "--network" "none" "ghcr.io/rust-lang/crates-build-env/linux@sha256:4a844ea9eb2546a2d2c7022eacef16ef2e8229c7fbb2c7d4d55a9ceca922f72d" "/opt/rustwide/cargo-home/bin/cargo" "+nightly-2024-10-28" "test" "--frozen" "--no-run" "--message-format=json", kill_on_drop: false }`
[INFO] [stdout] 778a557afb00d4806077f24ad3583bfedd4fd8b305ff88ba6e50a485c9bef13d
[INFO] running `Command { std: "docker" "start" "-a" "778a557afb00d4806077f24ad3583bfedd4fd8b305ff88ba6e50a485c9bef13d", kill_on_drop: false }`
[INFO] [stderr]    Compiling panda-re-macros v0.25.1 (/opt/rustwide/workdir)
[INFO] [stdout] warning: unused macro definition: `define_syscalls_callbacks`
[INFO] [stdout]    --> src/lib.rs:400:14
[INFO] [stdout]     |
[INFO] [stdout] 400 | macro_rules! define_syscalls_callbacks {
[INFO] [stdout]     |              ^^^^^^^^^^^^^^^^^^^^^^^^^
[INFO] [stdout]     |
[INFO] [stdout]     = note: `#[warn(unused_macros)]` on by default
[INFO] [stdout] 
[INFO] [stdout] 
[INFO] [stdout] warning: unused macro definition: `define_syscalls_callbacks`
[INFO] [stdout]    --> src/lib.rs:400:14
[INFO] [stdout]     |
[INFO] [stdout] 400 | macro_rules! define_syscalls_callbacks {
[INFO] [stdout]     |              ^^^^^^^^^^^^^^^^^^^^^^^^^
[INFO] [stdout]     |
[INFO] [stdout]     = note: `#[warn(unused_macros)]` on by default
[INFO] [stdout] 
[INFO] [stdout] 
[INFO] [stdout] warning: fields `0` and `1` are never read
[INFO] [stdout]    --> src/lib.rs:242:15
[INFO] [stdout]     |
[INFO] [stdout] 242 | struct Idents(syn::Ident, syn::Ident);
[INFO] [stdout]     |        ------ ^^^^^^^^^^  ^^^^^^^^^^
[INFO] [stdout]     |        |
[INFO] [stdout]     |        fields in this struct
[INFO] [stdout]     |
[INFO] [stdout]     = help: consider removing these fields
[INFO] [stdout]     = note: `#[warn(dead_code)]` on by default
[INFO] [stdout] 
[INFO] [stdout] 
[INFO] [stdout] warning: field `0` is never read
[INFO] [stdout]   --> src/guest_type.rs:47:9
[INFO] [stdout]    |
[INFO] [stdout] 47 |     Int(IntRepr),
[INFO] [stdout]    |     --- ^^^^^^^
[INFO] [stdout]    |     |
[INFO] [stdout]    |     field in this variant
[INFO] [stdout]    |
[INFO] [stdout] help: consider changing the field to be of unit type to suppress this warning while preserving the field numbering, or remove the field
[INFO] [stdout]    |
[INFO] [stdout] 47 |     Int(()),
[INFO] [stdout]    |         ~~
[INFO] [stdout] 
[INFO] [stdout] 
[INFO] [stdout] warning: fields `0` and `1` are never read
[INFO] [stdout]    --> src/lib.rs:242:15
[INFO] [stdout]     |
[INFO] [stdout] 242 | struct Idents(syn::Ident, syn::Ident);
[INFO] [stdout]     |        ------ ^^^^^^^^^^  ^^^^^^^^^^
[INFO] [stdout]     |        |
[INFO] [stdout]     |        fields in this struct
[INFO] [stdout]     |
[INFO] [stdout]     = help: consider removing these fields
[INFO] [stdout]     = note: `#[warn(dead_code)]` on by default
[INFO] [stdout] 
[INFO] [stdout] 
[INFO] [stdout] warning: field `0` is never read
[INFO] [stdout]   --> src/guest_type.rs:47:9
[INFO] [stdout]    |
[INFO] [stdout] 47 |     Int(IntRepr),
[INFO] [stdout]    |     --- ^^^^^^^
[INFO] [stdout]    |     |
[INFO] [stdout]    |     field in this variant
[INFO] [stdout]    |
[INFO] [stdout] help: consider changing the field to be of unit type to suppress this warning while preserving the field numbering, or remove the field
[INFO] [stdout]    |
[INFO] [stdout] 47 |     Int(()),
[INFO] [stdout]    |         ~~
[INFO] [stdout] 
[INFO] [stdout] 
[INFO] [stderr]     Finished `test` profile [unoptimized + debuginfo] target(s) in 7.08s
[INFO] running `Command { std: "docker" "inspect" "778a557afb00d4806077f24ad3583bfedd4fd8b305ff88ba6e50a485c9bef13d", kill_on_drop: false }`
[INFO] running `Command { std: "docker" "rm" "-f" "778a557afb00d4806077f24ad3583bfedd4fd8b305ff88ba6e50a485c9bef13d", kill_on_drop: false }`
[INFO] [stdout] 778a557afb00d4806077f24ad3583bfedd4fd8b305ff88ba6e50a485c9bef13d
[INFO] running `Command { std: "docker" "create" "-v" "/var/lib/crater-agent-workspace/builds/worker-6-tc1/target:/opt/rustwide/target:rw,Z" "-v" "/var/lib/crater-agent-workspace/builds/worker-6-tc1/source:/opt/rustwide/workdir:ro,Z" "-v" "/var/lib/crater-agent-workspace/cargo-home:/opt/rustwide/cargo-home:ro,Z" "-v" "/var/lib/crater-agent-workspace/rustup-home:/opt/rustwide/rustup-home:ro,Z" "-e" "SOURCE_DIR=/opt/rustwide/workdir" "-e" "CARGO_TARGET_DIR=/opt/rustwide/target" "-e" "CARGO_INCREMENTAL=0" "-e" "RUST_BACKTRACE=full" "-e" "RUSTFLAGS=--cap-lints=forbid" "-e" "RUSTDOCFLAGS=--cap-lints=forbid" "-e" "CARGO_HOME=/opt/rustwide/cargo-home" "-e" "RUSTUP_HOME=/opt/rustwide/rustup-home" "-w" "/opt/rustwide/workdir" "-m" "1610612736" "--user" "0:0" "--network" "none" "ghcr.io/rust-lang/crates-build-env/linux@sha256:4a844ea9eb2546a2d2c7022eacef16ef2e8229c7fbb2c7d4d55a9ceca922f72d" "/opt/rustwide/cargo-home/bin/cargo" "+nightly-2024-10-28" "test" "--frozen", kill_on_drop: false }`
[INFO] [stdout] bfbb2b25c7cc4bd8d87038308f4c3a0d34d74b6191facb7def6ad204737432b5
[INFO] running `Command { std: "docker" "start" "-a" "bfbb2b25c7cc4bd8d87038308f4c3a0d34d74b6191facb7def6ad204737432b5", kill_on_drop: false }`
[INFO] [stderr] warning: unused macro definition: `define_syscalls_callbacks`
[INFO] [stderr]    --> src/lib.rs:400:14
[INFO] [stderr]     |
[INFO] [stderr] 400 | macro_rules! define_syscalls_callbacks {
[INFO] [stderr]     |              ^^^^^^^^^^^^^^^^^^^^^^^^^
[INFO] [stderr]     |
[INFO] [stderr]     = note: `#[warn(unused_macros)]` on by default
[INFO] [stderr] 
[INFO] [stderr] warning: fields `0` and `1` are never read
[INFO] [stderr]    --> src/lib.rs:242:15
[INFO] [stderr]     |
[INFO] [stderr] 242 | struct Idents(syn::Ident, syn::Ident);
[INFO] [stderr]     |        ------ ^^^^^^^^^^  ^^^^^^^^^^
[INFO] [stderr]     |        |
[INFO] [stderr]     |        fields in this struct
[INFO] [stderr]     |
[INFO] [stderr]     = help: consider removing these fields
[INFO] [stderr]     = note: `#[warn(dead_code)]` on by default
[INFO] [stderr] 
[INFO] [stderr] warning: field `0` is never read
[INFO] [stderr]   --> src/guest_type.rs:47:9
[INFO] [stderr]    |
[INFO] [stderr] 47 |     Int(IntRepr),
[INFO] [stderr]    |     --- ^^^^^^^
[INFO] [stderr]    |     |
[INFO] [stderr]    |     field in this variant
[INFO] [stderr]    |
[INFO] [stderr] help: consider changing the field to be of unit type to suppress this warning while preserving the field numbering, or remove the field
[INFO] [stderr]    |
[INFO] [stderr] 47 |     Int(()),
[INFO] [stderr]    |         ~~
[INFO] [stderr] 
[INFO] [stderr] warning: `panda-re-macros` (lib) generated 3 warnings
[INFO] [stderr] warning: `panda-re-macros` (lib test) generated 3 warnings (3 duplicates)
[INFO] [stderr]     Finished `test` profile [unoptimized + debuginfo] target(s) in 0.01s
[INFO] [stderr]      Running unittests src/lib.rs (/opt/rustwide/target/debug/deps/panda_macros-ff73a3c0cc515768)
[INFO] [stdout] 
[INFO] [stdout] running 0 tests
[INFO] [stdout] 
[INFO] [stdout] test result: ok. 0 passed; 0 failed; 0 ignored; 0 measured; 0 filtered out; finished in 0.00s
[INFO] [stdout] 
[INFO] [stderr]    Doc-tests panda_macros
[INFO] [stdout] 
[INFO] [stdout] running 108 tests
[INFO] [stdout] test src/lib.rs - asid_changed (line 267) ... FAILED
[INFO] [stdout] test src/lib.rs - after_machine_init (line 268) ... FAILED
[INFO] [stdout] test src/lib.rs - after_block_exec (line 268) ... FAILED
[INFO] [stdout] test src/lib.rs - after_block_translate (line 268) ... FAILED
[INFO] [stdout] test src/lib.rs - after_loadvm (line 268) ... FAILED
[INFO] [stdout] test src/lib.rs - after_insn_exec (line 268) ... FAILED
[INFO] [stdout] test src/lib.rs - after_insn_translate (line 267) ... FAILED
[INFO] [stdout] test src/lib.rs - after_cpu_exec_enter (line 267) ... FAILED
[INFO] [stdout] test src/lib.rs - after_loadvm (line 281) ... FAILED
[INFO] [stdout] test src/lib.rs - after_insn_exec (line 286) ... FAILED
[INFO] [stdout] test src/lib.rs - after_block_exec (line 284) ... FAILED
[INFO] [stdout] test src/lib.rs - after_machine_init (line 287) ... FAILED
[INFO] [stdout] test src/lib.rs - before_block_exec (line 267) ... FAILED
[INFO] [stdout] test src/lib.rs - before_block_exec_invalidate_opt (line 268) ... FAILED
[INFO] [stdout] test src/lib.rs - after_cpu_exec_enter (line 281) ... FAILED
[INFO] [stdout] test src/lib.rs - before_block_translate (line 267) ... FAILED
[INFO] [stdout] test src/lib.rs - asid_changed (line 289) ... FAILED
[INFO] [stdout] test src/lib.rs - after_insn_translate (line 286) ... FAILED
[INFO] [stdout] test src/lib.rs - before_cpu_exec_exit (line 267) ... FAILED
[INFO] [stdout] test src/lib.rs - after_block_translate (line 286) ... FAILED
[INFO] [stdout] test src/lib.rs - before_loadvm (line 270) ... FAILED
[INFO] [stdout] test src/lib.rs - before_loadvm (line 284) ... FAILED
[INFO] [stdout] test src/lib.rs - before_cpu_exec_exit (line 282) ... FAILED
[INFO] [stdout] test src/lib.rs - before_handle_exception (line 267) ... FAILED
[INFO] [stdout] test src/lib.rs - before_block_exec (line 282) ... FAILED
[INFO] [stdout] test src/lib.rs - during_machine_init (line 267) ... FAILED
[INFO] [stdout] test src/lib.rs - cpu_restore_state (line 268) ... FAILED
[INFO] [stdout] test src/lib.rs - before_block_translate (line 282) ... FAILED
[INFO] [stdout] test src/lib.rs - before_block_exec_invalidate_opt (line 286) ... FAILED
[INFO] [stdout] test src/lib.rs - before_tcg_codegen (line 267) ... FAILED
[INFO] [stdout] test src/lib.rs - end_block_exec (line 267) ... FAILED
[INFO] [stdout] test src/lib.rs - before_handle_exception (line 287) ... FAILED
[INFO] [stdout] test src/lib.rs - before_handle_interrupt (line 269) ... FAILED
[INFO] [stdout] test src/lib.rs - hd_write (line 267) ... FAILED
[INFO] [stdout] test src/lib.rs - hd_read (line 267) ... FAILED
[INFO] [stdout] test src/lib.rs - before_tcg_codegen (line 285) ... FAILED
[INFO] [stdout] test src/lib.rs - guest_hypercall (line 268) ... FAILED
[INFO] [stdout] test src/lib.rs - during_machine_init (line 279) ... FAILED
[INFO] [stdout] test src/lib.rs - cpu_restore_state (line 283) ... FAILED
[INFO] [stdout] test src/lib.rs - init (line 10) ... FAILED
[INFO] [stdout] test src/lib.rs - hd_read (line 278) ... FAILED
[INFO] [stdout] test src/lib.rs - hd_write (line 278) ... FAILED
[INFO] [stdout] test src/lib.rs - end_block_exec (line 283) ... FAILED
[INFO] [stdout] test src/lib.rs - guest_hypercall (line 291) ... FAILED
[INFO] [stdout] test src/lib.rs - insn_exec (line 268) ... FAILED
[INFO] [stdout] test src/lib.rs - insn_translate (line 267) ... FAILED
[INFO] [stdout] test src/lib.rs - main_loop_wait (line 279) ... FAILED
[INFO] [stdout] test src/lib.rs - main_loop_wait (line 267) ... FAILED
[INFO] [stdout] test src/lib.rs - mmio_after_read (line 267) ... FAILED
[INFO] [stdout] test src/lib.rs - hook (line 124) ... FAILED
[INFO] [stdout] test src/lib.rs - mmio_before_write (line 267) ... FAILED
[INFO] [stdout] test src/lib.rs - hook (line 91) ... FAILED
[INFO] [stdout] test src/lib.rs - monitor (line 267) ... FAILED
[INFO] [stdout] test src/lib.rs - phys_mem_after_read (line 267) ... FAILED
[INFO] [stdout] test src/lib.rs - insn_exec (line 289) ... FAILED
[INFO] [stdout] test src/lib.rs - insn_translate (line 289) ... FAILED
[INFO] [stdout] test src/lib.rs - phys_mem_after_write (line 267) ... FAILED
[INFO] [stdout] test src/lib.rs - mmio_before_write (line 285) ... FAILED
[INFO] [stdout] test src/lib.rs - mmio_after_read (line 285) ... FAILED
[INFO] [stdout] test src/lib.rs - monitor (line 294) ... FAILED
[INFO] [stdout] test src/lib.rs - on_thread_start (line 629) ... FAILED
[INFO] [stdout] test src/lib.rs - phys_mem_before_read (line 267) ... FAILED
[INFO] [stdout] test src/lib.rs - on_mmap_updated (line 629) ... FAILED
[INFO] [stdout] test src/lib.rs - on_process_start (line 629) ... FAILED
[INFO] [stdout] test src/lib.rs - on_rec_auxv (line 581) ... FAILED
[INFO] [stdout] test src/lib.rs - phys_mem_before_write (line 267) ... FAILED
[INFO] [stdout] test src/lib.rs - pre_shutdown (line 267) ... FAILED
[INFO] [stdout] test src/lib.rs - on_process_end (line 629) ... FAILED
[INFO] [stdout] test src/lib.rs - pre_shutdown (line 280) ... FAILED
[INFO] [stdout] test src/lib.rs - phys_mem_after_write (line 285) ... FAILED
[INFO] [stdout] test src/lib.rs - replay_after_dma (line 267) ... FAILED
[INFO] [stdout] test src/lib.rs - on_thread_end (line 629) ... FAILED
[INFO] [stdout] test src/lib.rs - phys_mem_after_read (line 285) ... FAILED
[INFO] [stdout] test src/lib.rs - phys_mem_before_read (line 284) ... FAILED
[INFO] [stdout] test src/lib.rs - replay_handle_packet (line 267) ... FAILED
[INFO] [stdout] test src/lib.rs - replay_before_dma (line 268) ... FAILED
[INFO] [stdout] test src/lib.rs - replay_after_dma (line 285) ... FAILED
[INFO] [stdout] test src/lib.rs - replay_hd_transfer (line 267) ... FAILED
[INFO] [stdout] test src/lib.rs - phys_mem_before_write (line 285) ... FAILED
[INFO] [stdout] test src/lib.rs - replay_serial_read (line 267) ... FAILED
[INFO] [stdout] test src/lib.rs - replay_net_transfer (line 268) ... FAILED
[INFO] [stdout] test src/lib.rs - replay_serial_send (line 267) ... FAILED
[INFO] [stdout] test src/lib.rs - replay_handle_packet (line 301) ... FAILED
[INFO] [stdout] test src/lib.rs - replay_before_dma (line 286) ... FAILED
[INFO] [stdout] test src/lib.rs - replay_serial_receive (line 267) ... FAILED
[INFO] [stdout] test src/lib.rs - replay_serial_write (line 267) ... FAILED
[INFO] [stdout] test src/lib.rs - top_loop (line 267) ... FAILED
[INFO] [stdout] test src/lib.rs - start_block_exec (line 267) ... FAILED
[INFO] [stdout] test src/lib.rs - unassigned_io_read (line 267) ... FAILED
[INFO] [stdout] test src/lib.rs - replay_hd_transfer (line 292) ... FAILED
[INFO] [stdout] test src/lib.rs - unassigned_io_write (line 267) ... FAILED
[INFO] [stdout] test src/lib.rs - replay_serial_receive (line 283) ... FAILED
[INFO] [stdout] test src/lib.rs - replay_net_transfer (line 293) ... FAILED
[INFO] [stdout] test src/lib.rs - replay_serial_read (line 284) ... FAILED
[INFO] [stdout] test src/lib.rs - virt_mem_after_read (line 267) ... FAILED
[INFO] [stdout] test src/lib.rs - virt_mem_after_write (line 267) ... FAILED
[INFO] [stdout] test src/lib.rs - replay_serial_send (line 283) ... FAILED
[INFO] [stdout] test src/lib.rs - start_block_exec (line 283) ... FAILED
[INFO] [stdout] test src/lib.rs - top_loop (line 281) ... FAILED
[INFO] [stdout] test src/lib.rs - virt_mem_before_read (line 267) ... FAILED
[INFO] [stdout] test src/lib.rs - unassigned_io_read (line 283) ... FAILED
[INFO] [stdout] test src/lib.rs - virt_mem_before_write (line 267) ... FAILED
[INFO] [stdout] test src/lib.rs - replay_serial_write (line 285) ... FAILED
[INFO] [stdout] test src/lib.rs - unassigned_io_write (line 283) ... FAILED
[INFO] [stdout] test src/lib.rs - virt_mem_after_write (line 285) ... FAILED
[INFO] [stdout] test src/lib.rs - virt_mem_after_read (line 285) ... FAILED
[INFO] [stdout] test src/lib.rs - virt_mem_before_read (line 284) ... FAILED
[INFO] [stdout] test src/lib.rs - virt_mem_before_write (line 285) ... FAILED
[INFO] [stdout] 
[INFO] [stdout] failures:
[INFO] [stdout] 
[INFO] [stdout] ---- src/lib.rs - asid_changed (line 267) stdout ----
[INFO] [stdout] error: expected one of `!`, `.`, `::`, `;`, `?`, `{`, `}`, or an operator, found `ID`
[INFO] [stdout]  --> src/lib.rs:268:10
[INFO] [stdout]   |
[INFO] [stdout] 3 | Callback ID: PANDA_CB_ASID_CHANGED
[INFO] [stdout]   |          ^^ expected one of 8 possible tokens
[INFO] [stdout] 
[INFO] [stdout] error: aborting due to 1 previous error
[INFO] [stdout] 
[INFO] [stdout] Couldn't compile the test.
[INFO] [stdout] ---- src/lib.rs - after_machine_init (line 268) stdout ----
[INFO] [stdout] error: expected one of `!`, `.`, `::`, `;`, `?`, `{`, `}`, or an operator, found `ID`
[INFO] [stdout]  --> src/lib.rs:269:10
[INFO] [stdout]   |
[INFO] [stdout] 3 | Callback ID:     PANDA_CB_AFTER_MACHINE_INIT
[INFO] [stdout]   |          ^^ expected one of 8 possible tokens
[INFO] [stdout] 
[INFO] [stdout] error: aborting due to 1 previous error
[INFO] [stdout] 
[INFO] [stdout] Couldn't compile the test.
[INFO] [stdout] ---- src/lib.rs - after_block_exec (line 268) stdout ----
[INFO] [stdout] error: expected one of `!`, `.`, `::`, `;`, `?`, `{`, `}`, or an operator, found `ID`
[INFO] [stdout]  --> src/lib.rs:269:10
[INFO] [stdout]   |
[INFO] [stdout] 3 | Callback ID: PANDA_CB_AFTER_BLOCK_EXEC
[INFO] [stdout]   |          ^^ expected one of 8 possible tokens
[INFO] [stdout] 
[INFO] [stdout] error: aborting due to 1 previous error
[INFO] [stdout] 
[INFO] [stdout] Couldn't compile the test.
[INFO] [stdout] ---- src/lib.rs - after_block_translate (line 268) stdout ----
[INFO] [stdout] error: expected one of `!`, `.`, `::`, `;`, `?`, `{`, `}`, or an operator, found `ID`
[INFO] [stdout]  --> src/lib.rs:269:10
[INFO] [stdout]   |
[INFO] [stdout] 3 | Callback ID: PANDA_CB_AFTER_BLOCK_EXEC
[INFO] [stdout]   |          ^^ expected one of 8 possible tokens
[INFO] [stdout] 
[INFO] [stdout] error: aborting due to 1 previous error
[INFO] [stdout] 
[INFO] [stdout] Couldn't compile the test.
[INFO] [stdout] ---- src/lib.rs - after_loadvm (line 268) stdout ----
[INFO] [stdout] error: expected one of `!`, `.`, `::`, `;`, `?`, `{`, `}`, or an operator, found `ID`
[INFO] [stdout]  --> src/lib.rs:269:10
[INFO] [stdout]   |
[INFO] [stdout] 3 | Callback ID:     PANDA_CB_AFTER_LOADVM
[INFO] [stdout]   |          ^^ expected one of 8 possible tokens
[INFO] [stdout] 
[INFO] [stdout] error: aborting due to 1 previous error
[INFO] [stdout] 
[INFO] [stdout] Couldn't compile the test.
[INFO] [stdout] ---- src/lib.rs - after_insn_exec (line 268) stdout ----
[INFO] [stdout] error: unknown start of token: `
[INFO] [stdout]   --> src/lib.rs:281:9
[INFO] [stdout]    |
[INFO] [stdout] 15 |     See `insn_exec`. Enabled via the PANDA_CB_AFTER_INSN_TRANSLATE callback.
[INFO] [stdout]    |         ^
[INFO] [stdout]    |
[INFO] [stdout] help: Unicode character '`' (Grave Accent) looks like ''' (Single Quote), but it is not
[INFO] [stdout]    |
[INFO] [stdout] 15 |     See 'insn_exec`. Enabled via the PANDA_CB_AFTER_INSN_TRANSLATE callback.
[INFO] [stdout]    |         ~
[INFO] [stdout] 
[INFO] [stdout] error: unknown start of token: `
[INFO] [stdout]   --> src/lib.rs:281:19
[INFO] [stdout]    |
[INFO] [stdout] 15 |     See `insn_exec`. Enabled via the PANDA_CB_AFTER_INSN_TRANSLATE callback.
[INFO] [stdout]    |                   ^
[INFO] [stdout]    |
[INFO] [stdout] help: Unicode character '`' (Grave Accent) looks like ''' (Single Quote), but it is not
[INFO] [stdout]    |
[INFO] [stdout] 15 |     See `insn_exec'. Enabled via the PANDA_CB_AFTER_INSN_TRANSLATE callback.
[INFO] [stdout]    |                   ~
[INFO] [stdout] 
[INFO] [stdout] error: expected one of `!`, `.`, `::`, `;`, `?`, `{`, `}`, or an operator, found `ID`
[INFO] [stdout]  --> src/lib.rs:269:10
[INFO] [stdout]   |
[INFO] [stdout] 3 | Callback ID: PANDA_CB_AFTER_INSN_EXEC
[INFO] [stdout]   |          ^^ expected one of 8 possible tokens
[INFO] [stdout] 
[INFO] [stdout] error: aborting due to 3 previous errors
[INFO] [stdout] 
[INFO] [stdout] Couldn't compile the test.
[INFO] [stdout] ---- src/lib.rs - after_insn_translate (line 267) stdout ----
[INFO] [stdout] error: unknown start of token: `
[INFO] [stdout]   --> src/lib.rs:281:9
[INFO] [stdout]    |
[INFO] [stdout] 16 |     See `insn_translate`, callbacks are registered via PANDA_CB_AFTER_INSN_EXEC
[INFO] [stdout]    |         ^
[INFO] [stdout]    |
[INFO] [stdout] help: Unicode character '`' (Grave Accent) looks like ''' (Single Quote), but it is not
[INFO] [stdout]    |
[INFO] [stdout] 16 |     See 'insn_translate`, callbacks are registered via PANDA_CB_AFTER_INSN_EXEC
[INFO] [stdout]    |         ~
[INFO] [stdout] 
[INFO] [stdout] error: unknown start of token: `
[INFO] [stdout]   --> src/lib.rs:281:24
[INFO] [stdout]    |
[INFO] [stdout] 16 |     See `insn_translate`, callbacks are registered via PANDA_CB_AFTER_INSN_EXEC
[INFO] [stdout]    |                        ^
[INFO] [stdout]    |
[INFO] [stdout] help: Unicode character '`' (Grave Accent) looks like ''' (Single Quote), but it is not
[INFO] [stdout]    |
[INFO] [stdout] 16 |     See `insn_translate', callbacks are registered via PANDA_CB_AFTER_INSN_EXEC
[INFO] [stdout]    |                        ~
[INFO] [stdout] 
[INFO] [stdout] error: expected one of `!`, `.`, `::`, `;`, `?`, `{`, `}`, or an operator, found `ID`
[INFO] [stdout]  --> src/lib.rs:268:10
[INFO] [stdout]   |
[INFO] [stdout] 3 | Callback ID: PANDA_CB_AFTER_INSN_TRANSLATE
[INFO] [stdout]   |          ^^ expected one of 8 possible tokens
[INFO] [stdout] 
[INFO] [stdout] error: aborting due to 3 previous errors
[INFO] [stdout] 
[INFO] [stdout] Couldn't compile the test.
[INFO] [stdout] ---- src/lib.rs - after_cpu_exec_enter (line 267) stdout ----
[INFO] [stdout] error: expected one of `!`, `.`, `::`, `;`, `?`, `{`, `}`, or an operator, found `ID`
[INFO] [stdout]  --> src/lib.rs:268:10
[INFO] [stdout]   |
[INFO] [stdout] 3 | Callback ID: PANDA_CB_AFTER_CPU_EXEC_ENTER
[INFO] [stdout]   |          ^^ expected one of 8 possible tokens
[INFO] [stdout] 
[INFO] [stdout] error: aborting due to 1 previous error
[INFO] [stdout] 
[INFO] [stdout] Couldn't compile the test.
[INFO] [stdout] ---- src/lib.rs - after_loadvm (line 281) stdout ----
[INFO] [stdout] error[E0433]: failed to resolve: use of undeclared crate or module `panda`
[INFO] [stdout]  --> src/lib.rs:282:5
[INFO] [stdout]   |
[INFO] [stdout] 3 | use panda::prelude::*;
[INFO] [stdout]   |     ^^^^^ use of undeclared crate or module `panda`
[INFO] [stdout] 
[INFO] [stdout] error[E0433]: failed to resolve: use of undeclared crate or module `panda`
[INFO] [stdout]  --> src/lib.rs:284:3
[INFO] [stdout]   |
[INFO] [stdout] 5 | #[panda::after_loadvm]
[INFO] [stdout]   |   ^^^^^ use of undeclared crate or module `panda`
[INFO] [stdout] 
[INFO] [stdout] error[E0412]: cannot find type `CPUState` in this scope
[INFO] [stdout]  --> src/lib.rs:285:21
[INFO] [stdout]   |
[INFO] [stdout] 6 | fn callback(_: &mut CPUState, ) {
[INFO] [stdout]   |                     ^^^^^^^^ not found in this scope
[INFO] [stdout] 
[INFO] [stdout] error: aborting due to 3 previous errors
[INFO] [stdout] 
[INFO] [stdout] Some errors have detailed explanations: E0412, E0433.
[INFO] [stdout] For more information about an error, try `rustc --explain E0412`.
[INFO] [stdout] Couldn't compile the test.
[INFO] [stdout] ---- src/lib.rs - after_insn_exec (line 286) stdout ----
[INFO] [stdout] error[E0433]: failed to resolve: use of undeclared crate or module `panda`
[INFO] [stdout]  --> src/lib.rs:287:5
[INFO] [stdout]   |
[INFO] [stdout] 3 | use panda::prelude::*;
[INFO] [stdout]   |     ^^^^^ use of undeclared crate or module `panda`
[INFO] [stdout] 
[INFO] [stdout] error[E0433]: failed to resolve: use of undeclared crate or module `panda`
[INFO] [stdout]  --> src/lib.rs:289:3
[INFO] [stdout]   |
[INFO] [stdout] 5 | #[panda::after_insn_exec]
[INFO] [stdout]   |   ^^^^^ use of undeclared crate or module `panda`
[INFO] [stdout] 
[INFO] [stdout] error[E0412]: cannot find type `CPUState` in this scope
[INFO] [stdout]  --> src/lib.rs:290:21
[INFO] [stdout]   |
[INFO] [stdout] 6 | fn callback(_: &mut CPUState, _: target_ptr_t, ) {
[INFO] [stdout]   |                     ^^^^^^^^ not found in this scope
[INFO] [stdout] 
[INFO] [stdout] error[E0412]: cannot find type `target_ptr_t` in this scope
[INFO] [stdout]  --> src/lib.rs:290:34
[INFO] [stdout]   |
[INFO] [stdout] 6 | fn callback(_: &mut CPUState, _: target_ptr_t, ) {
[INFO] [stdout]   |                                  ^^^^^^^^^^^^ not found in this scope
[INFO] [stdout] 
[INFO] [stdout] error: aborting due to 4 previous errors
[INFO] [stdout] 
[INFO] [stdout] Some errors have detailed explanations: E0412, E0433.
[INFO] [stdout] For more information about an error, try `rustc --explain E0412`.
[INFO] [stdout] Couldn't compile the test.
[INFO] [stdout] ---- src/lib.rs - after_block_exec (line 284) stdout ----
[INFO] [stdout] error[E0433]: failed to resolve: use of undeclared crate or module `panda`
[INFO] [stdout]  --> src/lib.rs:285:5
[INFO] [stdout]   |
[INFO] [stdout] 3 | use panda::prelude::*;
[INFO] [stdout]   |     ^^^^^ use of undeclared crate or module `panda`
[INFO] [stdout] 
[INFO] [stdout] error[E0433]: failed to resolve: use of undeclared crate or module `panda`
[INFO] [stdout]  --> src/lib.rs:287:3
[INFO] [stdout]   |
[INFO] [stdout] 5 | #[panda::after_block_exec]
[INFO] [stdout]   |   ^^^^^ use of undeclared crate or module `panda`
[INFO] [stdout] 
[INFO] [stdout] error[E0412]: cannot find type `CPUState` in this scope
[INFO] [stdout]  --> src/lib.rs:288:21
[INFO] [stdout]   |
[INFO] [stdout] 6 | fn callback(_: &mut CPUState, _: &mut TranslationBlock, _: u8, ) {
[INFO] [stdout]   |                     ^^^^^^^^ not found in this scope
[INFO] [stdout] 
[INFO] [stdout] error[E0412]: cannot find type `TranslationBlock` in this scope
[INFO] [stdout]  --> src/lib.rs:288:39
[INFO] [stdout]   |
[INFO] [stdout] 6 | fn callback(_: &mut CPUState, _: &mut TranslationBlock, _: u8, ) {
[INFO] [stdout]   |                                       ^^^^^^^^^^^^^^^^ not found in this scope
[INFO] [stdout] 
[INFO] [stdout] error: aborting due to 4 previous errors
[INFO] [stdout] 
[INFO] [stdout] Some errors have detailed explanations: E0412, E0433.
[INFO] [stdout] For more information about an error, try `rustc --explain E0412`.
[INFO] [stdout] Couldn't compile the test.
[INFO] [stdout] ---- src/lib.rs - after_machine_init (line 287) stdout ----
[INFO] [stdout] error[E0433]: failed to resolve: use of undeclared crate or module `panda`
[INFO] [stdout]  --> src/lib.rs:288:5
[INFO] [stdout]   |
[INFO] [stdout] 3 | use panda::prelude::*;
[INFO] [stdout]   |     ^^^^^ use of undeclared crate or module `panda`
[INFO] [stdout] 
[INFO] [stdout] error[E0433]: failed to resolve: use of undeclared crate or module `panda`
[INFO] [stdout]  --> src/lib.rs:290:3
[INFO] [stdout]   |
[INFO] [stdout] 5 | #[panda::after_machine_init]
[INFO] [stdout]   |   ^^^^^ use of undeclared crate or module `panda`
[INFO] [stdout] 
[INFO] [stdout] error[E0412]: cannot find type `CPUState` in this scope
[INFO] [stdout]  --> src/lib.rs:291:21
[INFO] [stdout]   |
[INFO] [stdout] 6 | fn callback(_: &mut CPUState, ) {
[INFO] [stdout]   |                     ^^^^^^^^ not found in this scope
[INFO] [stdout] 
[INFO] [stdout] error: aborting due to 3 previous errors
[INFO] [stdout] 
[INFO] [stdout] Some errors have detailed explanations: E0412, E0433.
[INFO] [stdout] For more information about an error, try `rustc --explain E0412`.
[INFO] [stdout] Couldn't compile the test.
[INFO] [stdout] ---- src/lib.rs - before_block_exec (line 267) stdout ----
[INFO] [stdout] error: expected one of `!`, `.`, `::`, `;`, `?`, `{`, `}`, or an operator, found `ID`
[INFO] [stdout]  --> src/lib.rs:268:10
[INFO] [stdout]   |
[INFO] [stdout] 3 | Callback ID: PANDA_CB_BEFORE_BLOCK_EXEC
[INFO] [stdout]   |          ^^ expected one of 8 possible tokens
[INFO] [stdout] 
[INFO] [stdout] error: aborting due to 1 previous error
[INFO] [stdout] 
[INFO] [stdout] Couldn't compile the test.
[INFO] [stdout] ---- src/lib.rs - before_block_exec_invalidate_opt (line 268) stdout ----
[INFO] [stdout] error: expected one of `!`, `.`, `::`, `;`, `?`, `{`, `}`, or an operator, found `ID`
[INFO] [stdout]  --> src/lib.rs:269:10
[INFO] [stdout]   |
[INFO] [stdout] 3 | Callback ID: PANDA_CB_BEFORE_BLOCK_EXEC_INVALIDATE_OPT
[INFO] [stdout]   |          ^^ expected one of 8 possible tokens
[INFO] [stdout] 
[INFO] [stdout] error: aborting due to 1 previous error
[INFO] [stdout] 
[INFO] [stdout] Couldn't compile the test.
[INFO] [stdout] ---- src/lib.rs - after_cpu_exec_enter (line 281) stdout ----
[INFO] [stdout] error[E0433]: failed to resolve: use of undeclared crate or module `panda`
[INFO] [stdout]  --> src/lib.rs:282:5
[INFO] [stdout]   |
[INFO] [stdout] 3 | use panda::prelude::*;
[INFO] [stdout]   |     ^^^^^ use of undeclared crate or module `panda`
[INFO] [stdout] 
[INFO] [stdout] error[E0433]: failed to resolve: use of undeclared crate or module `panda`
[INFO] [stdout]  --> src/lib.rs:284:3
[INFO] [stdout]   |
[INFO] [stdout] 5 | #[panda::after_cpu_exec_enter]
[INFO] [stdout]   |   ^^^^^ use of undeclared crate or module `panda`
[INFO] [stdout] 
[INFO] [stdout] error[E0412]: cannot find type `CPUState` in this scope
[INFO] [stdout]  --> src/lib.rs:285:21
[INFO] [stdout]   |
[INFO] [stdout] 6 | fn callback(_: &mut CPUState, ) {
[INFO] [stdout]   |                     ^^^^^^^^ not found in this scope
[INFO] [stdout] 
[INFO] [stdout] error: aborting due to 3 previous errors
[INFO] [stdout] 
[INFO] [stdout] Some errors have detailed explanations: E0412, E0433.
[INFO] [stdout] For more information about an error, try `rustc --explain E0412`.
[INFO] [stdout] Couldn't compile the test.
[INFO] [stdout] ---- src/lib.rs - before_block_translate (line 267) stdout ----
[INFO] [stdout] error: expected one of `!`, `.`, `::`, `;`, `?`, `{`, `}`, or an operator, found `ID`
[INFO] [stdout]  --> src/lib.rs:268:10
[INFO] [stdout]   |
[INFO] [stdout] 3 | Callback ID: PANDA_CB_BEFORE_BLOCK_TRANSLATE
[INFO] [stdout]   |          ^^ expected one of 8 possible tokens
[INFO] [stdout] 
[INFO] [stdout] error: aborting due to 1 previous error
[INFO] [stdout] 
[INFO] [stdout] Couldn't compile the test.
[INFO] [stdout] ---- src/lib.rs - asid_changed (line 289) stdout ----
[INFO] [stdout] error[E0433]: failed to resolve: use of undeclared crate or module `panda`
[INFO] [stdout]  --> src/lib.rs:290:5
[INFO] [stdout]   |
[INFO] [stdout] 3 | use panda::prelude::*;
[INFO] [stdout]   |     ^^^^^ use of undeclared crate or module `panda`
[INFO] [stdout] 
[INFO] [stdout] error[E0433]: failed to resolve: use of undeclared crate or module `panda`
[INFO] [stdout]  --> src/lib.rs:292:3
[INFO] [stdout]   |
[INFO] [stdout] 5 | #[panda::asid_changed]
[INFO] [stdout]   |   ^^^^^ use of undeclared crate or module `panda`
[INFO] [stdout] 
[INFO] [stdout] error[E0412]: cannot find type `CPUState` in this scope
[INFO] [stdout]  --> src/lib.rs:293:21
[INFO] [stdout]   |
[INFO] [stdout] 6 | fn callback(_: &mut CPUState, _: target_ptr_t, _: target_ptr_t, ) -> bool {
[INFO] [stdout]   |                     ^^^^^^^^ not found in this scope
[INFO] [stdout] 
[INFO] [stdout] error[E0412]: cannot find type `target_ptr_t` in this scope
[INFO] [stdout]  --> src/lib.rs:293:34
[INFO] [stdout]   |
[INFO] [stdout] 6 | fn callback(_: &mut CPUState, _: target_ptr_t, _: target_ptr_t, ) -> bool {
[INFO] [stdout]   |                                  ^^^^^^^^^^^^ not found in this scope
[INFO] [stdout] 
[INFO] [stdout] error[E0412]: cannot find type `target_ptr_t` in this scope
[INFO] [stdout]  --> src/lib.rs:293:51
[INFO] [stdout]   |
[INFO] [stdout] 6 | fn callback(_: &mut CPUState, _: target_ptr_t, _: target_ptr_t, ) -> bool {
[INFO] [stdout]   |                                                   ^^^^^^^^^^^^ not found in this scope
[INFO] [stdout] 
[INFO] [stdout] error[E0308]: mismatched types
[INFO] [stdout]  --> src/lib.rs:293:70
[INFO] [stdout]   |
[INFO] [stdout] 6 | fn callback(_: &mut CPUState, _: target_ptr_t, _: target_ptr_t, ) -> bool {
[INFO] [stdout]   |    --------                                                          ^^^^ expected `bool`, found `()`
[INFO] [stdout]   |    |
[INFO] [stdout]   |    implicitly returns `()` as its body has no tail or `return` expression
[INFO] [stdout] 
[INFO] [stdout] error: aborting due to 6 previous errors
[INFO] [stdout] 
[INFO] [stdout] Some errors have detailed explanations: E0308, E0412, E0433.
[INFO] [stdout] For more information about an error, try `rustc --explain E0308`.
[INFO] [stdout] Couldn't compile the test.
[INFO] [stdout] ---- src/lib.rs - after_insn_translate (line 286) stdout ----
[INFO] [stdout] error[E0433]: failed to resolve: use of undeclared crate or module `panda`
[INFO] [stdout]  --> src/lib.rs:287:5
[INFO] [stdout]   |
[INFO] [stdout] 3 | use panda::prelude::*;
[INFO] [stdout]   |     ^^^^^ use of undeclared crate or module `panda`
[INFO] [stdout] 
[INFO] [stdout] error[E0433]: failed to resolve: use of undeclared crate or module `panda`
[INFO] [stdout]  --> src/lib.rs:289:3
[INFO] [stdout]   |
[INFO] [stdout] 5 | #[panda::after_insn_translate]
[INFO] [stdout]   |   ^^^^^ use of undeclared crate or module `panda`
[INFO] [stdout] 
[INFO] [stdout] error[E0412]: cannot find type `CPUState` in this scope
[INFO] [stdout]  --> src/lib.rs:290:21
[INFO] [stdout]   |
[INFO] [stdout] 6 | fn callback(_: &mut CPUState, _: target_ptr_t, ) -> bool {
[INFO] [stdout]   |                     ^^^^^^^^ not found in this scope
[INFO] [stdout] 
[INFO] [stdout] error[E0412]: cannot find type `target_ptr_t` in this scope
[INFO] [stdout]  --> src/lib.rs:290:34
[INFO] [stdout]   |
[INFO] [stdout] 6 | fn callback(_: &mut CPUState, _: target_ptr_t, ) -> bool {
[INFO] [stdout]   |                                  ^^^^^^^^^^^^ not found in this scope
[INFO] [stdout] 
[INFO] [stdout] error[E0308]: mismatched types
[INFO] [stdout]  --> src/lib.rs:290:53
[INFO] [stdout]   |
[INFO] [stdout] 6 | fn callback(_: &mut CPUState, _: target_ptr_t, ) -> bool {
[INFO] [stdout]   |    --------                                         ^^^^ expected `bool`, found `()`
[INFO] [stdout]   |    |
[INFO] [stdout]   |    implicitly returns `()` as its body has no tail or `return` expression
[INFO] [stdout] 
[INFO] [stdout] error: aborting due to 5 previous errors
[INFO] [stdout] 
[INFO] [stdout] Some errors have detailed explanations: E0308, E0412, E0433.
[INFO] [stdout] For more information about an error, try `rustc --explain E0308`.
[INFO] [stdout] Couldn't compile the test.
[INFO] [stdout] ---- src/lib.rs - before_cpu_exec_exit (line 267) stdout ----
[INFO] [stdout] error: expected one of `!`, `.`, `::`, `;`, `?`, `{`, `}`, or an operator, found `ID`
[INFO] [stdout]  --> src/lib.rs:268:10
[INFO] [stdout]   |
[INFO] [stdout] 3 | Callback ID: PANDA_CB_BEFORE_CPU_EXEC_EXIT
[INFO] [stdout]   |          ^^ expected one of 8 possible tokens
[INFO] [stdout] 
[INFO] [stdout] error: aborting due to 1 previous error
[INFO] [stdout] 
[INFO] [stdout] Couldn't compile the test.
[INFO] [stdout] ---- src/lib.rs - after_block_translate (line 286) stdout ----
[INFO] [stdout] error[E0433]: failed to resolve: use of undeclared crate or module `panda`
[INFO] [stdout]  --> src/lib.rs:287:5
[INFO] [stdout]   |
[INFO] [stdout] 3 | use panda::prelude::*;
[INFO] [stdout]   |     ^^^^^ use of undeclared crate or module `panda`
[INFO] [stdout] 
[INFO] [stdout] error[E0433]: failed to resolve: use of undeclared crate or module `panda`
[INFO] [stdout]  --> src/lib.rs:289:3
[INFO] [stdout]   |
[INFO] [stdout] 5 | #[panda::after_block_translate]
[INFO] [stdout]   |   ^^^^^ use of undeclared crate or module `panda`
[INFO] [stdout] 
[INFO] [stdout] error[E0412]: cannot find type `CPUState` in this scope
[INFO] [stdout]  --> src/lib.rs:290:21
[INFO] [stdout]   |
[INFO] [stdout] 6 | fn callback(_: &mut CPUState, _: &mut TranslationBlock, ) {
[INFO] [stdout]   |                     ^^^^^^^^ not found in this scope
[INFO] [stdout] 
[INFO] [stdout] error[E0412]: cannot find type `TranslationBlock` in this scope
[INFO] [stdout]  --> src/lib.rs:290:39
[INFO] [stdout]   |
[INFO] [stdout] 6 | fn callback(_: &mut CPUState, _: &mut TranslationBlock, ) {
[INFO] [stdout]   |                                       ^^^^^^^^^^^^^^^^ not found in this scope
[INFO] [stdout] 
[INFO] [stdout] error: aborting due to 4 previous errors
[INFO] [stdout] 
[INFO] [stdout] Some errors have detailed explanations: E0412, E0433.
[INFO] [stdout] For more information about an error, try `rustc --explain E0412`.
[INFO] [stdout] Couldn't compile the test.
[INFO] [stdout] ---- src/lib.rs - before_loadvm (line 270) stdout ----
[INFO] [stdout] error: expected one of `!`, `.`, `::`, `;`, `?`, `{`, `}`, or an operator, found `ID`
[INFO] [stdout]  --> src/lib.rs:271:10
[INFO] [stdout]   |
[INFO] [stdout] 3 | Callback ID: PANDA_CB_BEFORE_LOADVM
[INFO] [stdout]   |          ^^ expected one of 8 possible tokens
[INFO] [stdout] 
[INFO] [stdout] error: aborting due to 1 previous error
[INFO] [stdout] 
[INFO] [stdout] Couldn't compile the test.
[INFO] [stdout] ---- src/lib.rs - before_loadvm (line 284) stdout ----
[INFO] [stdout] error[E0433]: failed to resolve: use of undeclared crate or module `panda`
[INFO] [stdout]  --> src/lib.rs:285:5
[INFO] [stdout]   |
[INFO] [stdout] 3 | use panda::prelude::*;
[INFO] [stdout]   |     ^^^^^ use of undeclared crate or module `panda`
[INFO] [stdout] 
[INFO] [stdout] error[E0433]: failed to resolve: use of undeclared crate or module `panda`
[INFO] [stdout]  --> src/lib.rs:287:3
[INFO] [stdout]   |
[INFO] [stdout] 5 | #[panda::before_loadvm]
[INFO] [stdout]   |   ^^^^^ use of undeclared crate or module `panda`
[INFO] [stdout] 
[INFO] [stdout] error: aborting due to 2 previous errors
[INFO] [stdout] 
[INFO] [stdout] For more information about this error, try `rustc --explain E0433`.
[INFO] [stdout] Couldn't compile the test.
[INFO] [stdout] ---- src/lib.rs - before_cpu_exec_exit (line 282) stdout ----
[INFO] [stdout] error[E0433]: failed to resolve: use of undeclared crate or module `panda`
[INFO] [stdout]  --> src/lib.rs:283:5
[INFO] [stdout]   |
[INFO] [stdout] 3 | use panda::prelude::*;
[INFO] [stdout]   |     ^^^^^ use of undeclared crate or module `panda`
[INFO] [stdout] 
[INFO] [stdout] error[E0433]: failed to resolve: use of undeclared crate or module `panda`
[INFO] [stdout]  --> src/lib.rs:285:3
[INFO] [stdout]   |
[INFO] [stdout] 5 | #[panda::before_cpu_exec_exit]
[INFO] [stdout]   |   ^^^^^ use of undeclared crate or module `panda`
[INFO] [stdout] 
[INFO] [stdout] error[E0412]: cannot find type `CPUState` in this scope
[INFO] [stdout]  --> src/lib.rs:286:21
[INFO] [stdout]   |
[INFO] [stdout] 6 | fn callback(_: &mut CPUState, _: bool, ) {
[INFO] [stdout]   |                     ^^^^^^^^ not found in this scope
[INFO] [stdout] 
[INFO] [stdout] error: aborting due to 3 previous errors
[INFO] [stdout] 
[INFO] [stdout] Some errors have detailed explanations: E0412, E0433.
[INFO] [stdout] For more information about an error, try `rustc --explain E0412`.
[INFO] [stdout] Couldn't compile the test.
[INFO] [stdout] ---- src/lib.rs - before_handle_exception (line 267) stdout ----
[INFO] [stdout] error: expected one of `!`, `.`, `::`, `;`, `?`, `{`, `}`, or an operator, found `ID`
[INFO] [stdout]  --> src/lib.rs:268:10
[INFO] [stdout]   |
[INFO] [stdout] 3 | Callback ID:     PANDA_CB_BEFORE_HANDLE_EXCEPTION 
[INFO] [stdout]   |          ^^ expected one of 8 possible tokens
[INFO] [stdout] 
[INFO] [stdout] error: aborting due to 1 previous error
[INFO] [stdout] 
[INFO] [stdout] Couldn't compile the test.
[INFO] [stdout] ---- src/lib.rs - before_block_exec (line 282) stdout ----
[INFO] [stdout] error[E0433]: failed to resolve: use of undeclared crate or module `panda`
[INFO] [stdout]  --> src/lib.rs:283:5
[INFO] [stdout]   |
[INFO] [stdout] 3 | use panda::prelude::*;
[INFO] [stdout]   |     ^^^^^ use of undeclared crate or module `panda`
[INFO] [stdout] 
[INFO] [stdout] error[E0433]: failed to resolve: use of undeclared crate or module `panda`
[INFO] [stdout]  --> src/lib.rs:285:3
[INFO] [stdout]   |
[INFO] [stdout] 5 | #[panda::before_block_exec]
[INFO] [stdout]   |   ^^^^^ use of undeclared crate or module `panda`
[INFO] [stdout] 
[INFO] [stdout] error[E0412]: cannot find type `CPUState` in this scope
[INFO] [stdout]  --> src/lib.rs:286:21
[INFO] [stdout]   |
[INFO] [stdout] 6 | fn callback(_: &mut CPUState, _: &mut TranslationBlock, ) {
[INFO] [stdout]   |                     ^^^^^^^^ not found in this scope
[INFO] [stdout] 
[INFO] [stdout] error[E0412]: cannot find type `TranslationBlock` in this scope
[INFO] [stdout]  --> src/lib.rs:286:39
[INFO] [stdout]   |
[INFO] [stdout] 6 | fn callback(_: &mut CPUState, _: &mut TranslationBlock, ) {
[INFO] [stdout]   |                                       ^^^^^^^^^^^^^^^^ not found in this scope
[INFO] [stdout] 
[INFO] [stdout] error: aborting due to 4 previous errors
[INFO] [stdout] 
[INFO] [stdout] Some errors have detailed explanations: E0412, E0433.
[INFO] [stdout] For more information about an error, try `rustc --explain E0412`.
[INFO] [stdout] Couldn't compile the test.
[INFO] [stdout] ---- src/lib.rs - during_machine_init (line 267) stdout ----
[INFO] [stdout] error: expected one of `!`, `.`, `::`, `;`, `?`, `{`, `}`, or an operator, found `ID`
[INFO] [stdout]  --> src/lib.rs:268:10
[INFO] [stdout]   |
[INFO] [stdout] 3 | Callback ID:     PANDA_CB_DURING_MACHINE_INIT
[INFO] [stdout]   |          ^^ expected one of 8 possible tokens
[INFO] [stdout] 
[INFO] [stdout] error: aborting due to 1 previous error
[INFO] [stdout] 
[INFO] [stdout] Couldn't compile the test.
[INFO] [stdout] ---- src/lib.rs - cpu_restore_state (line 268) stdout ----
[INFO] [stdout] error: expected one of `!`, `.`, `::`, `;`, `?`, `{`, `}`, or an operator, found `ID`
[INFO] [stdout]  --> src/lib.rs:269:10
[INFO] [stdout]   |
[INFO] [stdout] 3 | Callback ID: PANDA_CB_CPU_RESTORE_STATE
[INFO] [stdout]   |          ^^ expected one of 8 possible tokens
[INFO] [stdout] 
[INFO] [stdout] error: aborting due to 1 previous error
[INFO] [stdout] 
[INFO] [stdout] Couldn't compile the test.
[INFO] [stdout] ---- src/lib.rs - before_block_translate (line 282) stdout ----
[INFO] [stdout] error[E0433]: failed to resolve: use of undeclared crate or module `panda`
[INFO] [stdout]  --> src/lib.rs:283:5
[INFO] [stdout]   |
[INFO] [stdout] 3 | use panda::prelude::*;
[INFO] [stdout]   |     ^^^^^ use of undeclared crate or module `panda`
[INFO] [stdout] 
[INFO] [stdout] error[E0433]: failed to resolve: use of undeclared crate or module `panda`
[INFO] [stdout]  --> src/lib.rs:285:3
[INFO] [stdout]   |
[INFO] [stdout] 5 | #[panda::before_block_translate]
[INFO] [stdout]   |   ^^^^^ use of undeclared crate or module `panda`
[INFO] [stdout] 
[INFO] [stdout] error[E0412]: cannot find type `CPUState` in this scope
[INFO] [stdout]  --> src/lib.rs:286:21
[INFO] [stdout]   |
[INFO] [stdout] 6 | fn callback(_: &mut CPUState, _: target_ptr_t, ) {
[INFO] [stdout]   |                     ^^^^^^^^ not found in this scope
[INFO] [stdout] 
[INFO] [stdout] error[E0412]: cannot find type `target_ptr_t` in this scope
[INFO] [stdout]  --> src/lib.rs:286:34
[INFO] [stdout]   |
[INFO] [stdout] 6 | fn callback(_: &mut CPUState, _: target_ptr_t, ) {
[INFO] [stdout]   |                                  ^^^^^^^^^^^^ not found in this scope
[INFO] [stdout] 
[INFO] [stdout] error: aborting due to 4 previous errors
[INFO] [stdout] 
[INFO] [stdout] Some errors have detailed explanations: E0412, E0433.
[INFO] [stdout] For more information about an error, try `rustc --explain E0412`.
[INFO] [stdout] Couldn't compile the test.
[INFO] [stdout] ---- src/lib.rs - before_block_exec_invalidate_opt (line 286) stdout ----
[INFO] [stdout] error[E0433]: failed to resolve: use of undeclared crate or module `panda`
[INFO] [stdout]  --> src/lib.rs:287:5
[INFO] [stdout]   |
[INFO] [stdout] 3 | use panda::prelude::*;
[INFO] [stdout]   |     ^^^^^ use of undeclared crate or module `panda`
[INFO] [stdout] 
[INFO] [stdout] error[E0433]: failed to resolve: use of undeclared crate or module `panda`
[INFO] [stdout]  --> src/lib.rs:289:3
[INFO] [stdout]   |
[INFO] [stdout] 5 | #[panda::before_block_exec_invalidate_opt]
[INFO] [stdout]   |   ^^^^^ use of undeclared crate or module `panda`
[INFO] [stdout] 
[INFO] [stdout] error[E0412]: cannot find type `CPUState` in this scope
[INFO] [stdout]  --> src/lib.rs:290:21
[INFO] [stdout]   |
[INFO] [stdout] 6 | fn callback(_: &mut CPUState, _: &mut TranslationBlock, ) -> bool {
[INFO] [stdout]   |                     ^^^^^^^^ not found in this scope
[INFO] [stdout] 
[INFO] [stdout] error[E0412]: cannot find type `TranslationBlock` in this scope
[INFO] [stdout]  --> src/lib.rs:290:39
[INFO] [stdout]   |
[INFO] [stdout] 6 | fn callback(_: &mut CPUState, _: &mut TranslationBlock, ) -> bool {
[INFO] [stdout]   |                                       ^^^^^^^^^^^^^^^^ not found in this scope
[INFO] [stdout] 
[INFO] [stdout] error[E0308]: mismatched types
[INFO] [stdout]  --> src/lib.rs:290:62
[INFO] [stdout]   |
[INFO] [stdout] 6 | fn callback(_: &mut CPUState, _: &mut TranslationBlock, ) -> bool {
[INFO] [stdout]   |    --------                                                  ^^^^ expected `bool`, found `()`
[INFO] [stdout]   |    |
[INFO] [stdout]   |    implicitly returns `()` as its body has no tail or `return` expression
[INFO] [stdout] 
[INFO] [stdout] error: aborting due to 5 previous errors
[INFO] [stdout] 
[INFO] [stdout] Some errors have detailed explanations: E0308, E0412, E0433.
[INFO] [stdout] For more information about an error, try `rustc --explain E0308`.
[INFO] [stdout] Couldn't compile the test.
[INFO] [stdout] ---- src/lib.rs - before_tcg_codegen (line 267) stdout ----
[INFO] [stdout] error: expected identifier, found `:`
[INFO] [stdout]  --> src/lib.rs:268:19
[INFO] [stdout]   |
[INFO] [stdout] 3 | before_tcg_codegen:
[INFO] [stdout]   |                   ^ expected identifier
[INFO] [stdout] 
[INFO] [stdout] error: aborting due to 1 previous error
[INFO] [stdout] 
[INFO] [stdout] Couldn't compile the test.
[INFO] [stdout] ---- src/lib.rs - end_block_exec (line 267) stdout ----
[INFO] [stdout] error: expected identifier, found `:`
[INFO] [stdout]  --> src/lib.rs:268:15
[INFO] [stdout]   |
[INFO] [stdout] 3 | end_block_exec:
[INFO] [stdout]   |               ^ expected identifier
[INFO] [stdout] 
[INFO] [stdout] error: aborting due to 1 previous error
[INFO] [stdout] 
[INFO] [stdout] Couldn't compile the test.
[INFO] [stdout] ---- src/lib.rs - before_handle_exception (line 287) stdout ----
[INFO] [stdout] error[E0433]: failed to resolve: use of undeclared crate or module `panda`
[INFO] [stdout]  --> src/lib.rs:288:5
[INFO] [stdout]   |
[INFO] [stdout] 3 | use panda::prelude::*;
[INFO] [stdout]   |     ^^^^^ use of undeclared crate or module `panda`
[INFO] [stdout] 
[INFO] [stdout] error[E0433]: failed to resolve: use of undeclared crate or module `panda`
[INFO] [stdout]  --> src/lib.rs:290:3
[INFO] [stdout]   |
[INFO] [stdout] 5 | #[panda::before_handle_exception]
[INFO] [stdout]   |   ^^^^^ use of undeclared crate or module `panda`
[INFO] [stdout] 
[INFO] [stdout] error[E0412]: cannot find type `CPUState` in this scope
[INFO] [stdout]  --> src/lib.rs:291:21
[INFO] [stdout]   |
[INFO] [stdout] 6 | fn callback(_: &mut CPUState, _: i32, ) -> i32 {
[INFO] [stdout]   |                     ^^^^^^^^ not found in this scope
[INFO] [stdout] 
[INFO] [stdout] error[E0308]: mismatched types
[INFO] [stdout]  --> src/lib.rs:291:44
[INFO] [stdout]   |
[INFO] [stdout] 6 | fn callback(_: &mut CPUState, _: i32, ) -> i32 {
[INFO] [stdout]   |    --------                                ^^^ expected `i32`, found `()`
[INFO] [stdout]   |    |
[INFO] [stdout]   |    implicitly returns `()` as its body has no tail or `return` expression
[INFO] [stdout] 
[INFO] [stdout] error: aborting due to 4 previous errors
[INFO] [stdout] 
[INFO] [stdout] Some errors have detailed explanations: E0308, E0412, E0433.
[INFO] [stdout] For more information about an error, try `rustc --explain E0308`.
[INFO] [stdout] Couldn't compile the test.
[INFO] [stdout] ---- src/lib.rs - before_handle_interrupt (line 269) stdout ----
[INFO] [stdout] error[E0433]: failed to resolve: use of undeclared crate or module `panda`
[INFO] [stdout]  --> src/lib.rs:270:5
[INFO] [stdout]   |
[INFO] [stdout] 3 | use panda::prelude::*;
[INFO] [stdout]   |     ^^^^^ use of undeclared crate or module `panda`
[INFO] [stdout] 
[INFO] [stdout] error[E0433]: failed to resolve: use of undeclared crate or module `panda`
[INFO] [stdout]  --> src/lib.rs:272:3
[INFO] [stdout]   |
[INFO] [stdout] 5 | #[panda::before_handle_interrupt]
[INFO] [stdout]   |   ^^^^^ use of undeclared crate or module `panda`
[INFO] [stdout] 
[INFO] [stdout] error[E0412]: cannot find type `CPUState` in this scope
[INFO] [stdout]  --> src/lib.rs:273:21
[INFO] [stdout]   |
[INFO] [stdout] 6 | fn callback(_: &mut CPUState, _: i32, ) -> i32 {
[INFO] [stdout]   |                     ^^^^^^^^ not found in this scope
[INFO] [stdout] 
[INFO] [stdout] error[E0308]: mismatched types
[INFO] [stdout]  --> src/lib.rs:273:44
[INFO] [stdout]   |
[INFO] [stdout] 6 | fn callback(_: &mut CPUState, _: i32, ) -> i32 {
[INFO] [stdout]   |    --------                                ^^^ expected `i32`, found `()`
[INFO] [stdout]   |    |
[INFO] [stdout]   |    implicitly returns `()` as its body has no tail or `return` expression
[INFO] [stdout] 
[INFO] [stdout] error: aborting due to 4 previous errors
[INFO] [stdout] 
[INFO] [stdout] Some errors have detailed explanations: E0308, E0412, E0433.
[INFO] [stdout] For more information about an error, try `rustc --explain E0308`.
[INFO] [stdout] Couldn't compile the test.
[INFO] [stdout] ---- src/lib.rs - hd_write (line 267) stdout ----
[INFO] [stdout] error: expected one of `!`, `.`, `::`, `;`, `?`, `{`, `}`, or an operator, found `ID`
[INFO] [stdout]  --> src/lib.rs:268:10
[INFO] [stdout]   |
[INFO] [stdout] 3 | Callback ID: PANDA_CB_HD_WRITE
[INFO] [stdout]   |          ^^ expected one of 8 possible tokens
[INFO] [stdout] 
[INFO] [stdout] error: aborting due to 1 previous error
[INFO] [stdout] 
[INFO] [stdout] Couldn't compile the test.
[INFO] [stdout] ---- src/lib.rs - hd_read (line 267) stdout ----
[INFO] [stdout] error: expected one of `!`, `.`, `::`, `;`, `?`, `{`, `}`, or an operator, found `ID`
[INFO] [stdout]  --> src/lib.rs:268:10
[INFO] [stdout]   |
[INFO] [stdout] 3 | Callback ID: PANDA_CB_HD_READ
[INFO] [stdout]   |          ^^ expected one of 8 possible tokens
[INFO] [stdout] 
[INFO] [stdout] error: aborting due to 1 previous error
[INFO] [stdout] 
[INFO] [stdout] Couldn't compile the test.
[INFO] [stdout] ---- src/lib.rs - before_tcg_codegen (line 285) stdout ----
[INFO] [stdout] error[E0433]: failed to resolve: use of undeclared crate or module `panda`
[INFO] [stdout]  --> src/lib.rs:286:5
[INFO] [stdout]   |
[INFO] [stdout] 3 | use panda::prelude::*;
[INFO] [stdout]   |     ^^^^^ use of undeclared crate or module `panda`
[INFO] [stdout] 
[INFO] [stdout] error[E0433]: failed to resolve: use of undeclared crate or module `panda`
[INFO] [stdout]  --> src/lib.rs:288:3
[INFO] [stdout]   |
[INFO] [stdout] 5 | #[panda::before_tcg_codegen]
[INFO] [stdout]   |   ^^^^^ use of undeclared crate or module `panda`
[INFO] [stdout] 
[INFO] [stdout] error[E0412]: cannot find type `CPUState` in this scope
[INFO] [stdout]  --> src/lib.rs:289:21
[INFO] [stdout]   |
[INFO] [stdout] 6 | fn callback(_: &mut CPUState, _: &mut TranslationBlock, ) {
[INFO] [stdout]   |                     ^^^^^^^^ not found in this scope
[INFO] [stdout] 
[INFO] [stdout] error[E0412]: cannot find type `TranslationBlock` in this scope
[INFO] [stdout]  --> src/lib.rs:289:39
[INFO] [stdout]   |
[INFO] [stdout] 6 | fn callback(_: &mut CPUState, _: &mut TranslationBlock, ) {
[INFO] [stdout]   |                                       ^^^^^^^^^^^^^^^^ not found in this scope
[INFO] [stdout] 
[INFO] [stdout] error: aborting due to 4 previous errors
[INFO] [stdout] 
[INFO] [stdout] Some errors have detailed explanations: E0412, E0433.
[INFO] [stdout] For more information about an error, try `rustc --explain E0412`.
[INFO] [stdout] Couldn't compile the test.
[INFO] [stdout] ---- src/lib.rs - guest_hypercall (line 268) stdout ----
[INFO] [stdout] error: expected one of `!`, `.`, `::`, `;`, `?`, `{`, `}`, or an operator, found `ID`
[INFO] [stdout]  --> src/lib.rs:269:10
[INFO] [stdout]   |
[INFO] [stdout] 3 | Callback ID: PANDA_CB_GUEST_HYPERCALL
[INFO] [stdout]   |          ^^ expected one of 8 possible tokens
[INFO] [stdout] 
[INFO] [stdout] error: aborting due to 1 previous error
[INFO] [stdout] 
[INFO] [stdout] Couldn't compile the test.
[INFO] [stdout] ---- src/lib.rs - during_machine_init (line 279) stdout ----
[INFO] [stdout] error[E0433]: failed to resolve: use of undeclared crate or module `panda`
[INFO] [stdout]  --> src/lib.rs:280:5
[INFO] [stdout]   |
[INFO] [stdout] 3 | use panda::prelude::*;
[INFO] [stdout]   |     ^^^^^ use of undeclared crate or module `panda`
[INFO] [stdout] 
[INFO] [stdout] error[E0433]: failed to resolve: use of undeclared crate or module `panda`
[INFO] [stdout]  --> src/lib.rs:282:3
[INFO] [stdout]   |
[INFO] [stdout] 5 | #[panda::during_machine_init]
[INFO] [stdout]   |   ^^^^^ use of undeclared crate or module `panda`
[INFO] [stdout] 
[INFO] [stdout] error[E0412]: cannot find type `MachineState` in this scope
[INFO] [stdout]  --> src/lib.rs:283:21
[INFO] [stdout]   |
[INFO] [stdout] 6 | fn callback(_: &mut MachineState, ) {
[INFO] [stdout]   |                     ^^^^^^^^^^^^ not found in this scope
[INFO] [stdout] 
[INFO] [stdout] error: aborting due to 3 previous errors
[INFO] [stdout] 
[INFO] [stdout] Some errors have detailed explanations: E0412, E0433.
[INFO] [stdout] For more information about an error, try `rustc --explain E0412`.
[INFO] [stdout] Couldn't compile the test.
[INFO] [stdout] ---- src/lib.rs - cpu_restore_state (line 283) stdout ----
[INFO] [stdout] error[E0433]: failed to resolve: use of undeclared crate or module `panda`
[INFO] [stdout]  --> src/lib.rs:284:5
[INFO] [stdout]   |
[INFO] [stdout] 3 | use panda::prelude::*;
[INFO] [stdout]   |     ^^^^^ use of undeclared crate or module `panda`
[INFO] [stdout] 
[INFO] [stdout] error[E0433]: failed to resolve: use of undeclared crate or module `panda`
[INFO] [stdout]  --> src/lib.rs:286:3
[INFO] [stdout]   |
[INFO] [stdout] 5 | #[panda::cpu_restore_state]
[INFO] [stdout]   |   ^^^^^ use of undeclared crate or module `panda`
[INFO] [stdout] 
[INFO] [stdout] error[E0412]: cannot find type `CPUState` in this scope
[INFO] [stdout]  --> src/lib.rs:287:21
[INFO] [stdout]   |
[INFO] [stdout] 6 | fn callback(_: &mut CPUState, _: &mut TranslationBlock, ) {
[INFO] [stdout]   |                     ^^^^^^^^ not found in this scope
[INFO] [stdout] 
[INFO] [stdout] error[E0412]: cannot find type `TranslationBlock` in this scope
[INFO] [stdout]  --> src/lib.rs:287:39
[INFO] [stdout]   |
[INFO] [stdout] 6 | fn callback(_: &mut CPUState, _: &mut TranslationBlock, ) {
[INFO] [stdout]   |                                       ^^^^^^^^^^^^^^^^ not found in this scope
[INFO] [stdout] 
[INFO] [stdout] error: aborting due to 4 previous errors
[INFO] [stdout] 
[INFO] [stdout] Some errors have detailed explanations: E0412, E0433.
[INFO] [stdout] For more information about an error, try `rustc --explain E0412`.
[INFO] [stdout] Couldn't compile the test.
[INFO] [stdout] ---- src/lib.rs - init (line 10) stdout ----
[INFO] [stdout] error[E0432]: unresolved import `panda`
[INFO] [stdout]  --> src/lib.rs:11:5
[INFO] [stdout]   |
[INFO] [stdout] 3 | use panda::PluginHandle;
[INFO] [stdout]   |     ^^^^^ use of undeclared crate or module `panda`
[INFO] [stdout] 
[INFO] [stdout] error[E0433]: failed to resolve: use of undeclared crate or module `panda`
[INFO] [stdout]  --> src/lib.rs:13:3
[INFO] [stdout]   |
[INFO] [stdout] 5 | #[panda::init]
[INFO] [stdout]   |   ^^^^^ use of undeclared crate or module `panda`
[INFO] [stdout] 
[INFO] [stdout] error: aborting due to 2 previous errors
[INFO] [stdout] 
[INFO] [stdout] Some errors have detailed explanations: E0432, E0433.
[INFO] [stdout] For more information about an error, try `rustc --explain E0432`.
[INFO] [stdout] Couldn't compile the test.
[INFO] [stdout] ---- src/lib.rs - hd_read (line 278) stdout ----
[INFO] [stdout] error[E0433]: failed to resolve: use of undeclared crate or module `panda`
[INFO] [stdout]  --> src/lib.rs:279:5
[INFO] [stdout]   |
[INFO] [stdout] 3 | use panda::prelude::*;
[INFO] [stdout]   |     ^^^^^ use of undeclared crate or module `panda`
[INFO] [stdout] 
[INFO] [stdout] error[E0433]: failed to resolve: use of undeclared crate or module `panda`
[INFO] [stdout]  --> src/lib.rs:281:3
[INFO] [stdout]   |
[INFO] [stdout] 5 | #[panda::hd_read]
[INFO] [stdout]   |   ^^^^^ use of undeclared crate or module `panda`
[INFO] [stdout] 
[INFO] [stdout] error[E0412]: cannot find type `CPUState` in this scope
[INFO] [stdout]  --> src/lib.rs:282:21
[INFO] [stdout]   |
[INFO] [stdout] 6 | fn callback(_: &mut CPUState, ) {
[INFO] [stdout]   |                     ^^^^^^^^ not found in this scope
[INFO] [stdout] 
[INFO] [stdout] error: aborting due to 3 previous errors
[INFO] [stdout] 
[INFO] [stdout] Some errors have detailed explanations: E0412, E0433.
[INFO] [stdout] For more information about an error, try `rustc --explain E0412`.
[INFO] [stdout] Couldn't compile the test.
[INFO] [stdout] ---- src/lib.rs - hd_write (line 278) stdout ----
[INFO] [stdout] error[E0433]: failed to resolve: use of undeclared crate or module `panda`
[INFO] [stdout]  --> src/lib.rs:279:5
[INFO] [stdout]   |
[INFO] [stdout] 3 | use panda::prelude::*;
[INFO] [stdout]   |     ^^^^^ use of undeclared crate or module `panda`
[INFO] [stdout] 
[INFO] [stdout] error[E0433]: failed to resolve: use of undeclared crate or module `panda`
[INFO] [stdout]  --> src/lib.rs:281:3
[INFO] [stdout]   |
[INFO] [stdout] 5 | #[panda::hd_write]
[INFO] [stdout]   |   ^^^^^ use of undeclared crate or module `panda`
[INFO] [stdout] 
[INFO] [stdout] error[E0412]: cannot find type `CPUState` in this scope
[INFO] [stdout]  --> src/lib.rs:282:21
[INFO] [stdout]   |
[INFO] [stdout] 6 | fn callback(_: &mut CPUState, ) {
[INFO] [stdout]   |                     ^^^^^^^^ not found in this scope
[INFO] [stdout] 
[INFO] [stdout] error: aborting due to 3 previous errors
[INFO] [stdout] 
[INFO] [stdout] Some errors have detailed explanations: E0412, E0433.
[INFO] [stdout] For more information about an error, try `rustc --explain E0412`.
[INFO] [stdout] Couldn't compile the test.
[INFO] [stdout] ---- src/lib.rs - end_block_exec (line 283) stdout ----
[INFO] [stdout] error[E0433]: failed to resolve: use of undeclared crate or module `panda`
[INFO] [stdout]  --> src/lib.rs:284:5
[INFO] [stdout]   |
[INFO] [stdout] 3 | use panda::prelude::*;
[INFO] [stdout]   |     ^^^^^ use of undeclared crate or module `panda`
[INFO] [stdout] 
[INFO] [stdout] error[E0433]: failed to resolve: use of undeclared crate or module `panda`
[INFO] [stdout]  --> src/lib.rs:286:3
[INFO] [stdout]   |
[INFO] [stdout] 5 | #[panda::end_block_exec]
[INFO] [stdout]   |   ^^^^^ use of undeclared crate or module `panda`
[INFO] [stdout] 
[INFO] [stdout] error[E0412]: cannot find type `CPUState` in this scope
[INFO] [stdout]  --> src/lib.rs:287:21
[INFO] [stdout]   |
[INFO] [stdout] 6 | fn callback(_: &mut CPUState, _: &mut TranslationBlock, ) {
[INFO] [stdout]   |                     ^^^^^^^^ not found in this scope
[INFO] [stdout] 
[INFO] [stdout] error[E0412]: cannot find type `TranslationBlock` in this scope
[INFO] [stdout]  --> src/lib.rs:287:39
[INFO] [stdout]   |
[INFO] [stdout] 6 | fn callback(_: &mut CPUState, _: &mut TranslationBlock, ) {
[INFO] [stdout]   |                                       ^^^^^^^^^^^^^^^^ not found in this scope
[INFO] [stdout] 
[INFO] [stdout] error: aborting due to 4 previous errors
[INFO] [stdout] 
[INFO] [stdout] Some errors have detailed explanations: E0412, E0433.
[INFO] [stdout] For more information about an error, try `rustc --explain E0412`.
[INFO] [stdout] Couldn't compile the test.
[INFO] [stdout] ---- src/lib.rs - guest_hypercall (line 291) stdout ----
[INFO] [stdout] error[E0433]: failed to resolve: use of undeclared crate or module `panda`
[INFO] [stdout]  --> src/lib.rs:292:5
[INFO] [stdout]   |
[INFO] [stdout] 3 | use panda::prelude::*;
[INFO] [stdout]   |     ^^^^^ use of undeclared crate or module `panda`
[INFO] [stdout] 
[INFO] [stdout] error[E0433]: failed to resolve: use of undeclared crate or module `panda`
[INFO] [stdout]  --> src/lib.rs:294:3
[INFO] [stdout]   |
[INFO] [stdout] 5 | #[panda::guest_hypercall]
[INFO] [stdout]   |   ^^^^^ use of undeclared crate or module `panda`
[INFO] [stdout] 
[INFO] [stdout] error[E0412]: cannot find type `CPUState` in this scope
[INFO] [stdout]  --> src/lib.rs:295:21
[INFO] [stdout]   |
[INFO] [stdout] 6 | fn callback(_: &mut CPUState, ) -> bool {
[INFO] [stdout]   |                     ^^^^^^^^ not found in this scope
[INFO] [stdout] 
[INFO] [stdout] error[E0308]: mismatched types
[INFO] [stdout]  --> src/lib.rs:295:36
[INFO] [stdout]   |
[INFO] [stdout] 6 | fn callback(_: &mut CPUState, ) -> bool {
[INFO] [stdout]   |    --------                        ^^^^ expected `bool`, found `()`
[INFO] [stdout]   |    |
[INFO] [stdout]   |    implicitly returns `()` as its body has no tail or `return` expression
[INFO] [stdout] 
[INFO] [stdout] error: aborting due to 4 previous errors
[INFO] [stdout] 
[INFO] [stdout] Some errors have detailed explanations: E0308, E0412, E0433.
[INFO] [stdout] For more information about an error, try `rustc --explain E0308`.
[INFO] [stdout] Couldn't compile the test.
[INFO] [stdout] ---- src/lib.rs - insn_exec (line 268) stdout ----
[INFO] [stdout] error: expected one of `!`, `.`, `::`, `;`, `?`, `{`, `}`, or an operator, found `ID`
[INFO] [stdout]  --> src/lib.rs:269:10
[INFO] [stdout]   |
[INFO] [stdout] 3 | Callback ID: PANDA_CB_INSN_EXEC
[INFO] [stdout]   |          ^^ expected one of 8 possible tokens
[INFO] [stdout] 
[INFO] [stdout] error: aborting due to 1 previous error
[INFO] [stdout] 
[INFO] [stdout] Couldn't compile the test.
[INFO] [stdout] ---- src/lib.rs - insn_translate (line 267) stdout ----
[INFO] [stdout] error: expected one of `!`, `.`, `::`, `;`, `?`, `{`, `}`, or an operator, found `ID`
[INFO] [stdout]  --> src/lib.rs:268:10
[INFO] [stdout]   |
[INFO] [stdout] 3 | Callback ID: PANDA_CB_INSN_TRANSLATE
[INFO] [stdout]   |          ^^ expected one of 8 possible tokens
[INFO] [stdout] 
[INFO] [stdout] error: aborting due to 1 previous error
[INFO] [stdout] 
[INFO] [stdout] Couldn't compile the test.
[INFO] [stdout] ---- src/lib.rs - main_loop_wait (line 279) stdout ----
[INFO] [stdout] error[E0433]: failed to resolve: use of undeclared crate or module `panda`
[INFO] [stdout]  --> src/lib.rs:280:5
[INFO] [stdout]   |
[INFO] [stdout] 3 | use panda::prelude::*;
[INFO] [stdout]   |     ^^^^^ use of undeclared crate or module `panda`
[INFO] [stdout] 
[INFO] [stdout] error[E0433]: failed to resolve: use of undeclared crate or module `panda`
[INFO] [stdout]  --> src/lib.rs:282:3
[INFO] [stdout]   |
[INFO] [stdout] 5 | #[panda::main_loop_wait]
[INFO] [stdout]   |   ^^^^^ use of undeclared crate or module `panda`
[INFO] [stdout] 
[INFO] [stdout] error: aborting due to 2 previous errors
[INFO] [stdout] 
[INFO] [stdout] For more information about this error, try `rustc --explain E0433`.
[INFO] [stdout] Couldn't compile the test.
[INFO] [stdout] ---- src/lib.rs - main_loop_wait (line 267) stdout ----
[INFO] [stdout] error: expected one of `!`, `.`, `::`, `;`, `?`, `{`, `}`, or an operator, found `ID`
[INFO] [stdout]  --> src/lib.rs:268:10
[INFO] [stdout]   |
[INFO] [stdout] 3 | Callback ID:     PANDA_CB_MAIN_LOOP_WAIT
[INFO] [stdout]   |          ^^ expected one of 8 possible tokens
[INFO] [stdout] 
[INFO] [stdout] error: aborting due to 1 previous error
[INFO] [stdout] 
[INFO] [stdout] Couldn't compile the test.
[INFO] [stdout] ---- src/lib.rs - mmio_after_read (line 267) stdout ----
[INFO] [stdout] error: expected one of `!`, `.`, `::`, `;`, `?`, `{`, `}`, or an operator, found `ID`
[INFO] [stdout]  --> src/lib.rs:268:10
[INFO] [stdout]   |
[INFO] [stdout] 3 | Callback ID: PANDA_CB_MMIO_AFTER_READ
[INFO] [stdout]   |          ^^ expected one of 8 possible tokens
[INFO] [stdout] 
[INFO] [stdout] error: aborting due to 1 previous error
[INFO] [stdout] 
[INFO] [stdout] Couldn't compile the test.
[INFO] [stdout] ---- src/lib.rs - hook (line 124) stdout ----
[INFO] [stdout] error: free function without a body
[INFO] [stdout]  --> src/lib.rs:126:1
[INFO] [stdout]   |
[INFO] [stdout] 4 | fn my_callback(cpu: &mut CPUState, tb: &mut TranslationBlock, hook: &mut Hook);
[INFO] [stdout]   | ^^^^^^^^^^^^^^^^^^^^^^^^^^^^^^^^^^^^^^^^^^^^^^^^^^^^^^^^^^^^^^^^^^^^^^^^^^^^^^-
[INFO] [stdout]   |                                                                               |
[INFO] [stdout]   |                                                                               help: provide a definition for the function: `{ <body> }`
[INFO] [stdout] 
[INFO] [stdout] error[E0433]: failed to resolve: use of undeclared crate or module `panda`
[INFO] [stdout]  --> src/lib.rs:125:3
[INFO] [stdout]   |
[INFO] [stdout] 3 | #[panda::hook]
[INFO] [stdout]   |   ^^^^^ use of undeclared crate or module `panda`
[INFO] [stdout] 
[INFO] [stdout] error[E0412]: cannot find type `CPUState` in this scope
[INFO] [stdout]  --> src/lib.rs:126:26
[INFO] [stdout]   |
[INFO] [stdout] 4 | fn my_callback(cpu: &mut CPUState, tb: &mut TranslationBlock, hook: &mut Hook);
[INFO] [stdout]   |                          ^^^^^^^^ not found in this scope
[INFO] [stdout] 
[INFO] [stdout] error[E0412]: cannot find type `TranslationBlock` in this scope
[INFO] [stdout]  --> src/lib.rs:126:45
[INFO] [stdout]   |
[INFO] [stdout] 4 | fn my_callback(cpu: &mut CPUState, tb: &mut TranslationBlock, hook: &mut Hook);
[INFO] [stdout]   |                                             ^^^^^^^^^^^^^^^^ not found in this scope
[INFO] [stdout] 
[INFO] [stdout] error[E0412]: cannot find type `Hook` in this scope
[INFO] [stdout]  --> src/lib.rs:126:74
[INFO] [stdout]   |
[INFO] [stdout] 4 | fn my_callback(cpu: &mut CPUState, tb: &mut TranslationBlock, hook: &mut Hook);
[INFO] [stdout]   |                                                                          ^^^^ not found in this scope
[INFO] [stdout] 
[INFO] [stdout] error: aborting due to 5 previous errors
[INFO] [stdout] 
[INFO] [stdout] Some errors have detailed explanations: E0412, E0433.
[INFO] [stdout] For more information about an error, try `rustc --explain E0412`.
[INFO] [stdout] Couldn't compile the test.
[INFO] [stdout] ---- src/lib.rs - mmio_before_write (line 267) stdout ----
[INFO] [stdout] error: expected one of `!`, `.`, `::`, `;`, `?`, `{`, `}`, or an operator, found `ID`
[INFO] [stdout]  --> src/lib.rs:268:10
[INFO] [stdout]   |
[INFO] [stdout] 3 | Callback ID: PANDA_CB_MMIO_BEFORE_WRITE
[INFO] [stdout]   |          ^^ expected one of 8 possible tokens
[INFO] [stdout] 
[INFO] [stdout] error: aborting due to 1 previous error
[INFO] [stdout] 
[INFO] [stdout] Couldn't compile the test.
[INFO] [stdout] ---- src/lib.rs - hook (line 91) stdout ----
[INFO] [stdout] error[E0433]: failed to resolve: use of undeclared crate or module `panda`
[INFO] [stdout]  --> src/lib.rs:94:5
[INFO] [stdout]   |
[INFO] [stdout] 5 | use panda::prelude::*;
[INFO] [stdout]   |     ^^^^^ use of undeclared crate or module `panda`
[INFO] [stdout] 
[INFO] [stdout] error[E0433]: failed to resolve: use of undeclared crate or module `panda`
[INFO] [stdout]  --> src/lib.rs:92:5
[INFO] [stdout]   |
[INFO] [stdout] 3 | use panda::plugins::proc_start_linux::AuxvValues;
[INFO] [stdout]   |     ^^^^^ use of undeclared crate or module `panda`
[INFO] [stdout] 
[INFO] [stdout] error[E0433]: failed to resolve: use of undeclared crate or module `panda`
[INFO] [stdout]  --> src/lib.rs:93:5
[INFO] [stdout]   |
[INFO] [stdout] 4 | use panda::plugins::hooks::Hook;
[INFO] [stdout]   |     ^^^^^ use of undeclared crate or module `panda`
[INFO] [stdout] 
[INFO] [stdout] error[E0432]: unresolved imports `panda::plugins::proc_start_linux::AuxvValues`, `panda::plugins::hooks::Hook`
[INFO] [stdout]  --> src/lib.rs:92:5
[INFO] [stdout]   |
[INFO] [stdout] 3 | use panda::plugins::proc_start_linux::AuxvValues;
[INFO] [stdout]   |     ^^^^^^^^^^^^^^^^^^^^^^^^^^^^^^^^^^^^^^^^^^^^
[INFO] [stdout] 4 | use panda::plugins::hooks::Hook;
[INFO] [stdout]   |     ^^^^^^^^^^^^^^^^^^^^^^^^^^^
[INFO] [stdout] 
[INFO] [stdout] error[E0433]: failed to resolve: use of undeclared crate or module `panda`
[INFO] [stdout]   --> src/lib.rs:104:3
[INFO] [stdout]    |
[INFO] [stdout] 15 | #[panda::on_rec_auxv]
[INFO] [stdout]    |   ^^^^^ use of undeclared crate or module `panda`
[INFO] [stdout] 
[INFO] [stdout] error[E0433]: failed to resolve: use of undeclared crate or module `panda`
[INFO] [stdout]  --> src/lib.rs:96:3
[INFO] [stdout]   |
[INFO] [stdout] 7 | #[panda::hook]
[INFO] [stdout]   |   ^^^^^ use of undeclared crate or module `panda`
[INFO] [stdout] 
[INFO] [stdout] error[E0412]: cannot find type `CPUState` in this scope
[INFO] [stdout]  --> src/lib.rs:97:23
[INFO] [stdout]   |
[INFO] [stdout] 8 | fn entry_hook(_: &mut CPUState, _: &mut TranslationBlock, _: u8, hook: &mut Hook) {
[INFO] [stdout]   |                       ^^^^^^^^ not found in this scope
[INFO] [stdout] 
[INFO] [stdout] error[E0412]: cannot find type `TranslationBlock` in this scope
[INFO] [stdout]  --> src/lib.rs:97:41
[INFO] [stdout]   |
[INFO] [stdout] 8 | fn entry_hook(_: &mut CPUState, _: &mut TranslationBlock, _: u8, hook: &mut Hook) {
[INFO] [stdout]   |                                         ^^^^^^^^^^^^^^^^ not found in this scope
[INFO] [stdout] 
[INFO] [stdout] error[E0412]: cannot find type `CPUState` in this scope
[INFO] [stdout]   --> src/lib.rs:105:26
[INFO] [stdout]    |
[INFO] [stdout] 16 | fn on_proc_start(_: &mut CPUState, _: &mut TranslationBlock, auxv: &AuxvValues) {
[INFO] [stdout]    |                          ^^^^^^^^ not found in this scope
[INFO] [stdout] 
[INFO] [stdout] error[E0412]: cannot find type `TranslationBlock` in this scope
[INFO] [stdout]   --> src/lib.rs:105:44
[INFO] [stdout]    |
[INFO] [stdout] 16 | fn on_proc_start(_: &mut CPUState, _: &mut TranslationBlock, auxv: &AuxvValues) {
[INFO] [stdout]    |                                            ^^^^^^^^^^^^^^^^ not found in this scope
[INFO] [stdout] 
[INFO] [stdout] error[E0433]: failed to resolve: use of undeclared type `Panda`
[INFO] [stdout]   --> src/lib.rs:112:1
[INFO] [stdout]    |
[INFO] [stdout] 23 | Panda::new()
[INFO] [stdout]    | ^^^^^ use of undeclared type `Panda`
[INFO] [stdout] 
[INFO] [stdout] error[E0433]: failed to resolve: function `entry_hook` is not a crate or module
[INFO] [stdout]   --> src/lib.rs:107:5
[INFO] [stdout]    |
[INFO] [stdout] 18 |     entry_hook::hook()
[INFO] [stdout]    |     ^^^^^^^^^^ function `entry_hook` is not a crate or module
[INFO] [stdout] 
[INFO] [stdout] error: aborting due to 12 previous errors
[INFO] [stdout] 
[INFO] [stdout] Some errors have detailed explanations: E0412, E0432, E0433.
[INFO] [stdout] For more information about an error, try `rustc --explain E0412`.
[INFO] [stdout] Couldn't compile the test.
[INFO] [stdout] ---- src/lib.rs - monitor (line 267) stdout ----
[INFO] [stdout] error: expected one of `!`, `.`, `::`, `;`, `?`, `{`, `}`, or an operator, found `ID`
[INFO] [stdout]  --> src/lib.rs:268:10
[INFO] [stdout]   |
[INFO] [stdout] 3 | Callback ID: PANDA_CB_MONITOR
[INFO] [stdout]   |          ^^ expected one of 8 possible tokens
[INFO] [stdout] 
[INFO] [stdout] error: aborting due to 1 previous error
[INFO] [stdout] 
[INFO] [stdout] Couldn't compile the test.
[INFO] [stdout] ---- src/lib.rs - phys_mem_after_read (line 267) stdout ----
[INFO] [stdout] error: expected one of `!`, `.`, `::`, `;`, `?`, `{`, `}`, or an operator, found `ID`
[INFO] [stdout]  --> src/lib.rs:268:10
[INFO] [stdout]   |
[INFO] [stdout] 3 | Callback ID: PANDA_CB_PHYS_MEM_AFTER_READ
[INFO] [stdout]   |          ^^ expected one of 8 possible tokens
[INFO] [stdout] 
[INFO] [stdout] error: aborting due to 1 previous error
[INFO] [stdout] 
[INFO] [stdout] Couldn't compile the test.
[INFO] [stdout] ---- src/lib.rs - insn_exec (line 289) stdout ----
[INFO] [stdout] error[E0433]: failed to resolve: use of undeclared crate or module `panda`
[INFO] [stdout]  --> src/lib.rs:290:5
[INFO] [stdout]   |
[INFO] [stdout] 3 | use panda::prelude::*;
[INFO] [stdout]   |     ^^^^^ use of undeclared crate or module `panda`
[INFO] [stdout] 
[INFO] [stdout] error[E0433]: failed to resolve: use of undeclared crate or module `panda`
[INFO] [stdout]  --> src/lib.rs:292:3
[INFO] [stdout]   |
[INFO] [stdout] 5 | #[panda::insn_exec]
[INFO] [stdout]   |   ^^^^^ use of undeclared crate or module `panda`
[INFO] [stdout] 
[INFO] [stdout] error[E0412]: cannot find type `CPUState` in this scope
[INFO] [stdout]  --> src/lib.rs:293:21
[INFO] [stdout]   |
[INFO] [stdout] 6 | fn callback(_: &mut CPUState, _: target_ptr_t, ) {
[INFO] [stdout]   |                     ^^^^^^^^ not found in this scope
[INFO] [stdout] 
[INFO] [stdout] error[E0412]: cannot find type `target_ptr_t` in this scope
[INFO] [stdout]  --> src/lib.rs:293:34
[INFO] [stdout]   |
[INFO] [stdout] 6 | fn callback(_: &mut CPUState, _: target_ptr_t, ) {
[INFO] [stdout]   |                                  ^^^^^^^^^^^^ not found in this scope
[INFO] [stdout] 
[INFO] [stdout] error: aborting due to 4 previous errors
[INFO] [stdout] 
[INFO] [stdout] Some errors have detailed explanations: E0412, E0433.
[INFO] [stdout] For more information about an error, try `rustc --explain E0412`.
[INFO] [stdout] Couldn't compile the test.
[INFO] [stdout] ---- src/lib.rs - insn_translate (line 289) stdout ----
[INFO] [stdout] error[E0433]: failed to resolve: use of undeclared crate or module `panda`
[INFO] [stdout]  --> src/lib.rs:290:5
[INFO] [stdout]   |
[INFO] [stdout] 3 | use panda::prelude::*;
[INFO] [stdout]   |     ^^^^^ use of undeclared crate or module `panda`
[INFO] [stdout] 
[INFO] [stdout] error[E0433]: failed to resolve: use of undeclared crate or module `panda`
[INFO] [stdout]  --> src/lib.rs:292:3
[INFO] [stdout]   |
[INFO] [stdout] 5 | #[panda::insn_translate]
[INFO] [stdout]   |   ^^^^^ use of undeclared crate or module `panda`
[INFO] [stdout] 
[INFO] [stdout] error[E0412]: cannot find type `CPUState` in this scope
[INFO] [stdout]  --> src/lib.rs:293:21
[INFO] [stdout]   |
[INFO] [stdout] 6 | fn callback(_: &mut CPUState, _: target_ptr_t, ) -> bool {
[INFO] [stdout]   |                     ^^^^^^^^ not found in this scope
[INFO] [stdout] 
[INFO] [stdout] error[E0412]: cannot find type `target_ptr_t` in this scope
[INFO] [stdout]  --> src/lib.rs:293:34
[INFO] [stdout]   |
[INFO] [stdout] 6 | fn callback(_: &mut CPUState, _: target_ptr_t, ) -> bool {
[INFO] [stdout]   |                                  ^^^^^^^^^^^^ not found in this scope
[INFO] [stdout] 
[INFO] [stdout] error[E0308]: mismatched types
[INFO] [stdout]  --> src/lib.rs:293:53
[INFO] [stdout]   |
[INFO] [stdout] 6 | fn callback(_: &mut CPUState, _: target_ptr_t, ) -> bool {
[INFO] [stdout]   |    --------                                         ^^^^ expected `bool`, found `()`
[INFO] [stdout]   |    |
[INFO] [stdout]   |    implicitly returns `()` as its body has no tail or `return` expression
[INFO] [stdout] 
[INFO] [stdout] error: aborting due to 5 previous errors
[INFO] [stdout] 
[INFO] [stdout] Some errors have detailed explanations: E0308, E0412, E0433.
[INFO] [stdout] For more information about an error, try `rustc --explain E0308`.
[INFO] [stdout] Couldn't compile the test.
[INFO] [stdout] ---- src/lib.rs - phys_mem_after_write (line 267) stdout ----
[INFO] [stdout] error: expected one of `!`, `.`, `::`, `;`, `?`, `{`, `}`, or an operator, found `ID`
[INFO] [stdout]  --> src/lib.rs:268:10
[INFO] [stdout]   |
[INFO] [stdout] 3 | Callback ID: PANDA_CB_PHYS_MEM_AFTER_WRITE
[INFO] [stdout]   |          ^^ expected one of 8 possible tokens
[INFO] [stdout] 
[INFO] [stdout] error: aborting due to 1 previous error
[INFO] [stdout] 
[INFO] [stdout] Couldn't compile the test.
[INFO] [stdout] ---- src/lib.rs - mmio_before_write (line 285) stdout ----
[INFO] [stdout] error[E0433]: failed to resolve: use of undeclared crate or module `panda`
[INFO] [stdout]  --> src/lib.rs:286:5
[INFO] [stdout]   |
[INFO] [stdout] 3 | use panda::prelude::*;
[INFO] [stdout]   |     ^^^^^ use of undeclared crate or module `panda`
[INFO] [stdout] 
[INFO] [stdout] error[E0433]: failed to resolve: use of undeclared crate or module `panda`
[INFO] [stdout]  --> src/lib.rs:288:3
[INFO] [stdout]   |
[INFO] [stdout] 5 | #[panda::mmio_before_write]
[INFO] [stdout]   |   ^^^^^ use of undeclared crate or module `panda`
[INFO] [stdout] 
[INFO] [stdout] error[E0412]: cannot find type `CPUState` in this scope
[INFO] [stdout]  --> src/lib.rs:289:21
[INFO] [stdout]   |
[INFO] [stdout] 6 | fn callback(_: &mut CPUState, _: target_ptr_t, _: target_ptr_t, _: usize, _: *mut u64, ) {
[INFO] [stdout]   |                     ^^^^^^^^ not found in this scope
[INFO] [stdout] 
[INFO] [stdout] error[E0412]: cannot find type `target_ptr_t` in this scope
[INFO] [stdout]  --> src/lib.rs:289:34
[INFO] [stdout]   |
[INFO] [stdout] 6 | fn callback(_: &mut CPUState, _: target_ptr_t, _: target_ptr_t, _: usize, _: *mut u64, ) {
[INFO] [stdout]   |                                  ^^^^^^^^^^^^ not found in this scope
[INFO] [stdout] 
[INFO] [stdout] error[E0412]: cannot find type `target_ptr_t` in this scope
[INFO] [stdout]  --> src/lib.rs:289:51
[INFO] [stdout]   |
[INFO] [stdout] 6 | fn callback(_: &mut CPUState, _: target_ptr_t, _: target_ptr_t, _: usize, _: *mut u64, ) {
[INFO] [stdout]   |                                                   ^^^^^^^^^^^^ not found in this scope
[INFO] [stdout] 
[INFO] [stdout] error: aborting due to 5 previous errors
[INFO] [stdout] 
[INFO] [stdout] Some errors have detailed explanations: E0412, E0433.
[INFO] [stdout] For more information about an error, try `rustc --explain E0412`.
[INFO] [stdout] Couldn't compile the test.
[INFO] [stdout] ---- src/lib.rs - mmio_after_read (line 285) stdout ----
[INFO] [stdout] error[E0433]: failed to resolve: use of undeclared crate or module `panda`
[INFO] [stdout]  --> src/lib.rs:286:5
[INFO] [stdout]   |
[INFO] [stdout] 3 | use panda::prelude::*;
[INFO] [stdout]   |     ^^^^^ use of undeclared crate or module `panda`
[INFO] [stdout] 
[INFO] [stdout] error[E0433]: failed to resolve: use of undeclared crate or module `panda`
[INFO] [stdout]  --> src/lib.rs:288:3
[INFO] [stdout]   |
[INFO] [stdout] 5 | #[panda::mmio_after_read]
[INFO] [stdout]   |   ^^^^^ use of undeclared crate or module `panda`
[INFO] [stdout] 
[INFO] [stdout] error[E0412]: cannot find type `CPUState` in this scope
[INFO] [stdout]  --> src/lib.rs:289:21
[INFO] [stdout]   |
[INFO] [stdout] 6 | fn callback(_: &mut CPUState, _: target_ptr_t, _: target_ptr_t, _: usize, _: *mut u64, ) {
[INFO] [stdout]   |                     ^^^^^^^^ not found in this scope
[INFO] [stdout] 
[INFO] [stdout] error[E0412]: cannot find type `target_ptr_t` in this scope
[INFO] [stdout]  --> src/lib.rs:289:34
[INFO] [stdout]   |
[INFO] [stdout] 6 | fn callback(_: &mut CPUState, _: target_ptr_t, _: target_ptr_t, _: usize, _: *mut u64, ) {
[INFO] [stdout]   |                                  ^^^^^^^^^^^^ not found in this scope
[INFO] [stdout] 
[INFO] [stdout] error[E0412]: cannot find type `target_ptr_t` in this scope
[INFO] [stdout]  --> src/lib.rs:289:51
[INFO] [stdout]   |
[INFO] [stdout] 6 | fn callback(_: &mut CPUState, _: target_ptr_t, _: target_ptr_t, _: usize, _: *mut u64, ) {
[INFO] [stdout]   |                                                   ^^^^^^^^^^^^ not found in this scope
[INFO] [stdout] 
[INFO] [stdout] error: aborting due to 5 previous errors
[INFO] [stdout] 
[INFO] [stdout] Some errors have detailed explanations: E0412, E0433.
[INFO] [stdout] For more information about an error, try `rustc --explain E0412`.
[INFO] [stdout] Couldn't compile the test.
[INFO] [stdout] ---- src/lib.rs - monitor (line 294) stdout ----
[INFO] [stdout] error[E0433]: failed to resolve: use of undeclared crate or module `panda`
[INFO] [stdout]  --> src/lib.rs:295:5
[INFO] [stdout]   |
[INFO] [stdout] 3 | use panda::prelude::*;
[INFO] [stdout]   |     ^^^^^ use of undeclared crate or module `panda`
[INFO] [stdout] 
[INFO] [stdout] error[E0433]: failed to resolve: use of undeclared crate or module `panda`
[INFO] [stdout]  --> src/lib.rs:297:3
[INFO] [stdout]   |
[INFO] [stdout] 5 | #[panda::monitor]
[INFO] [stdout]   |   ^^^^^ use of undeclared crate or module `panda`
[INFO] [stdout] 
[INFO] [stdout] error[E0412]: cannot find type `Monitor` in this scope
[INFO] [stdout]  --> src/lib.rs:298:21
[INFO] [stdout]   |
[INFO] [stdout] 6 | fn callback(_: &mut Monitor, _: *const u8, ) {
[INFO] [stdout]   |                     ^^^^^^^ not found in this scope
[INFO] [stdout] 
[INFO] [stdout] error: aborting due to 3 previous errors
[INFO] [stdout] 
[INFO] [stdout] Some errors have detailed explanations: E0412, E0433.
[INFO] [stdout] For more information about an error, try `rustc --explain E0412`.
[INFO] [stdout] Couldn't compile the test.
[INFO] [stdout] ---- src/lib.rs - on_thread_start (line 629) stdout ----
[INFO] [stdout] error: expected parameter name, found `,`
[INFO] [stdout]  --> src/lib.rs:633:13
[INFO] [stdout]   |
[INFO] [stdout] 6 | fn callback(, _: &mut CPUState, _: *const c_char, _: target_ulong, _: target_pid_t, _: target_pid_t) {
[INFO] [stdout]   |             ^ expected parameter name
[INFO] [stdout] 
[INFO] [stdout] error[E0433]: failed to resolve: use of undeclared crate or module `panda`
[INFO] [stdout]  --> src/lib.rs:630:5
[INFO] [stdout]   |
[INFO] [stdout] 3 | use panda::prelude::*;
[INFO] [stdout]   |     ^^^^^ use of undeclared crate or module `panda`
[INFO] [stdout] 
[INFO] [stdout] error[E0433]: failed to resolve: use of undeclared crate or module `panda`
[INFO] [stdout]  --> src/lib.rs:632:3
[INFO] [stdout]   |
[INFO] [stdout] 5 | #[panda::on_thread_start]
[INFO] [stdout]   |   ^^^^^ use of undeclared crate or module `panda`
[INFO] [stdout] 
[INFO] [stdout] error[E0412]: cannot find type `CPUState` in this scope
[INFO] [stdout]  --> src/lib.rs:633:23
[INFO] [stdout]   |
[INFO] [stdout] 6 | fn callback(, _: &mut CPUState, _: *const c_char, _: target_ulong, _: target_pid_t, _: target_pid_t) {
[INFO] [stdout]   |                       ^^^^^^^^ not found in this scope
[INFO] [stdout] 
[INFO] [stdout] error[E0412]: cannot find type `c_char` in this scope
[INFO] [stdout]  --> src/lib.rs:633:43
[INFO] [stdout]   |
[INFO] [stdout] 6 | fn callback(, _: &mut CPUState, _: *const c_char, _: target_ulong, _: target_pid_t, _: target_pid_t) {
[INFO] [stdout]   |                                           ^^^^^^
[INFO] [stdout]   |
[INFO] [stdout] help: a builtin type with a similar name exists
[INFO] [stdout]   |
[INFO] [stdout] 6 | fn callback(, _: &mut CPUState, _: *const char, _: target_ulong, _: target_pid_t, _: target_pid_t) {
[INFO] [stdout]   |                                           ~~~~
[INFO] [stdout] help: consider importing one of these type aliases
[INFO] [stdout]   |
[INFO] [stdout] 2 + use std::ffi::c_char;
[INFO] [stdout]   |
[INFO] [stdout] 2 + use std::os::raw::c_char;
[INFO] [stdout]   |
[INFO] [stdout] 2 + use core::ffi::c_char;
[INFO] [stdout]   |
[INFO] [stdout] 
[INFO] [stdout] error[E0412]: cannot find type `target_ulong` in this scope
[INFO] [stdout]  --> src/lib.rs:633:54
[INFO] [stdout]   |
[INFO] [stdout] 6 | fn callback(, _: &mut CPUState, _: *const c_char, _: target_ulong, _: target_pid_t, _: target_pid_t) {
[INFO] [stdout]   |                                                      ^^^^^^^^^^^^ not found in this scope
[INFO] [stdout] 
[INFO] [stdout] error[E0412]: cannot find type `target_pid_t` in this scope
[INFO] [stdout]  --> src/lib.rs:633:71
[INFO] [stdout]   |
[INFO] [stdout] 6 | fn callback(, _: &mut CPUState, _: *const c_char, _: target_ulong, _: target_pid_t, _: target_pid_t) {
[INFO] [stdout]   |                                                                       ^^^^^^^^^^^^ not found in this scope
[INFO] [stdout] 
[INFO] [stdout] error[E0412]: cannot find type `target_pid_t` in this scope
[INFO] [stdout]  --> src/lib.rs:633:88
[INFO] [stdout]   |
[INFO] [stdout] 6 | fn callback(, _: &mut CPUState, _: *const c_char, _: target_ulong, _: target_pid_t, _: target_pid_t) {
[INFO] [stdout]   |                                                                                        ^^^^^^^^^^^^ not found in this scope
[INFO] [stdout] 
[INFO] [stdout] error: aborting due to 8 previous errors
[INFO] [stdout] 
[INFO] [stdout] Some errors have detailed explanations: E0412, E0433.
[INFO] [stdout] For more information about an error, try `rustc --explain E0412`.
[INFO] [stdout] Couldn't compile the test.
[INFO] [stdout] ---- src/lib.rs - phys_mem_before_read (line 267) stdout ----
[INFO] [stdout] error: expected one of `!`, `.`, `::`, `;`, `?`, `{`, `}`, or an operator, found `ID`
[INFO] [stdout]  --> src/lib.rs:268:10
[INFO] [stdout]   |
[INFO] [stdout] 3 | Callback ID: PANDA_CB_PHYS_MEM_BEFORE_READ
[INFO] [stdout]   |          ^^ expected one of 8 possible tokens
[INFO] [stdout] 
[INFO] [stdout] error: aborting due to 1 previous error
[INFO] [stdout] 
[INFO] [stdout] Couldn't compile the test.
[INFO] [stdout] ---- src/lib.rs - on_mmap_updated (line 629) stdout ----
[INFO] [stdout] error: expected parameter name, found `,`
[INFO] [stdout]  --> src/lib.rs:633:13
[INFO] [stdout]   |
[INFO] [stdout] 6 | fn callback(, _: &mut CPUState, _: *const c_char, _: target_ulong, _: target_ulong) {
[INFO] [stdout]   |             ^ expected parameter name
[INFO] [stdout] 
[INFO] [stdout] error[E0433]: failed to resolve: use of undeclared crate or module `panda`
[INFO] [stdout]  --> src/lib.rs:630:5
[INFO] [stdout]   |
[INFO] [stdout] 3 | use panda::prelude::*;
[INFO] [stdout]   |     ^^^^^ use of undeclared crate or module `panda`
[INFO] [stdout] 
[INFO] [stdout] error[E0433]: failed to resolve: use of undeclared crate or module `panda`
[INFO] [stdout]  --> src/lib.rs:632:3
[INFO] [stdout]   |
[INFO] [stdout] 5 | #[panda::on_mmap_updated]
[INFO] [stdout]   |   ^^^^^ use of undeclared crate or module `panda`
[INFO] [stdout] 
[INFO] [stdout] error[E0412]: cannot find type `CPUState` in this scope
[INFO] [stdout]  --> src/lib.rs:633:23
[INFO] [stdout]   |
[INFO] [stdout] 6 | fn callback(, _: &mut CPUState, _: *const c_char, _: target_ulong, _: target_ulong) {
[INFO] [stdout]   |                       ^^^^^^^^ not found in this scope
[INFO] [stdout] 
[INFO] [stdout] error[E0412]: cannot find type `c_char` in this scope
[INFO] [stdout]  --> src/lib.rs:633:43
[INFO] [stdout]   |
[INFO] [stdout] 6 | fn callback(, _: &mut CPUState, _: *const c_char, _: target_ulong, _: target_ulong) {
[INFO] [stdout]   |                                           ^^^^^^
[INFO] [stdout]   |
[INFO] [stdout] help: a builtin type with a similar name exists
[INFO] [stdout]   |
[INFO] [stdout] 6 | fn callback(, _: &mut CPUState, _: *const char, _: target_ulong, _: target_ulong) {
[INFO] [stdout]   |                                           ~~~~
[INFO] [stdout] help: consider importing one of these type aliases
[INFO] [stdout]   |
[INFO] [stdout] 2 + use std::ffi::c_char;
[INFO] [stdout]   |
[INFO] [stdout] 2 + use std::os::raw::c_char;
[INFO] [stdout]   |
[INFO] [stdout] 2 + use core::ffi::c_char;
[INFO] [stdout]   |
[INFO] [stdout] 
[INFO] [stdout] error[E0412]: cannot find type `target_ulong` in this scope
[INFO] [stdout]  --> src/lib.rs:633:54
[INFO] [stdout]   |
[INFO] [stdout] 6 | fn callback(, _: &mut CPUState, _: *const c_char, _: target_ulong, _: target_ulong) {
[INFO] [stdout]   |                                                      ^^^^^^^^^^^^ not found in this scope
[INFO] [stdout] 
[INFO] [stdout] error[E0412]: cannot find type `target_ulong` in this scope
[INFO] [stdout]  --> src/lib.rs:633:71
[INFO] [stdout]   |
[INFO] [stdout] 6 | fn callback(, _: &mut CPUState, _: *const c_char, _: target_ulong, _: target_ulong) {
[INFO] [stdout]   |                                                                       ^^^^^^^^^^^^ not found in this scope
[INFO] [stdout] 
[INFO] [stdout] error: aborting due to 7 previous errors
[INFO] [stdout] 
[INFO] [stdout] Some errors have detailed explanations: E0412, E0433.
[INFO] [stdout] For more information about an error, try `rustc --explain E0412`.
[INFO] [stdout] Couldn't compile the test.
[INFO] [stdout] ---- src/lib.rs - on_process_start (line 629) stdout ----
[INFO] [stdout] error: expected parameter name, found `,`
[INFO] [stdout]  --> src/lib.rs:633:13
[INFO] [stdout]   |
[INFO] [stdout] 6 | fn callback(, _: &mut CPUState, _: *const c_char, _: target_ulong, _: target_pid_t) {
[INFO] [stdout]   |             ^ expected parameter name
[INFO] [stdout] 
[INFO] [stdout] error[E0433]: failed to resolve: use of undeclared crate or module `panda`
[INFO] [stdout]  --> src/lib.rs:630:5
[INFO] [stdout]   |
[INFO] [stdout] 3 | use panda::prelude::*;
[INFO] [stdout]   |     ^^^^^ use of undeclared crate or module `panda`
[INFO] [stdout] 
[INFO] [stdout] error[E0433]: failed to resolve: use of undeclared crate or module `panda`
[INFO] [stdout]  --> src/lib.rs:632:3
[INFO] [stdout]   |
[INFO] [stdout] 5 | #[panda::on_process_start]
[INFO] [stdout]   |   ^^^^^ use of undeclared crate or module `panda`
[INFO] [stdout] 
[INFO] [stdout] error[E0412]: cannot find type `CPUState` in this scope
[INFO] [stdout]  --> src/lib.rs:633:23
[INFO] [stdout]   |
[INFO] [stdout] 6 | fn callback(, _: &mut CPUState, _: *const c_char, _: target_ulong, _: target_pid_t) {
[INFO] [stdout]   |                       ^^^^^^^^ not found in this scope
[INFO] [stdout] 
[INFO] [stdout] error[E0412]: cannot find type `c_char` in this scope
[INFO] [stdout]  --> src/lib.rs:633:43
[INFO] [stdout]   |
[INFO] [stdout] 6 | fn callback(, _: &mut CPUState, _: *const c_char, _: target_ulong, _: target_pid_t) {
[INFO] [stdout]   |                                           ^^^^^^
[INFO] [stdout]   |
[INFO] [stdout] help: a builtin type with a similar name exists
[INFO] [stdout]   |
[INFO] [stdout] 6 | fn callback(, _: &mut CPUState, _: *const char, _: target_ulong, _: target_pid_t) {
[INFO] [stdout]   |                                           ~~~~
[INFO] [stdout] help: consider importing one of these type aliases
[INFO] [stdout]   |
[INFO] [stdout] 2 + use std::ffi::c_char;
[INFO] [stdout]   |
[INFO] [stdout] 2 + use std::os::raw::c_char;
[INFO] [stdout]   |
[INFO] [stdout] 2 + use core::ffi::c_char;
[INFO] [stdout]   |
[INFO] [stdout] 
[INFO] [stdout] error[E0412]: cannot find type `target_ulong` in this scope
[INFO] [stdout]  --> src/lib.rs:633:54
[INFO] [stdout]   |
[INFO] [stdout] 6 | fn callback(, _: &mut CPUState, _: *const c_char, _: target_ulong, _: target_pid_t) {
[INFO] [stdout]   |                                                      ^^^^^^^^^^^^ not found in this scope
[INFO] [stdout] 
[INFO] [stdout] error[E0412]: cannot find type `target_pid_t` in this scope
[INFO] [stdout]  --> src/lib.rs:633:71
[INFO] [stdout]   |
[INFO] [stdout] 6 | fn callback(, _: &mut CPUState, _: *const c_char, _: target_ulong, _: target_pid_t) {
[INFO] [stdout]   |                                                                       ^^^^^^^^^^^^ not found in this scope
[INFO] [stdout] 
[INFO] [stdout] error: aborting due to 7 previous errors
[INFO] [stdout] 
[INFO] [stdout] Some errors have detailed explanations: E0412, E0433.
[INFO] [stdout] For more information about an error, try `rustc --explain E0412`.
[INFO] [stdout] Couldn't compile the test.
[INFO] [stdout] ---- src/lib.rs - on_rec_auxv (line 581) stdout ----
[INFO] [stdout] error[E0433]: failed to resolve: use of undeclared crate or module `panda`
[INFO] [stdout]  --> src/lib.rs:582:5
[INFO] [stdout]   |
[INFO] [stdout] 3 | use panda::prelude::*;
[INFO] [stdout]   |     ^^^^^ use of undeclared crate or module `panda`
[INFO] [stdout] 
[INFO] [stdout] error[E0433]: failed to resolve: use of undeclared crate or module `panda`
[INFO] [stdout]  --> src/lib.rs:583:5
[INFO] [stdout]   |
[INFO] [stdout] 4 | use panda::plugins::proc_start_linux::AuxvValues;
[INFO] [stdout]   |     ^^^^^ use of undeclared crate or module `panda`
[INFO] [stdout] 
[INFO] [stdout] error[E0432]: unresolved import `panda::plugins::proc_start_linux::AuxvValues`
[INFO] [stdout]  --> src/lib.rs:583:5
[INFO] [stdout]   |
[INFO] [stdout] 4 | use panda::plugins::proc_start_linux::AuxvValues;
[INFO] [stdout]   |     ^^^^^^^^^^^^^^^^^^^^^^^^^^^^^^^^^^^^^^^^^^^^
[INFO] [stdout] 
[INFO] [stdout] error[E0433]: failed to resolve: use of undeclared crate or module `panda`
[INFO] [stdout]  --> src/lib.rs:585:3
[INFO] [stdout]   |
[INFO] [stdout] 6 | #[panda::on_rec_auxv]
[INFO] [stdout]   |   ^^^^^ use of undeclared crate or module `panda`
[INFO] [stdout] 
[INFO] [stdout] error[E0412]: cannot find type `CPUState` in this scope
[INFO] [stdout]  --> src/lib.rs:586:28
[INFO] [stdout]   |
[INFO] [stdout] 7 | fn on_proc_start(cpu: &mut CPUState, tb: &mut TranslationBlock, auxv: AuxvValues) {
[INFO] [stdout]   |                            ^^^^^^^^ not found in this scope
[INFO] [stdout] 
[INFO] [stdout] error[E0412]: cannot find type `TranslationBlock` in this scope
[INFO] [stdout]  --> src/lib.rs:586:47
[INFO] [stdout]   |
[INFO] [stdout] 7 | fn on_proc_start(cpu: &mut CPUState, tb: &mut TranslationBlock, auxv: AuxvValues) {
[INFO] [stdout]   |                                               ^^^^^^^^^^^^^^^^ not found in this scope
[INFO] [stdout] 
[INFO] [stdout] error: aborting due to 6 previous errors
[INFO] [stdout] 
[INFO] [stdout] Some errors have detailed explanations: E0412, E0432, E0433.
[INFO] [stdout] For more information about an error, try `rustc --explain E0412`.
[INFO] [stdout] Couldn't compile the test.
[INFO] [stdout] ---- src/lib.rs - phys_mem_before_write (line 267) stdout ----
[INFO] [stdout] error: expected one of `!`, `.`, `::`, `;`, `?`, `{`, `}`, or an operator, found `ID`
[INFO] [stdout]  --> src/lib.rs:268:10
[INFO] [stdout]   |
[INFO] [stdout] 3 | Callback ID: PANDA_CB_PHYS_MEM_BEFORE_WRITE
[INFO] [stdout]   |          ^^ expected one of 8 possible tokens
[INFO] [stdout] 
[INFO] [stdout] error: aborting due to 1 previous error
[INFO] [stdout] 
[INFO] [stdout] Couldn't compile the test.
[INFO] [stdout] ---- src/lib.rs - pre_shutdown (line 267) stdout ----
[INFO] [stdout] error: expected one of `!`, `.`, `::`, `;`, `?`, `{`, `}`, or an operator, found `ID`
[INFO] [stdout]  --> src/lib.rs:268:10
[INFO] [stdout]   |
[INFO] [stdout] 3 | Callback ID:     PANDA_CB_PRE_SHUTDOWN
[INFO] [stdout]   |          ^^ expected one of 8 possible tokens
[INFO] [stdout] 
[INFO] [stdout] error: aborting due to 1 previous error
[INFO] [stdout] 
[INFO] [stdout] Couldn't compile the test.
[INFO] [stdout] ---- src/lib.rs - on_process_end (line 629) stdout ----
[INFO] [stdout] error: expected parameter name, found `,`
[INFO] [stdout]  --> src/lib.rs:633:13
[INFO] [stdout]   |
[INFO] [stdout] 6 | fn callback(, _: &mut CPUState, _: *const c_char, _: target_ulong, _: target_pid_t) {
[INFO] [stdout]   |             ^ expected parameter name
[INFO] [stdout] 
[INFO] [stdout] error[E0433]: failed to resolve: use of undeclared crate or module `panda`
[INFO] [stdout]  --> src/lib.rs:630:5
[INFO] [stdout]   |
[INFO] [stdout] 3 | use panda::prelude::*;
[INFO] [stdout]   |     ^^^^^ use of undeclared crate or module `panda`
[INFO] [stdout] 
[INFO] [stdout] error[E0433]: failed to resolve: use of undeclared crate or module `panda`
[INFO] [stdout]  --> src/lib.rs:632:3
[INFO] [stdout]   |
[INFO] [stdout] 5 | #[panda::on_process_end]
[INFO] [stdout]   |   ^^^^^ use of undeclared crate or module `panda`
[INFO] [stdout] 
[INFO] [stdout] error[E0412]: cannot find type `CPUState` in this scope
[INFO] [stdout]  --> src/lib.rs:633:23
[INFO] [stdout]   |
[INFO] [stdout] 6 | fn callback(, _: &mut CPUState, _: *const c_char, _: target_ulong, _: target_pid_t) {
[INFO] [stdout]   |                       ^^^^^^^^ not found in this scope
[INFO] [stdout] 
[INFO] [stdout] error[E0412]: cannot find type `c_char` in this scope
[INFO] [stdout]  --> src/lib.rs:633:43
[INFO] [stdout]   |
[INFO] [stdout] 6 | fn callback(, _: &mut CPUState, _: *const c_char, _: target_ulong, _: target_pid_t) {
[INFO] [stdout]   |                                           ^^^^^^
[INFO] [stdout]   |
[INFO] [stdout] help: a builtin type with a similar name exists
[INFO] [stdout]   |
[INFO] [stdout] 6 | fn callback(, _: &mut CPUState, _: *const char, _: target_ulong, _: target_pid_t) {
[INFO] [stdout]   |                                           ~~~~
[INFO] [stdout] help: consider importing one of these type aliases
[INFO] [stdout]   |
[INFO] [stdout] 2 + use std::ffi::c_char;
[INFO] [stdout]   |
[INFO] [stdout] 2 + use std::os::raw::c_char;
[INFO] [stdout]   |
[INFO] [stdout] 2 + use core::ffi::c_char;
[INFO] [stdout]   |
[INFO] [stdout] 
[INFO] [stdout] error[E0412]: cannot find type `target_ulong` in this scope
[INFO] [stdout]  --> src/lib.rs:633:54
[INFO] [stdout]   |
[INFO] [stdout] 6 | fn callback(, _: &mut CPUState, _: *const c_char, _: target_ulong, _: target_pid_t) {
[INFO] [stdout]   |                                                      ^^^^^^^^^^^^ not found in this scope
[INFO] [stdout] 
[INFO] [stdout] error[E0412]: cannot find type `target_pid_t` in this scope
[INFO] [stdout]  --> src/lib.rs:633:71
[INFO] [stdout]   |
[INFO] [stdout] 6 | fn callback(, _: &mut CPUState, _: *const c_char, _: target_ulong, _: target_pid_t) {
[INFO] [stdout]   |                                                                       ^^^^^^^^^^^^ not found in this scope
[INFO] [stdout] 
[INFO] [stdout] error: aborting due to 7 previous errors
[INFO] [stdout] 
[INFO] [stdout] Some errors have detailed explanations: E0412, E0433.
[INFO] [stdout] For more information about an error, try `rustc --explain E0412`.
[INFO] [stdout] Couldn't compile the test.
[INFO] [stdout] ---- src/lib.rs - pre_shutdown (line 280) stdout ----
[INFO] [stdout] error[E0433]: failed to resolve: use of undeclared crate or module `panda`
[INFO] [stdout]  --> src/lib.rs:281:5
[INFO] [stdout]   |
[INFO] [stdout] 3 | use panda::prelude::*;
[INFO] [stdout]   |     ^^^^^ use of undeclared crate or module `panda`
[INFO] [stdout] 
[INFO] [stdout] error[E0433]: failed to resolve: use of undeclared crate or module `panda`
[INFO] [stdout]  --> src/lib.rs:283:3
[INFO] [stdout]   |
[INFO] [stdout] 5 | #[panda::pre_shutdown]
[INFO] [stdout]   |   ^^^^^ use of undeclared crate or module `panda`
[INFO] [stdout] 
[INFO] [stdout] error: aborting due to 2 previous errors
[INFO] [stdout] 
[INFO] [stdout] For more information about this error, try `rustc --explain E0433`.
[INFO] [stdout] Couldn't compile the test.
[INFO] [stdout] ---- src/lib.rs - phys_mem_after_write (line 285) stdout ----
[INFO] [stdout] error[E0433]: failed to resolve: use of undeclared crate or module `panda`
[INFO] [stdout]  --> src/lib.rs:286:5
[INFO] [stdout]   |
[INFO] [stdout] 3 | use panda::prelude::*;
[INFO] [stdout]   |     ^^^^^ use of undeclared crate or module `panda`
[INFO] [stdout] 
[INFO] [stdout] error[E0433]: failed to resolve: use of undeclared crate or module `panda`
[INFO] [stdout]  --> src/lib.rs:288:3
[INFO] [stdout]   |
[INFO] [stdout] 5 | #[panda::phys_mem_after_write]
[INFO] [stdout]   |   ^^^^^ use of undeclared crate or module `panda`
[INFO] [stdout] 
[INFO] [stdout] error[E0412]: cannot find type `CPUState` in this scope
[INFO] [stdout]  --> src/lib.rs:289:21
[INFO] [stdout]   |
[INFO] [stdout] 6 | fn callback(_: &mut CPUState, _: target_ptr_t, _: target_ptr_t, _: usize, _: *mut u8, ) {
[INFO] [stdout]   |                     ^^^^^^^^ not found in this scope
[INFO] [stdout] 
[INFO] [stdout] error[E0412]: cannot find type `target_ptr_t` in this scope
[INFO] [stdout]  --> src/lib.rs:289:34
[INFO] [stdout]   |
[INFO] [stdout] 6 | fn callback(_: &mut CPUState, _: target_ptr_t, _: target_ptr_t, _: usize, _: *mut u8, ) {
[INFO] [stdout]   |                                  ^^^^^^^^^^^^ not found in this scope
[INFO] [stdout] 
[INFO] [stdout] error[E0412]: cannot find type `target_ptr_t` in this scope
[INFO] [stdout]  --> src/lib.rs:289:51
[INFO] [stdout]   |
[INFO] [stdout] 6 | fn callback(_: &mut CPUState, _: target_ptr_t, _: target_ptr_t, _: usize, _: *mut u8, ) {
[INFO] [stdout]   |                                                   ^^^^^^^^^^^^ not found in this scope
[INFO] [stdout] 
[INFO] [stdout] error: aborting due to 5 previous errors
[INFO] [stdout] 
[INFO] [stdout] Some errors have detailed explanations: E0412, E0433.
[INFO] [stdout] For more information about an error, try `rustc --explain E0412`.
[INFO] [stdout] Couldn't compile the test.
[INFO] [stdout] ---- src/lib.rs - replay_after_dma (line 267) stdout ----
[INFO] [stdout] error: expected one of `!`, `.`, `::`, `;`, `?`, `{`, `}`, or an operator, found `ID`
[INFO] [stdout]  --> src/lib.rs:268:10
[INFO] [stdout]   |
[INFO] [stdout] 3 | Callback ID:     PANDA_CB_REPLAY_AFTER_DMA,
[INFO] [stdout]   |          ^^ expected one of 8 possible tokens
[INFO] [stdout] 
[INFO] [stdout] error: aborting due to 1 previous error
[INFO] [stdout] 
[INFO] [stdout] Couldn't compile the test.
[INFO] [stdout] ---- src/lib.rs - on_thread_end (line 629) stdout ----
[INFO] [stdout] error: expected parameter name, found `,`
[INFO] [stdout]  --> src/lib.rs:633:13
[INFO] [stdout]   |
[INFO] [stdout] 6 | fn callback(, _: &mut CPUState, _: *const c_char, _: target_ulong, _: target_pid_t, _: target_pid_t) {
[INFO] [stdout]   |             ^ expected parameter name
[INFO] [stdout] 
[INFO] [stdout] error[E0433]: failed to resolve: use of undeclared crate or module `panda`
[INFO] [stdout]  --> src/lib.rs:630:5
[INFO] [stdout]   |
[INFO] [stdout] 3 | use panda::prelude::*;
[INFO] [stdout]   |     ^^^^^ use of undeclared crate or module `panda`
[INFO] [stdout] 
[INFO] [stdout] error[E0433]: failed to resolve: use of undeclared crate or module `panda`
[INFO] [stdout]  --> src/lib.rs:632:3
[INFO] [stdout]   |
[INFO] [stdout] 5 | #[panda::on_thread_end]
[INFO] [stdout]   |   ^^^^^ use of undeclared crate or module `panda`
[INFO] [stdout] 
[INFO] [stdout] error[E0412]: cannot find type `CPUState` in this scope
[INFO] [stdout]  --> src/lib.rs:633:23
[INFO] [stdout]   |
[INFO] [stdout] 6 | fn callback(, _: &mut CPUState, _: *const c_char, _: target_ulong, _: target_pid_t, _: target_pid_t) {
[INFO] [stdout]   |                       ^^^^^^^^ not found in this scope
[INFO] [stdout] 
[INFO] [stdout] error[E0412]: cannot find type `c_char` in this scope
[INFO] [stdout]  --> src/lib.rs:633:43
[INFO] [stdout]   |
[INFO] [stdout] 6 | fn callback(, _: &mut CPUState, _: *const c_char, _: target_ulong, _: target_pid_t, _: target_pid_t) {
[INFO] [stdout]   |                                           ^^^^^^
[INFO] [stdout]   |
[INFO] [stdout] help: a builtin type with a similar name exists
[INFO] [stdout]   |
[INFO] [stdout] 6 | fn callback(, _: &mut CPUState, _: *const char, _: target_ulong, _: target_pid_t, _: target_pid_t) {
[INFO] [stdout]   |                                           ~~~~
[INFO] [stdout] help: consider importing one of these type aliases
[INFO] [stdout]   |
[INFO] [stdout] 2 + use std::ffi::c_char;
[INFO] [stdout]   |
[INFO] [stdout] 2 + use std::os::raw::c_char;
[INFO] [stdout]   |
[INFO] [stdout] 2 + use core::ffi::c_char;
[INFO] [stdout]   |
[INFO] [stdout] 
[INFO] [stdout] error[E0412]: cannot find type `target_ulong` in this scope
[INFO] [stdout]  --> src/lib.rs:633:54
[INFO] [stdout]   |
[INFO] [stdout] 6 | fn callback(, _: &mut CPUState, _: *const c_char, _: target_ulong, _: target_pid_t, _: target_pid_t) {
[INFO] [stdout]   |                                                      ^^^^^^^^^^^^ not found in this scope
[INFO] [stdout] 
[INFO] [stdout] error[E0412]: cannot find type `target_pid_t` in this scope
[INFO] [stdout]  --> src/lib.rs:633:71
[INFO] [stdout]   |
[INFO] [stdout] 6 | fn callback(, _: &mut CPUState, _: *const c_char, _: target_ulong, _: target_pid_t, _: target_pid_t) {
[INFO] [stdout]   |                                                                       ^^^^^^^^^^^^ not found in this scope
[INFO] [stdout] 
[INFO] [stdout] error[E0412]: cannot find type `target_pid_t` in this scope
[INFO] [stdout]  --> src/lib.rs:633:88
[INFO] [stdout]   |
[INFO] [stdout] 6 | fn callback(, _: &mut CPUState, _: *const c_char, _: target_ulong, _: target_pid_t, _: target_pid_t) {
[INFO] [stdout]   |                                                                                        ^^^^^^^^^^^^ not found in this scope
[INFO] [stdout] 
[INFO] [stdout] error: aborting due to 8 previous errors
[INFO] [stdout] 
[INFO] [stdout] Some errors have detailed explanations: E0412, E0433.
[INFO] [stdout] For more information about an error, try `rustc --explain E0412`.
[INFO] [stdout] Couldn't compile the test.
[INFO] [stdout] ---- src/lib.rs - phys_mem_after_read (line 285) stdout ----
[INFO] [stdout] error[E0433]: failed to resolve: use of undeclared crate or module `panda`
[INFO] [stdout]  --> src/lib.rs:286:5
[INFO] [stdout]   |
[INFO] [stdout] 3 | use panda::prelude::*;
[INFO] [stdout]   |     ^^^^^ use of undeclared crate or module `panda`
[INFO] [stdout] 
[INFO] [stdout] error[E0433]: failed to resolve: use of undeclared crate or module `panda`
[INFO] [stdout]  --> src/lib.rs:288:3
[INFO] [stdout]   |
[INFO] [stdout] 5 | #[panda::phys_mem_after_read]
[INFO] [stdout]   |   ^^^^^ use of undeclared crate or module `panda`
[INFO] [stdout] 
[INFO] [stdout] error[E0412]: cannot find type `CPUState` in this scope
[INFO] [stdout]  --> src/lib.rs:289:21
[INFO] [stdout]   |
[INFO] [stdout] 6 | fn callback(_: &mut CPUState, _: target_ptr_t, _: target_ptr_t, _: usize, _: *mut u8, ) {
[INFO] [stdout]   |                     ^^^^^^^^ not found in this scope
[INFO] [stdout] 
[INFO] [stdout] error[E0412]: cannot find type `target_ptr_t` in this scope
[INFO] [stdout]  --> src/lib.rs:289:34
[INFO] [stdout]   |
[INFO] [stdout] 6 | fn callback(_: &mut CPUState, _: target_ptr_t, _: target_ptr_t, _: usize, _: *mut u8, ) {
[INFO] [stdout]   |                                  ^^^^^^^^^^^^ not found in this scope
[INFO] [stdout] 
[INFO] [stdout] error[E0412]: cannot find type `target_ptr_t` in this scope
[INFO] [stdout]  --> src/lib.rs:289:51
[INFO] [stdout]   |
[INFO] [stdout] 6 | fn callback(_: &mut CPUState, _: target_ptr_t, _: target_ptr_t, _: usize, _: *mut u8, ) {
[INFO] [stdout]   |                                                   ^^^^^^^^^^^^ not found in this scope
[INFO] [stdout] 
[INFO] [stdout] error: aborting due to 5 previous errors
[INFO] [stdout] 
[INFO] [stdout] Some errors have detailed explanations: E0412, E0433.
[INFO] [stdout] For more information about an error, try `rustc --explain E0412`.
[INFO] [stdout] Couldn't compile the test.
[INFO] [stdout] ---- src/lib.rs - phys_mem_before_read (line 284) stdout ----
[INFO] [stdout] error[E0433]: failed to resolve: use of undeclared crate or module `panda`
[INFO] [stdout]  --> src/lib.rs:285:5
[INFO] [stdout]   |
[INFO] [stdout] 3 | use panda::prelude::*;
[INFO] [stdout]   |     ^^^^^ use of undeclared crate or module `panda`
[INFO] [stdout] 
[INFO] [stdout] error[E0433]: failed to resolve: use of undeclared crate or module `panda`
[INFO] [stdout]  --> src/lib.rs:287:3
[INFO] [stdout]   |
[INFO] [stdout] 5 | #[panda::phys_mem_before_read]
[INFO] [stdout]   |   ^^^^^ use of undeclared crate or module `panda`
[INFO] [stdout] 
[INFO] [stdout] error[E0412]: cannot find type `CPUState` in this scope
[INFO] [stdout]  --> src/lib.rs:288:21
[INFO] [stdout]   |
[INFO] [stdout] 6 | fn callback(_: &mut CPUState, _: target_ptr_t, _: target_ptr_t, _: usize, ) {
[INFO] [stdout]   |                     ^^^^^^^^ not found in this scope
[INFO] [stdout] 
[INFO] [stdout] error[E0412]: cannot find type `target_ptr_t` in this scope
[INFO] [stdout]  --> src/lib.rs:288:34
[INFO] [stdout]   |
[INFO] [stdout] 6 | fn callback(_: &mut CPUState, _: target_ptr_t, _: target_ptr_t, _: usize, ) {
[INFO] [stdout]   |                                  ^^^^^^^^^^^^ not found in this scope
[INFO] [stdout] 
[INFO] [stdout] error[E0412]: cannot find type `target_ptr_t` in this scope
[INFO] [stdout]  --> src/lib.rs:288:51
[INFO] [stdout]   |
[INFO] [stdout] 6 | fn callback(_: &mut CPUState, _: target_ptr_t, _: target_ptr_t, _: usize, ) {
[INFO] [stdout]   |                                                   ^^^^^^^^^^^^ not found in this scope
[INFO] [stdout] 
[INFO] [stdout] error: aborting due to 5 previous errors
[INFO] [stdout] 
[INFO] [stdout] Some errors have detailed explanations: E0412, E0433.
[INFO] [stdout] For more information about an error, try `rustc --explain E0412`.
[INFO] [stdout] Couldn't compile the test.
[INFO] [stdout] ---- src/lib.rs - replay_handle_packet (line 267) stdout ----
[INFO] [stdout] error: unknown start of token: `
[INFO] [stdout]  --> src/lib.rs:274:35
[INFO] [stdout]   |
[INFO] [stdout] 9 |     uint8_t direction:     either `PANDA_NET_RX` or `PANDA_NET_TX`
[INFO] [stdout]   |                                   ^
[INFO] [stdout]   |
[INFO] [stdout] help: Unicode character '`' (Grave Accent) looks like ''' (Single Quote), but it is not
[INFO] [stdout]   |
[INFO] [stdout] 9 |     uint8_t direction:     either 'PANDA_NET_RX` or `PANDA_NET_TX`
[INFO] [stdout]   |                                   ~
[INFO] [stdout] 
[INFO] [stdout] error: unknown start of token: `
[INFO] [stdout]  --> src/lib.rs:274:48
[INFO] [stdout]   |
[INFO] [stdout] 9 |     uint8_t direction:     either `PANDA_NET_RX` or `PANDA_NET_TX`
[INFO] [stdout]   |                                                ^
[INFO] [stdout]   |
[INFO] [stdout] help: Unicode character '`' (Grave Accent) looks like ''' (Single Quote), but it is not
[INFO] [stdout]   |
[INFO] [stdout] 9 |     uint8_t direction:     either `PANDA_NET_RX' or `PANDA_NET_TX`
[INFO] [stdout]   |                                                ~
[INFO] [stdout] 
[INFO] [stdout] error: unknown start of token: `
[INFO] [stdout]  --> src/lib.rs:274:53
[INFO] [stdout]   |
[INFO] [stdout] 9 |     uint8_t direction:     either `PANDA_NET_RX` or `PANDA_NET_TX`
[INFO] [stdout]   |                                                     ^
[INFO] [stdout]   |
[INFO] [stdout] help: Unicode character '`' (Grave Accent) looks like ''' (Single Quote), but it is not
[INFO] [stdout]   |
[INFO] [stdout] 9 |     uint8_t direction:     either `PANDA_NET_RX` or 'PANDA_NET_TX`
[INFO] [stdout]   |                                                     ~
[INFO] [stdout] 
[INFO] [stdout] error: unknown start of token: `
[INFO] [stdout]  --> src/lib.rs:274:66
[INFO] [stdout]   |
[INFO] [stdout] 9 |     uint8_t direction:     either `PANDA_NET_RX` or `PANDA_NET_TX`
[INFO] [stdout]   |                                                                  ^
[INFO] [stdout]   |
[INFO] [stdout] help: Unicode character '`' (Grave Accent) looks like ''' (Single Quote), but it is not
[INFO] [stdout]   |
[INFO] [stdout] 9 |     uint8_t direction:     either `PANDA_NET_RX` or `PANDA_NET_TX'
[INFO] [stdout]   |                                                                  ~
[INFO] [stdout] 
[INFO] [stdout] error: unknown start of token: `
[INFO] [stdout]   --> src/lib.rs:275:43
[INFO] [stdout]    |
[INFO] [stdout] 10 |     uint64_t buf_addr_rec: the address of `buf` at the time of recording
[INFO] [stdout]    |                                           ^
[INFO] [stdout]    |
[INFO] [stdout] help: Unicode character '`' (Grave Accent) looks like ''' (Single Quote), but it is not
[INFO] [stdout]    |
[INFO] [stdout] 10 |     uint64_t buf_addr_rec: the address of 'buf` at the time of recording
[INFO] [stdout]    |                                           ~
[INFO] [stdout] 
[INFO] [stdout] error: unknown start of token: `
[INFO] [stdout]   --> src/lib.rs:275:47
[INFO] [stdout]    |
[INFO] [stdout] 10 |     uint64_t buf_addr_rec: the address of `buf` at the time of recording
[INFO] [stdout]    |                                               ^
[INFO] [stdout]    |
[INFO] [stdout] help: Unicode character '`' (Grave Accent) looks like ''' (Single Quote), but it is not
[INFO] [stdout]    |
[INFO] [stdout] 10 |     uint64_t buf_addr_rec: the address of `buf' at the time of recording
[INFO] [stdout]    |                                               ~
[INFO] [stdout] 
[INFO] [stdout] error: unknown start of token: `
[INFO] [stdout]   --> src/lib.rs:283:5
[INFO] [stdout]    |
[INFO] [stdout] 18 |     `buf_addr_rec` corresponds to the address of the device buffer of
[INFO] [stdout]    |     ^
[INFO] [stdout]    |
[INFO] [stdout] help: Unicode character '`' (Grave Accent) looks like ''' (Single Quote), but it is not
[INFO] [stdout]    |
[INFO] [stdout] 18 |     'buf_addr_rec` corresponds to the address of the device buffer of
[INFO] [stdout]    |     ~
[INFO] [stdout] 
[INFO] [stdout] error: unknown start of token: `
[INFO] [stdout]   --> src/lib.rs:283:18
[INFO] [stdout]    |
[INFO] [stdout] 18 |     `buf_addr_rec` corresponds to the address of the device buffer of
[INFO] [stdout]    |                  ^
[INFO] [stdout]    |
[INFO] [stdout] help: Unicode character '`' (Grave Accent) looks like ''' (Single Quote), but it is not
[INFO] [stdout]    |
[INFO] [stdout] 18 |     `buf_addr_rec' corresponds to the address of the device buffer of
[INFO] [stdout]    |                  ~
[INFO] [stdout] 
[INFO] [stdout] error: unknown start of token: `
[INFO] [stdout]   --> src/lib.rs:288:16
[INFO] [stdout]    |
[INFO] [stdout] 23 |     FIXME: The `buf_addr_rec` maps to the `uint8_t *buf` field of the
[INFO] [stdout]    |                ^
[INFO] [stdout]    |
[INFO] [stdout] help: Unicode character '`' (Grave Accent) looks like ''' (Single Quote), but it is not
[INFO] [stdout]    |
[INFO] [stdout] 23 |     FIXME: The 'buf_addr_rec` maps to the `uint8_t *buf` field of the
[INFO] [stdout]    |                ~
[INFO] [stdout] 
[INFO] [stdout] error: unknown start of token: `
[INFO] [stdout]   --> src/lib.rs:288:29
[INFO] [stdout]    |
[INFO] [stdout] 23 |     FIXME: The `buf_addr_rec` maps to the `uint8_t *buf` field of the
[INFO] [stdout]    |                             ^
[INFO] [stdout]    |
[INFO] [stdout] help: Unicode character '`' (Grave Accent) looks like ''' (Single Quote), but it is not
[INFO] [stdout]    |
[INFO] [stdout] 23 |     FIXME: The `buf_addr_rec' maps to the `uint8_t *buf` field of the
[INFO] [stdout]    |                             ~
[INFO] [stdout] 
[INFO] [stdout] error: unknown start of token: `
[INFO] [stdout]   --> src/lib.rs:288:43
[INFO] [stdout]    |
[INFO] [stdout] 23 |     FIXME: The `buf_addr_rec` maps to the `uint8_t *buf` field of the
[INFO] [stdout]    |                                           ^
[INFO] [stdout]    |
[INFO] [stdout] help: Unicode character '`' (Grave Accent) looks like ''' (Single Quote), but it is not
[INFO] [stdout]    |
[INFO] [stdout] 23 |     FIXME: The `buf_addr_rec` maps to the 'uint8_t *buf` field of the
[INFO] [stdout]    |                                           ~
[INFO] [stdout] 
[INFO] [stdout] error: unknown start of token: `
[INFO] [stdout]   --> src/lib.rs:288:56
[INFO] [stdout]    |
[INFO] [stdout] 23 |     FIXME: The `buf_addr_rec` maps to the `uint8_t *buf` field of the
[INFO] [stdout]    |                                                        ^
[INFO] [stdout]    |
[INFO] [stdout] help: Unicode character '`' (Grave Accent) looks like ''' (Single Quote), but it is not
[INFO] [stdout]    |
[INFO] [stdout] 23 |     FIXME: The `buf_addr_rec` maps to the `uint8_t *buf' field of the
[INFO] [stdout]    |                                                        ~
[INFO] [stdout] 
[INFO] [stdout] error: unknown start of token: `
[INFO] [stdout]   --> src/lib.rs:289:14
[INFO] [stdout]    |
[INFO] [stdout] 24 |     internal `RR_handle_packet_args` struct. The field is dumped/loaded
[INFO] [stdout]    |              ^
[INFO] [stdout]    |
[INFO] [stdout] help: Unicode character '`' (Grave Accent) looks like ''' (Single Quote), but it is not
[INFO] [stdout]    |
[INFO] [stdout] 24 |     internal 'RR_handle_packet_args` struct. The field is dumped/loaded
[INFO] [stdout]    |              ~
[INFO] [stdout] 
[INFO] [stdout] error: unknown start of token: `
[INFO] [stdout]   --> src/lib.rs:289:36
[INFO] [stdout]    |
[INFO] [stdout] 24 |     internal `RR_handle_packet_args` struct. The field is dumped/loaded
[INFO] [stdout]    |                                    ^
[INFO] [stdout]    |
[INFO] [stdout] help: Unicode character '`' (Grave Accent) looks like ''' (Single Quote), but it is not
[INFO] [stdout]    |
[INFO] [stdout] 24 |     internal `RR_handle_packet_args' struct. The field is dumped/loaded
[INFO] [stdout]    |                                    ~
[INFO] [stdout] 
[INFO] [stdout] error: expected one of `!`, `.`, `::`, `;`, `?`, `{`, `}`, or an operator, found `ID`
[INFO] [stdout]  --> src/lib.rs:268:10
[INFO] [stdout]   |
[INFO] [stdout] 3 | Callback ID:   PANDA_CB_REPLAY_HANDLE_PACKET,
[INFO] [stdout]   |          ^^ expected one of 8 possible tokens
[INFO] [stdout] 
[INFO] [stdout] error: aborting due to 15 previous errors
[INFO] [stdout] 
[INFO] [stdout] Couldn't compile the test.
[INFO] [stdout] ---- src/lib.rs - replay_before_dma (line 268) stdout ----
[INFO] [stdout] error: expected one of `!`, `.`, `::`, `;`, `?`, `{`, `}`, or an operator, found `ID`
[INFO] [stdout]  --> src/lib.rs:269:10
[INFO] [stdout]   |
[INFO] [stdout] 3 | Callback ID:     PANDA_CB_REPLAY_BEFORE_DMA,
[INFO] [stdout]   |          ^^ expected one of 8 possible tokens
[INFO] [stdout] 
[INFO] [stdout] error: aborting due to 1 previous error
[INFO] [stdout] 
[INFO] [stdout] Couldn't compile the test.
[INFO] [stdout] ---- src/lib.rs - replay_after_dma (line 285) stdout ----
[INFO] [stdout] error[E0433]: failed to resolve: use of undeclared crate or module `panda`
[INFO] [stdout]  --> src/lib.rs:286:5
[INFO] [stdout]   |
[INFO] [stdout] 3 | use panda::prelude::*;
[INFO] [stdout]   |     ^^^^^ use of undeclared crate or module `panda`
[INFO] [stdout] 
[INFO] [stdout] error[E0433]: failed to resolve: use of undeclared crate or module `panda`
[INFO] [stdout]  --> src/lib.rs:288:3
[INFO] [stdout]   |
[INFO] [stdout] 5 | #[panda::replay_after_dma]
[INFO] [stdout]   |   ^^^^^ use of undeclared crate or module `panda`
[INFO] [stdout] 
[INFO] [stdout] error[E0412]: cannot find type `CPUState` in this scope
[INFO] [stdout]  --> src/lib.rs:289:21
[INFO] [stdout]   |
[INFO] [stdout] 6 | fn callback(_: &mut CPUState, _: *mut u8, _: hwaddr, _: usize, _: bool, ) {
[INFO] [stdout]   |                     ^^^^^^^^ not found in this scope
[INFO] [stdout] 
[INFO] [stdout] error[E0412]: cannot find type `hwaddr` in this scope
[INFO] [stdout]  --> src/lib.rs:289:46
[INFO] [stdout]   |
[INFO] [stdout] 6 | fn callback(_: &mut CPUState, _: *mut u8, _: hwaddr, _: usize, _: bool, ) {
[INFO] [stdout]   |                                              ^^^^^^ not found in this scope
[INFO] [stdout] 
[INFO] [stdout] error: aborting due to 4 previous errors
[INFO] [stdout] 
[INFO] [stdout] Some errors have detailed explanations: E0412, E0433.
[INFO] [stdout] For more information about an error, try `rustc --explain E0412`.
[INFO] [stdout] Couldn't compile the test.
[INFO] [stdout] ---- src/lib.rs - replay_hd_transfer (line 267) stdout ----
[INFO] [stdout] error: expected one of `!`, `.`, `::`, `;`, `?`, `{`, `}`, or an operator, found `ID`
[INFO] [stdout]  --> src/lib.rs:268:10
[INFO] [stdout]   |
[INFO] [stdout] 3 | Callback ID:     PANDA_CB_REPLAY_HD_TRANSFER,
[INFO] [stdout]   |          ^^ expected one of 8 possible tokens
[INFO] [stdout] 
[INFO] [stdout] error: aborting due to 1 previous error
[INFO] [stdout] 
[INFO] [stdout] Couldn't compile the test.
[INFO] [stdout] ---- src/lib.rs - phys_mem_before_write (line 285) stdout ----
[INFO] [stdout] error[E0433]: failed to resolve: use of undeclared crate or module `panda`
[INFO] [stdout]  --> src/lib.rs:286:5
[INFO] [stdout]   |
[INFO] [stdout] 3 | use panda::prelude::*;
[INFO] [stdout]   |     ^^^^^ use of undeclared crate or module `panda`
[INFO] [stdout] 
[INFO] [stdout] error[E0433]: failed to resolve: use of undeclared crate or module `panda`
[INFO] [stdout]  --> src/lib.rs:288:3
[INFO] [stdout]   |
[INFO] [stdout] 5 | #[panda::phys_mem_before_write]
[INFO] [stdout]   |   ^^^^^ use of undeclared crate or module `panda`
[INFO] [stdout] 
[INFO] [stdout] error[E0412]: cannot find type `CPUState` in this scope
[INFO] [stdout]  --> src/lib.rs:289:21
[INFO] [stdout]   |
[INFO] [stdout] 6 | fn callback(_: &mut CPUState, _: target_ptr_t, _: target_ptr_t, _: usize, _: *mut u8, ) {
[INFO] [stdout]   |                     ^^^^^^^^ not found in this scope
[INFO] [stdout] 
[INFO] [stdout] error[E0412]: cannot find type `target_ptr_t` in this scope
[INFO] [stdout]  --> src/lib.rs:289:34
[INFO] [stdout]   |
[INFO] [stdout] 6 | fn callback(_: &mut CPUState, _: target_ptr_t, _: target_ptr_t, _: usize, _: *mut u8, ) {
[INFO] [stdout]   |                                  ^^^^^^^^^^^^ not found in this scope
[INFO] [stderr] error: doctest failed, to rerun pass `--doc`
[INFO] [stdout] 
[INFO] [stdout] error[E0412]: cannot find type `target_ptr_t` in this scope
[INFO] [stdout]  --> src/lib.rs:289:51
[INFO] [stdout]   |
[INFO] [stdout] 6 | fn callback(_: &mut CPUState, _: target_ptr_t, _: target_ptr_t, _: usize, _: *mut u8, ) {
[INFO] [stdout]   |                                                   ^^^^^^^^^^^^ not found in this scope
[INFO] [stdout] 
[INFO] [stdout] error: aborting due to 5 previous errors
[INFO] [stdout] 
[INFO] [stdout] Some errors have detailed explanations: E0412, E0433.
[INFO] [stdout] For more information about an error, try `rustc --explain E0412`.
[INFO] [stdout] Couldn't compile the test.
[INFO] [stdout] ---- src/lib.rs - replay_serial_read (line 267) stdout ----
[INFO] [stdout] error: expected one of `!`, `.`, `::`, `;`, `?`, `{`, `}`, or an operator, found `ID`
[INFO] [stdout]  --> src/lib.rs:268:10
[INFO] [stdout]   |
[INFO] [stdout] 3 | Callback ID:     PANDA_CB_REPLAY_SERIAL_READ,
[INFO] [stdout]   |          ^^ expected one of 8 possible tokens
[INFO] [stdout] 
[INFO] [stdout] error: aborting due to 1 previous error
[INFO] [stdout] 
[INFO] [stdout] Couldn't compile the test.
[INFO] [stdout] ---- src/lib.rs - replay_net_transfer (line 268) stdout ----
[INFO] [stdout] error: expected one of `!`, `.`, `::`, `;`, `?`, `{`, `}`, or an operator, found `ID`
[INFO] [stdout]  --> src/lib.rs:269:10
[INFO] [stdout]   |
[INFO] [stdout] 3 | Callback ID:     PANDA_CB_REPLAY_NET_TRANSFER,
[INFO] [stdout]   |          ^^ expected one of 8 possible tokens
[INFO] [stdout] 
[INFO] [stdout] error: aborting due to 1 previous error
[INFO] [stdout] 
[INFO] [stdout] Couldn't compile the test.
[INFO] [stdout] ---- src/lib.rs - replay_serial_send (line 267) stdout ----
[INFO] [stdout] error: expected one of `!`, `.`, `::`, `;`, `?`, `{`, `}`, or an operator, found `ID`
[INFO] [stdout]  --> src/lib.rs:268:10
[INFO] [stdout]   |
[INFO] [stdout] 3 | Callback ID:     PANDA_CB_REPLAY_SERIAL_SEND,
[INFO] [stdout]   |          ^^ expected one of 8 possible tokens
[INFO] [stdout] 
[INFO] [stdout] error: aborting due to 1 previous error
[INFO] [stdout] 
[INFO] [stdout] Couldn't compile the test.
[INFO] [stdout] ---- src/lib.rs - replay_handle_packet (line 301) stdout ----
[INFO] [stdout] error[E0433]: failed to resolve: use of undeclared crate or module `panda`
[INFO] [stdout]  --> src/lib.rs:302:5
[INFO] [stdout]   |
[INFO] [stdout] 3 | use panda::prelude::*;
[INFO] [stdout]   |     ^^^^^ use of undeclared crate or module `panda`
[INFO] [stdout] 
[INFO] [stdout] error[E0433]: failed to resolve: use of undeclared crate or module `panda`
[INFO] [stdout]  --> src/lib.rs:304:3
[INFO] [stdout]   |
[INFO] [stdout] 5 | #[panda::replay_handle_packet]
[INFO] [stdout]   |   ^^^^^ use of undeclared crate or module `panda`
[INFO] [stdout] 
[INFO] [stdout] error[E0412]: cannot find type `CPUState` in this scope
[INFO] [stdout]  --> src/lib.rs:305:21
[INFO] [stdout]   |
[INFO] [stdout] 6 | fn callback(_: &mut CPUState, _: *mut u8, _: usize, _: u8, _: u64, ) {
[INFO] [stdout]   |                     ^^^^^^^^ not found in this scope
[INFO] [stdout] 
[INFO] [stdout] error: aborting due to 3 previous errors
[INFO] [stdout] 
[INFO] [stdout] Some errors have detailed explanations: E0412, E0433.
[INFO] [stdout] For more information about an error, try `rustc --explain E0412`.
[INFO] [stdout] Couldn't compile the test.
[INFO] [stdout] ---- src/lib.rs - replay_before_dma (line 286) stdout ----
[INFO] [stdout] error[E0433]: failed to resolve: use of undeclared crate or module `panda`
[INFO] [stdout]  --> src/lib.rs:287:5
[INFO] [stdout]   |
[INFO] [stdout] 3 | use panda::prelude::*;
[INFO] [stdout]   |     ^^^^^ use of undeclared crate or module `panda`
[INFO] [stdout] 
[INFO] [stdout] error[E0433]: failed to resolve: use of undeclared crate or module `panda`
[INFO] [stdout]  --> src/lib.rs:289:3
[INFO] [stdout]   |
[INFO] [stdout] 5 | #[panda::replay_before_dma]
[INFO] [stdout]   |   ^^^^^ use of undeclared crate or module `panda`
[INFO] [stdout] 
[INFO] [stdout] error[E0412]: cannot find type `CPUState` in this scope
[INFO] [stdout]  --> src/lib.rs:290:21
[INFO] [stdout]   |
[INFO] [stdout] 6 | fn callback(_: &mut CPUState, _: *const u8, _: hwaddr, _: usize, _: bool, ) {
[INFO] [stdout]   |                     ^^^^^^^^ not found in this scope
[INFO] [stdout] 
[INFO] [stdout] error[E0412]: cannot find type `hwaddr` in this scope
[INFO] [stdout]  --> src/lib.rs:290:48
[INFO] [stdout]   |
[INFO] [stdout] 6 | fn callback(_: &mut CPUState, _: *const u8, _: hwaddr, _: usize, _: bool, ) {
[INFO] [stdout]   |                                                ^^^^^^ not found in this scope
[INFO] [stdout] 
[INFO] [stdout] error: aborting due to 4 previous errors
[INFO] [stdout] 
[INFO] [stdout] Some errors have detailed explanations: E0412, E0433.
[INFO] [stdout] For more information about an error, try `rustc --explain E0412`.
[INFO] [stdout] Couldn't compile the test.
[INFO] [stdout] ---- src/lib.rs - replay_serial_receive (line 267) stdout ----
[INFO] [stdout] error: expected one of `!`, `.`, `::`, `;`, `?`, `{`, `}`, or an operator, found `ID`
[INFO] [stdout]  --> src/lib.rs:268:10
[INFO] [stdout]   |
[INFO] [stdout] 3 | Callback ID:     PANDA_CB_REPLAY_SERIAL_RECEIVE,
[INFO] [stdout]   |          ^^ expected one of 8 possible tokens
[INFO] [stdout] 
[INFO] [stdout] error: aborting due to 1 previous error
[INFO] [stdout] 
[INFO] [stdout] Couldn't compile the test.
[INFO] [stdout] ---- src/lib.rs - replay_serial_write (line 267) stdout ----
[INFO] [stdout] error: expected one of `!`, `.`, `::`, `;`, `?`, `{`, `}`, or an operator, found `ID`
[INFO] [stdout]  --> src/lib.rs:268:10
[INFO] [stdout]   |
[INFO] [stdout] 3 | Callback ID:     PANDA_CB_REPLAY_SERIAL_WRITE,
[INFO] [stdout]   |          ^^ expected one of 8 possible tokens
[INFO] [stdout] 
[INFO] [stdout] error: aborting due to 1 previous error
[INFO] [stdout] 
[INFO] [stdout] Couldn't compile the test.
[INFO] [stdout] ---- src/lib.rs - top_loop (line 267) stdout ----
[INFO] [stdout] error: expected one of `!`, `.`, `::`, `;`, `?`, `{`, `}`, or an operator, found `ID`
[INFO] [stdout]  --> src/lib.rs:268:10
[INFO] [stdout]   |
[INFO] [stdout] 3 | Callback ID:     PANDA_CB_TOP_LOOP
[INFO] [stdout]   |          ^^ expected one of 8 possible tokens
[INFO] [stdout] 
[INFO] [stdout] error: aborting due to 1 previous error
[INFO] [stdout] 
[INFO] [stdout] Couldn't compile the test.
[INFO] [stdout] ---- src/lib.rs - start_block_exec (line 267) stdout ----
[INFO] [stdout] error: expected identifier, found `:`
[INFO] [stdout]  --> src/lib.rs:268:17
[INFO] [stdout]   |
[INFO] [stdout] 3 | start_block_exec:
[INFO] [stdout]   |                 ^ expected identifier
[INFO] [stdout] 
[INFO] [stdout] error: aborting due to 1 previous error
[INFO] [stdout] 
[INFO] [stdout] Couldn't compile the test.
[INFO] [stdout] ---- src/lib.rs - unassigned_io_read (line 267) stdout ----
[INFO] [stdout] error: expected one of `!`, `.`, `::`, `;`, `?`, `{`, `}`, or an operator, found `ID`
[INFO] [stdout]  --> src/lib.rs:268:10
[INFO] [stdout]   |
[INFO] [stdout] 3 | Callback ID:     PANDA_CB_UNASSIGNED_IO_WRITE
[INFO] [stdout]   |          ^^ expected one of 8 possible tokens
[INFO] [stdout] 
[INFO] [stdout] error: aborting due to 1 previous error
[INFO] [stdout] 
[INFO] [stdout] Couldn't compile the test.
[INFO] [stdout] ---- src/lib.rs - replay_hd_transfer (line 292) stdout ----
[INFO] [stdout] error[E0433]: failed to resolve: use of undeclared crate or module `panda`
[INFO] [stdout]  --> src/lib.rs:293:5
[INFO] [stdout]   |
[INFO] [stdout] 3 | use panda::prelude::*;
[INFO] [stdout]   |     ^^^^^ use of undeclared crate or module `panda`
[INFO] [stdout] 
[INFO] [stdout] error[E0433]: failed to resolve: use of undeclared crate or module `panda`
[INFO] [stdout]  --> src/lib.rs:295:3
[INFO] [stdout]   |
[INFO] [stdout] 5 | #[panda::replay_hd_transfer]
[INFO] [stdout]   |   ^^^^^ use of undeclared crate or module `panda`
[INFO] [stdout] 
[INFO] [stdout] error[E0412]: cannot find type `CPUState` in this scope
[INFO] [stdout]  --> src/lib.rs:296:21
[INFO] [stdout]   |
[INFO] [stdout] 6 | fn callback(_: &mut CPUState, _: u32, _: target_ptr_t, _: target_ptr_t, _: usize, ) {
[INFO] [stdout]   |                     ^^^^^^^^ not found in this scope
[INFO] [stdout] 
[INFO] [stdout] error[E0412]: cannot find type `target_ptr_t` in this scope
[INFO] [stdout]  --> src/lib.rs:296:42
[INFO] [stdout]   |
[INFO] [stdout] 6 | fn callback(_: &mut CPUState, _: u32, _: target_ptr_t, _: target_ptr_t, _: usize, ) {
[INFO] [stdout]   |                                          ^^^^^^^^^^^^ not found in this scope
[INFO] [stdout] 
[INFO] [stdout] error[E0412]: cannot find type `target_ptr_t` in this scope
[INFO] [stdout]  --> src/lib.rs:296:59
[INFO] [stdout]   |
[INFO] [stdout] 6 | fn callback(_: &mut CPUState, _: u32, _: target_ptr_t, _: target_ptr_t, _: usize, ) {
[INFO] [stdout]   |                                                           ^^^^^^^^^^^^ not found in this scope
[INFO] [stdout] 
[INFO] [stdout] error: aborting due to 5 previous errors
[INFO] [stdout] 
[INFO] [stdout] Some errors have detailed explanations: E0412, E0433.
[INFO] [stdout] For more information about an error, try `rustc --explain E0412`.
[INFO] [stdout] Couldn't compile the test.
[INFO] [stdout] ---- src/lib.rs - unassigned_io_write (line 267) stdout ----
[INFO] [stdout] error: expected one of `!`, `.`, `::`, `;`, `?`, `{`, `}`, or an operator, found `ID`
[INFO] [stdout]  --> src/lib.rs:268:10
[INFO] [stdout]   |
[INFO] [stdout] 3 | Callback ID:     PANDA_CB_UNASSIGNED_IO_WRITE
[INFO] [stdout]   |          ^^ expected one of 8 possible tokens
[INFO] [stdout] 
[INFO] [stdout] error: aborting due to 1 previous error
[INFO] [stdout] 
[INFO] [stdout] Couldn't compile the test.
[INFO] [stdout] ---- src/lib.rs - replay_serial_receive (line 283) stdout ----
[INFO] [stdout] error[E0433]: failed to resolve: use of undeclared crate or module `panda`
[INFO] [stdout]  --> src/lib.rs:284:5
[INFO] [stdout]   |
[INFO] [stdout] 3 | use panda::prelude::*;
[INFO] [stdout]   |     ^^^^^ use of undeclared crate or module `panda`
[INFO] [stdout] 
[INFO] [stdout] error[E0433]: failed to resolve: use of undeclared crate or module `panda`
[INFO] [stdout]  --> src/lib.rs:286:3
[INFO] [stdout]   |
[INFO] [stdout] 5 | #[panda::replay_serial_receive]
[INFO] [stdout]   |   ^^^^^ use of undeclared crate or module `panda`
[INFO] [stdout] 
[INFO] [stdout] error[E0412]: cannot find type `CPUState` in this scope
[INFO] [stdout]  --> src/lib.rs:287:21
[INFO] [stdout]   |
[INFO] [stdout] 6 | fn callback(_: &mut CPUState, _: target_ptr_t, _: u8, ) {
[INFO] [stdout]   |                     ^^^^^^^^ not found in this scope
[INFO] [stdout] 
[INFO] [stdout] error[E0412]: cannot find type `target_ptr_t` in this scope
[INFO] [stdout]  --> src/lib.rs:287:34
[INFO] [stdout]   |
[INFO] [stdout] 6 | fn callback(_: &mut CPUState, _: target_ptr_t, _: u8, ) {
[INFO] [stdout]   |                                  ^^^^^^^^^^^^ not found in this scope
[INFO] [stdout] 
[INFO] [stdout] error: aborting due to 4 previous errors
[INFO] [stdout] 
[INFO] [stdout] Some errors have detailed explanations: E0412, E0433.
[INFO] [stdout] For more information about an error, try `rustc --explain E0412`.
[INFO] [stdout] Couldn't compile the test.
[INFO] [stdout] ---- src/lib.rs - replay_net_transfer (line 293) stdout ----
[INFO] [stdout] error[E0433]: failed to resolve: use of undeclared crate or module `panda`
[INFO] [stdout]  --> src/lib.rs:294:5
[INFO] [stdout]   |
[INFO] [stdout] 3 | use panda::prelude::*;
[INFO] [stdout]   |     ^^^^^ use of undeclared crate or module `panda`
[INFO] [stdout] 
[INFO] [stdout] error[E0433]: failed to resolve: use of undeclared crate or module `panda`
[INFO] [stdout]  --> src/lib.rs:296:3
[INFO] [stdout]   |
[INFO] [stdout] 5 | #[panda::replay_net_transfer]
[INFO] [stdout]   |   ^^^^^ use of undeclared crate or module `panda`
[INFO] [stdout] 
[INFO] [stdout] error[E0412]: cannot find type `CPUState` in this scope
[INFO] [stdout]  --> src/lib.rs:297:21
[INFO] [stdout]   |
[INFO] [stdout] 6 | fn callback(_: &mut CPUState, _: u32, _: u64, _: u64, _: usize, ) {
[INFO] [stdout]   |                     ^^^^^^^^ not found in this scope
[INFO] [stdout] 
[INFO] [stdout] error: aborting due to 3 previous errors
[INFO] [stdout] 
[INFO] [stdout] Some errors have detailed explanations: E0412, E0433.
[INFO] [stdout] For more information about an error, try `rustc --explain E0412`.
[INFO] [stdout] Couldn't compile the test.
[INFO] [stdout] ---- src/lib.rs - replay_serial_read (line 284) stdout ----
[INFO] [stdout] error[E0433]: failed to resolve: use of undeclared crate or module `panda`
[INFO] [stdout]  --> src/lib.rs:285:5
[INFO] [stdout]   |
[INFO] [stdout] 3 | use panda::prelude::*;
[INFO] [stdout]   |     ^^^^^ use of undeclared crate or module `panda`
[INFO] [stdout] 
[INFO] [stdout] error[E0433]: failed to resolve: use of undeclared crate or module `panda`
[INFO] [stdout]  --> src/lib.rs:287:3
[INFO] [stdout]   |
[INFO] [stdout] 5 | #[panda::replay_serial_read]
[INFO] [stdout]   |   ^^^^^ use of undeclared crate or module `panda`
[INFO] [stdout] 
[INFO] [stdout] error[E0412]: cannot find type `CPUState` in this scope
[INFO] [stdout]  --> src/lib.rs:288:21
[INFO] [stdout]   |
[INFO] [stdout] 6 | fn callback(_: &mut CPUState, _: target_ptr_t, _: u32, _: u8, ) {
[INFO] [stdout]   |                     ^^^^^^^^ not found in this scope
[INFO] [stdout] 
[INFO] [stdout] error[E0412]: cannot find type `target_ptr_t` in this scope
[INFO] [stdout]  --> src/lib.rs:288:34
[INFO] [stdout]   |
[INFO] [stdout] 6 | fn callback(_: &mut CPUState, _: target_ptr_t, _: u32, _: u8, ) {
[INFO] [stdout]   |                                  ^^^^^^^^^^^^ not found in this scope
[INFO] [stdout] 
[INFO] [stdout] error: aborting due to 4 previous errors
[INFO] [stdout] 
[INFO] [stdout] Some errors have detailed explanations: E0412, E0433.
[INFO] [stdout] For more information about an error, try `rustc --explain E0412`.
[INFO] [stdout] Couldn't compile the test.
[INFO] [stdout] ---- src/lib.rs - virt_mem_after_read (line 267) stdout ----
[INFO] [stdout] error: expected one of `!`, `.`, `::`, `;`, `?`, `{`, `}`, or an operator, found `ID`
[INFO] [stdout]  --> src/lib.rs:268:10
[INFO] [stdout]   |
[INFO] [stdout] 3 | Callback ID: PANDA_CB_VIRT_MEM_AFTER_READ
[INFO] [stdout]   |          ^^ expected one of 8 possible tokens
[INFO] [stdout] 
[INFO] [stdout] error: aborting due to 1 previous error
[INFO] [stdout] 
[INFO] [stdout] Couldn't compile the test.
[INFO] [stdout] ---- src/lib.rs - virt_mem_after_write (line 267) stdout ----
[INFO] [stdout] error: expected one of `!`, `.`, `::`, `;`, `?`, `{`, `}`, or an operator, found `ID`
[INFO] [stdout]  --> src/lib.rs:268:10
[INFO] [stdout]   |
[INFO] [stdout] 3 | Callback ID: PANDA_CB_VIRT_MEM_AFTER_WRITE
[INFO] [stdout]   |          ^^ expected one of 8 possible tokens
[INFO] [stdout] 
[INFO] [stdout] error: aborting due to 1 previous error
[INFO] [stdout] 
[INFO] [stdout] Couldn't compile the test.
[INFO] [stdout] ---- src/lib.rs - replay_serial_send (line 283) stdout ----
[INFO] [stdout] error[E0433]: failed to resolve: use of undeclared crate or module `panda`
[INFO] [stdout]  --> src/lib.rs:284:5
[INFO] [stdout]   |
[INFO] [stdout] 3 | use panda::prelude::*;
[INFO] [stdout]   |     ^^^^^ use of undeclared crate or module `panda`
[INFO] [stdout] 
[INFO] [stdout] error[E0433]: failed to resolve: use of undeclared crate or module `panda`
[INFO] [stdout]  --> src/lib.rs:286:3
[INFO] [stdout]   |
[INFO] [stdout] 5 | #[panda::replay_serial_send]
[INFO] [stdout]   |   ^^^^^ use of undeclared crate or module `panda`
[INFO] [stdout] 
[INFO] [stdout] error[E0412]: cannot find type `CPUState` in this scope
[INFO] [stdout]  --> src/lib.rs:287:21
[INFO] [stdout]   |
[INFO] [stdout] 6 | fn callback(_: &mut CPUState, _: target_ptr_t, _: u8, ) {
[INFO] [stdout]   |                     ^^^^^^^^ not found in this scope
[INFO] [stdout] 
[INFO] [stdout] error[E0412]: cannot find type `target_ptr_t` in this scope
[INFO] [stdout]  --> src/lib.rs:287:34
[INFO] [stdout]   |
[INFO] [stdout] 6 | fn callback(_: &mut CPUState, _: target_ptr_t, _: u8, ) {
[INFO] [stdout]   |                                  ^^^^^^^^^^^^ not found in this scope
[INFO] [stdout] 
[INFO] [stdout] error: aborting due to 4 previous errors
[INFO] [stdout] 
[INFO] [stdout] Some errors have detailed explanations: E0412, E0433.
[INFO] [stdout] For more information about an error, try `rustc --explain E0412`.
[INFO] [stdout] Couldn't compile the test.
[INFO] [stdout] ---- src/lib.rs - start_block_exec (line 283) stdout ----
[INFO] [stdout] error[E0433]: failed to resolve: use of undeclared crate or module `panda`
[INFO] [stdout]  --> src/lib.rs:284:5
[INFO] [stdout]   |
[INFO] [stdout] 3 | use panda::prelude::*;
[INFO] [stdout]   |     ^^^^^ use of undeclared crate or module `panda`
[INFO] [stdout] 
[INFO] [stdout] error[E0433]: failed to resolve: use of undeclared crate or module `panda`
[INFO] [stdout]  --> src/lib.rs:286:3
[INFO] [stdout]   |
[INFO] [stdout] 5 | #[panda::start_block_exec]
[INFO] [stdout]   |   ^^^^^ use of undeclared crate or module `panda`
[INFO] [stdout] 
[INFO] [stdout] error[E0412]: cannot find type `CPUState` in this scope
[INFO] [stdout]  --> src/lib.rs:287:21
[INFO] [stdout]   |
[INFO] [stdout] 6 | fn callback(_: &mut CPUState, _: &mut TranslationBlock, ) {
[INFO] [stdout]   |                     ^^^^^^^^ not found in this scope
[INFO] [stdout] 
[INFO] [stdout] error[E0412]: cannot find type `TranslationBlock` in this scope
[INFO] [stdout]  --> src/lib.rs:287:39
[INFO] [stdout]   |
[INFO] [stdout] 6 | fn callback(_: &mut CPUState, _: &mut TranslationBlock, ) {
[INFO] [stdout]   |                                       ^^^^^^^^^^^^^^^^ not found in this scope
[INFO] [stdout] 
[INFO] [stdout] error: aborting due to 4 previous errors
[INFO] [stdout] 
[INFO] [stdout] Some errors have detailed explanations: E0412, E0433.
[INFO] [stdout] For more information about an error, try `rustc --explain E0412`.
[INFO] [stdout] Couldn't compile the test.
[INFO] [stdout] ---- src/lib.rs - top_loop (line 281) stdout ----
[INFO] [stdout] error[E0433]: failed to resolve: use of undeclared crate or module `panda`
[INFO] [stdout]  --> src/lib.rs:282:5
[INFO] [stdout]   |
[INFO] [stdout] 3 | use panda::prelude::*;
[INFO] [stdout]   |     ^^^^^ use of undeclared crate or module `panda`
[INFO] [stdout] 
[INFO] [stdout] error[E0433]: failed to resolve: use of undeclared crate or module `panda`
[INFO] [stdout]  --> src/lib.rs:284:3
[INFO] [stdout]   |
[INFO] [stdout] 5 | #[panda::top_loop]
[INFO] [stdout]   |   ^^^^^ use of undeclared crate or module `panda`
[INFO] [stdout] 
[INFO] [stdout] error[E0412]: cannot find type `CPUState` in this scope
[INFO] [stdout]  --> src/lib.rs:285:21
[INFO] [stdout]   |
[INFO] [stdout] 6 | fn callback(_: &mut CPUState, ) {
[INFO] [stdout]   |                     ^^^^^^^^ not found in this scope
[INFO] [stdout] 
[INFO] [stdout] error: aborting due to 3 previous errors
[INFO] [stdout] 
[INFO] [stdout] Some errors have detailed explanations: E0412, E0433.
[INFO] [stdout] For more information about an error, try `rustc --explain E0412`.
[INFO] [stdout] Couldn't compile the test.
[INFO] [stdout] ---- src/lib.rs - virt_mem_before_read (line 267) stdout ----
[INFO] [stdout] error: expected one of `!`, `.`, `::`, `;`, `?`, `{`, `}`, or an operator, found `ID`
[INFO] [stdout]  --> src/lib.rs:268:10
[INFO] [stdout]   |
[INFO] [stdout] 3 | Callback ID: PANDA_CB_VIRT_MEM_BEFORE_READ
[INFO] [stdout]   |          ^^ expected one of 8 possible tokens
[INFO] [stdout] 
[INFO] [stdout] error: aborting due to 1 previous error
[INFO] [stdout] 
[INFO] [stdout] Couldn't compile the test.
[INFO] [stdout] ---- src/lib.rs - unassigned_io_read (line 283) stdout ----
[INFO] [stdout] error[E0433]: failed to resolve: use of undeclared crate or module `panda`
[INFO] [stdout]  --> src/lib.rs:284:5
[INFO] [stdout]   |
[INFO] [stdout] 3 | use panda::prelude::*;
[INFO] [stdout]   |     ^^^^^ use of undeclared crate or module `panda`
[INFO] [stdout] 
[INFO] [stdout] error[E0433]: failed to resolve: use of undeclared crate or module `panda`
[INFO] [stdout]  --> src/lib.rs:286:3
[INFO] [stdout]   |
[INFO] [stdout] 5 | #[panda::unassigned_io_read]
[INFO] [stdout]   |   ^^^^^ use of undeclared crate or module `panda`
[INFO] [stdout] 
[INFO] [stdout] error[E0412]: cannot find type `CPUState` in this scope
[INFO] [stdout]  --> src/lib.rs:287:21
[INFO] [stdout]   |
[INFO] [stdout] 6 | fn callback(_: &mut CPUState, _: target_ptr_t, _: hwaddr, _: usize, _: u64, ) -> bool {
[INFO] [stdout]   |                     ^^^^^^^^ not found in this scope
[INFO] [stdout] 
[INFO] [stdout] error[E0412]: cannot find type `target_ptr_t` in this scope
[INFO] [stdout]  --> src/lib.rs:287:34
[INFO] [stdout]   |
[INFO] [stdout] 6 | fn callback(_: &mut CPUState, _: target_ptr_t, _: hwaddr, _: usize, _: u64, ) -> bool {
[INFO] [stdout]   |                                  ^^^^^^^^^^^^ not found in this scope
[INFO] [stdout] 
[INFO] [stdout] error[E0412]: cannot find type `hwaddr` in this scope
[INFO] [stdout]  --> src/lib.rs:287:51
[INFO] [stdout]   |
[INFO] [stdout] 6 | fn callback(_: &mut CPUState, _: target_ptr_t, _: hwaddr, _: usize, _: u64, ) -> bool {
[INFO] [stdout]   |                                                   ^^^^^^ not found in this scope
[INFO] [stdout] 
[INFO] [stdout] error[E0308]: mismatched types
[INFO] [stdout]  --> src/lib.rs:287:82
[INFO] [stdout]   |
[INFO] [stdout] 6 | fn callback(_: &mut CPUState, _: target_ptr_t, _: hwaddr, _: usize, _: u64, ) -> bool {
[INFO] [stdout]   |    --------                                                                      ^^^^ expected `bool`, found `()`
[INFO] [stdout]   |    |
[INFO] [stdout]   |    implicitly returns `()` as its body has no tail or `return` expression
[INFO] [stdout] 
[INFO] [stdout] error: aborting due to 6 previous errors
[INFO] [stdout] 
[INFO] [stdout] Some errors have detailed explanations: E0308, E0412, E0433.
[INFO] [stdout] For more information about an error, try `rustc --explain E0308`.
[INFO] [stdout] Couldn't compile the test.
[INFO] [stdout] ---- src/lib.rs - virt_mem_before_write (line 267) stdout ----
[INFO] [stdout] error: expected one of `!`, `.`, `::`, `;`, `?`, `{`, `}`, or an operator, found `ID`
[INFO] [stdout]  --> src/lib.rs:268:10
[INFO] [stdout]   |
[INFO] [stdout] 3 | Callback ID: PANDA_CB_VIRT_MEM_BEFORE_WRITE
[INFO] [stdout]   |          ^^ expected one of 8 possible tokens
[INFO] [stdout] 
[INFO] [stdout] error: aborting due to 1 previous error
[INFO] [stdout] 
[INFO] [stdout] Couldn't compile the test.
[INFO] [stdout] ---- src/lib.rs - replay_serial_write (line 285) stdout ----
[INFO] [stdout] error[E0433]: failed to resolve: use of undeclared crate or module `panda`
[INFO] [stdout]  --> src/lib.rs:286:5
[INFO] [stdout]   |
[INFO] [stdout] 3 | use panda::prelude::*;
[INFO] [stdout]   |     ^^^^^ use of undeclared crate or module `panda`
[INFO] [stdout] 
[INFO] [stdout] error[E0433]: failed to resolve: use of undeclared crate or module `panda`
[INFO] [stdout]  --> src/lib.rs:288:3
[INFO] [stdout]   |
[INFO] [stdout] 5 | #[panda::replay_serial_write]
[INFO] [stdout]   |   ^^^^^ use of undeclared crate or module `panda`
[INFO] [stdout] 
[INFO] [stdout] error[E0412]: cannot find type `CPUState` in this scope
[INFO] [stdout]  --> src/lib.rs:289:21
[INFO] [stdout]   |
[INFO] [stdout] 6 | fn callback(_: &mut CPUState, _: target_ptr_t, _: u32, _: u8, ) {
[INFO] [stdout]   |                     ^^^^^^^^ not found in this scope
[INFO] [stdout] 
[INFO] [stdout] error[E0412]: cannot find type `target_ptr_t` in this scope
[INFO] [stdout]  --> src/lib.rs:289:34
[INFO] [stdout]   |
[INFO] [stdout] 6 | fn callback(_: &mut CPUState, _: target_ptr_t, _: u32, _: u8, ) {
[INFO] [stdout]   |                                  ^^^^^^^^^^^^ not found in this scope
[INFO] [stdout] 
[INFO] [stdout] error: aborting due to 4 previous errors
[INFO] [stdout] 
[INFO] [stdout] Some errors have detailed explanations: E0412, E0433.
[INFO] [stdout] For more information about an error, try `rustc --explain E0412`.
[INFO] [stdout] Couldn't compile the test.
[INFO] [stdout] ---- src/lib.rs - unassigned_io_write (line 283) stdout ----
[INFO] [stdout] error[E0433]: failed to resolve: use of undeclared crate or module `panda`
[INFO] [stdout]  --> src/lib.rs:284:5
[INFO] [stdout]   |
[INFO] [stdout] 3 | use panda::prelude::*;
[INFO] [stdout]   |     ^^^^^ use of undeclared crate or module `panda`
[INFO] [stdout] 
[INFO] [stdout] error[E0433]: failed to resolve: use of undeclared crate or module `panda`
[INFO] [stdout]  --> src/lib.rs:286:3
[INFO] [stdout]   |
[INFO] [stdout] 5 | #[panda::unassigned_io_write]
[INFO] [stdout]   |   ^^^^^ use of undeclared crate or module `panda`
[INFO] [stdout] 
[INFO] [stdout] error[E0412]: cannot find type `CPUState` in this scope
[INFO] [stdout]  --> src/lib.rs:287:21
[INFO] [stdout]   |
[INFO] [stdout] 6 | fn callback(_: &mut CPUState, _: target_ptr_t, _: hwaddr, _: usize, _: u64, ) -> bool {
[INFO] [stdout]   |                     ^^^^^^^^ not found in this scope
[INFO] [stdout] 
[INFO] [stdout] error[E0412]: cannot find type `target_ptr_t` in this scope
[INFO] [stdout]  --> src/lib.rs:287:34
[INFO] [stdout]   |
[INFO] [stdout] 6 | fn callback(_: &mut CPUState, _: target_ptr_t, _: hwaddr, _: usize, _: u64, ) -> bool {
[INFO] [stdout]   |                                  ^^^^^^^^^^^^ not found in this scope
[INFO] [stdout] 
[INFO] [stdout] error[E0412]: cannot find type `hwaddr` in this scope
[INFO] [stdout]  --> src/lib.rs:287:51
[INFO] [stdout]   |
[INFO] [stdout] 6 | fn callback(_: &mut CPUState, _: target_ptr_t, _: hwaddr, _: usize, _: u64, ) -> bool {
[INFO] [stdout]   |                                                   ^^^^^^ not found in this scope
[INFO] [stdout] 
[INFO] [stdout] error[E0308]: mismatched types
[INFO] [stdout]  --> src/lib.rs:287:82
[INFO] [stdout]   |
[INFO] [stdout] 6 | fn callback(_: &mut CPUState, _: target_ptr_t, _: hwaddr, _: usize, _: u64, ) -> bool {
[INFO] [stdout]   |    --------                                                                      ^^^^ expected `bool`, found `()`
[INFO] [stdout]   |    |
[INFO] [stdout]   |    implicitly returns `()` as its body has no tail or `return` expression
[INFO] [stdout] 
[INFO] [stdout] error: aborting due to 6 previous errors
[INFO] [stdout] 
[INFO] [stdout] Some errors have detailed explanations: E0308, E0412, E0433.
[INFO] [stdout] For more information about an error, try `rustc --explain E0308`.
[INFO] [stdout] Couldn't compile the test.
[INFO] [stdout] ---- src/lib.rs - virt_mem_after_write (line 285) stdout ----
[INFO] [stdout] error[E0433]: failed to resolve: use of undeclared crate or module `panda`
[INFO] [stdout]  --> src/lib.rs:286:5
[INFO] [stdout]   |
[INFO] [stdout] 3 | use panda::prelude::*;
[INFO] [stdout]   |     ^^^^^ use of undeclared crate or module `panda`
[INFO] [stdout] 
[INFO] [stdout] error[E0433]: failed to resolve: use of undeclared crate or module `panda`
[INFO] [stdout]  --> src/lib.rs:288:3
[INFO] [stdout]   |
[INFO] [stdout] 5 | #[panda::virt_mem_after_write]
[INFO] [stdout]   |   ^^^^^ use of undeclared crate or module `panda`
[INFO] [stdout] 
[INFO] [stdout] error[E0412]: cannot find type `CPUState` in this scope
[INFO] [stdout]  --> src/lib.rs:289:21
[INFO] [stdout]   |
[INFO] [stdout] 6 | fn callback(_: &mut CPUState, _: target_ptr_t, _: target_ptr_t, _: usize, _: *mut u8, ) {
[INFO] [stdout]   |                     ^^^^^^^^ not found in this scope
[INFO] [stdout] 
[INFO] [stdout] error[E0412]: cannot find type `target_ptr_t` in this scope
[INFO] [stdout]  --> src/lib.rs:289:34
[INFO] [stdout]   |
[INFO] [stdout] 6 | fn callback(_: &mut CPUState, _: target_ptr_t, _: target_ptr_t, _: usize, _: *mut u8, ) {
[INFO] [stdout]   |                                  ^^^^^^^^^^^^ not found in this scope
[INFO] [stdout] 
[INFO] [stdout] error[E0412]: cannot find type `target_ptr_t` in this scope
[INFO] [stdout]  --> src/lib.rs:289:51
[INFO] [stdout]   |
[INFO] [stdout] 6 | fn callback(_: &mut CPUState, _: target_ptr_t, _: target_ptr_t, _: usize, _: *mut u8, ) {
[INFO] [stdout]   |                                                   ^^^^^^^^^^^^ not found in this scope
[INFO] [stdout] 
[INFO] [stdout] error: aborting due to 5 previous errors
[INFO] [stdout] 
[INFO] [stdout] Some errors have detailed explanations: E0412, E0433.
[INFO] [stdout] For more information about an error, try `rustc --explain E0412`.
[INFO] [stdout] Couldn't compile the test.
[INFO] [stdout] ---- src/lib.rs - virt_mem_after_read (line 285) stdout ----
[INFO] [stdout] error[E0433]: failed to resolve: use of undeclared crate or module `panda`
[INFO] [stdout]  --> src/lib.rs:286:5
[INFO] [stdout]   |
[INFO] [stdout] 3 | use panda::prelude::*;
[INFO] [stdout]   |     ^^^^^ use of undeclared crate or module `panda`
[INFO] [stdout] 
[INFO] [stdout] error[E0433]: failed to resolve: use of undeclared crate or module `panda`
[INFO] [stdout]  --> src/lib.rs:288:3
[INFO] [stdout]   |
[INFO] [stdout] 5 | #[panda::virt_mem_after_read]
[INFO] [stdout]   |   ^^^^^ use of undeclared crate or module `panda`
[INFO] [stdout] 
[INFO] [stdout] error[E0412]: cannot find type `CPUState` in this scope
[INFO] [stdout]  --> src/lib.rs:289:21
[INFO] [stdout]   |
[INFO] [stdout] 6 | fn callback(_: &mut CPUState, _: target_ptr_t, _: target_ptr_t, _: usize, _: *mut u8, ) {
[INFO] [stdout]   |                     ^^^^^^^^ not found in this scope
[INFO] [stdout] 
[INFO] [stdout] error[E0412]: cannot find type `target_ptr_t` in this scope
[INFO] [stdout]  --> src/lib.rs:289:34
[INFO] [stdout]   |
[INFO] [stdout] 6 | fn callback(_: &mut CPUState, _: target_ptr_t, _: target_ptr_t, _: usize, _: *mut u8, ) {
[INFO] [stdout]   |                                  ^^^^^^^^^^^^ not found in this scope
[INFO] [stdout] 
[INFO] [stdout] error[E0412]: cannot find type `target_ptr_t` in this scope
[INFO] [stdout]  --> src/lib.rs:289:51
[INFO] [stdout]   |
[INFO] [stdout] 6 | fn callback(_: &mut CPUState, _: target_ptr_t, _: target_ptr_t, _: usize, _: *mut u8, ) {
[INFO] [stdout]   |                                                   ^^^^^^^^^^^^ not found in this scope
[INFO] [stdout] 
[INFO] [stdout] error: aborting due to 5 previous errors
[INFO] [stdout] 
[INFO] [stdout] Some errors have detailed explanations: E0412, E0433.
[INFO] [stdout] For more information about an error, try `rustc --explain E0412`.
[INFO] [stdout] Couldn't compile the test.
[INFO] [stdout] ---- src/lib.rs - virt_mem_before_read (line 284) stdout ----
[INFO] [stdout] error[E0433]: failed to resolve: use of undeclared crate or module `panda`
[INFO] [stdout]  --> src/lib.rs:285:5
[INFO] [stdout]   |
[INFO] [stdout] 3 | use panda::prelude::*;
[INFO] [stdout]   |     ^^^^^ use of undeclared crate or module `panda`
[INFO] [stdout] 
[INFO] [stdout] error[E0433]: failed to resolve: use of undeclared crate or module `panda`
[INFO] [stdout]  --> src/lib.rs:287:3
[INFO] [stdout]   |
[INFO] [stdout] 5 | #[panda::virt_mem_before_read]
[INFO] [stdout]   |   ^^^^^ use of undeclared crate or module `panda`
[INFO] [stdout] 
[INFO] [stdout] error[E0412]: cannot find type `CPUState` in this scope
[INFO] [stdout]  --> src/lib.rs:288:21
[INFO] [stdout]   |
[INFO] [stdout] 6 | fn callback(_: &mut CPUState, _: target_ptr_t, _: target_ptr_t, _: usize, ) {
[INFO] [stdout]   |                     ^^^^^^^^ not found in this scope
[INFO] [stdout] 
[INFO] [stdout] error[E0412]: cannot find type `target_ptr_t` in this scope
[INFO] [stdout]  --> src/lib.rs:288:34
[INFO] [stdout]   |
[INFO] [stdout] 6 | fn callback(_: &mut CPUState, _: target_ptr_t, _: target_ptr_t, _: usize, ) {
[INFO] [stdout]   |                                  ^^^^^^^^^^^^ not found in this scope
[INFO] [stdout] 
[INFO] [stdout] error[E0412]: cannot find type `target_ptr_t` in this scope
[INFO] [stdout]  --> src/lib.rs:288:51
[INFO] [stdout]   |
[INFO] [stdout] 6 | fn callback(_: &mut CPUState, _: target_ptr_t, _: target_ptr_t, _: usize, ) {
[INFO] [stdout]   |                                                   ^^^^^^^^^^^^ not found in this scope
[INFO] [stdout] 
[INFO] [stdout] error: aborting due to 5 previous errors
[INFO] [stdout] 
[INFO] [stdout] Some errors have detailed explanations: E0412, E0433.
[INFO] [stdout] For more information about an error, try `rustc --explain E0412`.
[INFO] [stdout] Couldn't compile the test.
[INFO] [stdout] ---- src/lib.rs - virt_mem_before_write (line 285) stdout ----
[INFO] [stdout] error[E0433]: failed to resolve: use of undeclared crate or module `panda`
[INFO] [stdout]  --> src/lib.rs:286:5
[INFO] [stdout]   |
[INFO] [stdout] 3 | use panda::prelude::*;
[INFO] [stdout]   |     ^^^^^ use of undeclared crate or module `panda`
[INFO] [stdout] 
[INFO] [stdout] error[E0433]: failed to resolve: use of undeclared crate or module `panda`
[INFO] [stdout]  --> src/lib.rs:288:3
[INFO] [stdout]   |
[INFO] [stdout] 5 | #[panda::virt_mem_before_write]
[INFO] [stdout]   |   ^^^^^ use of undeclared crate or module `panda`
[INFO] [stdout] 
[INFO] [stdout] error[E0412]: cannot find type `CPUState` in this scope
[INFO] [stdout]  --> src/lib.rs:289:21
[INFO] [stdout]   |
[INFO] [stdout] 6 | fn callback(_: &mut CPUState, _: target_ptr_t, _: target_ptr_t, _: usize, _: *mut u8, ) {
[INFO] [stdout]   |                     ^^^^^^^^ not found in this scope
[INFO] [stdout] 
[INFO] [stdout] error[E0412]: cannot find type `target_ptr_t` in this scope
[INFO] [stdout]  --> src/lib.rs:289:34
[INFO] [stdout]   |
[INFO] [stdout] 6 | fn callback(_: &mut CPUState, _: target_ptr_t, _: target_ptr_t, _: usize, _: *mut u8, ) {
[INFO] [stdout]   |                                  ^^^^^^^^^^^^ not found in this scope
[INFO] [stdout] 
[INFO] [stdout] error[E0412]: cannot find type `target_ptr_t` in this scope
[INFO] [stdout]  --> src/lib.rs:289:51
[INFO] [stdout]   |
[INFO] [stdout] 6 | fn callback(_: &mut CPUState, _: target_ptr_t, _: target_ptr_t, _: usize, _: *mut u8, ) {
[INFO] [stdout]   |                                                   ^^^^^^^^^^^^ not found in this scope
[INFO] [stdout] 
[INFO] [stdout] error: aborting due to 5 previous errors
[INFO] [stdout] 
[INFO] [stdout] Some errors have detailed explanations: E0412, E0433.
[INFO] [stdout] For more information about an error, try `rustc --explain E0412`.
[INFO] [stdout] Couldn't compile the test.
[INFO] [stdout] 
[INFO] [stdout] failures:
[INFO] [stdout]     src/lib.rs - after_block_exec (line 268)
[INFO] [stdout]     src/lib.rs - after_block_exec (line 284)
[INFO] [stdout]     src/lib.rs - after_block_translate (line 268)
[INFO] [stdout]     src/lib.rs - after_block_translate (line 286)
[INFO] [stdout]     src/lib.rs - after_cpu_exec_enter (line 267)
[INFO] [stdout]     src/lib.rs - after_cpu_exec_enter (line 281)
[INFO] [stdout]     src/lib.rs - after_insn_exec (line 268)
[INFO] [stdout]     src/lib.rs - after_insn_exec (line 286)
[INFO] [stdout]     src/lib.rs - after_insn_translate (line 267)
[INFO] [stdout]     src/lib.rs - after_insn_translate (line 286)
[INFO] [stdout]     src/lib.rs - after_loadvm (line 268)
[INFO] [stdout]     src/lib.rs - after_loadvm (line 281)
[INFO] [stdout]     src/lib.rs - after_machine_init (line 268)
[INFO] [stdout]     src/lib.rs - after_machine_init (line 287)
[INFO] [stdout]     src/lib.rs - asid_changed (line 267)
[INFO] [stdout]     src/lib.rs - asid_changed (line 289)
[INFO] [stdout]     src/lib.rs - before_block_exec (line 267)
[INFO] [stdout]     src/lib.rs - before_block_exec (line 282)
[INFO] [stdout]     src/lib.rs - before_block_exec_invalidate_opt (line 268)
[INFO] [stdout]     src/lib.rs - before_block_exec_invalidate_opt (line 286)
[INFO] [stdout]     src/lib.rs - before_block_translate (line 267)
[INFO] [stdout]     src/lib.rs - before_block_translate (line 282)
[INFO] [stdout]     src/lib.rs - before_cpu_exec_exit (line 267)
[INFO] [stdout]     src/lib.rs - before_cpu_exec_exit (line 282)
[INFO] [stdout]     src/lib.rs - before_handle_exception (line 267)
[INFO] [stdout]     src/lib.rs - before_handle_exception (line 287)
[INFO] [stdout]     src/lib.rs - before_handle_interrupt (line 269)
[INFO] [stdout]     src/lib.rs - before_loadvm (line 270)
[INFO] [stdout]     src/lib.rs - before_loadvm (line 284)
[INFO] [stdout]     src/lib.rs - before_tcg_codegen (line 267)
[INFO] [stdout]     src/lib.rs - before_tcg_codegen (line 285)
[INFO] [stdout]     src/lib.rs - cpu_restore_state (line 268)
[INFO] [stdout]     src/lib.rs - cpu_restore_state (line 283)
[INFO] [stdout]     src/lib.rs - during_machine_init (line 267)
[INFO] [stdout]     src/lib.rs - during_machine_init (line 279)
[INFO] [stdout]     src/lib.rs - end_block_exec (line 267)
[INFO] [stdout]     src/lib.rs - end_block_exec (line 283)
[INFO] [stdout]     src/lib.rs - guest_hypercall (line 268)
[INFO] [stdout]     src/lib.rs - guest_hypercall (line 291)
[INFO] [stdout]     src/lib.rs - hd_read (line 267)
[INFO] [stdout]     src/lib.rs - hd_read (line 278)
[INFO] [stdout]     src/lib.rs - hd_write (line 267)
[INFO] [stdout]     src/lib.rs - hd_write (line 278)
[INFO] [stdout]     src/lib.rs - hook (line 124)
[INFO] [stdout]     src/lib.rs - hook (line 91)
[INFO] [stdout]     src/lib.rs - init (line 10)
[INFO] [stdout]     src/lib.rs - insn_exec (line 268)
[INFO] [stdout]     src/lib.rs - insn_exec (line 289)
[INFO] [stdout]     src/lib.rs - insn_translate (line 267)
[INFO] [stdout]     src/lib.rs - insn_translate (line 289)
[INFO] [stdout]     src/lib.rs - main_loop_wait (line 267)
[INFO] [stdout]     src/lib.rs - main_loop_wait (line 279)
[INFO] [stdout]     src/lib.rs - mmio_after_read (line 267)
[INFO] [stdout]     src/lib.rs - mmio_after_read (line 285)
[INFO] [stdout]     src/lib.rs - mmio_before_write (line 267)
[INFO] [stdout]     src/lib.rs - mmio_before_write (line 285)
[INFO] [stdout]     src/lib.rs - monitor (line 267)
[INFO] [stdout]     src/lib.rs - monitor (line 294)
[INFO] [stdout]     src/lib.rs - on_mmap_updated (line 629)
[INFO] [stdout]     src/lib.rs - on_process_end (line 629)
[INFO] [stdout]     src/lib.rs - on_process_start (line 629)
[INFO] [stdout]     src/lib.rs - on_rec_auxv (line 581)
[INFO] [stdout]     src/lib.rs - on_thread_end (line 629)
[INFO] [stdout]     src/lib.rs - on_thread_start (line 629)
[INFO] [stdout]     src/lib.rs - phys_mem_after_read (line 267)
[INFO] [stdout]     src/lib.rs - phys_mem_after_read (line 285)
[INFO] [stdout]     src/lib.rs - phys_mem_after_write (line 267)
[INFO] [stdout]     src/lib.rs - phys_mem_after_write (line 285)
[INFO] [stdout]     src/lib.rs - phys_mem_before_read (line 267)
[INFO] [stdout]     src/lib.rs - phys_mem_before_read (line 284)
[INFO] [stdout]     src/lib.rs - phys_mem_before_write (line 267)
[INFO] [stdout]     src/lib.rs - phys_mem_before_write (line 285)
[INFO] [stdout]     src/lib.rs - pre_shutdown (line 267)
[INFO] [stdout]     src/lib.rs - pre_shutdown (line 280)
[INFO] [stdout]     src/lib.rs - replay_after_dma (line 267)
[INFO] [stdout]     src/lib.rs - replay_after_dma (line 285)
[INFO] [stdout]     src/lib.rs - replay_before_dma (line 268)
[INFO] [stdout]     src/lib.rs - replay_before_dma (line 286)
[INFO] [stdout]     src/lib.rs - replay_handle_packet (line 267)
[INFO] [stdout]     src/lib.rs - replay_handle_packet (line 301)
[INFO] [stdout]     src/lib.rs - replay_hd_transfer (line 267)
[INFO] [stdout]     src/lib.rs - replay_hd_transfer (line 292)
[INFO] [stdout]     src/lib.rs - replay_net_transfer (line 268)
[INFO] [stdout]     src/lib.rs - replay_net_transfer (line 293)
[INFO] [stdout]     src/lib.rs - replay_serial_read (line 267)
[INFO] [stdout]     src/lib.rs - replay_serial_read (line 284)
[INFO] [stdout]     src/lib.rs - replay_serial_receive (line 267)
[INFO] [stdout]     src/lib.rs - replay_serial_receive (line 283)
[INFO] [stdout]     src/lib.rs - replay_serial_send (line 267)
[INFO] [stdout]     src/lib.rs - replay_serial_send (line 283)
[INFO] [stdout]     src/lib.rs - replay_serial_write (line 267)
[INFO] [stdout]     src/lib.rs - replay_serial_write (line 285)
[INFO] [stdout]     src/lib.rs - start_block_exec (line 267)
[INFO] [stdout]     src/lib.rs - start_block_exec (line 283)
[INFO] [stdout]     src/lib.rs - top_loop (line 267)
[INFO] [stdout]     src/lib.rs - top_loop (line 281)
[INFO] [stdout]     src/lib.rs - unassigned_io_read (line 267)
[INFO] [stdout]     src/lib.rs - unassigned_io_read (line 283)
[INFO] [stdout]     src/lib.rs - unassigned_io_write (line 267)
[INFO] [stdout]     src/lib.rs - unassigned_io_write (line 283)
[INFO] [stdout]     src/lib.rs - virt_mem_after_read (line 267)
[INFO] [stdout]     src/lib.rs - virt_mem_after_read (line 285)
[INFO] [stdout]     src/lib.rs - virt_mem_after_write (line 267)
[INFO] [stdout]     src/lib.rs - virt_mem_after_write (line 285)
[INFO] [stdout]     src/lib.rs - virt_mem_before_read (line 267)
[INFO] [stdout]     src/lib.rs - virt_mem_before_read (line 284)
[INFO] [stdout]     src/lib.rs - virt_mem_before_write (line 267)
[INFO] [stdout]     src/lib.rs - virt_mem_before_write (line 285)
[INFO] [stdout] 
[INFO] [stdout] test result: FAILED. 0 passed; 108 failed; 0 ignored; 0 measured; 0 filtered out; finished in 0.46s
[INFO] [stdout] 
[INFO] running `Command { std: "docker" "inspect" "bfbb2b25c7cc4bd8d87038308f4c3a0d34d74b6191facb7def6ad204737432b5", kill_on_drop: false }`
[INFO] running `Command { std: "docker" "rm" "-f" "bfbb2b25c7cc4bd8d87038308f4c3a0d34d74b6191facb7def6ad204737432b5", kill_on_drop: false }`
[INFO] [stdout] bfbb2b25c7cc4bd8d87038308f4c3a0d34d74b6191facb7def6ad204737432b5
