[INFO] fetching crate paho-mqtt 0.12.5...
[INFO] testing paho-mqtt-0.12.5 against nightly-2024-10-28 for randomize-layout
[INFO] extracting crate paho-mqtt 0.12.5 into /workspace/builds/worker-1-tc1/source
[INFO] validating manifest of crates.io crate paho-mqtt 0.12.5 on toolchain nightly-2024-10-28
[INFO] running `Command { std: CARGO_HOME="/workspace/cargo-home" RUSTUP_HOME="/workspace/rustup-home" "/workspace/cargo-home/bin/cargo" "+nightly-2024-10-28" "metadata" "--manifest-path" "Cargo.toml" "--no-deps", kill_on_drop: false }`
[INFO] started tweaking crates.io crate paho-mqtt 0.12.5
[INFO] finished tweaking crates.io crate paho-mqtt 0.12.5
[INFO] tweaked toml for crates.io crate paho-mqtt 0.12.5 written to /workspace/builds/worker-1-tc1/source/Cargo.toml
[INFO] crate crates.io crate paho-mqtt 0.12.5 already has a lockfile, it will not be regenerated
[INFO] running `Command { std: CARGO_HOME="/workspace/cargo-home" RUSTUP_HOME="/workspace/rustup-home" "/workspace/cargo-home/bin/cargo" "+nightly-2024-10-28" "fetch" "--manifest-path" "Cargo.toml", kill_on_drop: false }`
[INFO] [stderr]     Updating crates.io index
[INFO] [stderr]  Downloading crates ...
[INFO] [stderr]   Downloaded ctrlc v3.4.1
[INFO] [stderr]   Downloaded async-executor v1.6.0
[INFO] [stderr]   Downloaded rustix v0.37.26
[INFO] [stderr]   Downloaded paho-mqtt-sys v0.9.0
[INFO] [stderr]   Downloaded openssl-src v300.1.5+3.1.3
[INFO] running `Command { std: "docker" "create" "-v" "/var/lib/crater-agent-workspace/builds/worker-1-tc1/target:/opt/rustwide/target:rw,Z" "-v" "/var/lib/crater-agent-workspace/builds/worker-1-tc1/source:/opt/rustwide/workdir:ro,Z" "-v" "/var/lib/crater-agent-workspace/cargo-home:/opt/rustwide/cargo-home:ro,Z" "-v" "/var/lib/crater-agent-workspace/rustup-home:/opt/rustwide/rustup-home:ro,Z" "-e" "SOURCE_DIR=/opt/rustwide/workdir" "-e" "CARGO_TARGET_DIR=/opt/rustwide/target" "-e" "CARGO_HOME=/opt/rustwide/cargo-home" "-e" "RUSTUP_HOME=/opt/rustwide/rustup-home" "-w" "/opt/rustwide/workdir" "-m" "1610612736" "--user" "0:0" "--network" "none" "ghcr.io/rust-lang/crates-build-env/linux@sha256:4a844ea9eb2546a2d2c7022eacef16ef2e8229c7fbb2c7d4d55a9ceca922f72d" "/opt/rustwide/cargo-home/bin/cargo" "+nightly-2024-10-28" "metadata" "--no-deps" "--format-version=1", kill_on_drop: false }`
[INFO] [stdout] 60b8bcbfb9c2a0f94a40e0282808dce98b0594b063571cebcde07acd4d240577
[INFO] running `Command { std: "docker" "start" "-a" "60b8bcbfb9c2a0f94a40e0282808dce98b0594b063571cebcde07acd4d240577", kill_on_drop: false }`
[INFO] running `Command { std: "docker" "inspect" "60b8bcbfb9c2a0f94a40e0282808dce98b0594b063571cebcde07acd4d240577", kill_on_drop: false }`
[INFO] running `Command { std: "docker" "rm" "-f" "60b8bcbfb9c2a0f94a40e0282808dce98b0594b063571cebcde07acd4d240577", kill_on_drop: false }`
[INFO] [stdout] 60b8bcbfb9c2a0f94a40e0282808dce98b0594b063571cebcde07acd4d240577
[INFO] running `Command { std: "docker" "create" "-v" "/var/lib/crater-agent-workspace/builds/worker-1-tc1/target:/opt/rustwide/target:rw,Z" "-v" "/var/lib/crater-agent-workspace/builds/worker-1-tc1/source:/opt/rustwide/workdir:ro,Z" "-v" "/var/lib/crater-agent-workspace/cargo-home:/opt/rustwide/cargo-home:ro,Z" "-v" "/var/lib/crater-agent-workspace/rustup-home:/opt/rustwide/rustup-home:ro,Z" "-e" "SOURCE_DIR=/opt/rustwide/workdir" "-e" "CARGO_TARGET_DIR=/opt/rustwide/target" "-e" "CARGO_INCREMENTAL=0" "-e" "RUST_BACKTRACE=full" "-e" "RUSTFLAGS=--cap-lints=forbid" "-e" "RUSTDOCFLAGS=--cap-lints=forbid" "-e" "CARGO_HOME=/opt/rustwide/cargo-home" "-e" "RUSTUP_HOME=/opt/rustwide/rustup-home" "-w" "/opt/rustwide/workdir" "-m" "1610612736" "--user" "0:0" "--network" "none" "ghcr.io/rust-lang/crates-build-env/linux@sha256:4a844ea9eb2546a2d2c7022eacef16ef2e8229c7fbb2c7d4d55a9ceca922f72d" "/opt/rustwide/cargo-home/bin/cargo" "+nightly-2024-10-28" "build" "--frozen" "--message-format=json", kill_on_drop: false }`
[INFO] [stdout] b658c510ba864e2d939cd134e2b3feb394ac679398450239b2144cd0d09c8f9d
[INFO] running `Command { std: "docker" "start" "-a" "b658c510ba864e2d939cd134e2b3feb394ac679398450239b2144cd0d09c8f9d", kill_on_drop: false }`
[INFO] [stderr]    Compiling proc-macro2 v1.0.69
[INFO] [stderr]    Compiling libc v0.2.149
[INFO] [stderr]    Compiling futures-task v0.3.28
[INFO] [stderr]    Compiling pkg-config v0.3.27
[INFO] [stderr]    Compiling crossbeam-utils v0.8.16
[INFO] [stderr]    Compiling vcpkg v0.2.15
[INFO] [stderr]    Compiling futures-channel v0.3.28
[INFO] [stderr]    Compiling futures-sink v0.3.28
[INFO] [stderr]    Compiling futures-util v0.3.28
[INFO] [stderr]    Compiling pin-project-lite v0.2.13
[INFO] [stderr]    Compiling slab v0.4.9
[INFO] [stderr]    Compiling memchr v2.6.4
[INFO] [stderr]    Compiling futures-io v0.3.28
[INFO] [stderr]    Compiling thiserror v1.0.50
[INFO] [stderr]    Compiling futures-timer v3.0.2
[INFO] [stderr]    Compiling log v0.4.20
[INFO] [stderr]    Compiling concurrent-queue v2.3.0
[INFO] [stderr]    Compiling crossbeam-channel v0.5.8
[INFO] [stderr]    Compiling async-channel v1.9.0
[INFO] [stderr]    Compiling quote v1.0.33
[INFO] [stderr]    Compiling syn v2.0.38
[INFO] [stderr]    Compiling cc v1.0.83
[INFO] [stderr]    Compiling cmake v0.1.50
[INFO] [stderr]    Compiling openssl-sys v0.9.93
[INFO] [stderr]    Compiling paho-mqtt-sys v0.9.0
[INFO] [stderr]    Compiling futures-macro v0.3.28
[INFO] [stderr]    Compiling thiserror-impl v1.0.50
[INFO] [stderr]    Compiling futures-executor v0.3.28
[INFO] [stderr]    Compiling futures v0.3.28
[INFO] [stderr]    Compiling paho-mqtt v0.12.5 (/opt/rustwide/workdir)
[INFO] [stderr]     Finished `dev` profile [unoptimized + debuginfo] target(s) in 9.01s
[INFO] running `Command { std: "docker" "inspect" "b658c510ba864e2d939cd134e2b3feb394ac679398450239b2144cd0d09c8f9d", kill_on_drop: false }`
[INFO] running `Command { std: "docker" "rm" "-f" "b658c510ba864e2d939cd134e2b3feb394ac679398450239b2144cd0d09c8f9d", kill_on_drop: false }`
[INFO] [stdout] b658c510ba864e2d939cd134e2b3feb394ac679398450239b2144cd0d09c8f9d
[INFO] running `Command { std: "docker" "create" "-v" "/var/lib/crater-agent-workspace/builds/worker-1-tc1/target:/opt/rustwide/target:rw,Z" "-v" "/var/lib/crater-agent-workspace/builds/worker-1-tc1/source:/opt/rustwide/workdir:ro,Z" "-v" "/var/lib/crater-agent-workspace/cargo-home:/opt/rustwide/cargo-home:ro,Z" "-v" "/var/lib/crater-agent-workspace/rustup-home:/opt/rustwide/rustup-home:ro,Z" "-e" "SOURCE_DIR=/opt/rustwide/workdir" "-e" "CARGO_TARGET_DIR=/opt/rustwide/target" "-e" "CARGO_INCREMENTAL=0" "-e" "RUST_BACKTRACE=full" "-e" "RUSTFLAGS=--cap-lints=forbid" "-e" "RUSTDOCFLAGS=--cap-lints=forbid" "-e" "CARGO_HOME=/opt/rustwide/cargo-home" "-e" "RUSTUP_HOME=/opt/rustwide/rustup-home" "-w" "/opt/rustwide/workdir" "-m" "1610612736" "--user" "0:0" "--network" "none" "ghcr.io/rust-lang/crates-build-env/linux@sha256:4a844ea9eb2546a2d2c7022eacef16ef2e8229c7fbb2c7d4d55a9ceca922f72d" "/opt/rustwide/cargo-home/bin/cargo" "+nightly-2024-10-28" "test" "--frozen" "--no-run" "--message-format=json", kill_on_drop: false }`
[INFO] [stdout] f3519d9d50c997fb6785bc14c366535a31f0fbf2e9f3150c5bd05fd317785cc3
[INFO] running `Command { std: "docker" "start" "-a" "f3519d9d50c997fb6785bc14c366535a31f0fbf2e9f3150c5bd05fd317785cc3", kill_on_drop: false }`
[INFO] [stderr]    Compiling libc v0.2.149
[INFO] [stderr]    Compiling futures-io v0.3.28
[INFO] [stderr]    Compiling crossbeam-utils v0.8.16
[INFO] [stderr]    Compiling value-bag v1.4.2
[INFO] [stderr]    Compiling waker-fn v1.1.1
[INFO] [stderr]    Compiling io-lifetimes v1.0.11
[INFO] [stderr]    Compiling fastrand v1.9.0
[INFO] [stderr]    Compiling parking v2.2.0
[INFO] [stderr]    Compiling async-lock v2.8.0
[INFO] [stderr]    Compiling polling v2.8.0
[INFO] [stderr]    Compiling futures-util v0.3.28
[INFO] [stderr]    Compiling fastrand v2.0.1
[INFO] [stderr]    Compiling rustix v0.37.26
[INFO] [stderr]    Compiling async-io v1.13.0
[INFO] [stderr]    Compiling serde v1.0.189
[INFO] [stderr]    Compiling linux-raw-sys v0.3.8
[INFO] [stderr]    Compiling async-task v4.5.0
[INFO] [stderr]    Compiling tracing-core v0.1.32
[INFO] [stderr]    Compiling futures-lite v1.13.0
[INFO] [stderr]    Compiling piper v0.2.1
[INFO] [stderr]    Compiling log v0.4.20
[INFO] [stderr]    Compiling aho-corasick v1.1.2
[INFO] [stderr]    Compiling regex-syntax v0.8.2
[INFO] [stderr]    Compiling once_cell v1.18.0
[INFO] [stderr]    Compiling bitflags v2.4.1
[INFO] [stderr]    Compiling unicode-width v0.1.11
[INFO] [stderr]    Compiling serde_json v1.0.107
[INFO] [stderr]    Compiling quick-error v1.2.3
[INFO] [stderr]    Compiling textwrap v0.11.0
[INFO] [stderr]    Compiling vec_map v0.8.2
[INFO] [stderr]    Compiling ansi_term v0.12.1
[INFO] [stderr]    Compiling humantime v1.3.0
[INFO] [stderr]    Compiling kv-log-macro v1.0.7
[INFO] [stderr]    Compiling tracing v0.1.40
[INFO] [stderr]    Compiling concurrent-queue v2.3.0
[INFO] [stderr]    Compiling crossbeam-channel v0.5.8
[INFO] [stderr]    Compiling itoa v1.0.9
[INFO] [stderr]    Compiling ryu v1.0.15
[INFO] [stderr]    Compiling termcolor v1.3.0
[INFO] [stderr]    Compiling strsim v0.8.0
[INFO] [stderr]    Compiling async-channel v1.9.0
[INFO] [stderr]    Compiling serde_derive v1.0.189
[INFO] [stderr]    Compiling lazy_static v1.4.0
[INFO] [stderr]    Compiling async-executor v1.6.0
[INFO] [stderr]    Compiling blocking v1.4.1
[INFO] [stderr]    Compiling socket2 v0.4.10
[INFO] [stderr]    Compiling atty v0.2.14
[INFO] [stderr]    Compiling openssl-sys v0.9.93
[INFO] [stderr]    Compiling nix v0.27.1
[INFO] [stderr]    Compiling clap v2.34.0
[INFO] [stderr]    Compiling regex-automata v0.4.3
[INFO] [stderr]    Compiling paho-mqtt-sys v0.9.0
[INFO] [stderr]    Compiling ctrlc v3.4.1
[INFO] [stderr]    Compiling toml v0.5.11
[INFO] [stderr]    Compiling futures-executor v0.3.28
[INFO] [stderr]    Compiling futures v0.3.28
[INFO] [stderr]    Compiling paho-mqtt v0.12.5 (/opt/rustwide/workdir)
[INFO] [stderr]    Compiling async-global-executor v2.3.1
[INFO] [stderr]    Compiling async-std v1.12.0
[INFO] [stderr]    Compiling regex v1.10.2
[INFO] [stderr]    Compiling env_logger v0.7.1
[INFO] [stderr]     Finished `test` profile [unoptimized + debuginfo] target(s) in 9.80s
[INFO] running `Command { std: "docker" "inspect" "f3519d9d50c997fb6785bc14c366535a31f0fbf2e9f3150c5bd05fd317785cc3", kill_on_drop: false }`
[INFO] running `Command { std: "docker" "rm" "-f" "f3519d9d50c997fb6785bc14c366535a31f0fbf2e9f3150c5bd05fd317785cc3", kill_on_drop: false }`
[INFO] [stdout] f3519d9d50c997fb6785bc14c366535a31f0fbf2e9f3150c5bd05fd317785cc3
[INFO] running `Command { std: "docker" "create" "-v" "/var/lib/crater-agent-workspace/builds/worker-1-tc1/target:/opt/rustwide/target:rw,Z" "-v" "/var/lib/crater-agent-workspace/builds/worker-1-tc1/source:/opt/rustwide/workdir:ro,Z" "-v" "/var/lib/crater-agent-workspace/cargo-home:/opt/rustwide/cargo-home:ro,Z" "-v" "/var/lib/crater-agent-workspace/rustup-home:/opt/rustwide/rustup-home:ro,Z" "-e" "SOURCE_DIR=/opt/rustwide/workdir" "-e" "CARGO_TARGET_DIR=/opt/rustwide/target" "-e" "CARGO_INCREMENTAL=0" "-e" "RUST_BACKTRACE=full" "-e" "RUSTFLAGS=--cap-lints=forbid" "-e" "RUSTDOCFLAGS=--cap-lints=forbid" "-e" "CARGO_HOME=/opt/rustwide/cargo-home" "-e" "RUSTUP_HOME=/opt/rustwide/rustup-home" "-w" "/opt/rustwide/workdir" "-m" "1610612736" "--user" "0:0" "--network" "none" "ghcr.io/rust-lang/crates-build-env/linux@sha256:4a844ea9eb2546a2d2c7022eacef16ef2e8229c7fbb2c7d4d55a9ceca922f72d" "/opt/rustwide/cargo-home/bin/cargo" "+nightly-2024-10-28" "test" "--frozen", kill_on_drop: false }`
[INFO] [stdout] 27125447bb432c709506879ed7451acfeb183e381b3b244fe9fd022f1a3c4a00
[INFO] running `Command { std: "docker" "start" "-a" "27125447bb432c709506879ed7451acfeb183e381b3b244fe9fd022f1a3c4a00", kill_on_drop: false }`
[INFO] [stderr]     Finished `test` profile [unoptimized + debuginfo] target(s) in 0.20s
[INFO] [stderr]      Running unittests src/lib.rs (/opt/rustwide/target/debug/deps/paho_mqtt-b1e3359e746f6183)
[INFO] [stdout] 
[INFO] [stdout] running 131 tests
[INFO] [stdout] test connect_options::tests::test_assign ... ok
[INFO] [stdout] test connect_options::tests::test_clone ... ok
[INFO] [stdout] test connect_options::tests::test_connect_properties ... ok
[INFO] [stdout] test connect_options::tests::test_mqtt_version ... ok
[INFO] [stdout] test connect_options::tests::test_new ... ok
[INFO] [stdout] test connect_options::tests::test_new_versions ... ok
[INFO] [stdout] test connect_options::tests::test_password ... ok
[INFO] [stdout] test connect_options::tests::test_proxies ... ok
[INFO] [stdout] test connect_options::tests::test_send ... ok
[INFO] [stdout] test connect_options::tests::test_server_uris ... ok
[INFO] [stdout] test connect_options::tests::test_ssl ... ok
[INFO] [stdout] test connect_options::tests::test_will_properties ... ok
[INFO] [stdout] test create_options::tests::test_builder ... ok
[INFO] [stdout] test create_options::tests::test_default ... ok
[INFO] [stdout] test create_options::tests::test_default_builder ... ok
[INFO] [stdout] test create_options::tests::test_from_string ... ok
[INFO] [stdout] test create_options::tests::test_from_tuple ... ok
[INFO] [stdout] test disconnect_options::tests::test_new ... ok
[INFO] [stdout] test disconnect_options::tests::test_reason_code ... ok
[INFO] [stdout] test connect_options::tests::test_user_name ... ok
[INFO] [stdout] test disconnect_options::tests::test_properties ... ok
[INFO] [stdout] test message::tests::test_builder_default ... ok
[INFO] [stdout] test disconnect_options::tests::test_send ... ok
[INFO] [stdout] test message::tests::test_builder_payload ... ok
[INFO] [stdout] test message::tests::test_builder_qos ... ok
[INFO] [stdout] test message::tests::test_builder_retained ... ok
[INFO] [stdout] test message::tests::test_builder_topic ... ok
[INFO] [stdout] test message::tests::test_clone ... ok
[INFO] [stdout] test message::tests::test_assign ... ok
[INFO] [stdout] test message::tests::test_from_2_tuple ... ok
[INFO] [stdout] test async_client::tests::test_get_client_id ... ok
[INFO] [stdout] test message::tests::test_default ... ok
[INFO] [stdout] test async_client::tests::test_locked_user_data ... ok
[INFO] [stdout] test message::tests::test_from_4_tuple ... ok
[INFO] [stdout] test async_client::tests::test_context ... ok
[INFO] [stdout] test name_value::tests::test_assign ... ok
[INFO] [stdout] test message::tests::test_new ... ok
[INFO] [stdout] test name_value::tests::test_clone ... ok
[INFO] [stdout] test name_value::tests::test_default ... ok
[INFO] [stdout] test client::tests::test_get_client_id ... ok
[INFO] [stdout] test async_client::tests::test_create ... ok
[INFO] [stdout] test async_client::tests::test_user_data ... ok
[INFO] [stdout] test name_value::tests::test_from_hashmap_str ... ok
[INFO] [stdout] test name_value::tests::test_new_from_vec_strings ... ok
[INFO] [stdout] test properties::tests::test_clone_property_binary ... ok
[INFO] [stdout] test properties::tests::test_clone_property_string ... ok
[INFO] [stdout] test properties::tests::test_move_property_binary ... ok
[INFO] [stdout] test properties::tests::test_move_property_int ... ok
[INFO] [stdout] test properties::tests::test_move_property_string ... ok
[INFO] [stdout] test name_value::tests::test_new ... ok
[INFO] [stdout] test properties::tests::test_new_property_binary ... ok
[INFO] [stdout] test async_client::tests::test_get_server_uri ... ok
[INFO] [stdout] test client::tests::test_send_arc ... ok
[INFO] [stdout] test properties::tests::test_new_property_i32 ... ok
[INFO] [stdout] test properties::tests::test_new_property_string ... ok
[INFO] [stdout] test properties::tests::test_new_property_string_pair ... ok
[INFO] [stdout] test properties::tests::test_new_property_u16 ... ok
[INFO] [stdout] test properties::tests::test_properties_default ... ok
[INFO] [stdout] test properties::tests::test_properties_get_int ... ok
[INFO] [stdout] test properties::tests::test_properties_iterator ... ok
[INFO] [stdout] test properties::tests::test_properties_macro ... ok
[INFO] [stdout] test properties::tests::test_properties_multiple ... ok
[INFO] [stdout] test properties::tests::test_properties_push_val ... ok
[INFO] [stdout] test properties::tests::test_properties_push ... ok
[INFO] [stdout] test properties::tests::test_properties_user_find ... ok
[INFO] [stdout] test properties::tests::test_properties_user_iterator ... ok
[INFO] [stdout] test properties::tests::test_property_generic_new ... ok
[INFO] [stdout] test properties::tests::test_property_code_new ... ok
[INFO] [stdout] test properties::tests::test_property_type_new ... ok
[INFO] [stdout] test reason_code::tests::test_as ... ok
[INFO] [stdout] test reason_code::tests::test_display ... ok
[INFO] [stdout] test reason_code::tests::test_from ... ok
[INFO] [stdout] test properties::tests::test_new_property_byte ... ok
[INFO] [stdout] test message::tests::test_message_send ... ok
[INFO] [stdout] test async_client::tests::test_with_client_id ... ok
[INFO] [stdout] test reason_code::tests::test_is_err ... ok
[INFO] [stdout] test reason_code::tests::test_is_ok ... ok
[INFO] [stdout] test response_options::tests::test_new_v3 ... ok
[INFO] [stdout] test response_options::tests::test_new_v5 ... ok
[INFO] [stdout] test response_options::tests::test_sub_many_opts ... ok
[INFO] [stdout] test response_options::tests::test_sub_opts ... ok
[INFO] [stdout] test ssl_options::tests::test_builder_dflt ... ok
[INFO] [stdout] test ssl_options::tests::test_builder_trust_store ... ok
[INFO] [stdout] test ssl_options::tests::test_builder_key_store ... ok
[INFO] [stdout] test ssl_options::tests::test_disable_default_trust_store ... ok
[INFO] [stdout] test ssl_options::tests::test_move ... ok
[INFO] [stdout] test ssl_options::tests::test_new ... ok
[INFO] [stdout] test ssl_options::tests::test_clone ... ok
[INFO] [stdout] test string_collection::tests::test_assign ... ok
[INFO] [stdout] test string_collection::tests::test_clone ... ok
[INFO] [stdout] test string_collection::tests::test_default ... ok
[INFO] [stdout] test string_collection::tests::test_new ... ok
[INFO] [stdout] test ssl_options::tests::test_protos ... ok
[INFO] [stdout] test string_collection::tests::test_new_from_vec_strings ... ok
[INFO] [stdout] test ssl_options::tests::test_verify ... ok
[INFO] [stdout] test async_client::tests::test_rw_user_data ... ok
[INFO] [stdout] test client::tests::test_send ... ok
[INFO] [stdout] test subscribe_options::tests::test_builder_default ... ok
[INFO] [stdout] test async_client::tests::test_send ... ok
[INFO] [stdout] test subscribe_options::tests::test_builder_retain_as_published ... ok
[INFO] [stdout] test subscribe_options::tests::test_from_tuple_three ... ok
[INFO] [stdout] test subscribe_options::tests::test_builder_no_local ... ok
[INFO] [stdout] test subscribe_options::tests::test_new ... ok
[INFO] [stdout] test subscribe_options::tests::test_from_tuple_two ... ok
[INFO] [stdout] test subscribe_options::tests::test_with ... ok
[INFO] [stdout] test tests::test_from_c_bool ... ok
[INFO] [stdout] test tests::test_to_c_bool ... ok
[INFO] [stdout] test subscribe_options::tests::test_from_tuple_one ... ok
[INFO] [stdout] test token::tests::test_from_error ... ok
[INFO] [stdout] test token::tests::test_from_message ... ok
[INFO] [stdout] test token::tests::test_new ... ok
[INFO] [stdout] test token::tests::test_token_clones ... ok
[INFO] [stdout] test subscribe_options::tests::test_builder_retain_handling ... ok
[INFO] [stdout] test subscribe_options::tests::test_default ... ok
[INFO] [stdout] test token::tests::test_try_wait ... ok
[INFO] [stdout] test topic::tests::test_topic_filter ... ok
[INFO] [stdout] test topic::tests::test_basic_topic_filter ... ok
[INFO] [stdout] test token::tests::test_token_send ... ok
[INFO] [stdout] test topic_matcher::tests::test_topic_matcher_fn ... ok
[INFO] [stdout] test topic_matcher::tests::test_basic_topic_matcher ... ok
[INFO] [stdout] test topic_matcher::tests::test_topic_matcher ... ok
[INFO] [stdout] test topic::tests::test_nonwild_topic_filter ... ok
[INFO] [stdout] test topic_matcher::tests::test_topic_matcher_callback ... ok
[INFO] [stdout] test topic_matcher::tests::test_topic_matcher_many ... ok
[INFO] [stdout] test will_options::tests::test_assign ... ok
[INFO] [stdout] test will_options::tests::test_clone ... ok
[INFO] [stdout] test will_options::tests::test_default ... ok
[INFO] [stdout] test will_options::tests::test_from_message ... ok
[INFO] [stdout] test will_options::tests::test_new ... ok
[INFO] [stdout] test will_options::tests::test_new_retained ... ok
[INFO] [stdout] test async_client::tests::test_send_arc ... ok
[INFO] [stderr]    Doc-tests paho_mqtt
[INFO] [stdout] 
[INFO] [stdout] test result: ok. 131 passed; 0 failed; 0 ignored; 0 measured; 0 filtered out; finished in 0.14s
[INFO] [stdout] 
[INFO] [stdout] 
[INFO] [stdout] running 3 tests
[INFO] [stdout] test src/create_options.rs - create_options::CreateOptionsBuilder (line 223) ... ok
[INFO] [stdout] test src/will_options.rs - will_options::WillOptions (line 43) ... ok
[INFO] [stdout] test src/lib.rs - async_client (line 126) ... FAILED
[INFO] [stdout] 
[INFO] [stdout] failures:
[INFO] [stdout] 
[INFO] [stdout] ---- src/lib.rs - async_client (line 126) stdout ----
[INFO] [stdout] Test executable failed (exit status: 101).
[INFO] [stdout] 
[INFO] [stdout] stderr:
[INFO] [stdout] thread 'main' panicked at src/lib.rs:16:12:
[INFO] [stdout] called `Result::unwrap()` on an `Err` value: PahoDescr(-1, "TCP/TLS connect failure")
[INFO] [stdout] stack backtrace:
[INFO] [stdout]    0:     0x560c862d5c4a - std::backtrace_rs::backtrace::libunwind::trace::h207520d6e9873551
[INFO] [stdout]                                at /rustc/df4ca44d3fbc9301ee17f30f4d474e6ae4b05252/library/std/src/../../backtrace/src/backtrace/libunwind.rs:116:5
[INFO] [stdout]    1:     0x560c862d5c4a - std::backtrace_rs::backtrace::trace_unsynchronized::h2ed7433f370e3eca
[INFO] [stdout]                                at /rustc/df4ca44d3fbc9301ee17f30f4d474e6ae4b05252/library/std/src/../../backtrace/src/backtrace/mod.rs:66:5
[INFO] [stdout]    2:     0x560c862d5c4a - std::sys::backtrace::_print_fmt::h916fac51166b18d7
[INFO] [stdout]                                at /rustc/df4ca44d3fbc9301ee17f30f4d474e6ae4b05252/library/std/src/sys/backtrace.rs:66:9
[INFO] [stdout]    3:     0x560c862d5c4a - <std::sys::backtrace::BacktraceLock::print::DisplayBacktrace as core::fmt::Display>::fmt::ha0a4c9b8ce3802e6
[INFO] [stdout]                                at /rustc/df4ca44d3fbc9301ee17f30f4d474e6ae4b05252/library/std/src/sys/backtrace.rs:39:26
[INFO] [stdout]    4:     0x560c862f22d3 - core::fmt::rt::Argument::fmt::h4cfc8587d52b3eb5
[INFO] [stdout]                                at /rustc/df4ca44d3fbc9301ee17f30f4d474e6ae4b05252/library/core/src/fmt/rt.rs:177:76
[INFO] [stdout]    5:     0x560c862f22d3 - core::fmt::write::h522cc39e5b36ae9f
[INFO] [stdout]                                at /rustc/df4ca44d3fbc9301ee17f30f4d474e6ae4b05252/library/core/src/fmt/mod.rs:1190:21
[INFO] [stdout]    6:     0x560c862d36b3 - std::io::Write::write_fmt::hf1c1dcc8cc1287f0
[INFO] [stdout]                                at /rustc/df4ca44d3fbc9301ee17f30f4d474e6ae4b05252/library/std/src/io/mod.rs:1839:15
[INFO] [stdout]    7:     0x560c862d5a92 - std::sys::backtrace::BacktraceLock::print::h4b9e00b29e9c0942
[INFO] [stdout]                                at /rustc/df4ca44d3fbc9301ee17f30f4d474e6ae4b05252/library/std/src/sys/backtrace.rs:42:9
[INFO] [stdout]    8:     0x560c862d6a5c - std::panicking::default_hook::{{closure}}::hb59b88280d0324d9
[INFO] [stdout]                                at /rustc/df4ca44d3fbc9301ee17f30f4d474e6ae4b05252/library/std/src/panicking.rs:268:22
[INFO] [stdout]    9:     0x560c862d68a2 - std::panicking::default_hook::he1dd496665be4a29
[INFO] [stdout]                                at /rustc/df4ca44d3fbc9301ee17f30f4d474e6ae4b05252/library/std/src/panicking.rs:295:9
[INFO] [stdout]   10:     0x560c862d7057 - std::panicking::rust_panic_with_hook::h2ff17fe8f26dfcf8
[INFO] [stdout]                                at /rustc/df4ca44d3fbc9301ee17f30f4d474e6ae4b05252/library/std/src/panicking.rs:801:13
[INFO] [stdout]   11:     0x560c862d6eea - std::panicking::begin_panic_handler::{{closure}}::h4fad77951c07e101
[INFO] [stdout]                                at /rustc/df4ca44d3fbc9301ee17f30f4d474e6ae4b05252/library/std/src/panicking.rs:674:13
[INFO] [stdout]   12:     0x560c862d6129 - std::sys::backtrace::__rust_end_short_backtrace::hb1a25b3da5d0ea08
[INFO] [stdout]                                at /rustc/df4ca44d3fbc9301ee17f30f4d474e6ae4b05252/library/std/src/sys/backtrace.rs:170:18
[INFO] [stdout]   13:     0x560c862d6b7c - rust_begin_unwind
[INFO] [stdout]                                at /rustc/df4ca44d3fbc9301ee17f30f4d474e6ae4b05252/library/std/src/panicking.rs:665:5
[INFO] [stdout]   14:     0x560c862f13a0 - core::panicking::panic_fmt::ha9db07b529f9b256
[INFO] [stdout]                                at /rustc/df4ca44d3fbc9301ee17f30f4d474e6ae4b05252/library/core/src/panicking.rs:75:14
[INFO] [stdout]   15:     0x560c862f17e6 - core::result::unwrap_failed::h5e8218e4d4338b8a
[INFO] [stdout]                                at /rustc/df4ca44d3fbc9301ee17f30f4d474e6ae4b05252/library/core/src/result.rs:1698:5
[INFO] [stdout]   16:     0x560c86273b5c - rust_out::main::_doctest_main_src_lib_rs_126_0::hd1e5b386f0453cf6
[INFO] [stdout]   17:     0x560c86273956 - rust_out::main::ha213a30daa5df4da
[INFO] [stdout]   18:     0x560c862713f3 - core::ops::function::FnOnce::call_once::hf7edf7132571051c
[INFO] [stdout]   19:     0x560c86271146 - std::sys::backtrace::__rust_begin_short_backtrace::h32fd822fd2ba4079
[INFO] [stdout]   20:     0x560c86271129 - std::rt::lang_start::{{closure}}::h4039a1c394ed4f7c
[INFO] [stdout]   21:     0x560c862d16f7 - core::ops::function::impls::<impl core::ops::function::FnOnce<A> for &F>::call_once::hd87d66b906e0ccaf
[INFO] [stdout]                                at /rustc/df4ca44d3fbc9301ee17f30f4d474e6ae4b05252/library/core/src/ops/function.rs:284:13
[INFO] [stdout]   22:     0x560c862d16f7 - std::panicking::try::do_call::hae3703de71fc9e3a
[INFO] [stdout]                                at /rustc/df4ca44d3fbc9301ee17f30f4d474e6ae4b05252/library/std/src/panicking.rs:557:40
[INFO] [stdout]   23:     0x560c862d16f7 - std::panicking::try::h1178330e9a2b2645
[INFO] [stdout]                                at /rustc/df4ca44d3fbc9301ee17f30f4d474e6ae4b05252/library/std/src/panicking.rs:520:19
[INFO] [stdout]   24:     0x560c862d16f7 - std::panic::catch_unwind::h0acf49d2305d32ad
[INFO] [stdout]                                at /rustc/df4ca44d3fbc9301ee17f30f4d474e6ae4b05252/library/std/src/panic.rs:358:14
[INFO] [stdout]   25:     0x560c862d16f7 - std::rt::lang_start_internal::{{closure}}::h2d95182d798177be
[INFO] [stdout]                                at /rustc/df4ca44d3fbc9301ee17f30f4d474e6ae4b05252/library/std/src/rt.rs:174:48
[INFO] [stdout]   26:     0x560c862d16f7 - std::panicking::try::do_call::hb506f5bfe11fd30c
[INFO] [stdout]                                at /rustc/df4ca44d3fbc9301ee17f30f4d474e6ae4b05252/library/std/src/panicking.rs:557:40
[INFO] [stdout]   27:     0x560c862d16f7 - std::panicking::try::h54d825c46bd0fa95
[INFO] [stdout]                                at /rustc/df4ca44d3fbc9301ee17f30f4d474e6ae4b05252/library/std/src/panicking.rs:520:19
[INFO] [stdout]   28:     0x560c862d16f7 - std::panic::catch_unwind::hffbb0ad20c4e9fac
[INFO] [stdout]                                at /rustc/df4ca44d3fbc9301ee17f30f4d474e6ae4b05252/library/std/src/panic.rs:358:14
[INFO] [stdout]   29:     0x560c862d16f7 - std::rt::lang_start_internal::h52c291ef1962c925
[INFO] [stdout]                                at /rustc/df4ca44d3fbc9301ee17f30f4d474e6ae4b05252/library/std/src/rt.rs:174:20
[INFO] [stdout]   30:     0x560c86271107 - std::rt::lang_start::h8c6075cd6f225ba1
[INFO] [stdout]   31:     0x560c86273c35 - main
[INFO] [stdout]   32:     0x7937c7111d90 - <unknown>
[INFO] [stdout]   33:     0x7937c7111e40 - __libc_start_main
[INFO] [stdout]   34:     0x560c86270fd5 - _start
[INFO] [stdout]   35:                0x0 - <unknown>
[INFO] [stdout] 
[INFO] [stdout] 
[INFO] [stdout] 
[INFO] [stdout] failures:
[INFO] [stdout]     src/lib.rs - async_client (line 126)
[INFO] [stdout] 
[INFO] [stdout] test result: FAILED. 2 passed; 1 failed; 0 ignored; 0 measured; 0 filtered out; finished in 0.52s
[INFO] [stdout] 
[INFO] [stderr] error: doctest failed, to rerun pass `--doc`
[INFO] running `Command { std: "docker" "inspect" "27125447bb432c709506879ed7451acfeb183e381b3b244fe9fd022f1a3c4a00", kill_on_drop: false }`
[INFO] running `Command { std: "docker" "rm" "-f" "27125447bb432c709506879ed7451acfeb183e381b3b244fe9fd022f1a3c4a00", kill_on_drop: false }`
[INFO] [stdout] 27125447bb432c709506879ed7451acfeb183e381b3b244fe9fd022f1a3c4a00
