[INFO] fetching crate pagetop-macros 0.0.13...
[INFO] testing pagetop-macros-0.0.13 against nightly-2024-10-28 for randomize-layout
[INFO] extracting crate pagetop-macros 0.0.13 into /workspace/builds/worker-7-tc1/source
[INFO] validating manifest of crates.io crate pagetop-macros 0.0.13 on toolchain nightly-2024-10-28
[INFO] running `Command { std: CARGO_HOME="/workspace/cargo-home" RUSTUP_HOME="/workspace/rustup-home" "/workspace/cargo-home/bin/cargo" "+nightly-2024-10-28" "metadata" "--manifest-path" "Cargo.toml" "--no-deps", kill_on_drop: false }`
[INFO] started tweaking crates.io crate pagetop-macros 0.0.13
[INFO] finished tweaking crates.io crate pagetop-macros 0.0.13
[INFO] tweaked toml for crates.io crate pagetop-macros 0.0.13 written to /workspace/builds/worker-7-tc1/source/Cargo.toml
[INFO] running `Command { std: CARGO_HOME="/workspace/cargo-home" RUSTUP_HOME="/workspace/rustup-home" "/workspace/cargo-home/bin/cargo" "+nightly-2024-10-28" "generate-lockfile" "--manifest-path" "Cargo.toml", kill_on_drop: false }`
[INFO] [stderr]     Updating crates.io index
[INFO] [stderr]      Locking 17 packages to latest compatible versions
[INFO] running `Command { std: CARGO_HOME="/workspace/cargo-home" RUSTUP_HOME="/workspace/rustup-home" "/workspace/cargo-home/bin/cargo" "+nightly-2024-10-28" "fetch" "--manifest-path" "Cargo.toml", kill_on_drop: false }`
[INFO] [stderr]  Downloading crates ...
[INFO] [stderr]   Downloaded concat-string v1.0.1
[INFO] running `Command { std: "docker" "create" "-v" "/var/lib/crater-agent-workspace/builds/worker-7-tc1/target:/opt/rustwide/target:rw,Z" "-v" "/var/lib/crater-agent-workspace/builds/worker-7-tc1/source:/opt/rustwide/workdir:ro,Z" "-v" "/var/lib/crater-agent-workspace/cargo-home:/opt/rustwide/cargo-home:ro,Z" "-v" "/var/lib/crater-agent-workspace/rustup-home:/opt/rustwide/rustup-home:ro,Z" "-e" "SOURCE_DIR=/opt/rustwide/workdir" "-e" "CARGO_TARGET_DIR=/opt/rustwide/target" "-e" "CARGO_HOME=/opt/rustwide/cargo-home" "-e" "RUSTUP_HOME=/opt/rustwide/rustup-home" "-w" "/opt/rustwide/workdir" "-m" "1610612736" "--user" "0:0" "--network" "none" "ghcr.io/rust-lang/crates-build-env/linux@sha256:4a844ea9eb2546a2d2c7022eacef16ef2e8229c7fbb2c7d4d55a9ceca922f72d" "/opt/rustwide/cargo-home/bin/cargo" "+nightly-2024-10-28" "metadata" "--no-deps" "--format-version=1", kill_on_drop: false }`
[INFO] [stdout] 5f32c293425679f153905ebe7dc49f1d86f9cdf98faca0eb0063d9607e2b095b
[INFO] running `Command { std: "docker" "start" "-a" "5f32c293425679f153905ebe7dc49f1d86f9cdf98faca0eb0063d9607e2b095b", kill_on_drop: false }`
[INFO] running `Command { std: "docker" "inspect" "5f32c293425679f153905ebe7dc49f1d86f9cdf98faca0eb0063d9607e2b095b", kill_on_drop: false }`
[INFO] running `Command { std: "docker" "rm" "-f" "5f32c293425679f153905ebe7dc49f1d86f9cdf98faca0eb0063d9607e2b095b", kill_on_drop: false }`
[INFO] [stdout] 5f32c293425679f153905ebe7dc49f1d86f9cdf98faca0eb0063d9607e2b095b
[INFO] running `Command { std: "docker" "create" "-v" "/var/lib/crater-agent-workspace/builds/worker-7-tc1/target:/opt/rustwide/target:rw,Z" "-v" "/var/lib/crater-agent-workspace/builds/worker-7-tc1/source:/opt/rustwide/workdir:ro,Z" "-v" "/var/lib/crater-agent-workspace/cargo-home:/opt/rustwide/cargo-home:ro,Z" "-v" "/var/lib/crater-agent-workspace/rustup-home:/opt/rustwide/rustup-home:ro,Z" "-e" "SOURCE_DIR=/opt/rustwide/workdir" "-e" "CARGO_TARGET_DIR=/opt/rustwide/target" "-e" "CARGO_INCREMENTAL=0" "-e" "RUST_BACKTRACE=full" "-e" "RUSTFLAGS=--cap-lints=forbid" "-e" "RUSTDOCFLAGS=--cap-lints=forbid" "-e" "CARGO_HOME=/opt/rustwide/cargo-home" "-e" "RUSTUP_HOME=/opt/rustwide/rustup-home" "-w" "/opt/rustwide/workdir" "-m" "1610612736" "--user" "0:0" "--network" "none" "ghcr.io/rust-lang/crates-build-env/linux@sha256:4a844ea9eb2546a2d2c7022eacef16ef2e8229c7fbb2c7d4d55a9ceca922f72d" "/opt/rustwide/cargo-home/bin/cargo" "+nightly-2024-10-28" "build" "--frozen" "--message-format=json", kill_on_drop: false }`
[INFO] [stdout] 6c68a780223b2f0e30b69705d02b90eee855909365d7daec04b5ee878a44238c
[INFO] running `Command { std: "docker" "start" "-a" "6c68a780223b2f0e30b69705d02b90eee855909365d7daec04b5ee878a44238c", kill_on_drop: false }`
[INFO] [stderr]    Compiling proc-macro2 v1.0.89
[INFO] [stderr]    Compiling unicode-ident v1.0.13
[INFO] [stderr]    Compiling version_check v0.9.5
[INFO] [stderr]    Compiling syn v1.0.109
[INFO] [stderr]    Compiling equivalent v1.0.1
[INFO] [stderr]    Compiling hashbrown v0.15.0
[INFO] [stderr]    Compiling winnow v0.6.20
[INFO] [stderr]    Compiling toml_datetime v0.6.8
[INFO] [stderr]    Compiling concat-string v1.0.1
[INFO] [stderr]    Compiling proc-macro-error-attr v1.0.4
[INFO] [stderr]    Compiling proc-macro-error v1.0.4
[INFO] [stderr]    Compiling indexmap v2.6.0
[INFO] [stderr]    Compiling quote v1.0.37
[INFO] [stderr]    Compiling syn v2.0.86
[INFO] [stderr]    Compiling toml_edit v0.22.22
[INFO] [stderr]    Compiling proc-macro-crate v3.2.0
[INFO] [stderr]    Compiling pagetop-macros v0.0.13 (/opt/rustwide/workdir)
[INFO] [stderr]     Finished `dev` profile [unoptimized + debuginfo] target(s) in 8.82s
[INFO] running `Command { std: "docker" "inspect" "6c68a780223b2f0e30b69705d02b90eee855909365d7daec04b5ee878a44238c", kill_on_drop: false }`
[INFO] running `Command { std: "docker" "rm" "-f" "6c68a780223b2f0e30b69705d02b90eee855909365d7daec04b5ee878a44238c", kill_on_drop: false }`
[INFO] [stdout] 6c68a780223b2f0e30b69705d02b90eee855909365d7daec04b5ee878a44238c
[INFO] running `Command { std: "docker" "create" "-v" "/var/lib/crater-agent-workspace/builds/worker-7-tc1/target:/opt/rustwide/target:rw,Z" "-v" "/var/lib/crater-agent-workspace/builds/worker-7-tc1/source:/opt/rustwide/workdir:ro,Z" "-v" "/var/lib/crater-agent-workspace/cargo-home:/opt/rustwide/cargo-home:ro,Z" "-v" "/var/lib/crater-agent-workspace/rustup-home:/opt/rustwide/rustup-home:ro,Z" "-e" "SOURCE_DIR=/opt/rustwide/workdir" "-e" "CARGO_TARGET_DIR=/opt/rustwide/target" "-e" "CARGO_INCREMENTAL=0" "-e" "RUST_BACKTRACE=full" "-e" "RUSTFLAGS=--cap-lints=forbid" "-e" "RUSTDOCFLAGS=--cap-lints=forbid" "-e" "CARGO_HOME=/opt/rustwide/cargo-home" "-e" "RUSTUP_HOME=/opt/rustwide/rustup-home" "-w" "/opt/rustwide/workdir" "-m" "1610612736" "--user" "0:0" "--network" "none" "ghcr.io/rust-lang/crates-build-env/linux@sha256:4a844ea9eb2546a2d2c7022eacef16ef2e8229c7fbb2c7d4d55a9ceca922f72d" "/opt/rustwide/cargo-home/bin/cargo" "+nightly-2024-10-28" "test" "--frozen" "--no-run" "--message-format=json", kill_on_drop: false }`
[INFO] [stdout] 0bbf15c552137c045d896b8cdb3dcd6930cdecb14f1a6d60e9b984dc9ce9c76a
[INFO] running `Command { std: "docker" "start" "-a" "0bbf15c552137c045d896b8cdb3dcd6930cdecb14f1a6d60e9b984dc9ce9c76a", kill_on_drop: false }`
[INFO] [stderr]    Compiling pagetop-macros v0.0.13 (/opt/rustwide/workdir)
[INFO] [stderr]     Finished `test` profile [unoptimized + debuginfo] target(s) in 0.78s
[INFO] running `Command { std: "docker" "inspect" "0bbf15c552137c045d896b8cdb3dcd6930cdecb14f1a6d60e9b984dc9ce9c76a", kill_on_drop: false }`
[INFO] running `Command { std: "docker" "rm" "-f" "0bbf15c552137c045d896b8cdb3dcd6930cdecb14f1a6d60e9b984dc9ce9c76a", kill_on_drop: false }`
[INFO] [stdout] 0bbf15c552137c045d896b8cdb3dcd6930cdecb14f1a6d60e9b984dc9ce9c76a
[INFO] running `Command { std: "docker" "create" "-v" "/var/lib/crater-agent-workspace/builds/worker-7-tc1/target:/opt/rustwide/target:rw,Z" "-v" "/var/lib/crater-agent-workspace/builds/worker-7-tc1/source:/opt/rustwide/workdir:ro,Z" "-v" "/var/lib/crater-agent-workspace/cargo-home:/opt/rustwide/cargo-home:ro,Z" "-v" "/var/lib/crater-agent-workspace/rustup-home:/opt/rustwide/rustup-home:ro,Z" "-e" "SOURCE_DIR=/opt/rustwide/workdir" "-e" "CARGO_TARGET_DIR=/opt/rustwide/target" "-e" "CARGO_INCREMENTAL=0" "-e" "RUST_BACKTRACE=full" "-e" "RUSTFLAGS=--cap-lints=forbid" "-e" "RUSTDOCFLAGS=--cap-lints=forbid" "-e" "CARGO_HOME=/opt/rustwide/cargo-home" "-e" "RUSTUP_HOME=/opt/rustwide/rustup-home" "-w" "/opt/rustwide/workdir" "-m" "1610612736" "--user" "0:0" "--network" "none" "ghcr.io/rust-lang/crates-build-env/linux@sha256:4a844ea9eb2546a2d2c7022eacef16ef2e8229c7fbb2c7d4d55a9ceca922f72d" "/opt/rustwide/cargo-home/bin/cargo" "+nightly-2024-10-28" "test" "--frozen", kill_on_drop: false }`
[INFO] [stdout] bbcc19198bd6d91a9cca2734ca8a12e3918c23ea8909339d5192946ce916e438
[INFO] running `Command { std: "docker" "start" "-a" "bbcc19198bd6d91a9cca2734ca8a12e3918c23ea8909339d5192946ce916e438", kill_on_drop: false }`
[INFO] [stderr]     Finished `test` profile [unoptimized + debuginfo] target(s) in 0.04s
[INFO] [stderr]      Running unittests src/lib.rs (/opt/rustwide/target/debug/deps/pagetop_macros-54cc8797056abb49)
[INFO] [stdout] 
[INFO] [stdout] running 1 test
[INFO] [stdout] test maud::escape::test::it_works ... ok
[INFO] [stdout] 
[INFO] [stdout] test result: ok. 1 passed; 0 failed; 0 ignored; 0 measured; 0 filtered out; finished in 0.00s
[INFO] [stdout] 
[INFO] [stderr]    Doc-tests pagetop_macros
[INFO] [stdout] 
[INFO] [stdout] running 4 tests
[INFO] [stdout] test src/lib.rs - test (line 141) ... FAILED
[INFO] [stdout] test src/lib.rs - main (line 121) ... FAILED
[INFO] [stdout] test src/lib.rs - fn_builder (line 36) ... FAILED
[INFO] [stdout] test src/lib.rs - fn_builder (line 27) ... FAILED
[INFO] [stdout] 
[INFO] [stdout] failures:
[INFO] [stdout] 
[INFO] [stdout] ---- src/lib.rs - test (line 141) stdout ----
[INFO] [stdout] error[E0433]: failed to resolve: use of undeclared crate or module `pagetop`
[INFO] [stdout]  --> src/lib.rs:142:3
[INFO] [stdout]   |
[INFO] [stdout] 3 | #[pagetop::test]
[INFO] [stdout]   |   ^^^^^^^ use of undeclared crate or module `pagetop`
[INFO] [stdout] 
[INFO] [stdout] error: aborting due to 1 previous error
[INFO] [stdout] 
[INFO] [stdout] For more information about this error, try `rustc --explain E0433`.
[INFO] [stdout] Couldn't compile the test.
[INFO] [stdout] ---- src/lib.rs - main (line 121) stdout ----
[INFO] [stdout] error[E0433]: failed to resolve: use of undeclared crate or module `pagetop`
[INFO] [stdout]  --> src/lib.rs:122:3
[INFO] [stdout]   |
[INFO] [stdout] 2 | #[pagetop::main]
[INFO] [stdout]   |   ^^^^^^^ use of undeclared crate or module `pagetop`
[INFO] [stdout] 
[INFO] [stdout] error[E0752]: `main` function is not allowed to be `async`
[INFO] [stdout]  --> src/lib.rs:123:1
[INFO] [stdout]   |
[INFO] [stdout] 3 | async fn main() {
[INFO] [stdout]   | ^^^^^^^^^^^^^^^ `main` function is not allowed to be `async`
[INFO] [stdout] 
[INFO] [stdout] error: aborting due to 2 previous errors
[INFO] [stdout] 
[INFO] [stdout] Some errors have detailed explanations: E0433, E0752.
[INFO] [stdout] For more information about an error, try `rustc --explain E0433`.
[INFO] [stdout] Couldn't compile the test.
[INFO] [stdout] ---- src/lib.rs - fn_builder (line 36) stdout ----
[INFO] [stdout] error: `self` parameter is only allowed in associated functions
[INFO] [stdout]  --> src/lib.rs:37:21
[INFO] [stdout]   |
[INFO] [stdout] 3 | pub fn with_example(mut self) -> Self {
[INFO] [stdout]   |                     ^^^^^^^^ not semantically valid as function parameter
[INFO] [stdout]   |
[INFO] [stdout]   = note: associated functions are those in `impl` or `trait` definitions
[INFO] [stdout] 
[INFO] [stdout] error[E0411]: cannot find type `Self` in this scope
[INFO] [stdout]  --> src/lib.rs:37:34
[INFO] [stdout]   |
[INFO] [stdout] 3 | pub fn with_example(mut self) -> Self {
[INFO] [stdout]   |        ------------              ^^^^ `Self` is only available in impls, traits, and type definitions
[INFO] [stdout]   |        |
[INFO] [stdout]   |        `Self` not allowed in a function
[INFO] [stdout] 
[INFO] [stdout] error: aborting due to 2 previous errors
[INFO] [stdout] 
[INFO] [stdout] For more information about this error, try `rustc --explain E0411`.
[INFO] [stdout] Couldn't compile the test.
[INFO] [stdout] ---- src/lib.rs - fn_builder (line 27) stdout ----
[INFO] [stdout] error: `self` parameter is only allowed in associated functions
[INFO] [stdout]  --> src/lib.rs:29:20
[INFO] [stdout]   |
[INFO] [stdout] 4 | pub fn set_example(&mut self) -> &mut Self {
[INFO] [stdout]   |                    ^^^^^^^^^ not semantically valid as function parameter
[INFO] [stdout]   |
[INFO] [stdout]   = note: associated functions are those in `impl` or `trait` definitions
[INFO] [stdout] 
[INFO] [stdout] error: cannot find attribute `fn_builder` in this scope
[INFO] [stdout]  --> src/lib.rs:28:3
[INFO] [stdout]   |
[INFO] [stdout] 3 | #[fn_builder]
[INFO] [stdout]   |   ^^^^^^^^^^
[INFO] [stdout]   |
[INFO] [stdout] help: consider importing this attribute macro
[INFO] [stdout]   |
[INFO] [stdout] 2 + use pagetop_macros::fn_builder;
[INFO] [stdout]   |
[INFO] [stdout] 
[INFO] [stdout] error[E0411]: cannot find type `Self` in this scope
[INFO] [stdout]  --> src/lib.rs:29:39
[INFO] [stdout]   |
[INFO] [stdout] 4 | pub fn set_example(&mut self) -> &mut Self {
[INFO] [stdout]   |        -----------                    ^^^^ `Self` is only available in impls, traits, and type definitions
[INFO] [stdout]   |        |
[INFO] [stdout]   |        `Self` not allowed in a function
[INFO] [stdout] 
[INFO] [stdout] error: aborting due to 3 previous errors
[INFO] [stdout] 
[INFO] [stdout] For more information about this error, try `rustc --explain E0411`.
[INFO] [stdout] Couldn't compile the test.
[INFO] [stdout] 
[INFO] [stdout] failures:
[INFO] [stdout]     src/lib.rs - fn_builder (line 27)
[INFO] [stdout]     src/lib.rs - fn_builder (line 36)
[INFO] [stdout]     src/lib.rs - main (line 121)
[INFO] [stdout]     src/lib.rs - test (line 141)
[INFO] [stdout] 
[INFO] [stdout] test result: FAILED. 0 passed; 4 failed; 0 ignored; 0 measured; 0 filtered out; finished in 0.09s
[INFO] [stdout] 
[INFO] [stderr] error: doctest failed, to rerun pass `--doc`
[INFO] running `Command { std: "docker" "inspect" "bbcc19198bd6d91a9cca2734ca8a12e3918c23ea8909339d5192946ce916e438", kill_on_drop: false }`
[INFO] running `Command { std: "docker" "rm" "-f" "bbcc19198bd6d91a9cca2734ca8a12e3918c23ea8909339d5192946ce916e438", kill_on_drop: false }`
[INFO] [stdout] bbcc19198bd6d91a9cca2734ca8a12e3918c23ea8909339d5192946ce916e438
