[INFO] fetching crate page-hunter 0.3.0...
[INFO] testing page-hunter-0.3.0 against nightly-2024-10-28+rustflags=-Zrandomize-layout for randomize-layout
[INFO] extracting crate page-hunter 0.3.0 into /workspace/builds/worker-0-tc2/source
[INFO] validating manifest of crates.io crate page-hunter 0.3.0 on toolchain nightly-2024-10-28
[INFO] running `Command { std: CARGO_HOME="/workspace/cargo-home" RUSTUP_HOME="/workspace/rustup-home" "/workspace/cargo-home/bin/cargo" "+nightly-2024-10-28" "metadata" "--manifest-path" "Cargo.toml" "--no-deps", kill_on_drop: false }`
[INFO] started tweaking crates.io crate page-hunter 0.3.0
[INFO] finished tweaking crates.io crate page-hunter 0.3.0
[INFO] tweaked toml for crates.io crate page-hunter 0.3.0 written to /workspace/builds/worker-0-tc2/source/Cargo.toml
[INFO] running `Command { std: CARGO_HOME="/workspace/cargo-home" RUSTUP_HOME="/workspace/rustup-home" "/workspace/cargo-home/bin/cargo" "+nightly-2024-10-28" "generate-lockfile" "--manifest-path" "Cargo.toml", kill_on_drop: false }`
[INFO] [stderr]     Updating crates.io index
[INFO] [stderr]      Locking 179 packages to latest compatible versions
[INFO] running `Command { std: CARGO_HOME="/workspace/cargo-home" RUSTUP_HOME="/workspace/rustup-home" "/workspace/cargo-home/bin/cargo" "+nightly-2024-10-28" "fetch" "--manifest-path" "Cargo.toml", kill_on_drop: false }`
[INFO] running `Command { std: "docker" "create" "-v" "/var/lib/crater-agent-workspace/builds/worker-0-tc2/target:/opt/rustwide/target:rw,Z" "-v" "/var/lib/crater-agent-workspace/builds/worker-0-tc2/source:/opt/rustwide/workdir:ro,Z" "-v" "/var/lib/crater-agent-workspace/cargo-home:/opt/rustwide/cargo-home:ro,Z" "-v" "/var/lib/crater-agent-workspace/rustup-home:/opt/rustwide/rustup-home:ro,Z" "-e" "SOURCE_DIR=/opt/rustwide/workdir" "-e" "CARGO_TARGET_DIR=/opt/rustwide/target" "-e" "CARGO_HOME=/opt/rustwide/cargo-home" "-e" "RUSTUP_HOME=/opt/rustwide/rustup-home" "-w" "/opt/rustwide/workdir" "-m" "1610612736" "--user" "0:0" "--network" "none" "ghcr.io/rust-lang/crates-build-env/linux@sha256:4a844ea9eb2546a2d2c7022eacef16ef2e8229c7fbb2c7d4d55a9ceca922f72d" "/opt/rustwide/cargo-home/bin/cargo" "+nightly-2024-10-28" "metadata" "--no-deps" "--format-version=1", kill_on_drop: false }`
[INFO] [stdout] 7608c64a4e86164ff6bce1614be2c24bb567c24b124c26a1e618659e97bbfe9f
[INFO] running `Command { std: "docker" "start" "-a" "7608c64a4e86164ff6bce1614be2c24bb567c24b124c26a1e618659e97bbfe9f", kill_on_drop: false }`
[INFO] running `Command { std: "docker" "inspect" "7608c64a4e86164ff6bce1614be2c24bb567c24b124c26a1e618659e97bbfe9f", kill_on_drop: false }`
[INFO] running `Command { std: "docker" "rm" "-f" "7608c64a4e86164ff6bce1614be2c24bb567c24b124c26a1e618659e97bbfe9f", kill_on_drop: false }`
[INFO] [stdout] 7608c64a4e86164ff6bce1614be2c24bb567c24b124c26a1e618659e97bbfe9f
[INFO] running `Command { std: "docker" "create" "-v" "/var/lib/crater-agent-workspace/builds/worker-0-tc2/target:/opt/rustwide/target:rw,Z" "-v" "/var/lib/crater-agent-workspace/builds/worker-0-tc2/source:/opt/rustwide/workdir:ro,Z" "-v" "/var/lib/crater-agent-workspace/cargo-home:/opt/rustwide/cargo-home:ro,Z" "-v" "/var/lib/crater-agent-workspace/rustup-home:/opt/rustwide/rustup-home:ro,Z" "-e" "SOURCE_DIR=/opt/rustwide/workdir" "-e" "CARGO_TARGET_DIR=/opt/rustwide/target" "-e" "CARGO_INCREMENTAL=0" "-e" "RUST_BACKTRACE=full" "-e" "RUSTFLAGS=--cap-lints=forbid -Zrandomize-layout" "-e" "RUSTDOCFLAGS=--cap-lints=forbid" "-e" "CARGO_HOME=/opt/rustwide/cargo-home" "-e" "RUSTUP_HOME=/opt/rustwide/rustup-home" "-w" "/opt/rustwide/workdir" "-m" "1610612736" "--user" "0:0" "--network" "none" "ghcr.io/rust-lang/crates-build-env/linux@sha256:4a844ea9eb2546a2d2c7022eacef16ef2e8229c7fbb2c7d4d55a9ceca922f72d" "/opt/rustwide/cargo-home/bin/cargo" "+nightly-2024-10-28" "build" "--frozen" "--message-format=json", kill_on_drop: false }`
[INFO] [stdout] 1fa151b388e32c783c64e286a3e1d3c71507edcea427a1f8d02221a9c9cf99bc
[INFO] running `Command { std: "docker" "start" "-a" "1fa151b388e32c783c64e286a3e1d3c71507edcea427a1f8d02221a9c9cf99bc", kill_on_drop: false }`
[INFO] [stderr]    Compiling page-hunter v0.3.0 (/opt/rustwide/workdir)
[INFO] [stderr]     Finished `dev` profile [unoptimized + debuginfo] target(s) in 0.11s
[INFO] running `Command { std: "docker" "inspect" "1fa151b388e32c783c64e286a3e1d3c71507edcea427a1f8d02221a9c9cf99bc", kill_on_drop: false }`
[INFO] running `Command { std: "docker" "rm" "-f" "1fa151b388e32c783c64e286a3e1d3c71507edcea427a1f8d02221a9c9cf99bc", kill_on_drop: false }`
[INFO] [stdout] 1fa151b388e32c783c64e286a3e1d3c71507edcea427a1f8d02221a9c9cf99bc
[INFO] running `Command { std: "docker" "create" "-v" "/var/lib/crater-agent-workspace/builds/worker-0-tc2/target:/opt/rustwide/target:rw,Z" "-v" "/var/lib/crater-agent-workspace/builds/worker-0-tc2/source:/opt/rustwide/workdir:ro,Z" "-v" "/var/lib/crater-agent-workspace/cargo-home:/opt/rustwide/cargo-home:ro,Z" "-v" "/var/lib/crater-agent-workspace/rustup-home:/opt/rustwide/rustup-home:ro,Z" "-e" "SOURCE_DIR=/opt/rustwide/workdir" "-e" "CARGO_TARGET_DIR=/opt/rustwide/target" "-e" "CARGO_INCREMENTAL=0" "-e" "RUST_BACKTRACE=full" "-e" "RUSTFLAGS=--cap-lints=forbid -Zrandomize-layout" "-e" "RUSTDOCFLAGS=--cap-lints=forbid" "-e" "CARGO_HOME=/opt/rustwide/cargo-home" "-e" "RUSTUP_HOME=/opt/rustwide/rustup-home" "-w" "/opt/rustwide/workdir" "-m" "1610612736" "--user" "0:0" "--network" "none" "ghcr.io/rust-lang/crates-build-env/linux@sha256:4a844ea9eb2546a2d2c7022eacef16ef2e8229c7fbb2c7d4d55a9ceca922f72d" "/opt/rustwide/cargo-home/bin/cargo" "+nightly-2024-10-28" "test" "--frozen" "--no-run" "--message-format=json", kill_on_drop: false }`
[INFO] [stdout] 0f626667c2ce24c3792adac760070bc4e61517604c4ab84ae88632e14c9e8d26
[INFO] running `Command { std: "docker" "start" "-a" "0f626667c2ce24c3792adac760070bc4e61517604c4ab84ae88632e14c9e8d26", kill_on_drop: false }`
[INFO] [stderr]    Compiling lock_api v0.4.12
[INFO] [stderr]    Compiling serde v1.0.214
[INFO] [stderr]    Compiling crossbeam-utils v0.8.20
[INFO] [stderr]    Compiling syn v2.0.86
[INFO] [stderr]    Compiling ahash v0.8.11
[INFO] [stderr]    Compiling smallvec v1.13.2
[INFO] [stderr]    Compiling num-traits v0.2.19
[INFO] [stderr]    Compiling futures-core v0.3.31
[INFO] [stderr]    Compiling zerocopy v0.7.35
[INFO] [stderr]    Compiling paste v1.0.15
[INFO] [stderr]    Compiling parking_lot_core v0.9.10
[INFO] [stderr]    Compiling allocator-api2 v0.2.18
[INFO] [stderr]    Compiling futures-sink v0.3.31
[INFO] [stderr]    Compiling time-macros v0.2.18
[INFO] [stderr]    Compiling nom v7.1.3
[INFO] [stderr]    Compiling parking_lot v0.12.3
[INFO] [stderr]    Compiling concurrent-queue v2.5.0
[INFO] [stderr]    Compiling hashbrown v0.14.5
[INFO] [stderr]    Compiling crypto-common v0.1.6
[INFO] [stderr]    Compiling unicode_categories v0.1.1
[INFO] [stderr]    Compiling rustix v0.38.38
[INFO] [stderr]    Compiling serde_json v1.0.132
[INFO] [stderr]    Compiling crc-catalog v2.4.0
[INFO] [stderr]    Compiling futures-util v0.3.31
[INFO] [stderr]    Compiling crc v3.2.1
[INFO] [stderr]    Compiling atoi v2.0.0
[INFO] [stderr]    Compiling event-listener v5.3.1
[INFO] [stderr]    Compiling digest v0.10.7
[INFO] [stderr]    Compiling hashlink v0.9.1
[INFO] [stderr]    Compiling futures-intrusive v0.5.0
[INFO] [stderr]    Compiling crossbeam-queue v0.3.11
[INFO] [stderr]    Compiling url v2.5.2
[INFO] [stderr]    Compiling futures-channel v0.3.31
[INFO] [stderr]    Compiling time v0.3.36
[INFO] [stderr]    Compiling linux-raw-sys v0.4.14
[INFO] [stderr]    Compiling sqlformat v0.2.6
[INFO] [stderr]    Compiling byteorder v1.5.0
[INFO] [stderr]    Compiling uuid v1.11.0
[INFO] [stderr]    Compiling bitflags v2.6.0
[INFO] [stderr]    Compiling sha2 v0.10.8
[INFO] [stderr]    Compiling fastrand v2.1.1
[INFO] [stderr]    Compiling heck v0.5.0
[INFO] [stderr]    Compiling dotenvy v0.15.7
[INFO] [stderr]    Compiling socket2 v0.5.7
[INFO] [stderr]    Compiling signal-hook-registry v1.4.2
[INFO] [stderr]    Compiling mio v1.0.2
[INFO] [stderr]    Compiling tempfile v3.13.0
[INFO] [stderr]    Compiling serde_derive v1.0.214
[INFO] [stderr]    Compiling thiserror-impl v1.0.66
[INFO] [stderr]    Compiling tracing-attributes v0.1.27
[INFO] [stderr]    Compiling tokio-macros v2.4.0
[INFO] [stderr]    Compiling tokio v1.41.0
[INFO] [stderr]    Compiling thiserror v1.0.66
[INFO] [stderr]    Compiling tracing v0.1.40
[INFO] [stderr]    Compiling either v1.13.0
[INFO] [stderr]    Compiling sqlx-core v0.8.2
[INFO] [stderr]    Compiling sqlx-macros-core v0.8.2
[INFO] [stderr]    Compiling sqlx-macros v0.8.2
[INFO] [stderr]    Compiling sqlx v0.8.2
[INFO] [stderr]    Compiling page-hunter v0.3.0 (/opt/rustwide/workdir)
[INFO] [stderr]     Finished `test` profile [unoptimized + debuginfo] target(s) in 19.40s
[INFO] running `Command { std: "docker" "inspect" "0f626667c2ce24c3792adac760070bc4e61517604c4ab84ae88632e14c9e8d26", kill_on_drop: false }`
[INFO] running `Command { std: "docker" "rm" "-f" "0f626667c2ce24c3792adac760070bc4e61517604c4ab84ae88632e14c9e8d26", kill_on_drop: false }`
[INFO] [stdout] 0f626667c2ce24c3792adac760070bc4e61517604c4ab84ae88632e14c9e8d26
[INFO] running `Command { std: "docker" "create" "-v" "/var/lib/crater-agent-workspace/builds/worker-0-tc2/target:/opt/rustwide/target:rw,Z" "-v" "/var/lib/crater-agent-workspace/builds/worker-0-tc2/source:/opt/rustwide/workdir:ro,Z" "-v" "/var/lib/crater-agent-workspace/cargo-home:/opt/rustwide/cargo-home:ro,Z" "-v" "/var/lib/crater-agent-workspace/rustup-home:/opt/rustwide/rustup-home:ro,Z" "-e" "SOURCE_DIR=/opt/rustwide/workdir" "-e" "CARGO_TARGET_DIR=/opt/rustwide/target" "-e" "CARGO_INCREMENTAL=0" "-e" "RUST_BACKTRACE=full" "-e" "RUSTFLAGS=--cap-lints=forbid -Zrandomize-layout" "-e" "RUSTDOCFLAGS=--cap-lints=forbid" "-e" "CARGO_HOME=/opt/rustwide/cargo-home" "-e" "RUSTUP_HOME=/opt/rustwide/rustup-home" "-w" "/opt/rustwide/workdir" "-m" "1610612736" "--user" "0:0" "--network" "none" "ghcr.io/rust-lang/crates-build-env/linux@sha256:4a844ea9eb2546a2d2c7022eacef16ef2e8229c7fbb2c7d4d55a9ceca922f72d" "/opt/rustwide/cargo-home/bin/cargo" "+nightly-2024-10-28" "test" "--frozen", kill_on_drop: false }`
[INFO] [stdout] fa430efa5bec571ee4c787ef68057c6728fa19042eb03391e0676ef6b0e44d3a
[INFO] running `Command { std: "docker" "start" "-a" "fa430efa5bec571ee4c787ef68057c6728fa19042eb03391e0676ef6b0e44d3a", kill_on_drop: false }`
[INFO] [stderr]     Finished `test` profile [unoptimized + debuginfo] target(s) in 0.11s
[INFO] [stderr]      Running unittests src/lib.rs (/opt/rustwide/target/debug/deps/page_hunter-dd50588d631259bb)
[INFO] [stdout] 
[INFO] [stdout] running 0 tests
[INFO] [stdout] 
[INFO] [stdout] test result: ok. 0 passed; 0 failed; 0 ignored; 0 measured; 0 filtered out; finished in 0.00s
[INFO] [stdout] 
[INFO] [stderr]      Running tests/test_book.rs (/opt/rustwide/target/debug/deps/test_book-cd07743dff84a38e)
[INFO] [stdout] 
[INFO] [stdout] running 6 tests
[INFO] [stdout] test test_book::test_book_clone ... ok
[INFO] [stdout] test test_book::test_book_debug ... ok
[INFO] [stdout] test test_book::test_book_default ... ok
[INFO] [stdout] test test_book::test_book_constructor ... ok
[INFO] [stdout] test test_book::test_book_display ... ok
[INFO] [stdout] test test_book::test_book_into_iter ... ok
[INFO] [stdout] 
[INFO] [stdout] test result: ok. 6 passed; 0 failed; 0 ignored; 0 measured; 0 filtered out; finished in 0.00s
[INFO] [stdout] 
[INFO] [stderr]      Running tests/test_errors.rs (/opt/rustwide/target/debug/deps/test_errors-3a51849165293d60)
[INFO] [stdout] 
[INFO] [stdout] running 5 tests
[INFO] [stdout] test test_errors::test_error_kind_invalid_value_error_debug ... ok
[INFO] [stdout] test test_errors::test_error_kind_invalid_value_error_display ... ok
[INFO] [stdout] test test_errors::test_pagination_error_debug ... ok
[INFO] [stdout] test test_errors::test_pagination_error_from_error_kind ... ok
[INFO] [stdout] test test_errors::test_pagination_error_display ... ok
[INFO] [stdout] 
[INFO] [stdout] test result: ok. 5 passed; 0 failed; 0 ignored; 0 measured; 0 filtered out; finished in 0.00s
[INFO] [stdout] 
[INFO] [stderr]      Running tests/test_page.rs (/opt/rustwide/target/debug/deps/test_page-38d541ca15720f55)
[INFO] [stdout] 
[INFO] [stdout] running 10 tests
[INFO] [stdout] test test_page_model::test_default_page_model_constructor ... ok
[INFO] [stdout] test test_page_model::test_items_length_not_equal_to_size_for_not_last_page ... ok
[INFO] [stdout] test test_page_model::test_page_index_exceeds_total_pages ... ok
[INFO] [stdout] test test_page_model::test_item_length_error_for_intermediate_page_index ... ok
[INFO] [stdout] test test_page_model::test_page_model_clone ... ok
[INFO] [stdout] test test_page_model::test_page_model_constructor ... ok
[INFO] [stdout] test test_page_model::test_page_model_debug ... ok
[INFO] [stdout] test test_page_model::test_page_model_display ... ok
[INFO] [stdout] test test_page_model::test_page_model_into_iter ... ok
[INFO] [stdout] test test_page_model::test_page_model_from_size_equals_to_0 ... ok
[INFO] [stdout] 
[INFO] [stdout] test result: ok. 10 passed; 0 failed; 0 ignored; 0 measured; 0 filtered out; finished in 0.00s
[INFO] [stdout] 
[INFO] [stderr]      Running tests/test_records_pagination.rs (/opt/rustwide/target/debug/deps/test_records_pagination-743bb794dab66a12)
[INFO] [stdout] 
[INFO] [stdout] running 4 tests
[INFO] [stdout] test test_records_pagination::test_bind_records_success ... ok
[INFO] [stdout] test test_records_pagination::test_paginate_records_success ... ok
[INFO] [stdout] test test_records_pagination::test_paginate_records_error ... ok
[INFO] [stdout] test test_records_pagination::test_bind_records_success_with_zero_size ... ok
[INFO] [stdout] 
[INFO] [stdout] test result: ok. 4 passed; 0 failed; 0 ignored; 0 measured; 0 filtered out; finished in 0.00s
[INFO] [stdout] 
[INFO] [stderr]      Running tests/test_sqlx_pagination.rs (/opt/rustwide/target/debug/deps/test_sqlx_pagination-e1c339e37a26c847)
[INFO] [stdout] 
[INFO] [stdout] running 0 tests
[INFO] [stdout] 
[INFO] [stdout] test result: ok. 0 passed; 0 failed; 0 ignored; 0 measured; 0 filtered out; finished in 0.00s
[INFO] [stdout] 
[INFO] [stderr]      Running tests/test_utoipa_features.rs (/opt/rustwide/target/debug/deps/test_utoipa_features-9eaed00167ba27bc)
[INFO] [stdout] 
[INFO] [stdout] running 0 tests
[INFO] [stdout] 
[INFO] [stdout] test result: ok. 0 passed; 0 failed; 0 ignored; 0 measured; 0 filtered out; finished in 0.00s
[INFO] [stdout] 
[INFO] [stderr]    Doc-tests page_hunter
[INFO] [stdout] 
[INFO] [stdout] running 14 tests
[INFO] [stdout] test src/lib.rs - (line 241) - compile ... FAILED
[INFO] [stdout] test src/lib.rs - (line 105) - compile ... ok
[INFO] [stdout] test src/lib.rs - (line 116) - compile ... ok
[INFO] [stdout] test src/book.rs - book::Book<E>::new (line 39) - compile ... ok
[INFO] [stdout] test src/lib.rs - (line 128) - compile ... FAILED
[INFO] [stdout] test src/lib.rs - (line 177) - compile ... FAILED
[INFO] [stdout] test src/lib.rs - (line 38) - compile ... ok
[INFO] [stdout] test src/lib.rs - (line 150) - compile ... FAILED
[INFO] [stdout] test src/lib.rs - (line 209) - compile ... FAILED
[INFO] [stdout] test src/pagination/records.rs - pagination::records::paginate_records (line 14) - compile ... ok
[INFO] [stdout] test src/pagination/records.rs - pagination::records::bind_records (line 55) - compile ... ok
[INFO] [stdout] test src/page.rs - page::Page<E>::new (line 178) - compile ... ok
[INFO] [stdout] test src/lib.rs - (line 50) - compile ... ok
[INFO] [stdout] test src/lib.rs - (line 67) - compile ... FAILED
[INFO] [stdout] 
[INFO] [stdout] failures:
[INFO] [stdout] 
[INFO] [stdout] ---- src/lib.rs - (line 241) stdout ----
[INFO] [stdout] error[E0432]: unresolved import `sqlx::sqlite`
[INFO] [stdout]   --> src/lib.rs:244:15
[INFO] [stdout]    |
[INFO] [stdout] 5  |     use sqlx::sqlite::{SqlitePool, Sqlite};
[INFO] [stdout]    |               ^^^^^^ could not find `sqlite` in `sqlx`
[INFO] [stdout]    |
[INFO] [stdout] note: found an item that was configured out
[INFO] [stdout]   --> /opt/rustwide/cargo-home/registry/src/index.crates.io-6f17d22bba15001f/sqlx-0.8.2/src/lib.rs:50:31
[INFO] [stdout]    |
[INFO] [stdout] 50 | pub use sqlx_sqlite::{self as sqlite, Sqlite, SqliteConnection, SqliteExecutor, SqlitePool};
[INFO] [stdout]    |                               ^^^^^^
[INFO] [stdout] note: the item is gated behind the `sqlite` feature
[INFO] [stdout]   --> /opt/rustwide/cargo-home/registry/src/index.crates.io-6f17d22bba15001f/sqlx-0.8.2/src/lib.rs:47:7
[INFO] [stdout]    |
[INFO] [stdout] 47 | #[cfg(feature = "sqlite")]
[INFO] [stdout]    |       ^^^^^^^^^^^^^^^^^^
[INFO] [stdout] 
[INFO] [stdout] error: aborting due to 1 previous error
[INFO] [stdout] 
[INFO] [stdout] For more information about this error, try `rustc --explain E0432`.
[INFO] [stdout] Couldn't compile the test.
[INFO] [stdout] ---- src/lib.rs - (line 128) stdout ----
[INFO] [stdout] error[E0277]: the trait bound `page_hunter::Book<u32>: serde::ser::Serialize` is not satisfied
[INFO] [stdout]     --> src/lib.rs:139:57
[INFO] [stdout]      |
[INFO] [stdout] 14   |     let serialized_book: String = serde_json::to_string(&book).unwrap_or_else(|error| {
[INFO] [stdout]      |                                   --------------------- ^^^^^ the trait `serde::ser::Serialize` is not implemented for `page_hunter::Book<u32>`
[INFO] [stdout]      |                                   |
[INFO] [stdout]      |                                   required by a bound introduced by this call
[INFO] [stdout]      |
[INFO] [stdout]      = note: for local types consider adding `#[derive(serde::Serialize)]` to your `page_hunter::Book<u32>` type
[INFO] [stdout]      = note: for types from other crates check whether the crate offers a `serde` feature flag
[INFO] [stdout]      = help: the following other types implement trait `serde::ser::Serialize`:
[INFO] [stdout]                &'a T
[INFO] [stdout]                &'a mut T
[INFO] [stdout]                ()
[INFO] [stdout]                (T,)
[INFO] [stdout]                (T0, T1)
[INFO] [stdout]                (T0, T1, T2)
[INFO] [stdout]                (T0, T1, T2, T3)
[INFO] [stdout]                (T0, T1, T2, T3, T4)
[INFO] [stdout]              and 135 others
[INFO] [stdout] note: required by a bound in `serde_json::to_string`
[INFO] [stdout]     --> /opt/rustwide/cargo-home/registry/src/index.crates.io-6f17d22bba15001f/serde_json-1.0.132/src/ser.rs:2211:17
[INFO] [stdout]      |
[INFO] [stdout] 2209 | pub fn to_string<T>(value: &T) -> Result<String>
[INFO] [stdout]      |        --------- required by a bound in this function
[INFO] [stdout] 2210 | where
[INFO] [stdout] 2211 |     T: ?Sized + Serialize,
[INFO] [stdout]      |                 ^^^^^^^^^ required by this bound in `to_string`
[INFO] [stdout] 
[INFO] [stdout] error[E0277]: the trait bound `page_hunter::Book<u32>: serde::de::Deserialize<'_>` is not satisfied
[INFO] [stdout]     --> src/lib.rs:143:40
[INFO] [stdout]      |
[INFO] [stdout] 18   |     let deserialized_book: Book<u32> = serde_json::from_str(&serialized_book).unwrap_or_else(|error| {
[INFO] [stdout]      |                                        ^^^^^^^^^^^^^^^^^^^^^^^^^^^^^^^^^^^^^^ the trait `serde::de::Deserialize<'_>` is not implemented for `page_hunter::Book<u32>`
[INFO] [stdout]      |
[INFO] [stdout]      = note: for local types consider adding `#[derive(serde::Deserialize)]` to your `page_hunter::Book<u32>` type
[INFO] [stdout]      = note: for types from other crates check whether the crate offers a `serde` feature flag
[INFO] [stdout]      = help: the following other types implement trait `serde::de::Deserialize<'de>`:
[INFO] [stdout]                &'a Path
[INFO] [stdout]                &'a [u8]
[INFO] [stdout]                &'a str
[INFO] [stdout]                ()
[INFO] [stdout]                (T,)
[INFO] [stdout]                (T0, T1)
[INFO] [stdout]                (T0, T1, T2)
[INFO] [stdout]                (T0, T1, T2, T3)
[INFO] [stdout]              and 146 others
[INFO] [stdout] note: required by a bound in `serde_json::from_str`
[INFO] [stdout]     --> /opt/rustwide/cargo-home/registry/src/index.crates.io-6f17d22bba15001f/serde_json-1.0.132/src/de.rs:2694:8
[INFO] [stdout]      |
[INFO] [stdout] 2692 | pub fn from_str<'a, T>(s: &'a str) -> Result<T>
[INFO] [stdout]      |        -------- required by a bound in this function
[INFO] [stdout] 2693 | where
[INFO] [stdout] 2694 |     T: de::Deserialize<'a>,
[INFO] [stdout]      |        ^^^^^^^^^^^^^^^^^^^ required by this bound in `from_str`
[INFO] [stdout] 
[INFO] [stdout] error: aborting due to 2 previous errors
[INFO] [stdout] 
[INFO] [stdout] For more information about this error, try `rustc --explain E0277`.
[INFO] [stdout] Couldn't compile the test.
[INFO] [stdout] ---- src/lib.rs - (line 177) stdout ----
[INFO] [stdout] error[E0432]: unresolved import `sqlx::postgres`
[INFO] [stdout]   --> src/lib.rs:180:15
[INFO] [stdout]    |
[INFO] [stdout] 5  |     use sqlx::postgres::{PgPool, Postgres};
[INFO] [stdout]    |               ^^^^^^^^ could not find `postgres` in `sqlx`
[INFO] [stdout]    |
[INFO] [stdout] note: found an item that was configured out
[INFO] [stdout]   --> /opt/rustwide/cargo-home/registry/src/index.crates.io-6f17d22bba15001f/sqlx-0.8.2/src/lib.rs:45:33
[INFO] [stdout]    |
[INFO] [stdout] 45 | pub use sqlx_postgres::{self as postgres, PgConnection, PgExecutor, PgPool, Postgres};
[INFO] [stdout]    |                                 ^^^^^^^^
[INFO] [stdout] note: the item is gated behind the `postgres` feature
[INFO] [stdout]   --> /opt/rustwide/cargo-home/registry/src/index.crates.io-6f17d22bba15001f/sqlx-0.8.2/src/lib.rs:42:7
[INFO] [stdout]    |
[INFO] [stdout] 42 | #[cfg(feature = "postgres")]
[INFO] [stdout]    |       ^^^^^^^^^^^^^^^^^^^^
[INFO] [stdout] 
[INFO] [stdout] error: aborting due to 1 previous error
[INFO] [stdout] 
[INFO] [stdout] For more information about this error, try `rustc --explain E0432`.
[INFO] [stdout] Couldn't compile the test.
[INFO] [stdout] ---- src/lib.rs - (line 150) stdout ----
[INFO] [stdout] error[E0432]: unresolved import `utoipa`
[INFO] [stdout]  --> src/lib.rs:153:9
[INFO] [stdout]   |
[INFO] [stdout] 6 |     use utoipa::{OpenApi, ToSchema};
[INFO] [stdout]   |         ^^^^^^ use of undeclared crate or module `utoipa`
[INFO] [stdout] 
[INFO] [stdout] error[E0432]: unresolved import `serde`
[INFO] [stdout]  --> src/lib.rs:154:9
[INFO] [stdout]   |
[INFO] [stdout] 7 |     use serde::{Deserialize, Serialize};
[INFO] [stdout]   |         ^^^^^ use of undeclared crate or module `serde`
[INFO] [stdout] 
[INFO] [stdout] error: cannot find attribute `openapi` in this scope
[INFO] [stdout]   --> src/lib.rs:168:7
[INFO] [stdout]    |
[INFO] [stdout] 21 |     #[openapi(
[INFO] [stdout]    |       ^^^^^^^
[INFO] [stdout] 
[INFO] [stdout] error: aborting due to 3 previous errors
[INFO] [stdout] 
[INFO] [stdout] For more information about this error, try `rustc --explain E0432`.
[INFO] [stdout] Couldn't compile the test.
[INFO] [stdout] ---- src/lib.rs - (line 209) stdout ----
[INFO] [stdout] error[E0432]: unresolved import `sqlx::mysql`
[INFO] [stdout]   --> src/lib.rs:212:15
[INFO] [stdout]    |
[INFO] [stdout] 5  |     use sqlx::mysql::{MySqlPool, MySql};
[INFO] [stdout]    |               ^^^^^ could not find `mysql` in `sqlx`
[INFO] [stdout]    |
[INFO] [stdout] note: found an item that was configured out
[INFO] [stdout]   --> /opt/rustwide/cargo-home/registry/src/index.crates.io-6f17d22bba15001f/sqlx-0.8.2/src/lib.rs:40:30
[INFO] [stdout]    |
[INFO] [stdout] 40 | pub use sqlx_mysql::{self as mysql, MySql, MySqlConnection, MySqlExecutor, MySqlPool};
[INFO] [stdout]    |                              ^^^^^
[INFO] [stdout] note: the item is gated behind the `mysql` feature
[INFO] [stdout]   --> /opt/rustwide/cargo-home/registry/src/index.crates.io-6f17d22bba15001f/sqlx-0.8.2/src/lib.rs:37:7
[INFO] [stdout]    |
[INFO] [stdout] 37 | #[cfg(feature = "mysql")]
[INFO] [stdout]    |       ^^^^^^^^^^^^^^^^^
[INFO] [stdout] 
[INFO] [stdout] error: aborting due to 1 previous error
[INFO] [stdout] 
[INFO] [stdout] For more information about this error, try `rustc --explain E0432`.
[INFO] [stdout] Couldn't compile the test.
[INFO] [stdout] ---- src/lib.rs - (line 67) stdout ----
[INFO] [stdout] error[E0277]: the trait bound `page_hunter::Page<u32>: serde::ser::Serialize` is not satisfied
[INFO] [stdout]     --> src/lib.rs:85:57
[INFO] [stdout]      |
[INFO] [stdout] 21   |     let serialized_page: String = serde_json::to_string(&page_model).unwrap_or_else(|error| {
[INFO] [stdout]      |                                   --------------------- ^^^^^^^^^^^ the trait `serde::ser::Serialize` is not implemented for `page_hunter::Page<u32>`
[INFO] [stdout]      |                                   |
[INFO] [stdout]      |                                   required by a bound introduced by this call
[INFO] [stdout]      |
[INFO] [stdout]      = note: for local types consider adding `#[derive(serde::Serialize)]` to your `page_hunter::Page<u32>` type
[INFO] [stdout]      = note: for types from other crates check whether the crate offers a `serde` feature flag
[INFO] [stdout]      = help: the following other types implement trait `serde::ser::Serialize`:
[INFO] [stdout]                &'a T
[INFO] [stdout]                &'a mut T
[INFO] [stdout]                ()
[INFO] [stdout]                (T,)
[INFO] [stdout]                (T0, T1)
[INFO] [stdout]                (T0, T1, T2)
[INFO] [stdout]                (T0, T1, T2, T3)
[INFO] [stdout]                (T0, T1, T2, T3, T4)
[INFO] [stdout]              and 135 others
[INFO] [stdout] note: required by a bound in `serde_json::to_string`
[INFO] [stdout]     --> /opt/rustwide/cargo-home/registry/src/index.crates.io-6f17d22bba15001f/serde_json-1.0.132/src/ser.rs:2211:17
[INFO] [stdout]      |
[INFO] [stdout] 2209 | pub fn to_string<T>(value: &T) -> Result<String>
[INFO] [stdout]      |        --------- required by a bound in this function
[INFO] [stdout] 2210 | where
[INFO] [stdout] 2211 |     T: ?Sized + Serialize,
[INFO] [stdout]      |                 ^^^^^^^^^ required by this bound in `to_string`
[INFO] [stdout] 
[INFO] [stdout] error[E0277]: the trait bound `page_hunter::Page<u32>: serde::de::Deserialize<'_>` is not satisfied
[INFO] [stdout]     --> src/lib.rs:89:40
[INFO] [stdout]      |
[INFO] [stdout] 25   |     let deserialized_page: Page<u32> = serde_json::from_str(&serialized_page).unwrap_or_else(|error| {
[INFO] [stdout]      |                                        ^^^^^^^^^^^^^^^^^^^^^^^^^^^^^^^^^^^^^^ the trait `serde::de::Deserialize<'_>` is not implemented for `page_hunter::Page<u32>`
[INFO] [stdout]      |
[INFO] [stdout]      = note: for local types consider adding `#[derive(serde::Deserialize)]` to your `page_hunter::Page<u32>` type
[INFO] [stdout]      = note: for types from other crates check whether the crate offers a `serde` feature flag
[INFO] [stdout]      = help: the following other types implement trait `serde::de::Deserialize<'de>`:
[INFO] [stdout]                &'a Path
[INFO] [stdout]                &'a [u8]
[INFO] [stdout]                &'a str
[INFO] [stdout]                ()
[INFO] [stdout]                (T,)
[INFO] [stdout]                (T0, T1)
[INFO] [stdout]                (T0, T1, T2)
[INFO] [stdout]                (T0, T1, T2, T3)
[INFO] [stdout]              and 146 others
[INFO] [stdout] note: required by a bound in `serde_json::from_str`
[INFO] [stdout]     --> /opt/rustwide/cargo-home/registry/src/index.crates.io-6f17d22bba15001f/serde_json-1.0.132/src/de.rs:2694:8
[INFO] [stdout]      |
[INFO] [stdout] 2692 | pub fn from_str<'a, T>(s: &'a str) -> Result<T>
[INFO] [stdout]      |        -------- required by a bound in this function
[INFO] [stdout] 2693 | where
[INFO] [stdout] 2694 |     T: de::Deserialize<'a>,
[INFO] [stdout]      |        ^^^^^^^^^^^^^^^^^^^ required by this bound in `from_str`
[INFO] [stdout] 
[INFO] [stdout] error: aborting due to 2 previous errors
[INFO] [stdout] 
[INFO] [stdout] For more information about this error, try `rustc --explain E0277`.
[INFO] [stdout] Couldn't compile the test.
[INFO] [stdout] 
[INFO] [stdout] failures:
[INFO] [stdout]     src/lib.rs - (line 128)
[INFO] [stdout]     src/lib.rs - (line 150)
[INFO] [stdout]     src/lib.rs - (line 177)
[INFO] [stdout]     src/lib.rs - (line 209)
[INFO] [stdout]     src/lib.rs - (line 241)
[INFO] [stdout]     src/lib.rs - (line 67)
[INFO] [stdout] 
[INFO] [stdout] test result: FAILED. 8 passed; 6 failed; 0 ignored; 0 measured; 0 filtered out; finished in 0.31s
[INFO] [stdout] 
[INFO] [stderr] error: doctest failed, to rerun pass `--doc`
[INFO] running `Command { std: "docker" "inspect" "fa430efa5bec571ee4c787ef68057c6728fa19042eb03391e0676ef6b0e44d3a", kill_on_drop: false }`
[INFO] running `Command { std: "docker" "rm" "-f" "fa430efa5bec571ee4c787ef68057c6728fa19042eb03391e0676ef6b0e44d3a", kill_on_drop: false }`
[INFO] [stdout] fa430efa5bec571ee4c787ef68057c6728fa19042eb03391e0676ef6b0e44d3a
