[INFO] fetching crate pact_matching 1.2.7...
[INFO] testing pact_matching-1.2.7 against nightly-2024-10-28 for randomize-layout
[INFO] extracting crate pact_matching 1.2.7 into /workspace/builds/worker-5-tc1/source
[INFO] validating manifest of crates.io crate pact_matching 1.2.7 on toolchain nightly-2024-10-28
[INFO] running `Command { std: CARGO_HOME="/workspace/cargo-home" RUSTUP_HOME="/workspace/rustup-home" "/workspace/cargo-home/bin/cargo" "+nightly-2024-10-28" "metadata" "--manifest-path" "Cargo.toml" "--no-deps", kill_on_drop: false }`
[INFO] started tweaking crates.io crate pact_matching 1.2.7
[INFO] removed 0 missing tests
[INFO] finished tweaking crates.io crate pact_matching 1.2.7
[INFO] tweaked toml for crates.io crate pact_matching 1.2.7 written to /workspace/builds/worker-5-tc1/source/Cargo.toml
[INFO] running `Command { std: CARGO_HOME="/workspace/cargo-home" RUSTUP_HOME="/workspace/rustup-home" "/workspace/cargo-home/bin/cargo" "+nightly-2024-10-28" "generate-lockfile" "--manifest-path" "Cargo.toml", kill_on_drop: false }`
[INFO] [stderr]     Updating crates.io index
[INFO] [stderr]      Locking 358 packages to latest compatible versions
[INFO] [stderr]       Adding rstest v0.22.0 (available: v0.23.0)
[INFO] running `Command { std: CARGO_HOME="/workspace/cargo-home" RUSTUP_HOME="/workspace/rustup-home" "/workspace/cargo-home/bin/cargo" "+nightly-2024-10-28" "fetch" "--manifest-path" "Cargo.toml", kill_on_drop: false }`
[INFO] [stderr]  Downloading crates ...
[INFO] [stderr]   Downloaded logos-derive v0.13.0
[INFO] [stderr]   Downloaded logos v0.13.0
[INFO] [stderr]   Downloaded ntest_test_cases v0.9.3
[INFO] [stderr]   Downloaded ntest_timeout v0.9.3
[INFO] [stderr]   Downloaded ntest v0.9.3
[INFO] [stderr]   Downloaded ariadne v0.3.0
[INFO] [stderr]   Downloaded gregorian v0.2.4
[INFO] [stderr]   Downloaded hamcrest2 v0.3.0
[INFO] [stderr]   Downloaded pact-plugin-driver v0.7.1
[INFO] [stderr]   Downloaded expectest v0.12.0
[INFO] [stderr]   Downloaded logos-codegen v0.13.0
[INFO] [stderr]   Downloaded pact_models v1.2.4
[INFO] running `Command { std: "docker" "create" "-v" "/var/lib/crater-agent-workspace/builds/worker-5-tc1/target:/opt/rustwide/target:rw,Z" "-v" "/var/lib/crater-agent-workspace/builds/worker-5-tc1/source:/opt/rustwide/workdir:ro,Z" "-v" "/var/lib/crater-agent-workspace/cargo-home:/opt/rustwide/cargo-home:ro,Z" "-v" "/var/lib/crater-agent-workspace/rustup-home:/opt/rustwide/rustup-home:ro,Z" "-e" "SOURCE_DIR=/opt/rustwide/workdir" "-e" "CARGO_TARGET_DIR=/opt/rustwide/target" "-e" "CARGO_HOME=/opt/rustwide/cargo-home" "-e" "RUSTUP_HOME=/opt/rustwide/rustup-home" "-w" "/opt/rustwide/workdir" "-m" "1610612736" "--user" "0:0" "--network" "none" "ghcr.io/rust-lang/crates-build-env/linux@sha256:4a844ea9eb2546a2d2c7022eacef16ef2e8229c7fbb2c7d4d55a9ceca922f72d" "/opt/rustwide/cargo-home/bin/cargo" "+nightly-2024-10-28" "metadata" "--no-deps" "--format-version=1", kill_on_drop: false }`
[INFO] [stdout] 1a675ebe99975a27510355a62daf03abedd41d0a1655f30d4ea4631a2dc2e942
[INFO] running `Command { std: "docker" "start" "-a" "1a675ebe99975a27510355a62daf03abedd41d0a1655f30d4ea4631a2dc2e942", kill_on_drop: false }`
[INFO] running `Command { std: "docker" "inspect" "1a675ebe99975a27510355a62daf03abedd41d0a1655f30d4ea4631a2dc2e942", kill_on_drop: false }`
[INFO] running `Command { std: "docker" "rm" "-f" "1a675ebe99975a27510355a62daf03abedd41d0a1655f30d4ea4631a2dc2e942", kill_on_drop: false }`
[INFO] [stdout] 1a675ebe99975a27510355a62daf03abedd41d0a1655f30d4ea4631a2dc2e942
[INFO] running `Command { std: "docker" "create" "-v" "/var/lib/crater-agent-workspace/builds/worker-5-tc1/target:/opt/rustwide/target:rw,Z" "-v" "/var/lib/crater-agent-workspace/builds/worker-5-tc1/source:/opt/rustwide/workdir:ro,Z" "-v" "/var/lib/crater-agent-workspace/cargo-home:/opt/rustwide/cargo-home:ro,Z" "-v" "/var/lib/crater-agent-workspace/rustup-home:/opt/rustwide/rustup-home:ro,Z" "-e" "SOURCE_DIR=/opt/rustwide/workdir" "-e" "CARGO_TARGET_DIR=/opt/rustwide/target" "-e" "CARGO_INCREMENTAL=0" "-e" "RUST_BACKTRACE=full" "-e" "RUSTFLAGS=--cap-lints=forbid" "-e" "RUSTDOCFLAGS=--cap-lints=forbid" "-e" "CARGO_HOME=/opt/rustwide/cargo-home" "-e" "RUSTUP_HOME=/opt/rustwide/rustup-home" "-w" "/opt/rustwide/workdir" "-m" "1610612736" "--user" "0:0" "--network" "none" "ghcr.io/rust-lang/crates-build-env/linux@sha256:4a844ea9eb2546a2d2c7022eacef16ef2e8229c7fbb2c7d4d55a9ceca922f72d" "/opt/rustwide/cargo-home/bin/cargo" "+nightly-2024-10-28" "build" "--frozen" "--message-format=json", kill_on_drop: false }`
[INFO] [stdout] f6137f1d3d4641e2b2986703a497738fd3721cf296bc7d573c75c65fb58ddd3f
[INFO] running `Command { std: "docker" "start" "-a" "f6137f1d3d4641e2b2986703a497738fd3721cf296bc7d573c75c65fb58ddd3f", kill_on_drop: false }`
[INFO] [stderr]    Compiling libc v0.2.161
[INFO] [stderr]    Compiling serde v1.0.214
[INFO] [stderr]    Compiling shlex v1.3.0
[INFO] [stderr]    Compiling memchr v2.7.4
[INFO] [stderr]    Compiling pin-project-lite v0.2.15
[INFO] [stderr]    Compiling futures-core v0.3.31
[INFO] [stderr]    Compiling once_cell v1.20.2
[INFO] [stderr]    Compiling fnv v1.0.7
[INFO] [stderr]    Compiling equivalent v1.0.1
[INFO] [stderr]    Compiling hashbrown v0.15.0
[INFO] [stderr]    Compiling futures-sink v0.3.31
[INFO] [stderr]    Compiling version_check v0.9.5
[INFO] [stderr]    Compiling slab v0.4.9
[INFO] [stderr]    Compiling lock_api v0.4.12
[INFO] [stderr]    Compiling parking_lot_core v0.9.10
[INFO] [stderr]    Compiling syn v2.0.86
[INFO] [stderr]    Compiling log v0.4.22
[INFO] [stderr]    Compiling futures-io v0.3.31
[INFO] [stderr]    Compiling pin-utils v0.1.0
[INFO] [stderr]    Compiling futures-task v0.3.31
[INFO] [stderr]    Compiling futures-channel v0.3.31
[INFO] [stderr]    Compiling smallvec v1.13.2
[INFO] [stderr]    Compiling scopeguard v1.2.0
[INFO] [stderr]    Compiling itoa v1.0.11
[INFO] [stderr]    Compiling pkg-config v0.3.31
[INFO] [stderr]    Compiling byteorder v1.5.0
[INFO] [stderr]    Compiling typenum v1.17.0
[INFO] [stderr]    Compiling either v1.13.0
[INFO] [stderr]    Compiling regex-syntax v0.8.5
[INFO] [stderr]    Compiling anyhow v1.0.92
[INFO] [stderr]    Compiling subtle v2.6.1
[INFO] [stderr]    Compiling siphasher v0.3.11
[INFO] [stderr]    Compiling generic-array v0.14.7
[INFO] [stderr]    Compiling tracing-core v0.1.32
[INFO] [stderr]    Compiling rustversion v1.0.18
[INFO] [stderr]    Compiling tower-service v0.3.3
[INFO] [stderr]    Compiling itertools v0.13.0
[INFO] [stderr]    Compiling httparse v1.9.5
[INFO] [stderr]    Compiling heck v0.5.0
[INFO] [stderr]    Compiling bitflags v2.6.0
[INFO] [stderr]    Compiling phf_shared v0.11.2
[INFO] [stderr]    Compiling try-lock v0.2.5
[INFO] [stderr]    Compiling spin v0.9.8
[INFO] [stderr]    Compiling indexmap v2.6.0
[INFO] [stderr]    Compiling atomic-waker v1.1.2
[INFO] [stderr]    Compiling rand_core v0.6.4
[INFO] [stderr]    Compiling rustls-pki-types v1.10.0
[INFO] [stderr]    Compiling want v0.3.1
[INFO] [stderr]    Compiling crossbeam-utils v0.8.20
[INFO] [stderr]    Compiling rand v0.8.5
[INFO] [stderr]    Compiling percent-encoding v2.3.1
[INFO] [stderr]    Compiling rustix v0.38.38
[INFO] [stderr]    Compiling httpdate v1.0.3
[INFO] [stderr]    Compiling adler2 v2.0.0
[INFO] [stderr]    Compiling jobserver v0.1.32
[INFO] [stderr]    Compiling getrandom v0.2.15
[INFO] [stderr]    Compiling signal-hook-registry v1.4.2
[INFO] [stderr]    Compiling mio v1.0.2
[INFO] [stderr]    Compiling socket2 v0.5.7
[INFO] [stderr]    Compiling untrusted v0.9.0
[INFO] [stderr]    Compiling fixedbitset v0.4.2
[INFO] [stderr]    Compiling cc v1.1.31
[INFO] [stderr]    Compiling parking_lot v0.12.3
[INFO] [stderr]    Compiling miniz_oxide v0.8.0
[INFO] [stderr]    Compiling crc32fast v1.4.2
[INFO] [stderr]    Compiling thiserror v1.0.66
[INFO] [stderr]    Compiling phf_generator v0.11.2
[INFO] [stderr]    Compiling rustls v0.23.16
[INFO] [stderr]    Compiling semver v1.0.23
[INFO] [stderr]    Compiling prettyplease v0.2.25
[INFO] [stderr]    Compiling mime v0.3.17
[INFO] [stderr]    Compiling bytes v1.8.0
[INFO] [stderr]    Compiling tinyvec_macros v0.1.1
[INFO] [stderr]    Compiling linux-raw-sys v0.4.14
[INFO] [stderr]    Compiling tinyvec v1.8.0
[INFO] [stderr]    Compiling phf_codegen v0.11.2
[INFO] [stderr]    Compiling phf v0.11.2
[INFO] [stderr]    Compiling sync_wrapper v1.0.1
[INFO] [stderr]    Compiling num-traits v0.2.19
[INFO] [stderr]    Compiling fastrand v2.1.1
[INFO] [stderr]    Compiling serde_json v1.0.132
[INFO] [stderr]    Compiling regex-syntax v0.6.29
[INFO] [stderr]    Compiling ryu v1.0.18
[INFO] [stderr]    Compiling regex-automata v0.4.8
[INFO] [stderr]    Compiling tower-layer v0.3.3
[INFO] [stderr]    Compiling flate2 v1.0.34
[INFO] [stderr]    Compiling crypto-common v0.1.6
[INFO] [stderr]    Compiling block-buffer v0.10.4
[INFO] [stderr]    Compiling crossbeam-epoch v0.9.18
[INFO] [stderr]    Compiling petgraph v0.6.5
[INFO] [stderr]    Compiling rustls-pemfile v2.2.0
[INFO] [stderr]    Compiling digest v0.10.7
[INFO] [stderr]    Compiling form_urlencoded v1.2.1
[INFO] [stderr]    Compiling indexmap v1.9.3
[INFO] [stderr]    Compiling rayon-core v1.12.1
[INFO] [stderr]    Compiling cpufeatures v0.2.14
[INFO] [stderr]    Compiling beef v0.5.2
[INFO] [stderr]    Compiling unicode-normalization v0.1.24
[INFO] [stderr]    Compiling unicode-width v0.1.14
[INFO] [stderr]    Compiling multimap v0.10.0
[INFO] [stderr]    Compiling openssl-probe v0.1.5
[INFO] [stderr]    Compiling unicode-bidi v0.3.17
[INFO] [stderr]    Compiling zstd-safe v7.2.1
[INFO] [stderr]    Compiling crossbeam-deque v0.8.5
[INFO] [stderr]    Compiling rustls-native-certs v0.8.0
[INFO] [stderr]    Compiling lenient_semver_version_builder v0.4.2
[INFO] [stderr]    Compiling inout v0.1.3
[INFO] [stderr]    Compiling uuid v1.11.0
[INFO] [stderr]    Compiling aho-corasick v1.1.3
[INFO] [stderr]    Compiling iana-time-zone v0.1.61
[INFO] [stderr]    Compiling minimal-lexical v0.2.1
[INFO] [stderr]    Compiling lazy_static v1.5.0
[INFO] [stderr]    Compiling idna v0.5.0
[INFO] [stderr]    Compiling powerfmt v0.2.0
[INFO] [stderr]    Compiling ring v0.17.8
[INFO] [stderr]    Compiling zstd-sys v2.0.13+zstd.1.5.6
[INFO] [stderr]    Compiling bzip2-sys v0.1.11+1.0.8
[INFO] [stderr]    Compiling onig_sys v69.8.1
[INFO] [stderr]    Compiling maplit v1.0.2
[INFO] [stderr]    Compiling portable-atomic v1.9.0
[INFO] [stderr]    Compiling crc-catalog v2.4.0
[INFO] [stderr]    Compiling base64 v0.22.1
[INFO] [stderr]    Compiling hashbrown v0.12.3
[INFO] [stderr]    Compiling sync_wrapper v0.1.2
[INFO] [stderr]    Compiling url v2.5.2
[INFO] [stderr]    Compiling regex v1.11.1
[INFO] [stderr]    Compiling crc v3.2.1
[INFO] [stderr]    Compiling deranged v0.3.11
[INFO] [stderr]    Compiling tempfile v3.13.0
[INFO] [stderr]    Compiling parse-zoneinfo v0.3.1
[INFO] [stderr]    Compiling logos-codegen v0.13.0
[INFO] [stderr]    Compiling chrono-tz-build v0.2.1
[INFO] [stderr]    Compiling nom v7.1.3
[INFO] [stderr]    Compiling cipher v0.4.4
[INFO] [stderr]    Compiling lenient_semver_parser v0.4.2
[INFO] [stderr]    Compiling pact_models v1.2.4
[INFO] [stderr]    Compiling hmac v0.12.1
[INFO] [stderr]    Compiling fxhash v0.2.1
[INFO] [stderr]    Compiling chrono-tz v0.8.6
[INFO] [stderr]    Compiling matchit v0.7.3
[INFO] [stderr]    Compiling bumpalo v3.16.0
[INFO] [stderr]    Compiling peresil v0.3.0
[INFO] [stderr]    Compiling num-conv v0.1.0
[INFO] [stderr]    Compiling time-core v0.1.2
[INFO] [stderr]    Compiling gimli v0.31.1
[INFO] [stderr]    Compiling ipnet v2.10.1
[INFO] [stderr]    Compiling winnow v0.6.20
[INFO] [stderr]    Compiling yansi v0.5.1
[INFO] [stderr]    Compiling lockfree-object-pool v0.1.6
[INFO] [stderr]    Compiling typed-arena v1.7.0
[INFO] [stderr]    Compiling simd-adler32 v0.3.7
[INFO] [stderr]    Compiling zip v2.2.0
[INFO] [stderr]    Compiling bitflags v1.3.2
[INFO] [stderr]    Compiling sxd-document v0.3.2
[INFO] [stderr]    Compiling ariadne v0.3.0
[INFO] [stderr]    Compiling zopfli v0.8.1
[INFO] [stderr]    Compiling time v0.3.36
[INFO] [stderr]    Compiling rayon v1.10.0
[INFO] [stderr]    Compiling xattr v1.3.1
[INFO] [stderr]    Compiling bzip2 v0.4.4
[INFO] [stderr]    Compiling hashers v1.0.1
[INFO] [stderr]    Compiling pbkdf2 v0.12.2
[INFO] [stderr]    Compiling serde_derive v1.0.214
[INFO] [stderr]    Compiling futures-macro v0.3.31
[INFO] [stderr]    Compiling tokio-macros v2.4.0
[INFO] [stderr]    Compiling tracing-attributes v0.1.27
[INFO] [stderr]    Compiling prost-derive v0.13.3
[INFO] [stderr]    Compiling zerocopy-derive v0.7.35
[INFO] [stderr]    Compiling zeroize_derive v1.4.2
[INFO] [stderr]    Compiling thiserror-impl v1.0.66
[INFO] [stderr]    Compiling strum_macros v0.26.4
[INFO] [stderr]    Compiling zeroize v1.8.1
[INFO] [stderr]    Compiling async-trait v0.1.83
[INFO] [stderr]    Compiling futures-util v0.3.31
[INFO] [stderr]    Compiling pin-project-internal v1.1.7
[INFO] [stderr]    Compiling zerocopy v0.7.35
[INFO] [stderr]    Compiling logos-derive v0.13.0
[INFO] [stderr]    Compiling tracing v0.1.40
[INFO] [stderr]    Compiling async-stream-impl v0.3.6
[INFO] [stderr]    Compiling ppv-lite86 v0.2.20
[INFO] [stderr]    Compiling addr2line v0.24.2
[INFO] [stderr]    Compiling displaydoc v0.2.5
[INFO] [stderr]    Compiling lenient_semver v0.4.2
[INFO] [stderr]    Compiling logos v0.13.0
[INFO] [stderr]    Compiling aes v0.8.4
[INFO] [stderr]    Compiling lzma-rs v0.3.0
[INFO] [stderr]    Compiling prost v0.13.3
[INFO] [stderr]    Compiling rand_chacha v0.3.1
[INFO] [stderr]    Compiling async-stream v0.3.6
[INFO] [stderr]    Compiling pin-project v1.1.7
[INFO] [stderr]    Compiling console v0.15.8
[INFO] [stderr]    Compiling sha1 v0.10.6
[INFO] [stderr]    Compiling prost-types v0.13.3
[INFO] [stderr]    Compiling itertools v0.10.5
[INFO] [stderr]    Compiling gregorian v0.2.4
[INFO] [stderr]    Compiling filetime v0.2.25
[INFO] [stderr]    Compiling fs2 v0.4.3
[INFO] [stderr]    Compiling object v0.36.5
[INFO] [stderr]    Compiling rustls-webpki v0.102.8
[INFO] [stderr]    Compiling multer v3.1.0
[INFO] [stderr]    Compiling base64 v0.21.7
[INFO] [stderr]    Compiling strum v0.26.3
[INFO] [stderr]    Compiling hex v0.4.3
[INFO] [stderr]    Compiling indextree-macros v0.1.2
[INFO] [stderr]    Compiling rustc-demangle v0.1.24
[INFO] [stderr]    Compiling deflate64 v0.1.9
[INFO] [stderr]    Compiling rand_regex v0.15.1
[INFO] [stderr]    Compiling constant_time_eq v0.3.1
[INFO] [stderr]    Compiling number_prefix v0.4.0
[INFO] [stderr]    Compiling tar v0.4.42
[INFO] [stderr]    Compiling indextree v4.7.3
[INFO] [stderr]    Compiling indicatif v0.17.8
[INFO] [stderr]    Compiling sysinfo v0.30.13
[INFO] [stderr]    Compiling cfb v0.7.3
[INFO] [stderr]    Compiling prost-build v0.13.3
[INFO] [stderr]    Compiling sha2 v0.10.8
[INFO] [stderr]    Compiling encoding_rs v0.8.35
[INFO] [stderr]    Compiling tower v0.5.1
[INFO] [stderr]    Compiling onig v6.4.0
[INFO] [stderr]    Compiling futures-executor v0.3.31
[INFO] [stderr]    Compiling home v0.5.9
[INFO] [stderr]    Compiling tonic-build v0.12.3
[INFO] [stderr]    Compiling md5 v0.7.0
[INFO] [stderr]    Compiling futures v0.3.31
[INFO] [stderr]    Compiling infer v0.16.0
[INFO] [stderr]    Compiling difference v2.0.0
[INFO] [stderr]    Compiling ansi_term v0.12.1
[INFO] [stderr]    Compiling pact-plugin-driver v0.7.1
[INFO] [stderr]    Compiling tree_magic_mini v3.1.6
[INFO] [stderr]    Compiling zstd v0.13.2
[INFO] [stderr]    Compiling backtrace v0.3.74
[INFO] [stderr]    Compiling serde_urlencoded v0.7.1
[INFO] [stderr]    Compiling toml_datetime v0.6.8
[INFO] [stderr]    Compiling serde_spanned v0.6.8
[INFO] [stderr]    Compiling chrono v0.4.38
[INFO] [stderr]    Compiling os_info v3.8.2
[INFO] [stderr]    Compiling toml_edit v0.22.22
[INFO] [stderr]    Compiling http v1.1.0
[INFO] [stderr]    Compiling tokio v1.41.0
[INFO] [stderr]    Compiling http-body v1.0.1
[INFO] [stderr]    Compiling http-body-util v0.1.2
[INFO] [stderr]    Compiling axum-core v0.4.5
[INFO] [stderr]    Compiling toml v0.8.19
[INFO] [stderr]    Compiling axum v0.7.7
[INFO] [stderr]    Compiling tokio-util v0.7.12
[INFO] [stderr]    Compiling tokio-rustls v0.26.0
[INFO] [stderr]    Compiling async-compression v0.4.17
[INFO] [stderr]    Compiling tokio-stream v0.1.16
[INFO] [stderr]    Compiling h2 v0.4.6
[INFO] [stderr]    Compiling tower v0.4.13
[INFO] [stderr]    Compiling hyper v1.5.0
[INFO] [stderr]    Compiling hyper-util v0.1.10
[INFO] [stderr]    Compiling hyper-rustls v0.27.3
[INFO] [stderr]    Compiling hyper-timeout v0.5.1
[INFO] [stderr]    Compiling tonic v0.12.3
[INFO] [stderr]    Compiling reqwest v0.12.9
[INFO] [stderr]    Compiling pact_matching v1.2.7 (/opt/rustwide/workdir)
[INFO] [stderr]     Finished `dev` profile [unoptimized + debuginfo] target(s) in 39.51s
[INFO] running `Command { std: "docker" "inspect" "f6137f1d3d4641e2b2986703a497738fd3721cf296bc7d573c75c65fb58ddd3f", kill_on_drop: false }`
[INFO] running `Command { std: "docker" "rm" "-f" "f6137f1d3d4641e2b2986703a497738fd3721cf296bc7d573c75c65fb58ddd3f", kill_on_drop: false }`
[INFO] [stdout] f6137f1d3d4641e2b2986703a497738fd3721cf296bc7d573c75c65fb58ddd3f
[INFO] running `Command { std: "docker" "create" "-v" "/var/lib/crater-agent-workspace/builds/worker-5-tc1/target:/opt/rustwide/target:rw,Z" "-v" "/var/lib/crater-agent-workspace/builds/worker-5-tc1/source:/opt/rustwide/workdir:ro,Z" "-v" "/var/lib/crater-agent-workspace/cargo-home:/opt/rustwide/cargo-home:ro,Z" "-v" "/var/lib/crater-agent-workspace/rustup-home:/opt/rustwide/rustup-home:ro,Z" "-e" "SOURCE_DIR=/opt/rustwide/workdir" "-e" "CARGO_TARGET_DIR=/opt/rustwide/target" "-e" "CARGO_INCREMENTAL=0" "-e" "RUST_BACKTRACE=full" "-e" "RUSTFLAGS=--cap-lints=forbid" "-e" "RUSTDOCFLAGS=--cap-lints=forbid" "-e" "CARGO_HOME=/opt/rustwide/cargo-home" "-e" "RUSTUP_HOME=/opt/rustwide/rustup-home" "-w" "/opt/rustwide/workdir" "-m" "1610612736" "--user" "0:0" "--network" "none" "ghcr.io/rust-lang/crates-build-env/linux@sha256:4a844ea9eb2546a2d2c7022eacef16ef2e8229c7fbb2c7d4d55a9ceca922f72d" "/opt/rustwide/cargo-home/bin/cargo" "+nightly-2024-10-28" "test" "--frozen" "--no-run" "--message-format=json", kill_on_drop: false }`
[INFO] [stdout] 33e102bbd9a9306a57d58c30162e335c25902b0bc20d3ff9f0c7ba9c49740ebd
[INFO] running `Command { std: "docker" "start" "-a" "33e102bbd9a9306a57d58c30162e335c25902b0bc20d3ff9f0c7ba9c49740ebd", kill_on_drop: false }`
[INFO] [stderr]    Compiling log v0.4.22
[INFO] [stderr]    Compiling memchr v2.7.4
[INFO] [stderr]    Compiling num-traits v0.2.19
[INFO] [stderr]    Compiling toml_datetime v0.6.8
[INFO] [stderr]    Compiling num-bigint v0.2.6
[INFO] [stderr]    Compiling syn v1.0.109
[INFO] [stderr]    Compiling rustc_version v0.4.1
[INFO] [stderr]    Compiling num-complex v0.2.4
[INFO] [stderr]    Compiling num-rational v0.2.4
[INFO] [stderr]    Compiling utf8parse v0.2.2
[INFO] [stderr]    Compiling regex-automata v0.1.10
[INFO] [stderr]    Compiling is_terminal_polyfill v1.70.1
[INFO] [stderr]    Compiling anstyle-query v1.1.2
[INFO] [stderr]    Compiling overload v0.1.1
[INFO] [stderr]    Compiling colorchoice v1.0.3
[INFO] [stderr]    Compiling anstyle-parse v0.2.6
[INFO] [stderr]    Compiling anstyle v1.0.9
[INFO] [stderr]    Compiling nu-ansi-term v0.46.0
[INFO] [stderr]    Compiling sharded-slab v0.1.7
[INFO] [stderr]    Compiling toml_edit v0.22.22
[INFO] [stderr]    Compiling tracing v0.1.40
[INFO] [stderr]    Compiling zopfli v0.8.1
[INFO] [stderr]    Compiling os_info v3.8.2
[INFO] [stderr]    Compiling anstream v0.6.17
[INFO] [stderr]    Compiling tracing-log v0.2.0
[INFO] [stderr]    Compiling env_filter v0.1.2
[INFO] [stderr]    Compiling thread_local v1.1.8
[INFO] [stderr]    Compiling humantime v2.1.0
[INFO] [stderr]    Compiling h2 v0.4.6
[INFO] [stderr]    Compiling rstest_macros v0.22.0
[INFO] [stderr]    Compiling aho-corasick v1.1.3
[INFO] [stderr]    Compiling tower v0.4.13
[INFO] [stderr]    Compiling relative-path v1.9.3
[INFO] [stderr]    Compiling zip v2.2.0
[INFO] [stderr]    Compiling glob v0.3.1
[INFO] [stderr]    Compiling env_logger v0.11.5
[INFO] [stderr]    Compiling env_logger v0.8.4
[INFO] [stderr]    Compiling test-log-macros v0.2.16
[INFO] [stderr]    Compiling diff v0.1.13
[INFO] [stderr]    Compiling futures-timer v3.0.3
[INFO] [stderr]    Compiling matchers v0.1.0
[INFO] [stderr]    Compiling tracing-subscriber v0.3.18
[INFO] [stderr]    Compiling yansi v1.0.1
[INFO] [stderr]    Compiling num-integer v0.1.46
[INFO] [stderr]    Compiling chrono v0.4.38
[INFO] [stderr]    Compiling expectest v0.12.0
[INFO] [stderr]    Compiling pretty_assertions v1.4.1
[INFO] [stderr]    Compiling quickcheck v1.0.3
[INFO] [stderr]    Compiling num-iter v0.1.45
[INFO] [stderr]    Compiling regex-automata v0.4.8
[INFO] [stderr]    Compiling proc-macro-crate v3.2.0
[INFO] [stderr]    Compiling test-log v0.2.16
[INFO] [stderr]    Compiling num v0.2.1
[INFO] [stderr]    Compiling hamcrest2 v0.3.0
[INFO] [stderr]    Compiling ntest_timeout v0.9.3
[INFO] [stderr]    Compiling ntest_test_cases v0.9.3
[INFO] [stderr]    Compiling regex v1.11.1
[INFO] [stderr]    Compiling ntest v0.9.3
[INFO] [stderr]    Compiling parse-zoneinfo v0.3.1
[INFO] [stderr]    Compiling prost-build v0.13.3
[INFO] [stderr]    Compiling hyper v1.5.0
[INFO] [stderr]    Compiling chrono-tz-build v0.2.1
[INFO] [stderr]    Compiling tonic-build v0.12.3
[INFO] [stderr]    Compiling pact_models v1.2.4
[INFO] [stderr]    Compiling chrono-tz v0.8.6
[INFO] [stderr]    Compiling hyper-util v0.1.10
[INFO] [stderr]    Compiling pact-plugin-driver v0.7.1
[INFO] [stderr]    Compiling rstest v0.22.0
[INFO] [stderr]    Compiling hyper-rustls v0.27.3
[INFO] [stderr]    Compiling hyper-timeout v0.5.1
[INFO] [stderr]    Compiling tonic v0.12.3
[INFO] [stderr]    Compiling reqwest v0.12.9
[INFO] [stderr]    Compiling pact_matching v1.2.7 (/opt/rustwide/workdir)
[INFO] [stderr]     Finished `test` profile [unoptimized + debuginfo] target(s) in 38.79s
[INFO] running `Command { std: "docker" "inspect" "33e102bbd9a9306a57d58c30162e335c25902b0bc20d3ff9f0c7ba9c49740ebd", kill_on_drop: false }`
[INFO] running `Command { std: "docker" "rm" "-f" "33e102bbd9a9306a57d58c30162e335c25902b0bc20d3ff9f0c7ba9c49740ebd", kill_on_drop: false }`
[INFO] [stdout] 33e102bbd9a9306a57d58c30162e335c25902b0bc20d3ff9f0c7ba9c49740ebd
[INFO] running `Command { std: "docker" "create" "-v" "/var/lib/crater-agent-workspace/builds/worker-5-tc1/target:/opt/rustwide/target:rw,Z" "-v" "/var/lib/crater-agent-workspace/builds/worker-5-tc1/source:/opt/rustwide/workdir:ro,Z" "-v" "/var/lib/crater-agent-workspace/cargo-home:/opt/rustwide/cargo-home:ro,Z" "-v" "/var/lib/crater-agent-workspace/rustup-home:/opt/rustwide/rustup-home:ro,Z" "-e" "SOURCE_DIR=/opt/rustwide/workdir" "-e" "CARGO_TARGET_DIR=/opt/rustwide/target" "-e" "CARGO_INCREMENTAL=0" "-e" "RUST_BACKTRACE=full" "-e" "RUSTFLAGS=--cap-lints=forbid" "-e" "RUSTDOCFLAGS=--cap-lints=forbid" "-e" "CARGO_HOME=/opt/rustwide/cargo-home" "-e" "RUSTUP_HOME=/opt/rustwide/rustup-home" "-w" "/opt/rustwide/workdir" "-m" "1610612736" "--user" "0:0" "--network" "none" "ghcr.io/rust-lang/crates-build-env/linux@sha256:4a844ea9eb2546a2d2c7022eacef16ef2e8229c7fbb2c7d4d55a9ceca922f72d" "/opt/rustwide/cargo-home/bin/cargo" "+nightly-2024-10-28" "test" "--frozen", kill_on_drop: false }`
[INFO] [stdout] 439f513757e285228a3469c1b7f01a93b45808ea1ff35d45f7bcc78e4665ba92
[INFO] running `Command { std: "docker" "start" "-a" "439f513757e285228a3469c1b7f01a93b45808ea1ff35d45f7bcc78e4665ba92", kill_on_drop: false }`
[INFO] [stderr]     Finished `test` profile [unoptimized + debuginfo] target(s) in 0.50s
[INFO] [stderr]      Running unittests src/lib.rs (/opt/rustwide/target/debug/deps/pact_matching-8ee713781af72972)
[INFO] [stdout] 
[INFO] [stdout] running 311 tests
[INFO] [stdout] test binary_utils::tests::match_mime_multipart_error_when_not_multipart ... ok
[INFO] [stdout] test binary_utils::tests::match_headers_test ... ok
[INFO] [stdout] test binary_utils::tests::match_headers_different_value ... ok
[INFO] [stdout] test binary_utils::tests::match_headers_missing_header ... ok
[INFO] [stdout] test binary_utils::tests::match_headers_ignores_content_disposition ... ok
[INFO] [stdout] test binary_utils::tests::match_headers_ignores_missing_content_type_header ... ok
[INFO] [stdout] test binary_utils::tests::ignores_missing_content_type_header_which_is_optional ... ok
[INFO] [stdout] test binary_utils::tests::match_mime_multipart_missing_part ... ok
[INFO] [stdout] test form_urlencoded::tests::compare_missing_bodies ... ok
[INFO] [stdout] test form_urlencoded::tests::compare_empty_bodies ... ok
[INFO] [stdout] test binary_utils::tests::match_mime_multipart_different_content_type ... ok
[INFO] [stdout] test form_urlencoded::tests::match_form_returns_a_mismatch_if_the_values_are_not_the_same ... ok
[INFO] [stdout] test form_urlencoded::tests::match_form_returns_a_mismatch_if_the_values_have_different_lengths ... ok
[INFO] [stdout] test binary_utils::tests::match_headers_with_a_matcher ... ok
[INFO] [stdout] test form_urlencoded::tests::match_form_applies_matching_rules_when_param_has_an_underscore ... ok
[INFO] [stdout] test binary_utils::tests::match_mime_multipart_equal ... ok
[INFO] [stdout] test binary_utils::tests::match_mime_multipart_content_type_matcher ... ok
[INFO] [stdout] test form_urlencoded::tests::match_form_returns_a_mismatch_if_there_is_an_actual_parameter_that_is_not_expected ... ok
[INFO] [stdout] test binary_utils::tests::match_mime_multipart_with_matching_rule ... ok
[INFO] [stdout] test form_urlencoded::tests::match_form_returns_a_mismatch_if_the_values_do_not_match_by_a_matcher ... ok
[INFO] [stdout] test form_urlencoded::tests::match_form_returns_a_mismatch_if_there_is_an_empty_expected_parameter_and_a_non_empty_actual ... ok
[INFO] [stdout] test binary_utils::tests::match_content_type_equals ... ok
[INFO] [stdout] test binary_utils::tests::match_mime_multipart_different_values ... ok
[INFO] [stdout] test form_urlencoded::tests::match_form_returns_a_mismatch_if_there_is_an_expected_parameter_that_is_not_received ... ok
[INFO] [stdout] test form_urlencoded::tests::match_form_returns_a_mismatch_if_there_is_no_actual_form_parameters ... ok
[INFO] [stdout] test form_urlencoded::tests::match_form_returns_nothing_if_there_are_no_parameters ... ok
[INFO] [stdout] test form_urlencoded::tests::when_actual_body_is_not_empty ... ok
[INFO] [stdout] test form_urlencoded::tests::match_form_returns_no_mismatch_if_the_values_are_not_the_same_but_match_by_a_matcher ... ok
[INFO] [stdout] test form_urlencoded::tests::match_form_with_min_type_matching_rules ... ok
[INFO] [stdout] test form_urlencoded::tests::match_form_returns_a_mismatch_if_there_is_no_expected_parameters ... ok
[INFO] [stdout] test binary_utils::tests::supports_content_transfer_encoding_header ... ok
[INFO] [stdout] test generator_tests::applies_header_generator_for_headers_to_the_copy_of_the_response ... ok
[INFO] [stdout] test generator_tests::applies_header_generator_for_headers_to_the_copy_of_the_request ... ok
[INFO] [stdout] test generator_tests::applies_query_generator_for_query_parameters_to_the_copy_of_the_request ... ok
[INFO] [stdout] test generator_tests::applies_path_generator_for_the_path_to_the_copy_of_the_request ... ok
[INFO] [stdout] test generator_tests::applies_the_generator_to_a_json_map_entry ... ok
[INFO] [stdout] test generator_tests::applies_status_generator_for_status_to_the_copy_of_the_response ... ok
[INFO] [stdout] test generator_tests::applies_metadata_generator_for_to_the_copy_of_the_message ... ok
[INFO] [stdout] test binary_utils::tests::returns_a_mismatch_when_the_actual_body_is_empty ... ok
[INFO] [stdout] test generator_tests::applies_body_generator_to_the_copy_of_the_message ... ok
[INFO] [stdout] test generator_tests::applies_provider_state_generator_for_query_parameters_with_square_brackets ... ok
[INFO] [stdout] test binary_utils::tests::returns_a_mismatch_when_the_headers_dont_match ... ok
[INFO] [stdout] test generator_tests::applies_the_generator_to_a_list_item ... ok
[INFO] [stdout] test generator_tests::applies_the_generator_to_all_list_items ... ok
[INFO] [stdout] test generator_tests::applies_the_generator_to_all_map_entries ... ok
[INFO] [stdout] test generator_tests::applies_the_generator_to_the_object_graph ... ok
[INFO] [stdout] test generator_tests::applies_the_generator_to_the_root ... ok
[INFO] [stdout] test generator_tests::does_not_apply_the_generator_to_the_object_graph_when_the_expression_does_not_match ... ok
[INFO] [stdout] test generator_tests::applies_the_generator_to_the_object_graph_with_wildcard ... ok
[INFO] [stdout] test generator_tests::does_not_apply_the_generator_when_field_is_not_in_map ... ok
[INFO] [stdout] test generator_tests::does_not_apply_the_generator_when_not_a_list ... ok
[INFO] [stdout] test generator_tests::does_not_apply_the_generator_when_not_a_map ... ok
[INFO] [stdout] test generator_tests::returns_original_message_if_there_are_no_generators ... ok
[INFO] [stdout] test generator_tests::returns_original_response_if_there_are_no_generators ... ok
[INFO] [stdout] test generator_tests::does_not_apply_the_generator_when_index_is_not_in_list ... ok
[INFO] [stdout] test generators::bodies::tests::apply_generator_to_text_body_test ... ok
[INFO] [stdout] test generators::bodies::tests::apply_generator_to_empty_body_test ... ok
[INFO] [stdout] test generators::bodies::tests::do_not_apply_generators_if_there_are_no_body_generators ... ok
[INFO] [stdout] test headers::tests::accept_header_does_match_when_charset_is_missing_from_expected_header ... ok
[INFO] [stdout] test headers::tests::accept_header_does_match_when_charsets_are_different_case ... ok
[INFO] [stdout] test headers::tests::accept_header_does_not_match_when_actual_is_empty ... ok
[INFO] [stdout] test headers::tests::accept_header_does_not_match_when_charsets_are_not_equal ... ok
[INFO] [stdout] test generator_tests::returns_original_request_if_there_are_no_generators ... ok
[INFO] [stdout] test headers::tests::content_type_header_does_match_when_charsets_is_missing_from_expected_header ... ok
[INFO] [stdout] test headers::tests::accept_header_matching_with_multiple_values ... ok
[INFO] [stdout] test headers::tests::content_type_header_does_match_when_charsets_are_different_case ... ok
[INFO] [stdout] test headers::tests::accept_header_matches_when_headers_are_equal ... ok
[INFO] [stdout] test headers::tests::content_type_header_does_not_match_when_charsets_are_not_equal ... ok
[INFO] [stdout] test headers::tests::content_type_header_does_not_match_when_charsets_other_parameters_not_equal ... ok
[INFO] [stdout] test headers::tests::content_type_header_does_not_match_when_actual_is_empty ... ok
[INFO] [stdout] test headers::tests::content_type_header_does_not_match_when_headers_are_not_equal ... ok
[INFO] [stdout] test headers::tests::content_type_header_does_not_match_when_expected_is_empty ... ok
[INFO] [stdout] test headers::tests::content_type_header_matches_when_headers_are_equal ... ok
[INFO] [stdout] test headers::tests::match_header_value_does_match_when_not_well_formed ... ok
[INFO] [stdout] test headers::tests::content_type_header_mismatch_when_multiple_values ... ok
[INFO] [stdout] test headers::tests::last_modified_header_matches_when_headers_are_equal ... ok
[INFO] [stdout] test headers::tests::last_modified_header_does_not_match_when_headers_are_not_equal ... ok
[INFO] [stdout] test headers::tests::match_header_with_min_type_matching_rules_fails ... ok
[INFO] [stdout] test headers::tests::match_headers_returns_a_mismatch_if_there_is_an_empty_expected_header_and_a_non_empty_actual ... ok
[INFO] [stdout] test headers::tests::match_headers_returns_a_mismatch_if_the_header_values_have_different_lengths ... ok
[INFO] [stdout] test headers::tests::match_headers_returns_a_mismatch_if_there_is_no_actual_headers ... ok
[INFO] [stdout] test headers::tests::match_headers_applies_matching_rules_when_header_name_has_an_underscore ... ok
[INFO] [stdout] test headers::tests::match_header_with_min_type_matching_rules ... ok
[INFO] [stdout] test headers::tests::match_headers_returns_a_mismatch_if_there_is_an_expected_header_that_is_not_received ... ok
[INFO] [stdout] test headers::tests::match_headers_returns_nothing_if_there_are_no_headers ... ok
[INFO] [stdout] test headers::tests::match_header_with_a_values_matcher ... ok
[INFO] [stdout] test generators::tests::array_contains_generator_test ... ok
[INFO] [stdout] test headers::tests::match_headers_returns_no_mismatch_if_there_is_no_expected_header_and_we_allow_unexpected_keys ... ok
[INFO] [stdout] test headers::tests::match_headers_with_array_contains_matcher ... ok
[INFO] [stdout] test headers::tests::match_headers_with_each_value_matcher ... ok
[INFO] [stdout] test headers::tests::matching_headers_be_false_when_headers_are_not_equal ... ok
[INFO] [stdout] test headers::tests::match_headers_with_array_contains_matcher_fails ... ok
[INFO] [stdout] test headers::tests::matching_headers_be_true_when_headers_are_equal ... ok
[INFO] [stdout] test headers::tests::matching_headers_be_false_when_headers_do_not_match_by_matcher ... ok
[INFO] [stdout] test headers::tests::matching_last_modified_header_with_a_matcher ... ok
[INFO] [stdout] test headers::tests::matching_headers_be_true_when_headers_match_by_matcher ... ok
[INFO] [stdout] test headers::tests::match_headers_with_each_value_matcher_fails ... ok
[INFO] [stdout] test headers::tests::matching_headers_with_an_indexed_path ... ok
[INFO] [stdout] test headers::tests::mismatch_message_generated_when_headers_are_not_equal ... ok
[INFO] [stdout] test headers::tests::mismatched_header_description_reports_accept_header_mismatches_correctly ... ok
[INFO] [stdout] test headers::tests::mismatched_header_description_reports_content_type_mismatches_correctly ... ok
[INFO] [stdout] test headers::tests::parse_charset_parameters_test ... ok
[INFO] [stdout] test json::tests2::compare_lists_with_values_matcher::case_09_allow_unexpected_keys_same_values ... ok
[INFO] [stdout] test json::tests2::compare_lists_with_values_matcher::case_04_no_unexpected_keys_duplicated_first_value ... ok
[INFO] [stdout] test json::tests2::compare_lists_with_values_matcher::case_11_allow_unexpected_keys_missing_last_value ... ok
[INFO] [stdout] test json::tests2::compare_lists_with_values_matcher::case_08_no_unexpected_keys_swap_value ... ok
[INFO] [stdout] test json::tests2::compare_lists_with_values_matcher::case_03_no_unexpected_keys_missing_last_value ... ok
[INFO] [stdout] test json::tests2::compare_lists_with_values_matcher::case_07_no_unexpected_keys_additional_value_end ... ok
[INFO] [stdout] test json::tests2::compare_lists_with_values_matcher::case_10_allow_unexpected_keys_missing_first_value ... ok
[INFO] [stdout] test json::tests2::compare_lists_with_values_matcher::case_05_no_unexpected_keys_duplicated_other_values ... ok
[INFO] [stdout] test json::tests2::compare_lists_with_values_matcher::case_01_no_unexpected_keys_same_values ... ok
[INFO] [stdout] test json::tests2::compare_lists_with_values_matcher::case_06_no_unexpected_keys_additional_value_begin ... ok
[INFO] [stdout] test json::tests2::compare_lists_with_values_matcher::case_12_allow_unexpected_keys_duplicated_first_value ... ok
[INFO] [stdout] test json::tests2::compare_lists_with_values_matcher::case_02_no_unexpected_keys_missing_first_value ... ok
[INFO] [stdout] test json::tests2::compare_maps_with_values_matcher::case_01_no_unexpected_keys_same_values ... ok
[INFO] [stdout] test json::tests2::compare_maps_with_values_matcher::case_02_no_unexpected_keys_missing_first_value ... ok
[INFO] [stdout] test json::tests2::compare_lists_with_values_matcher::case_16_allow_unexpected_keys_swap_value ... ok
[INFO] [stdout] test json::tests2::compare_lists_with_values_matcher::case_13_allow_unexpected_keys_duplicated_sother_values ... ok
[INFO] [stdout] test json::tests2::compare_lists_with_values_matcher::case_15_allow_unexpected_keys_additional_value_end ... ok
[INFO] [stdout] test json::tests2::compare_maps_with_values_matcher::case_03_no_unexpected_keys_missing_last_value ... ok
[INFO] [stdout] test json::tests2::compare_maps_with_values_matcher::case_05_no_unexpected_keys_duplicated_second_value ... ok
[INFO] [stdout] test json::tests2::compare_maps_with_values_matcher::case_06_no_unexpected_keys_additional_value_begin ... ok
[INFO] [stdout] test json::tests2::compare_lists_with_values_matcher::case_14_allow_unexpected_keys_additional_value_begin ... ok
[INFO] [stdout] test json::tests2::compare_maps_with_values_matcher::case_04_no_unexpected_keys_duplicated_first_value ... ok
[INFO] [stdout] test json::tests2::compare_maps_with_values_matcher::case_07_no_unexpected_keys_additional_value_end ... ok
[INFO] [stdout] test json::tests2::compare_maps_with_values_matcher::case_09_no_unexpected_keys_swap_value ... ok
[INFO] [stdout] test json::tests2::compare_maps_with_values_matcher::case_08_no_unexpected_keys_updated_value ... ok
[INFO] [stdout] test json::tests2::compare_maps_with_values_matcher::case_11_allow_unexpected_keys_missing_first_value ... ok
[INFO] [stdout] test json::tests2::compare_maps_with_values_matcher::case_12_allow_unexpected_keys_missing_last_value ... ok
[INFO] [stdout] test json::tests2::compare_maps_with_values_matcher::case_10_allow_unexpected_keys_same_values_change_keys ... ok
[INFO] [stdout] test json::tests2::compare_maps_with_values_matcher::case_13_allow_unexpected_keys_duplicated_first_value ... ok
[INFO] [stdout] test json::tests2::compare_maps_with_values_matcher::case_14_allow_unexpected_keys_duplicated_second_value ... ok
[INFO] [stdout] test json::tests2::compare_maps_with_values_matcher::case_15_allow_unexpected_keys_additional_value_begin ... ok
[INFO] [stdout] test json::tests2::compare_maps_with_values_matcher::case_16_allow_unexpected_keys_additional_value_end ... ok
[INFO] [stdout] test json::tests::boolean_matcher_test ... ok
[INFO] [stdout] test json::tests::compare_maps_handles_empty_expected_maps ... ok
[INFO] [stdout] test json::tests::compare_lists_with_each_value_matcher ... ok
[INFO] [stdout] test json::tests::compare_lists_with_each_value_matcher_fails ... ok
[INFO] [stdout] test json::tests::compare_lists_without_array_contains_matcher_fails ... ok
[INFO] [stdout] test json::tests2::compare_maps_with_values_matcher::case_17_allow_unexpected_keys_updated_value ... ok
[INFO] [stdout] test json::tests2::compare_maps_with_values_matcher::case_18_allow_unexpected_keys_swap_value ... ok
[INFO] [stdout] test json::tests::integer_matcher_test ... ok
[INFO] [stdout] test json::tests::decimal_matcher_test ... ok
[INFO] [stdout] test json::tests::compare_maps_with_each_value_matcher ... ok
[INFO] [stdout] test json::tests::match_json_handles_comparing_floats ... ok
[INFO] [stdout] test json::tests::equality_matcher_test ... ok
[INFO] [stdout] test json::tests::compare_maps_handles_wildcard_matchers ... ok
[INFO] [stdout] test json::tests::match_json_handles_comparing_integers ... ok
[INFO] [stdout] test json::tests::match_json_handles_comparing_nulls ... ok
[INFO] [stdout] test json::tests::match_json_handles_comparing_booleans ... ok
[INFO] [stdout] test json::tests::includes_matcher_test ... ok
[INFO] [stdout] test json::tests::match_json_handles_expecting_a_list_but_getting_a_map ... ok
[INFO] [stdout] test json::tests::match_json_handles_expecting_a_map_but_getting_a_list ... ok
[INFO] [stdout] test json::tests::match_json_handles_invalid_actual_json ... ok
[INFO] [stdout] test json::tests::match_json_handles_comparing_strings ... ok
[INFO] [stdout] test json::tests::compare_lists_with_array_contains_matcher_with_more_complex_object ... ok
[INFO] [stdout] test json::tests::max_type_matcher_test ... ok
[INFO] [stdout] test json::tests::match_json_handles_comparing_lists ... ok
[INFO] [stdout] test json::tests::min_type_matcher_test ... ok
[INFO] [stdout] test json::tests::match_json_handles_invalid_expected_json ... ok
[INFO] [stdout] test json::tests::compare_lists_with_array_contains_matcher ... ok
[INFO] [stdout] test json::tests::min_max_type_matcher_test ... ok
[INFO] [stdout] test json::tests::compare_lists_with_array_contains_matcher_fails ... ok
[INFO] [stdout] test json::tests::regex_matcher_test ... ok
[INFO] [stdout] test json::tests::null_matcher_test ... ok
[INFO] [stdout] test json::tests::type_matcher_test ... ok
[INFO] [stdout] test json::tests::number_matcher_test ... ok
[INFO] [stdout] test matchers::tests::include_matcher_test ... ok
[INFO] [stdout] test matchers::tests::boolean_matcher_test ... ok
[INFO] [stdout] test matchers::tests::decimal_matcher_test ... ok
[INFO] [stdout] test matchers::tests::integer_matcher_test ... ok
[INFO] [stdout] test json::tests::match_json_handles_comparing_maps ... ok
[INFO] [stdout] test matchers::tests::equality_matcher_test ... ok
[INFO] [stdout] test matchers::tests::min_type_matcher_test ... ok
[INFO] [stdout] test matchers::tests::minmax_type_matcher_test ... ok
[INFO] [stdout] test matchers::tests::number_matcher_test ... ok
[INFO] [stdout] test matchers::tests::max_type_matcher_test ... ok
[INFO] [stdout] test matchers::tests::not_empty_matcher_test ... ok
[INFO] [stdout] test matchers::tests::null_matcher_test ... ok
[INFO] [stdout] test matchers::tests::match_status_code_test ... ok
[INFO] [stdout] test matchers::tests::regex_matcher_supports_crazy_regexes ... ok
[INFO] [stdout] test matchers::tests::select_best_matcher_selects_handles_missing_type_attribute ... ok
[INFO] [stdout] test matchers::tests::semver_matcher_test ... ok
[INFO] [stdout] test matchers::tests::select_best_matcher_selects_most_appropriate_when_weight_is_equal ... ok
[INFO] [stdout] test matchers::tests::select_best_matcher_selects_most_appropriate_by_weight ... ok
[INFO] [stdout] test matchers::tests::date_matcher_test ... ok
[INFO] [stdout] test matchingrules::tests::compare_lists_with_matchingrule_with_each_key_matcher ... ok
[INFO] [stdout] test matchingrules::tests::compare_lists_with_matchingrule_with_empty_expected_list ... ok
[INFO] [stdout] test matchingrules::tests::compare_lists_with_matchingrule_with_simple_matcher ... ok
[INFO] [stdout] test matchingrules::tests::compare_maps_with_matchingrule_with_each_key_matcher_at_path ... ok
[INFO] [stdout] test matchingrules::tests::compare_maps_with_matchingrule_with_value_matcher_at_path ... ok
[INFO] [stdout] test matchingrules::tests::compare_maps_with_matchingrule_with_no_value_matcher_at_path ... ok
[INFO] [stdout] test plugin_support::tests::setup_plugin_config_extracts_plugin_data_from_the_request_part_for_the_interaction ... ok
[INFO] [stdout] test plugin_support::tests::setup_plugin_config_extracts_plugin_data_from_the_pact_object_for_the_interaction ... ok
[INFO] [stdout] test plugin_support::tests::setup_plugin_config_extracts_plugin_data_from_the_response_part_for_the_interaction ... ok
[INFO] [stdout] test query::tests::compare_values_with_type_matcher ... ok
[INFO] [stdout] test tests::body_does_not_match_if_different_content_types ... ok
[INFO] [stdout] test tests::body_matches_if_expected_is_missing ... ok
[INFO] [stdout] test tests::body_matching_uses_any_matcher_for_content_type_header ... ok
[INFO] [stdout] test tests::body_matches_with_extended_mime_types ... ok
[INFO] [stdout] test tests::body_matches_with_nested_matchers ... ok
[INFO] [stdout] test generator_tests::applies_body_generator_to_the_copy_of_the_request ... ok
[INFO] [stdout] test generator_tests::applies_body_generator_to_the_copy_of_the_response ... ok
[INFO] [stdout] test tests::match_method_returns_a_mismatch_if_the_method_does_not_match ... ok
[INFO] [stdout] test tests::match_method_returns_nothing_if_the_method_matches ... ok
[INFO] [stdout] test binary_utils::tests::match_content_type_common_text_types ... ok
[INFO] [stdout] test tests::match_method_returns_nothing_if_the_method_matches_with_different_case ... ok
[INFO] [stdout] test matchers::tests::type_matcher_test ... ok
[INFO] [stdout] test json::tests::content_type_matcher_test ... ok
[INFO] [stdout] test tests::match_path_returns_nothing_if_the_path_matches ... ok
[INFO] [stdout] test matchingrules::tests::compare_maps_with_matchingrule_with_max_type_matcher ... ok
[INFO] [stdout] test matchingrules::tests::compare_maps_with_matchingrule_with_min_type_matcher ... ok
[INFO] [stdout] test tests::compare_bodies_core_should_check_for_content_type_matcher ... ok
[INFO] [stdout] test tests::match_metadata_value_test ... ok
[INFO] [stdout] test tests::match_path_returns_nothing_if_the_path_matches_with_a_matcher ... ok
[INFO] [stdout] test tests::match_metadata_value_with_content_type_test ... ok
[INFO] [stdout] test tests::match_metadata_value_with_matching_rule_test ... ok
[INFO] [stdout] test tests::match_path_returns_a_mismatch_if_the_path_does_not_match ... ok
[INFO] [stdout] test binary_utils::tests::match_mime_multipart_content_type_matcher_with_mismatch ... ok
[INFO] [stdout] test tests::match_path_returns_a_mismatch_if_the_path_does_not_match_with_a_matcher ... ok
[INFO] [stdout] test tests::match_query_returns_a_mismatch_if_the_query_values_have_different_lengths ... ok
[INFO] [stdout] test tests::match_query_applies_matching_rules_when_param_has_an_underscore ... ok
[INFO] [stdout] test tests::match_query_returns_a_mismatch_if_there_is_an_actual_query_parameter_that_is_not_expected ... ok
[INFO] [stdout] test tests::match_query_returns_a_mismatch_if_there_is_no_actual_query_string ... ok
[INFO] [stdout] test tests::match_query_returns_a_mismatch_if_there_is_an_expected_query_parameter_that_is_not_received ... ok
[INFO] [stdout] test tests::match_query_returns_a_mismatch_if_there_is_an_empty_expected_query_parameter_and_a_non_empty_actual ... ok
[INFO] [stdout] test tests::match_query_returns_a_mismatch_if_there_is_no_expected_query_string ... ok
[INFO] [stdout] test tests::match_query_returns_no_mismatch_if_the_values_are_not_the_same_but_match_by_a_matcher ... ok
[INFO] [stdout] test tests::match_query_returns_nothing_if_there_are_no_query_strings ... ok
[INFO] [stdout] test tests::match_query_with_min_type_matching_rules ... ok
[INFO] [stdout] test tests::match_status_returns_a_mismatch_if_the_status_does_not_match ... ok
[INFO] [stdout] test tests::match_status_returns_nothing_if_the_status_matches ... ok
[INFO] [stdout] test tests::match_query_with_each_value_matching_rules ... ok
[INFO] [stdout] test tests::match_query_with_query_parameters_with_brackets ... ok
[INFO] [stdout] test tests::partial_equal_for_body_mismatch ... ok
[INFO] [stdout] test tests::matching_text_body_be_true_when_bodies_are_equal ... ok
[INFO] [stdout] test tests::matching_text_body_be_false_when_bodies_are_not_equal ... ok
[INFO] [stdout] test tests::partial_equal_for_body_type_mismatch ... ok
[INFO] [stdout] test tests::partial_equal_for_header_mismatch ... ok
[INFO] [stdout] test tests::partial_equal_for_method_mismatch ... ok
[INFO] [stdout] test tests::partial_equal_for_path_mismatch ... ok
[INFO] [stdout] test tests::partial_equal_for_query_mismatch ... ok
[INFO] [stdout] test tests::partial_equal_for_status_mismatch ... ok
[INFO] [stdout] test tests::values_matcher_defined ... ok
[INFO] [stdout] test xml::tests::match_xml_comparing_a_list_to_one_where_the_items_are_in_the_wrong_order ... ok
[INFO] [stdout] test xml::tests::match_xml_comparing_a_list_to_one_with_with_the_same_size_but_different_children ... ok
[INFO] [stdout] test xml::tests::match_xml_comparing_empty_bodies ... ok
[INFO] [stdout] test xml::tests::match_xml_comparing_missing_bodies ... ok
[INFO] [stdout] test matchingrules::tests::each_value_matcher_with_a_regex_on_a_list_of_items ... ok
[INFO] [stdout] test tests::match_query_returns_a_mismatch_if_the_values_do_not_match_by_a_matcher ... ok
[INFO] [stdout] test matchers::tests::regex_matcher_test ... FAILED
[INFO] [stdout] test tests::match_query_with_array_contains_matching_rules ... ok
[INFO] [stdout] test tests::match_status_using_matchers ... ok
[INFO] [stdout] test tests::matching_text_body_must_use_defined_matcher ... ok
[INFO] [stdout] test xml::tests::match_boolean_attributes ... ok
[INFO] [stdout] test xml::tests::match_xml_when_a_tag_has_the_same_number_of_attributes_but_different_keys ... ok
[INFO] [stdout] test xml::tests::match_xml_when_actual_is_a_super_set ... ok
[INFO] [stdout] test xml::tests::match_xml_when_actual_is_different_size ... ok
[INFO] [stdout] test xml::tests::match_xml_when_actual_is_non_empty_and_we_allow_extra_keys ... ok
[INFO] [stdout] test xml::tests::match_xml_when_actual_is_empty ... ok
[INFO] [stdout] test xml::tests::match_xml_when_actual_is_non_empty_and_we_do_not_allow_extra_keys ... ok
[INFO] [stdout] test xml::tests::match_xml_type_matcher_when_an_element_has_different_types_of_children ... ok
[INFO] [stdout] test xml::tests::match_xml_when_allow_unexpected_keys_is_true_and_comparing_an_empty_list_to_a_non_empty_one ... ok
[INFO] [stdout] test xml::tests::match_xml_when_allow_unexpected_keys_is_true_and_comparing_a_list_to_a_super_set ... ok
[INFO] [stdout] test xml::tests::match_xml_when_comparing_a_missing_body_to_anything ... ok
[INFO] [stdout] test xml::tests::match_xml_when_bodies_differ_only_in_whitespace ... ok
[INFO] [stdout] test xml::tests::match_xml_when_comparing_anything_to_an_empty_body_returns_a_mismatch ... ok
[INFO] [stdout] test xml::tests::match_xml_when_an_element_has_different_types_of_children_but_we_allow_unexpected_keys ... ok
[INFO] [stdout] test xml::tests::match_xml_when_an_element_has_different_types_of_children_but_we_do_not_allow_unexpected_keys ... ok
[INFO] [stdout] test xml::tests::match_xml_with_a_matcher ... ok
[INFO] [stdout] test xml::tests::match_xml_with_comparing_a_tags_attributes_to_one_with_less_entries ... ok
[INFO] [stdout] test xml::tests::match_xml_with_comparing_a_tags_attributes_to_one_with_more_entries ... ok
[INFO] [stdout] test xml::tests::match_xml_with_cdata_elements ... ok
[INFO] [stdout] test xml::tests::match_xml_with_cdata_elements_matching_with_regex ... ok
[INFO] [stdout] test xml::tests::match_xml_with_different_namespace_declarations__less_thanb_colonblah_xmlns_colonb_equal_double_quoteurn_colonns_double_quote_slash_greater_than__less_thana_colonblah_xmlns_colona_equal_double_quoteurn_colonns_double_quote_slash_greater_than ... ok
[INFO] [stdout] test xml::tests::match_xml_with_different_namespace_declarations__less_thanb_colonblah_xmlns_colonb_equal_double_quoteurn_colonns_double_quote_slash_greater_than__less_thanblah_xmlns_equal_double_quoteurn_colonns_double_quote_slash_greater_than ... ok
[INFO] [stdout] test xml::tests::match_xml_with_different_namespace_declarations__less_thanblah_xmlns_equal_double_quoteurn_colonns_double_quote_slash_greater_than__less_thana_colonblah_xmlns_colona_equal_double_quoteurn_colonns_double_quote_slash_greater_than ... ok
[INFO] [stdout] test xml::tests::match_xml_with_different_namespace_declarations__less_thanblah_xmlns_equal_double_quoteurn_colonns_double_quote_slash_greater_than__less_thanblah_xmlns_equal_double_quoteurn_colonns_double_quote_slash_greater_than ... ok
[INFO] [stdout] test xml::tests::match_xml_with_different_namespace_declarations_on_child_elements__less_thanb_colonfoo_xmlns_colonb_equal_double_quoteurn_colonns_double_quote_greater_than_less_thanb_colonitem_slash_greater_than_less_than_slashb_colonfoo_greater_than__less_thana_colonfoo_xmlns_colona_equal_double_quoteurn_colonns_double_quote_greater_than_less_thana2_colonitem_xmlns_colona2_equal_double_quoteurn_colonns_double_quote_slash_greater_than_less_than_slasha_colonfoo_greater_than ... ok
[INFO] [stdout] test xml::tests::match_xml_with_different_namespace_declarations_on_child_elements__less_thanb_colonfoo_xmlns_colonb_equal_double_quoteurn_colonns_double_quote_greater_than_less_thanb_colonitem_slash_greater_than_less_than_slashb_colonfoo_greater_than__less_thana_colonfoo_xmlns_colona_equal_double_quoteurn_colonns_double_quote_greater_than_less_thana_colonitem_slash_greater_than_less_than_slasha_colonfoo_greater_than ... ok
[INFO] [stdout] test xml::tests::match_xml_with_different_namespace_declarations_on_child_elements__less_thanb_colonfoo_xmlns_colonb_equal_double_quoteurn_colonns_double_quote_greater_than_less_thanb_colonitem_slash_greater_than_less_than_slashb_colonfoo_greater_than__less_thanfoo_xmlns_equal_double_quoteurn_colonns_double_quote_greater_than_less_thanitem_slash_greater_than_less_than_slashfoo_greater_than ... ok
[INFO] [stdout] test xml::tests::match_xml_with_different_namespace_declarations_on_child_elements__less_thanfoo_xmlns_equal_double_quoteurn_colonns_double_quote_greater_than_less_thanitem_slash_greater_than_less_than_slashfoo_greater_than__less_thana_colonfoo_xmlns_colona_equal_double_quoteurn_colonns_double_quote_greater_than_less_thana_colonitem_slash_greater_than_less_than_slasha_colonfoo_greater_than ... ok
[INFO] [stdout] test xml::tests::match_xml_with_different_namespace_declarations_on_child_elements__less_thanfoo_xmlns_equal_double_quoteurn_colonns_double_quote_greater_than_less_thanitem_slash_greater_than_less_than_slashfoo_greater_than__less_thanfoo_xmlns_equal_double_quoteurn_colonns_double_quote_greater_than_less_thanitem_slash_greater_than_less_than_slashfoo_greater_than ... ok
[INFO] [stdout] test xml::tests::match_xml_with_equal_attributes ... ok
[INFO] [stdout] test xml::tests::match_xml_with_equal_bodies ... ok
[INFO] [stdout] test xml::tests::match_xml_with_the_same_text ... ok
[INFO] [stdout] test xml::tests::match_xml_with_the_same_text_between_nodes ... ok
[INFO] [stdout] test xml::tests::match_xml_with_unexpected_elements ... ok
[INFO] [stdout] test xml::tests::match_xml_with_when_not_expecting_attributes ... ok
[INFO] [stdout] test xml::tests::match_xml_handles_invalid_actual_xml ... ok
[INFO] [stdout] test tests::match_query_returns_a_mismatch_if_the_values_are_not_the_same ... ok
[INFO] [stdout] test tests::match_query_with_min_type_matching_rules_fails ... ok
[INFO] [stdout] test matchers::tests::content_type_matcher_test ... ok
[INFO] [stdout] test tests::match_query_with_each_value_matching_rules_fails ... ok
[INFO] [stdout] test xml::tests::match_xml_with_nonequal_attributes ... ok
[INFO] [stdout] test xml::tests::matching_xml_bodies_returns_a_mismatch_when_allow_unexpected_keys_is_true_and_no_namespace_is_expected ... ok
[INFO] [stdout] test xml::tests::matching_xml_bodies_returns_a_mismatch_when_attribute_uses_different_namespace ... ok
[INFO] [stdout] test xml::tests::match_xml_with_the_different_text ... ok
[INFO] [stdout] test xml::tests::match_xml_with_the_different_text_between_nodes ... ok
[INFO] [stdout] test matchers::tests::time_matcher_test ... ok
[INFO] [stdout] test xml::tests::match_xml_when_a_tag_has_the_same_number_of_attributes_but_different_values ... ok
[INFO] [stdout] test xml::tests::match_xml_when_actual_has_different_root ... ok
[INFO] [stdout] test xml::tests::match_xml_handles_invalid_expected_xml ... ok
[INFO] [stdout] test xml::tests::matching_xml_bodies_returns_a_mismatch_when_different_namespaces_are_used ... ok
[INFO] [stdout] test xml::tests::matching_xml_bodies_with_namespaces_and_a_matcher_defined_delegate_to_matcher_for_attribute ... ok
[INFO] [stdout] test xml::tests::matching_xml_bodies_returns_a_mismatch_when_expected_namespace_is_not_used ... ok
[INFO] [stdout] test xml::tests::matching_xml_bodies_with_namespaces_and_a_matcher_defined_delegate_to_the_matcher ... ok
[INFO] [stdout] test xml::tests::matching_xml_bodies_when_attribute_uses_different_prefix ... ok
[INFO] [stdout] test tests::match_query_with_array_contains_matching_rules_fails ... ok
[INFO] [stdout] test xml::tests::match_xml_handles_empty_strings ... ok
[INFO] [stdout] test matchers::tests::timestamp_matcher_test ... ok
[INFO] [stdout] 
[INFO] [stdout] failures:
[INFO] [stdout] 
[INFO] [stdout] ---- matchers::tests::regex_matcher_test stdout ----
[INFO] [stdout] thread 'matchers::tests::regex_matcher_test' panicked at /opt/rustwide/cargo-home/registry/src/index.crates.io-6f17d22bba15001f/expectest-0.12.0/src/core/result.rs:81:13:
[INFO] [stdout] assertion failed: `expected to be <Ok>, got <Err(Expected 'GreaterOrEqual' to match '^Greater|GreaterOrEqual$'
[INFO] [stdout] 
[INFO] [stdout] Stack backtrace:
[INFO] [stdout]    0: anyhow::error::<impl anyhow::Error>::msg
[INFO] [stdout]              at /opt/rustwide/cargo-home/registry/src/index.crates.io-6f17d22bba15001f/anyhow-1.0.92/src/backtrace.rs:27:14
[INFO] [stdout]    1: <&str as pact_matching::matchers::Matches<&str>>::matches_with
[INFO] [stdout]              at ./src/matchers.rs:173:19
[INFO] [stdout]    2: pact_matching::matchers::tests::regex_matcher_test
[INFO] [stdout]              at ./src/matchers.rs:984:15
[INFO] [stdout]    3: pact_matching::matchers::tests::regex_matcher_test::{{closure}}
[INFO] [stdout]              at ./src/matchers.rs:972:28
[INFO] [stdout]    4: core::ops::function::FnOnce::call_once
[INFO] [stdout]              at /rustc/df4ca44d3fbc9301ee17f30f4d474e6ae4b05252/library/core/src/ops/function.rs:250:5
[INFO] [stdout]    5: core::ops::function::FnOnce::call_once
[INFO] [stdout]              at /rustc/df4ca44d3fbc9301ee17f30f4d474e6ae4b05252/library/core/src/ops/function.rs:250:5
[INFO] [stdout]    6: test::__rust_begin_short_backtrace
[INFO] [stdout]              at /rustc/df4ca44d3fbc9301ee17f30f4d474e6ae4b05252/library/test/src/lib.rs:621:18
[INFO] [stdout]    7: test::run_test_in_process::{{closure}}
[INFO] [stdout]              at /rustc/df4ca44d3fbc9301ee17f30f4d474e6ae4b05252/library/test/src/lib.rs:644:60
[INFO] [stdout]    8: <core::panic::unwind_safe::AssertUnwindSafe<F> as core::ops::function::FnOnce<()>>::call_once
[INFO] [stdout]              at /rustc/df4ca44d3fbc9301ee17f30f4d474e6ae4b05252/library/core/src/panic/unwind_safe.rs:272:9
[INFO] [stdout]    9: std::panicking::try::do_call
[INFO] [stdout]              at /rustc/df4ca44d3fbc9301ee17f30f4d474e6ae4b05252/library/std/src/panicking.rs:557:40
[INFO] [stdout]   10: std::panicking::try
[INFO] [stdout]              at /rustc/df4ca44d3fbc9301ee17f30f4d474e6ae4b05252/library/std/src/panicking.rs:520:19
[INFO] [stdout]   11: std::panic::catch_unwind
[INFO] [stdout]              at /rustc/df4ca44d3fbc9301ee17f30f4d474e6ae4b05252/library/std/src/panic.rs:358:14
[INFO] [stdout]   12: test::run_test_in_process
[INFO] [stdout]              at /rustc/df4ca44d3fbc9301ee17f30f4d474e6ae4b05252/library/test/src/lib.rs:644:27
[INFO] [stdout]   13: test::run_test::{{closure}}
[INFO] [stdout]              at /rustc/df4ca44d3fbc9301ee17f30f4d474e6ae4b05252/library/test/src/lib.rs:565:43
[INFO] [stdout]   14: test::run_test::{{closure}}
[INFO] [stdout]              at /rustc/df4ca44d3fbc9301ee17f30f4d474e6ae4b05252/library/test/src/lib.rs:595:41
[INFO] [stdout]   15: std::sys::backtrace::__rust_begin_short_backtrace
[INFO] [stdout]              at /rustc/df4ca44d3fbc9301ee17f30f4d474e6ae4b05252/library/std/src/sys/backtrace.rs:154:18
[INFO] [stdout]   16: std::thread::Builder::spawn_unchecked_::{{closure}}::{{closure}}
[INFO] [stdout]              at /rustc/df4ca44d3fbc9301ee17f30f4d474e6ae4b05252/library/std/src/thread/mod.rs:541:17
[INFO] [stdout]   17: <core::panic::unwind_safe::AssertUnwindSafe<F> as core::ops::function::FnOnce<()>>::call_once
[INFO] [stdout]              at /rustc/df4ca44d3fbc9301ee17f30f4d474e6ae4b05252/library/core/src/panic/unwind_safe.rs:272:9
[INFO] [stdout]   18: std::panicking::try::do_call
[INFO] [stdout]              at /rustc/df4ca44d3fbc9301ee17f30f4d474e6ae4b05252/library/std/src/panicking.rs:557:40
[INFO] [stdout]   19: std::panicking::try
[INFO] [stdout]              at /rustc/df4ca44d3fbc9301ee17f30f4d474e6ae4b05252/library/std/src/panicking.rs:520:19
[INFO] [stdout]   20: std::panic::catch_unwind
[INFO] [stdout]              at /rustc/df4ca44d3fbc9301ee17f30f4d474e6ae4b05252/library/std/src/panic.rs:358:14
[INFO] [stdout]   21: std::thread::Builder::spawn_unchecked_::{{closure}}
[INFO] [stdout]              at /rustc/df4ca44d3fbc9301ee17f30f4d474e6ae4b05252/library/std/src/thread/mod.rs:540:30
[INFO] [stdout]   22: core::ops::function::FnOnce::call_once{{vtable.shim}}
[INFO] [stdout]              at /rustc/df4ca44d3fbc9301ee17f30f4d474e6ae4b05252/library/core/src/ops/function.rs:250:5
[INFO] [stdout]   23: <alloc::boxed::Box<F,A> as core::ops::function::FnOnce<Args>>::call_once
[INFO] [stdout]              at /rustc/df4ca44d3fbc9301ee17f30f4d474e6ae4b05252/library/alloc/src/boxed.rs:2454:9
[INFO] [stdout]   24: <alloc::boxed::Box<F,A> as core::ops::function::FnOnce<Args>>::call_once
[INFO] [stdout]              at /rustc/df4ca44d3fbc9301ee17f30f4d474e6ae4b05252/library/alloc/src/boxed.rs:2454:9
[INFO] [stdout]   25: std::sys::pal::unix::thread::Thread::new::thread_start
[INFO] [stdout]              at /rustc/df4ca44d3fbc9301ee17f30f4d474e6ae4b05252/library/std/src/sys/pal/unix/thread.rs:105:17
[INFO] [stdout]   26: <unknown>
[INFO] [stdout]   27: clone)>`, src/matchers.rs:984:7
[INFO] [stdout] stack backtrace:
[INFO] [stdout]    0:     0x5d2c87c69cea - std::backtrace_rs::backtrace::libunwind::trace::h207520d6e9873551
[INFO] [stdout]                                at /rustc/df4ca44d3fbc9301ee17f30f4d474e6ae4b05252/library/std/src/../../backtrace/src/backtrace/libunwind.rs:116:5
[INFO] [stdout]    1:     0x5d2c87c69cea - std::backtrace_rs::backtrace::trace_unsynchronized::h2ed7433f370e3eca
[INFO] [stdout]                                at /rustc/df4ca44d3fbc9301ee17f30f4d474e6ae4b05252/library/std/src/../../backtrace/src/backtrace/mod.rs:66:5
[INFO] [stdout]    2:     0x5d2c87c69cea - std::sys::backtrace::_print_fmt::h916fac51166b18d7
[INFO] [stdout]                                at /rustc/df4ca44d3fbc9301ee17f30f4d474e6ae4b05252/library/std/src/sys/backtrace.rs:66:9
[INFO] [stdout]    3:     0x5d2c87c69cea - <std::sys::backtrace::BacktraceLock::print::DisplayBacktrace as core::fmt::Display>::fmt::ha0a4c9b8ce3802e6
[INFO] [stdout]                                at /rustc/df4ca44d3fbc9301ee17f30f4d474e6ae4b05252/library/std/src/sys/backtrace.rs:39:26
[INFO] [stdout]    4:     0x5d2c87c96cf3 - core::fmt::rt::Argument::fmt::h4cfc8587d52b3eb5
[INFO] [stdout]                                at /rustc/df4ca44d3fbc9301ee17f30f4d474e6ae4b05252/library/core/src/fmt/rt.rs:177:76
[INFO] [stdout]    5:     0x5d2c87c96cf3 - core::fmt::write::h522cc39e5b36ae9f
[INFO] [stdout]                                at /rustc/df4ca44d3fbc9301ee17f30f4d474e6ae4b05252/library/core/src/fmt/mod.rs:1190:21
[INFO] [stdout]    6:     0x5d2c87c65ac3 - std::io::Write::write_fmt::h7d3c26752da97734
[INFO] [stdout]                                at /rustc/df4ca44d3fbc9301ee17f30f4d474e6ae4b05252/library/std/src/io/mod.rs:1839:15
[INFO] [stdout]    7:     0x5d2c87c69b32 - std::sys::backtrace::BacktraceLock::print::h4b9e00b29e9c0942
[INFO] [stdout]                                at /rustc/df4ca44d3fbc9301ee17f30f4d474e6ae4b05252/library/std/src/sys/backtrace.rs:42:9
[INFO] [stdout]    8:     0x5d2c87c6b17a - std::panicking::default_hook::{{closure}}::hb59b88280d0324d9
[INFO] [stdout]                                at /rustc/df4ca44d3fbc9301ee17f30f4d474e6ae4b05252/library/std/src/panicking.rs:268:22
[INFO] [stdout]    9:     0x5d2c87c6af84 - std::panicking::default_hook::he1dd496665be4a29
[INFO] [stdout]                                at /rustc/df4ca44d3fbc9301ee17f30f4d474e6ae4b05252/library/std/src/panicking.rs:292:9
[INFO] [stdout]   10:     0x5d2c86f2e4d9 - <alloc::boxed::Box<F,A> as core::ops::function::Fn<Args>>::call::h4ff71de18744e1dc
[INFO] [stdout]                                at /rustc/df4ca44d3fbc9301ee17f30f4d474e6ae4b05252/library/alloc/src/boxed.rs:2468:9
[INFO] [stdout]   11:     0x5d2c86f2e4d9 - test::test_main::{{closure}}::hcf7c055ce117aa81
[INFO] [stdout]                                at /rustc/df4ca44d3fbc9301ee17f30f4d474e6ae4b05252/library/test/src/lib.rs:133:21
[INFO] [stdout]   12:     0x5d2c87c6b878 - <alloc::boxed::Box<F,A> as core::ops::function::Fn<Args>>::call::h1d66c6bbd60c9692
[INFO] [stdout]                                at /rustc/df4ca44d3fbc9301ee17f30f4d474e6ae4b05252/library/alloc/src/boxed.rs:2468:9
[INFO] [stdout]   13:     0x5d2c87c6b878 - std::panicking::rust_panic_with_hook::h2ff17fe8f26dfcf8
[INFO] [stdout]                                at /rustc/df4ca44d3fbc9301ee17f30f4d474e6ae4b05252/library/std/src/panicking.rs:809:13
[INFO] [stdout]   14:     0x5d2c87c6b63a - std::panicking::begin_panic_handler::{{closure}}::h4fad77951c07e101
[INFO] [stdout]                                at /rustc/df4ca44d3fbc9301ee17f30f4d474e6ae4b05252/library/std/src/panicking.rs:674:13
[INFO] [stdout]   15:     0x5d2c87c6a1c9 - std::sys::backtrace::__rust_end_short_backtrace::hb1a25b3da5d0ea08
[INFO] [stdout]                                at /rustc/df4ca44d3fbc9301ee17f30f4d474e6ae4b05252/library/std/src/sys/backtrace.rs:170:18
[INFO] [stdout]   16:     0x5d2c87c6b2cc - rust_begin_unwind
[INFO] [stdout]                                at /rustc/df4ca44d3fbc9301ee17f30f4d474e6ae4b05252/library/std/src/panicking.rs:665:5
[INFO] [stdout]   17:     0x5d2c87c94630 - core::panicking::panic_fmt::ha9db07b529f9b256
[INFO] [stdout]                                at /rustc/df4ca44d3fbc9301ee17f30f4d474e6ae4b05252/library/core/src/panicking.rs:75:14
[INFO] [stdout]   18:     0x5d2c8702a8ac - expectest::core::result::Failure::panic::h59367cc5ffabd71c
[INFO] [stdout]                                at /opt/rustwide/cargo-home/registry/src/index.crates.io-6f17d22bba15001f/expectest-0.12.0/src/core/result.rs:81:13
[INFO] [stdout]   19:     0x5d2c8702a963 - <expectest::core::result::Failure as core::ops::drop::Drop>::drop::h77fab1b0e9545335
[INFO] [stdout]                                at /opt/rustwide/cargo-home/registry/src/index.crates.io-6f17d22bba15001f/expectest-0.12.0/src/core/result.rs:91:13
[INFO] [stdout]   20:     0x5d2c87029c07 - core::ptr::drop_in_place<expectest::core::result::Failure>::hbab2049dd205d8cb
[INFO] [stdout]                                at /rustc/df4ca44d3fbc9301ee17f30f4d474e6ae4b05252/library/core/src/ptr/mod.rs:521:1
[INFO] [stdout]   21:     0x5d2c86b6beac - core::ptr::drop_in_place<expectest::core::result::TestResult>::h5c0fc2bb7ac8ac4c
[INFO] [stdout]                                at /rustc/df4ca44d3fbc9301ee17f30f4d474e6ae4b05252/library/core/src/ptr/mod.rs:521:1
[INFO] [stdout]   22:     0x5d2c86bde7b5 - pact_matching::matchers::tests::regex_matcher_test::h59065b56feb07f8a
[INFO] [stdout]                                at /opt/rustwide/workdir/src/matchers.rs:984:85
[INFO] [stdout]   23:     0x5d2c86bddde7 - pact_matching::matchers::tests::regex_matcher_test::{{closure}}::hac13a50617b6c81a
[INFO] [stdout]                                at /opt/rustwide/workdir/src/matchers.rs:972:28
[INFO] [stdout]   24:     0x5d2c86b648b6 - core::ops::function::FnOnce::call_once::hdf72aa1b9a82ad52
[INFO] [stdout]                                at /rustc/df4ca44d3fbc9301ee17f30f4d474e6ae4b05252/library/core/src/ops/function.rs:250:5
[INFO] [stdout]   25:     0x5d2c86f32dab - core::ops::function::FnOnce::call_once::h22c3ba5715e93f05
[INFO] [stdout]                                at /rustc/df4ca44d3fbc9301ee17f30f4d474e6ae4b05252/library/core/src/ops/function.rs:250:5
[INFO] [stdout]   26:     0x5d2c86f32dab - test::__rust_begin_short_backtrace::h8e82d8113d0da17f
[INFO] [stdout]                                at /rustc/df4ca44d3fbc9301ee17f30f4d474e6ae4b05252/library/test/src/lib.rs:621:18
[INFO] [stdout]   27:     0x5d2c86f32727 - test::run_test_in_process::{{closure}}::h33235f4f20b7b7c7
[INFO] [stdout]                                at /rustc/df4ca44d3fbc9301ee17f30f4d474e6ae4b05252/library/test/src/lib.rs:644:60
[INFO] [stdout]   28:     0x5d2c86f32727 - <core::panic::unwind_safe::AssertUnwindSafe<F> as core::ops::function::FnOnce<()>>::call_once::hb5043206310c586f
[INFO] [stdout]                                at /rustc/df4ca44d3fbc9301ee17f30f4d474e6ae4b05252/library/core/src/panic/unwind_safe.rs:272:9
[INFO] [stdout]   29:     0x5d2c86f32727 - std::panicking::try::do_call::h9ad4731a60ab23e2
[INFO] [stdout]                                at /rustc/df4ca44d3fbc9301ee17f30f4d474e6ae4b05252/library/std/src/panicking.rs:557:40
[INFO] [stdout]   30:     0x5d2c86f32727 - std::panicking::try::h3824d23db772a716
[INFO] [stdout]                                at /rustc/df4ca44d3fbc9301ee17f30f4d474e6ae4b05252/library/std/src/panicking.rs:520:19
[INFO] [stdout]   31:     0x5d2c86f32727 - std::panic::catch_unwind::h5afd514605fde46b
[INFO] [stdout]                                at /rustc/df4ca44d3fbc9301ee17f30f4d474e6ae4b05252/library/std/src/panic.rs:358:14
[INFO] [stdout]   32:     0x5d2c86f32727 - test::run_test_in_process::h0d5cbfa7067d1720
[INFO] [stdout]                                at /rustc/df4ca44d3fbc9301ee17f30f4d474e6ae4b05252/library/test/src/lib.rs:644:27
[INFO] [stdout]   33:     0x5d2c86f32727 - test::run_test::{{closure}}::h708eb8872708115d
[INFO] [stdout]                                at /rustc/df4ca44d3fbc9301ee17f30f4d474e6ae4b05252/library/test/src/lib.rs:565:43
[INFO] [stdout]   34:     0x5d2c86ef5e44 - test::run_test::{{closure}}::h392c51cee94713ab
[INFO] [stdout]                                at /rustc/df4ca44d3fbc9301ee17f30f4d474e6ae4b05252/library/test/src/lib.rs:595:41
[INFO] [stdout]   35:     0x5d2c86ef5e44 - std::sys::backtrace::__rust_begin_short_backtrace::h2f40290710935a8b
[INFO] [stdout]                                at /rustc/df4ca44d3fbc9301ee17f30f4d474e6ae4b05252/library/std/src/sys/backtrace.rs:154:18
[INFO] [stdout]   36:     0x5d2c86ef95ee - std::thread::Builder::spawn_unchecked_::{{closure}}::{{closure}}::h3fd968d89053a903
[INFO] [stdout]                                at /rustc/df4ca44d3fbc9301ee17f30f4d474e6ae4b05252/library/std/src/thread/mod.rs:541:17
[INFO] [stdout]   37:     0x5d2c86ef95ee - <core::panic::unwind_safe::AssertUnwindSafe<F> as core::ops::function::FnOnce<()>>::call_once::h743f637ba4229880
[INFO] [stdout]                                at /rustc/df4ca44d3fbc9301ee17f30f4d474e6ae4b05252/library/core/src/panic/unwind_safe.rs:272:9
[INFO] [stdout]   38:     0x5d2c86ef95ee - std::panicking::try::do_call::h07440897322525a6
[INFO] [stdout]                                at /rustc/df4ca44d3fbc9301ee17f30f4d474e6ae4b05252/library/std/src/panicking.rs:557:40
[INFO] [stdout]   39:     0x5d2c86ef95ee - std::panicking::try::he5a2e00188156637
[INFO] [stdout]                                at /rustc/df4ca44d3fbc9301ee17f30f4d474e6ae4b05252/library/std/src/panicking.rs:520:19
[INFO] [stdout]   40:     0x5d2c86ef95ee - std::panic::catch_unwind::hbaf3cae49b3c6433
[INFO] [stdout]                                at /rustc/df4ca44d3fbc9301ee17f30f4d474e6ae4b05252/library/std/src/panic.rs:358:14
[INFO] [stdout]   41:     0x5d2c86ef95ee - std::thread::Builder::spawn_unchecked_::{{closure}}::h8e141ea224820bce
[INFO] [stdout]                                at /rustc/df4ca44d3fbc9301ee17f30f4d474e6ae4b05252/library/std/src/thread/mod.rs:540:30
[INFO] [stdout]   42:     0x5d2c86ef95ee - core::ops::function::FnOnce::call_once{{vtable.shim}}::h90d312fedd7b8ea8
[INFO] [stdout]                                at /rustc/df4ca44d3fbc9301ee17f30f4d474e6ae4b05252/library/core/src/ops/function.rs:250:5
[INFO] [stdout]   43:     0x5d2c87c6fccb - <alloc::boxed::Box<F,A> as core::ops::function::FnOnce<Args>>::call_once::h69aa08ddb6adb8b6
[INFO] [stdout]                                at /rustc/df4ca44d3fbc9301ee17f30f4d474e6ae4b05252/library/alloc/src/boxed.rs:2454:9
[INFO] [stdout]   44:     0x5d2c87c6fccb - <alloc::boxed::Box<F,A> as core::ops::function::FnOnce<Args>>::call_once::h5aa36efdb79c806f
[INFO] [stdout]                                at /rustc/df4ca44d3fbc9301ee17f30f4d474e6ae4b05252/library/alloc/src/boxed.rs:2454:9
[INFO] [stdout]   45:     0x5d2c87c6fccb - std::sys::pal::unix::thread::Thread::new::thread_start::h6cd80a1b4be5158d
[INFO] [stdout]                                at /rustc/df4ca44d3fbc9301ee17f30f4d474e6ae4b05252/library/std/src/sys/pal/unix/thread.rs:105:17
[INFO] [stdout]   46:     0x734aa8eb4ac3 - <unknown>
[INFO] [stdout]   47:     0x734aa8f45a04 - clone
[INFO] [stdout]   48:                0x0 - <unknown>
[INFO] [stdout] 
[INFO] [stdout] 
[INFO] [stdout] failures:
[INFO] [stdout]     matchers::tests::regex_matcher_test
[INFO] [stdout] 
[INFO] [stdout] test result: FAILED. 310 passed; 1 failed; 0 ignored; 0 measured; 0 filtered out; finished in 0.70s
[INFO] [stdout] 
[INFO] [stderr] error: test failed, to rerun pass `--lib`
[INFO] running `Command { std: "docker" "inspect" "439f513757e285228a3469c1b7f01a93b45808ea1ff35d45f7bcc78e4665ba92", kill_on_drop: false }`
[INFO] running `Command { std: "docker" "rm" "-f" "439f513757e285228a3469c1b7f01a93b45808ea1ff35d45f7bcc78e4665ba92", kill_on_drop: false }`
[INFO] [stdout] 439f513757e285228a3469c1b7f01a93b45808ea1ff35d45f7bcc78e4665ba92
