[INFO] fetching crate packet_rs 0.4.0...
[INFO] testing packet_rs-0.4.0 against nightly-2024-10-28 for randomize-layout
[INFO] extracting crate packet_rs 0.4.0 into /workspace/builds/worker-5-tc1/source
[INFO] validating manifest of crates.io crate packet_rs 0.4.0 on toolchain nightly-2024-10-28
[INFO] running `Command { std: CARGO_HOME="/workspace/cargo-home" RUSTUP_HOME="/workspace/rustup-home" "/workspace/cargo-home/bin/cargo" "+nightly-2024-10-28" "metadata" "--manifest-path" "Cargo.toml" "--no-deps", kill_on_drop: false }`
[INFO] started tweaking crates.io crate packet_rs 0.4.0
[INFO] removed 0 missing examples
[INFO] finished tweaking crates.io crate packet_rs 0.4.0
[INFO] tweaked toml for crates.io crate packet_rs 0.4.0 written to /workspace/builds/worker-5-tc1/source/Cargo.toml
[INFO] crate crates.io crate packet_rs 0.4.0 already has a lockfile, it will not be regenerated
[INFO] running `Command { std: CARGO_HOME="/workspace/cargo-home" RUSTUP_HOME="/workspace/rustup-home" "/workspace/cargo-home/bin/cargo" "+nightly-2024-10-28" "fetch" "--manifest-path" "Cargo.toml", kill_on_drop: false }`
[INFO] [stderr]     Updating crates.io index
[INFO] [stderr]  Downloading crates ...
[INFO] [stderr]   Downloaded pyo3-macros v0.16.6
[INFO] [stderr]   Downloaded proc-macro2 v1.0.55
[INFO] [stderr]   Downloaded pyo3_nullify v0.1.0
[INFO] [stderr]   Downloaded pyo3-ffi v0.16.6
[INFO] [stderr]   Downloaded indoc v1.0.9
[INFO] [stderr]   Downloaded pyo3-build-config v0.16.6
[INFO] [stderr]   Downloaded pyo3-macros-backend v0.16.6
[INFO] [stderr]   Downloaded target-lexicon v0.12.6
[INFO] [stderr]   Downloaded unindent v0.1.11
[INFO] [stderr]   Downloaded pyo3 v0.16.6
[INFO] running `Command { std: "docker" "create" "-v" "/var/lib/crater-agent-workspace/builds/worker-5-tc1/target:/opt/rustwide/target:rw,Z" "-v" "/var/lib/crater-agent-workspace/builds/worker-5-tc1/source:/opt/rustwide/workdir:ro,Z" "-v" "/var/lib/crater-agent-workspace/cargo-home:/opt/rustwide/cargo-home:ro,Z" "-v" "/var/lib/crater-agent-workspace/rustup-home:/opt/rustwide/rustup-home:ro,Z" "-e" "SOURCE_DIR=/opt/rustwide/workdir" "-e" "CARGO_TARGET_DIR=/opt/rustwide/target" "-e" "CARGO_HOME=/opt/rustwide/cargo-home" "-e" "RUSTUP_HOME=/opt/rustwide/rustup-home" "-w" "/opt/rustwide/workdir" "-m" "1610612736" "--user" "0:0" "--network" "none" "ghcr.io/rust-lang/crates-build-env/linux@sha256:4a844ea9eb2546a2d2c7022eacef16ef2e8229c7fbb2c7d4d55a9ceca922f72d" "/opt/rustwide/cargo-home/bin/cargo" "+nightly-2024-10-28" "metadata" "--no-deps" "--format-version=1", kill_on_drop: false }`
[INFO] [stdout] e711961ad1bd61ce590c020ec5503e9f59410729250342f2b3a29fd5568a15d8
[INFO] running `Command { std: "docker" "start" "-a" "e711961ad1bd61ce590c020ec5503e9f59410729250342f2b3a29fd5568a15d8", kill_on_drop: false }`
[INFO] running `Command { std: "docker" "inspect" "e711961ad1bd61ce590c020ec5503e9f59410729250342f2b3a29fd5568a15d8", kill_on_drop: false }`
[INFO] running `Command { std: "docker" "rm" "-f" "e711961ad1bd61ce590c020ec5503e9f59410729250342f2b3a29fd5568a15d8", kill_on_drop: false }`
[INFO] [stdout] e711961ad1bd61ce590c020ec5503e9f59410729250342f2b3a29fd5568a15d8
[INFO] running `Command { std: "docker" "create" "-v" "/var/lib/crater-agent-workspace/builds/worker-5-tc1/target:/opt/rustwide/target:rw,Z" "-v" "/var/lib/crater-agent-workspace/builds/worker-5-tc1/source:/opt/rustwide/workdir:ro,Z" "-v" "/var/lib/crater-agent-workspace/cargo-home:/opt/rustwide/cargo-home:ro,Z" "-v" "/var/lib/crater-agent-workspace/rustup-home:/opt/rustwide/rustup-home:ro,Z" "-e" "SOURCE_DIR=/opt/rustwide/workdir" "-e" "CARGO_TARGET_DIR=/opt/rustwide/target" "-e" "CARGO_INCREMENTAL=0" "-e" "RUST_BACKTRACE=full" "-e" "RUSTFLAGS=--cap-lints=forbid" "-e" "RUSTDOCFLAGS=--cap-lints=forbid" "-e" "CARGO_HOME=/opt/rustwide/cargo-home" "-e" "RUSTUP_HOME=/opt/rustwide/rustup-home" "-w" "/opt/rustwide/workdir" "-m" "1610612736" "--user" "0:0" "--network" "none" "ghcr.io/rust-lang/crates-build-env/linux@sha256:4a844ea9eb2546a2d2c7022eacef16ef2e8229c7fbb2c7d4d55a9ceca922f72d" "/opt/rustwide/cargo-home/bin/cargo" "+nightly-2024-10-28" "build" "--frozen" "--message-format=json", kill_on_drop: false }`
[INFO] [stdout] c50c7421364a015128e74b71c398256b6e6b0f0dcf7c37fb99b94d5773c26560
[INFO] running `Command { std: "docker" "start" "-a" "c50c7421364a015128e74b71c398256b6e6b0f0dcf7c37fb99b94d5773c26560", kill_on_drop: false }`
[INFO] [stderr]    Compiling paste v1.0.12
[INFO] [stderr]    Compiling bitfield v0.13.2
[INFO] [stderr]    Compiling pyo3_nullify v0.1.0
[INFO] [stderr]    Compiling packet_rs v0.4.0 (/opt/rustwide/workdir)
[INFO] [stderr]     Finished `dev` profile [unoptimized + debuginfo] target(s) in 4.84s
[INFO] running `Command { std: "docker" "inspect" "c50c7421364a015128e74b71c398256b6e6b0f0dcf7c37fb99b94d5773c26560", kill_on_drop: false }`
[INFO] running `Command { std: "docker" "rm" "-f" "c50c7421364a015128e74b71c398256b6e6b0f0dcf7c37fb99b94d5773c26560", kill_on_drop: false }`
[INFO] [stdout] c50c7421364a015128e74b71c398256b6e6b0f0dcf7c37fb99b94d5773c26560
[INFO] running `Command { std: "docker" "create" "-v" "/var/lib/crater-agent-workspace/builds/worker-5-tc1/target:/opt/rustwide/target:rw,Z" "-v" "/var/lib/crater-agent-workspace/builds/worker-5-tc1/source:/opt/rustwide/workdir:ro,Z" "-v" "/var/lib/crater-agent-workspace/cargo-home:/opt/rustwide/cargo-home:ro,Z" "-v" "/var/lib/crater-agent-workspace/rustup-home:/opt/rustwide/rustup-home:ro,Z" "-e" "SOURCE_DIR=/opt/rustwide/workdir" "-e" "CARGO_TARGET_DIR=/opt/rustwide/target" "-e" "CARGO_INCREMENTAL=0" "-e" "RUST_BACKTRACE=full" "-e" "RUSTFLAGS=--cap-lints=forbid" "-e" "RUSTDOCFLAGS=--cap-lints=forbid" "-e" "CARGO_HOME=/opt/rustwide/cargo-home" "-e" "RUSTUP_HOME=/opt/rustwide/rustup-home" "-w" "/opt/rustwide/workdir" "-m" "1610612736" "--user" "0:0" "--network" "none" "ghcr.io/rust-lang/crates-build-env/linux@sha256:4a844ea9eb2546a2d2c7022eacef16ef2e8229c7fbb2c7d4d55a9ceca922f72d" "/opt/rustwide/cargo-home/bin/cargo" "+nightly-2024-10-28" "test" "--frozen" "--no-run" "--message-format=json", kill_on_drop: false }`
[INFO] [stdout] 688558fa22742af9ebbae2f43b401e5752a9cb589a3216d6ebaf641ead1e7a9d
[INFO] running `Command { std: "docker" "start" "-a" "688558fa22742af9ebbae2f43b401e5752a9cb589a3216d6ebaf641ead1e7a9d", kill_on_drop: false }`
[INFO] [stderr]    Compiling packet_rs v0.4.0 (/opt/rustwide/workdir)
[INFO] [stdout] warning: macro `FromPyObject` is private
[INFO] [stdout]   --> examples/pkt.rs:9:5
[INFO] [stdout]    |
[INFO] [stdout] 9  | /     make_header!(
[INFO] [stdout] 10 | |     MyHeader 4
[INFO] [stdout] 11 | |     (
[INFO] [stdout] 12 | |         field_1: 0-2,
[INFO] [stdout] ...  |
[INFO] [stdout] 17 | |     vec![0x0, 0xa, 0x8, 0x0]      // <= optional default data
[INFO] [stdout] 18 | |     );
[INFO] [stdout]    | |_____^
[INFO] [stdout]    |
[INFO] [stdout]    = warning: this was previously accepted by the compiler but is being phased out; it will become a hard error in a future release!
[INFO] [stdout]    = note: for more information, see issue #120192 <https://github.com/rust-lang/rust/issues/120192>
[INFO] [stdout]    = note: `#[warn(private_macro_use)]` on by default
[INFO] [stdout]    = note: this warning originates in the macro `make_header` (in Nightly builds, run with -Z macro-backtrace for more info)
[INFO] [stdout] 
[INFO] [stdout] 
[INFO] [stdout] warning: macro `pyclass` is private
[INFO] [stdout]   --> examples/pkt.rs:9:5
[INFO] [stdout]    |
[INFO] [stdout] 9  | /     make_header!(
[INFO] [stdout] 10 | |     MyHeader 4
[INFO] [stdout] 11 | |     (
[INFO] [stdout] 12 | |         field_1: 0-2,
[INFO] [stdout] ...  |
[INFO] [stdout] 17 | |     vec![0x0, 0xa, 0x8, 0x0]      // <= optional default data
[INFO] [stdout] 18 | |     );
[INFO] [stdout]    | |_____^
[INFO] [stdout]    |
[INFO] [stdout]    = warning: this was previously accepted by the compiler but is being phased out; it will become a hard error in a future release!
[INFO] [stdout]    = note: for more information, see issue #120192 <https://github.com/rust-lang/rust/issues/120192>
[INFO] [stdout]    = note: this warning originates in the macro `make_header` (in Nightly builds, run with -Z macro-backtrace for more info)
[INFO] [stdout] 
[INFO] [stdout] 
[INFO] [stdout] warning: macro `pymethods` is private
[INFO] [stdout]   --> examples/pkt.rs:9:5
[INFO] [stdout]    |
[INFO] [stdout] 9  | /     make_header!(
[INFO] [stdout] 10 | |     MyHeader 4
[INFO] [stdout] 11 | |     (
[INFO] [stdout] 12 | |         field_1: 0-2,
[INFO] [stdout] ...  |
[INFO] [stdout] 17 | |     vec![0x0, 0xa, 0x8, 0x0]      // <= optional default data
[INFO] [stdout] 18 | |     );
[INFO] [stdout]    | |_____^
[INFO] [stdout]    |
[INFO] [stdout]    = warning: this was previously accepted by the compiler but is being phased out; it will become a hard error in a future release!
[INFO] [stdout]    = note: for more information, see issue #120192 <https://github.com/rust-lang/rust/issues/120192>
[INFO] [stdout]    = note: this warning originates in the macro `make_header` (in Nightly builds, run with -Z macro-backtrace for more info)
[INFO] [stdout] 
[INFO] [stdout] 
[INFO] [stdout] warning: macro `new` is private
[INFO] [stdout]   --> examples/pkt.rs:9:5
[INFO] [stdout]    |
[INFO] [stdout] 9  | /     make_header!(
[INFO] [stdout] 10 | |     MyHeader 4
[INFO] [stdout] 11 | |     (
[INFO] [stdout] 12 | |         field_1: 0-2,
[INFO] [stdout] ...  |
[INFO] [stdout] 17 | |     vec![0x0, 0xa, 0x8, 0x0]      // <= optional default data
[INFO] [stdout] 18 | |     );
[INFO] [stdout]    | |_____^
[INFO] [stdout]    |
[INFO] [stdout]    = warning: this was previously accepted by the compiler but is being phased out; it will become a hard error in a future release!
[INFO] [stdout]    = note: for more information, see issue #120192 <https://github.com/rust-lang/rust/issues/120192>
[INFO] [stdout]    = note: this warning originates in the macro `make_header` (in Nightly builds, run with -Z macro-backtrace for more info)
[INFO] [stdout] 
[INFO] [stdout] 
[INFO] [stdout] warning: macro `getter` is private
[INFO] [stdout]   --> examples/pkt.rs:9:5
[INFO] [stdout]    |
[INFO] [stdout] 9  | /     make_header!(
[INFO] [stdout] 10 | |     MyHeader 4
[INFO] [stdout] 11 | |     (
[INFO] [stdout] 12 | |         field_1: 0-2,
[INFO] [stdout] ...  |
[INFO] [stdout] 17 | |     vec![0x0, 0xa, 0x8, 0x0]      // <= optional default data
[INFO] [stdout] 18 | |     );
[INFO] [stdout]    | |_____^
[INFO] [stdout]    |
[INFO] [stdout]    = warning: this was previously accepted by the compiler but is being phased out; it will become a hard error in a future release!
[INFO] [stdout]    = note: for more information, see issue #120192 <https://github.com/rust-lang/rust/issues/120192>
[INFO] [stdout]    = note: this warning originates in the macro `make_header` (in Nightly builds, run with -Z macro-backtrace for more info)
[INFO] [stdout] 
[INFO] [stdout] 
[INFO] [stdout] warning: macro `setter` is private
[INFO] [stdout]   --> examples/pkt.rs:9:5
[INFO] [stdout]    |
[INFO] [stdout] 9  | /     make_header!(
[INFO] [stdout] 10 | |     MyHeader 4
[INFO] [stdout] 11 | |     (
[INFO] [stdout] 12 | |         field_1: 0-2,
[INFO] [stdout] ...  |
[INFO] [stdout] 17 | |     vec![0x0, 0xa, 0x8, 0x0]      // <= optional default data
[INFO] [stdout] 18 | |     );
[INFO] [stdout]    | |_____^
[INFO] [stdout]    |
[INFO] [stdout]    = warning: this was previously accepted by the compiler but is being phased out; it will become a hard error in a future release!
[INFO] [stdout]    = note: for more information, see issue #120192 <https://github.com/rust-lang/rust/issues/120192>
[INFO] [stdout]    = note: this warning originates in the macro `make_header` (in Nightly builds, run with -Z macro-backtrace for more info)
[INFO] [stdout] 
[INFO] [stdout] 
[INFO] [stdout] warning: macro `staticmethod` is private
[INFO] [stdout]   --> examples/pkt.rs:9:5
[INFO] [stdout]    |
[INFO] [stdout] 9  | /     make_header!(
[INFO] [stdout] 10 | |     MyHeader 4
[INFO] [stdout] 11 | |     (
[INFO] [stdout] 12 | |         field_1: 0-2,
[INFO] [stdout] ...  |
[INFO] [stdout] 17 | |     vec![0x0, 0xa, 0x8, 0x0]      // <= optional default data
[INFO] [stdout] 18 | |     );
[INFO] [stdout]    | |_____^
[INFO] [stdout]    |
[INFO] [stdout]    = warning: this was previously accepted by the compiler but is being phased out; it will become a hard error in a future release!
[INFO] [stdout]    = note: for more information, see issue #120192 <https://github.com/rust-lang/rust/issues/120192>
[INFO] [stdout]    = note: this warning originates in the macro `make_header` (in Nightly builds, run with -Z macro-backtrace for more info)
[INFO] [stdout] 
[INFO] [stdout] 
[INFO] [stdout] warning: macro `staticmethod` is private
[INFO] [stdout]   --> examples/pkt.rs:9:5
[INFO] [stdout]    |
[INFO] [stdout] 9  | /     make_header!(
[INFO] [stdout] 10 | |     MyHeader 4
[INFO] [stdout] 11 | |     (
[INFO] [stdout] 12 | |         field_1: 0-2,
[INFO] [stdout] ...  |
[INFO] [stdout] 17 | |     vec![0x0, 0xa, 0x8, 0x0]      // <= optional default data
[INFO] [stdout] 18 | |     );
[INFO] [stdout]    | |_____^
[INFO] [stdout]    |
[INFO] [stdout]    = warning: this was previously accepted by the compiler but is being phased out; it will become a hard error in a future release!
[INFO] [stdout]    = note: for more information, see issue #120192 <https://github.com/rust-lang/rust/issues/120192>
[INFO] [stdout]    = note: this warning originates in the macro `make_header` (in Nightly builds, run with -Z macro-backtrace for more info)
[INFO] [stdout] 
[INFO] [stdout] 
[INFO] [stdout] warning: macro `staticmethod` is private
[INFO] [stdout]   --> examples/pkt.rs:9:5
[INFO] [stdout]    |
[INFO] [stdout] 9  | /     make_header!(
[INFO] [stdout] 10 | |     MyHeader 4
[INFO] [stdout] 11 | |     (
[INFO] [stdout] 12 | |         field_1: 0-2,
[INFO] [stdout] ...  |
[INFO] [stdout] 17 | |     vec![0x0, 0xa, 0x8, 0x0]      // <= optional default data
[INFO] [stdout] 18 | |     );
[INFO] [stdout]    | |_____^
[INFO] [stdout]    |
[INFO] [stdout]    = warning: this was previously accepted by the compiler but is being phased out; it will become a hard error in a future release!
[INFO] [stdout]    = note: for more information, see issue #120192 <https://github.com/rust-lang/rust/issues/120192>
[INFO] [stdout]    = note: this warning originates in the macro `make_header` (in Nightly builds, run with -Z macro-backtrace for more info)
[INFO] [stdout] 
[INFO] [stdout] 
[INFO] [stdout] warning: macro `staticmethod` is private
[INFO] [stdout]   --> examples/pkt.rs:9:5
[INFO] [stdout]    |
[INFO] [stdout] 9  | /     make_header!(
[INFO] [stdout] 10 | |     MyHeader 4
[INFO] [stdout] 11 | |     (
[INFO] [stdout] 12 | |         field_1: 0-2,
[INFO] [stdout] ...  |
[INFO] [stdout] 17 | |     vec![0x0, 0xa, 0x8, 0x0]      // <= optional default data
[INFO] [stdout] 18 | |     );
[INFO] [stdout]    | |_____^
[INFO] [stdout]    |
[INFO] [stdout]    = warning: this was previously accepted by the compiler but is being phased out; it will become a hard error in a future release!
[INFO] [stdout]    = note: for more information, see issue #120192 <https://github.com/rust-lang/rust/issues/120192>
[INFO] [stdout]    = note: this warning originates in the macro `make_header` (in Nightly builds, run with -Z macro-backtrace for more info)
[INFO] [stdout] 
[INFO] [stdout] 
[INFO] [stdout] warning: macro `FromPyObject` is private
[INFO] [stdout]   --> tests/lib.rs:36:9
[INFO] [stdout]    |
[INFO] [stdout] 36 | /         make_header!(
[INFO] [stdout] 37 | |         MyOwnHeader 10
[INFO] [stdout] 38 | |         (
[INFO] [stdout] 39 | |             bytes_1: 0-7,
[INFO] [stdout] ...  |
[INFO] [stdout] 43 | |         )
[INFO] [stdout] 44 | |         );
[INFO] [stdout]    | |_________^
[INFO] [stdout]    |
[INFO] [stdout]    = warning: this was previously accepted by the compiler but is being phased out; it will become a hard error in a future release!
[INFO] [stdout]    = note: for more information, see issue #120192 <https://github.com/rust-lang/rust/issues/120192>
[INFO] [stdout]    = note: `#[warn(private_macro_use)]` on by default
[INFO] [stdout]    = note: this warning originates in the macro `make_header` (in Nightly builds, run with -Z macro-backtrace for more info)
[INFO] [stdout] 
[INFO] [stdout] 
[INFO] [stdout] warning: macro `pyclass` is private
[INFO] [stdout]   --> tests/lib.rs:36:9
[INFO] [stdout]    |
[INFO] [stdout] 36 | /         make_header!(
[INFO] [stdout] 37 | |         MyOwnHeader 10
[INFO] [stdout] 38 | |         (
[INFO] [stdout] 39 | |             bytes_1: 0-7,
[INFO] [stdout] ...  |
[INFO] [stdout] 43 | |         )
[INFO] [stdout] 44 | |         );
[INFO] [stdout]    | |_________^
[INFO] [stdout]    |
[INFO] [stdout]    = warning: this was previously accepted by the compiler but is being phased out; it will become a hard error in a future release!
[INFO] [stdout]    = note: for more information, see issue #120192 <https://github.com/rust-lang/rust/issues/120192>
[INFO] [stdout]    = note: this warning originates in the macro `make_header` (in Nightly builds, run with -Z macro-backtrace for more info)
[INFO] [stdout] 
[INFO] [stdout] 
[INFO] [stdout] warning: macro `pymethods` is private
[INFO] [stdout]   --> tests/lib.rs:36:9
[INFO] [stdout]    |
[INFO] [stdout] 36 | /         make_header!(
[INFO] [stdout] 37 | |         MyOwnHeader 10
[INFO] [stdout] 38 | |         (
[INFO] [stdout] 39 | |             bytes_1: 0-7,
[INFO] [stdout] ...  |
[INFO] [stdout] 43 | |         )
[INFO] [stdout] 44 | |         );
[INFO] [stdout]    | |_________^
[INFO] [stdout]    |
[INFO] [stdout]    = warning: this was previously accepted by the compiler but is being phased out; it will become a hard error in a future release!
[INFO] [stdout]    = note: for more information, see issue #120192 <https://github.com/rust-lang/rust/issues/120192>
[INFO] [stdout]    = note: this warning originates in the macro `make_header` (in Nightly builds, run with -Z macro-backtrace for more info)
[INFO] [stdout] 
[INFO] [stdout] 
[INFO] [stdout] warning: macro `new` is private
[INFO] [stdout]   --> tests/lib.rs:36:9
[INFO] [stdout]    |
[INFO] [stdout] 36 | /         make_header!(
[INFO] [stdout] 37 | |         MyOwnHeader 10
[INFO] [stdout] 38 | |         (
[INFO] [stdout] 39 | |             bytes_1: 0-7,
[INFO] [stdout] ...  |
[INFO] [stdout] 43 | |         )
[INFO] [stdout] 44 | |         );
[INFO] [stdout]    | |_________^
[INFO] [stdout]    |
[INFO] [stdout]    = warning: this was previously accepted by the compiler but is being phased out; it will become a hard error in a future release!
[INFO] [stdout]    = note: for more information, see issue #120192 <https://github.com/rust-lang/rust/issues/120192>
[INFO] [stdout]    = note: this warning originates in the macro `make_header` (in Nightly builds, run with -Z macro-backtrace for more info)
[INFO] [stdout] 
[INFO] [stdout] 
[INFO] [stdout] warning: macro `getter` is private
[INFO] [stdout]   --> tests/lib.rs:36:9
[INFO] [stdout]    |
[INFO] [stdout] 36 | /         make_header!(
[INFO] [stdout] 37 | |         MyOwnHeader 10
[INFO] [stdout] 38 | |         (
[INFO] [stdout] 39 | |             bytes_1: 0-7,
[INFO] [stdout] ...  |
[INFO] [stdout] 43 | |         )
[INFO] [stdout] 44 | |         );
[INFO] [stdout]    | |_________^
[INFO] [stdout]    |
[INFO] [stdout]    = warning: this was previously accepted by the compiler but is being phased out; it will become a hard error in a future release!
[INFO] [stdout]    = note: for more information, see issue #120192 <https://github.com/rust-lang/rust/issues/120192>
[INFO] [stdout]    = note: this warning originates in the macro `make_header` (in Nightly builds, run with -Z macro-backtrace for more info)
[INFO] [stdout] 
[INFO] [stdout] 
[INFO] [stdout] warning: macro `setter` is private
[INFO] [stdout]   --> tests/lib.rs:36:9
[INFO] [stdout]    |
[INFO] [stdout] 36 | /         make_header!(
[INFO] [stdout] 37 | |         MyOwnHeader 10
[INFO] [stdout] 38 | |         (
[INFO] [stdout] 39 | |             bytes_1: 0-7,
[INFO] [stdout] ...  |
[INFO] [stdout] 43 | |         )
[INFO] [stdout] 44 | |         );
[INFO] [stdout]    | |_________^
[INFO] [stdout]    |
[INFO] [stdout]    = warning: this was previously accepted by the compiler but is being phased out; it will become a hard error in a future release!
[INFO] [stdout]    = note: for more information, see issue #120192 <https://github.com/rust-lang/rust/issues/120192>
[INFO] [stdout]    = note: this warning originates in the macro `make_header` (in Nightly builds, run with -Z macro-backtrace for more info)
[INFO] [stdout] 
[INFO] [stdout] 
[INFO] [stdout] warning: macro `staticmethod` is private
[INFO] [stdout]   --> tests/lib.rs:36:9
[INFO] [stdout]    |
[INFO] [stdout] 36 | /         make_header!(
[INFO] [stdout] 37 | |         MyOwnHeader 10
[INFO] [stdout] 38 | |         (
[INFO] [stdout] 39 | |             bytes_1: 0-7,
[INFO] [stdout] ...  |
[INFO] [stdout] 43 | |         )
[INFO] [stdout] 44 | |         );
[INFO] [stdout]    | |_________^
[INFO] [stdout]    |
[INFO] [stdout]    = warning: this was previously accepted by the compiler but is being phased out; it will become a hard error in a future release!
[INFO] [stdout]    = note: for more information, see issue #120192 <https://github.com/rust-lang/rust/issues/120192>
[INFO] [stdout]    = note: this warning originates in the macro `make_header` (in Nightly builds, run with -Z macro-backtrace for more info)
[INFO] [stdout] 
[INFO] [stdout] 
[INFO] [stdout] warning: macro `staticmethod` is private
[INFO] [stdout]   --> tests/lib.rs:36:9
[INFO] [stdout]    |
[INFO] [stdout] 36 | /         make_header!(
[INFO] [stdout] 37 | |         MyOwnHeader 10
[INFO] [stdout] 38 | |         (
[INFO] [stdout] 39 | |             bytes_1: 0-7,
[INFO] [stdout] ...  |
[INFO] [stdout] 43 | |         )
[INFO] [stdout] 44 | |         );
[INFO] [stdout]    | |_________^
[INFO] [stdout]    |
[INFO] [stdout]    = warning: this was previously accepted by the compiler but is being phased out; it will become a hard error in a future release!
[INFO] [stdout]    = note: for more information, see issue #120192 <https://github.com/rust-lang/rust/issues/120192>
[INFO] [stdout]    = note: this warning originates in the macro `make_header` (in Nightly builds, run with -Z macro-backtrace for more info)
[INFO] [stdout] 
[INFO] [stdout] 
[INFO] [stdout] warning: macro `staticmethod` is private
[INFO] [stdout]   --> tests/lib.rs:36:9
[INFO] [stdout]    |
[INFO] [stdout] 36 | /         make_header!(
[INFO] [stdout] 37 | |         MyOwnHeader 10
[INFO] [stdout] 38 | |         (
[INFO] [stdout] 39 | |             bytes_1: 0-7,
[INFO] [stdout] ...  |
[INFO] [stdout] 43 | |         )
[INFO] [stdout] 44 | |         );
[INFO] [stdout]    | |_________^
[INFO] [stdout]    |
[INFO] [stdout]    = warning: this was previously accepted by the compiler but is being phased out; it will become a hard error in a future release!
[INFO] [stdout]    = note: for more information, see issue #120192 <https://github.com/rust-lang/rust/issues/120192>
[INFO] [stdout]    = note: this warning originates in the macro `make_header` (in Nightly builds, run with -Z macro-backtrace for more info)
[INFO] [stdout] 
[INFO] [stdout] 
[INFO] [stdout] warning: macro `staticmethod` is private
[INFO] [stdout]   --> tests/lib.rs:36:9
[INFO] [stdout]    |
[INFO] [stdout] 36 | /         make_header!(
[INFO] [stdout] 37 | |         MyOwnHeader 10
[INFO] [stdout] 38 | |         (
[INFO] [stdout] 39 | |             bytes_1: 0-7,
[INFO] [stdout] ...  |
[INFO] [stdout] 43 | |         )
[INFO] [stdout] 44 | |         );
[INFO] [stdout]    | |_________^
[INFO] [stdout]    |
[INFO] [stdout]    = warning: this was previously accepted by the compiler but is being phased out; it will become a hard error in a future release!
[INFO] [stdout]    = note: for more information, see issue #120192 <https://github.com/rust-lang/rust/issues/120192>
[INFO] [stdout]    = note: this warning originates in the macro `make_header` (in Nightly builds, run with -Z macro-backtrace for more info)
[INFO] [stdout] 
[INFO] [stdout] 
[INFO] [stderr]     Finished `test` profile [unoptimized + debuginfo] target(s) in 2.95s
[INFO] running `Command { std: "docker" "inspect" "688558fa22742af9ebbae2f43b401e5752a9cb589a3216d6ebaf641ead1e7a9d", kill_on_drop: false }`
[INFO] running `Command { std: "docker" "rm" "-f" "688558fa22742af9ebbae2f43b401e5752a9cb589a3216d6ebaf641ead1e7a9d", kill_on_drop: false }`
[INFO] [stdout] 688558fa22742af9ebbae2f43b401e5752a9cb589a3216d6ebaf641ead1e7a9d
[INFO] running `Command { std: "docker" "create" "-v" "/var/lib/crater-agent-workspace/builds/worker-5-tc1/target:/opt/rustwide/target:rw,Z" "-v" "/var/lib/crater-agent-workspace/builds/worker-5-tc1/source:/opt/rustwide/workdir:ro,Z" "-v" "/var/lib/crater-agent-workspace/cargo-home:/opt/rustwide/cargo-home:ro,Z" "-v" "/var/lib/crater-agent-workspace/rustup-home:/opt/rustwide/rustup-home:ro,Z" "-e" "SOURCE_DIR=/opt/rustwide/workdir" "-e" "CARGO_TARGET_DIR=/opt/rustwide/target" "-e" "CARGO_INCREMENTAL=0" "-e" "RUST_BACKTRACE=full" "-e" "RUSTFLAGS=--cap-lints=forbid" "-e" "RUSTDOCFLAGS=--cap-lints=forbid" "-e" "CARGO_HOME=/opt/rustwide/cargo-home" "-e" "RUSTUP_HOME=/opt/rustwide/rustup-home" "-w" "/opt/rustwide/workdir" "-m" "1610612736" "--user" "0:0" "--network" "none" "ghcr.io/rust-lang/crates-build-env/linux@sha256:4a844ea9eb2546a2d2c7022eacef16ef2e8229c7fbb2c7d4d55a9ceca922f72d" "/opt/rustwide/cargo-home/bin/cargo" "+nightly-2024-10-28" "test" "--frozen", kill_on_drop: false }`
[INFO] [stdout] f7b05e7f63fb6f1a18ece3bcb0eafd5e464a58196eb6e67eed38fd1c62744edd
[INFO] running `Command { std: "docker" "start" "-a" "f7b05e7f63fb6f1a18ece3bcb0eafd5e464a58196eb6e67eed38fd1c62744edd", kill_on_drop: false }`
[INFO] [stderr] warning: macro `FromPyObject` is private
[INFO] [stderr]   --> examples/pkt.rs:9:5
[INFO] [stderr]    |
[INFO] [stderr] 9  | /     make_header!(
[INFO] [stderr] 10 | |     MyHeader 4
[INFO] [stderr] 11 | |     (
[INFO] [stderr] 12 | |         field_1: 0-2,
[INFO] [stderr] ...  |
[INFO] [stderr] 17 | |     vec![0x0, 0xa, 0x8, 0x0]      // <= optional default data
[INFO] [stderr] 18 | |     );
[INFO] [stderr]    | |_____^
[INFO] [stderr]    |
[INFO] [stderr]    = warning: this was previously accepted by the compiler but is being phased out; it will become a hard error in a future release!
[INFO] [stderr]    = note: for more information, see issue #120192 <https://github.com/rust-lang/rust/issues/120192>
[INFO] [stderr]    = note: `#[warn(private_macro_use)]` on by default
[INFO] [stderr]    = note: this warning originates in the macro `make_header` (in Nightly builds, run with -Z macro-backtrace for more info)
[INFO] [stderr] 
[INFO] [stderr] warning: macro `pyclass` is private
[INFO] [stderr]   --> examples/pkt.rs:9:5
[INFO] [stderr]    |
[INFO] [stderr] 9  | /     make_header!(
[INFO] [stderr] 10 | |     MyHeader 4
[INFO] [stdout] 
[INFO] [stderr] 11 | |     (
[INFO] [stdout] running 6 tests
[INFO] [stderr] 12 | |         field_1: 0-2,
[INFO] [stdout] test headers::test_header_get ... ok
[INFO] [stderr] ...  |
[INFO] [stdout] test packet::ipv4_1 ... ok
[INFO] [stderr] 17 | |     vec![0x0, 0xa, 0x8, 0x0]      // <= optional default data
[INFO] [stdout] test headers::test_header_set ... ok
[INFO] [stderr] 18 | |     );
[INFO] [stdout] test packet::mac_1 ... ok
[INFO] [stderr]    | |_____^
[INFO] [stderr]    |
[INFO] [stderr]    = warning: this was previously accepted by the compiler but is being phased out; it will become a hard error in a future release!
[INFO] [stderr]    = note: for more information, see issue #120192 <https://github.com/rust-lang/rust/issues/120192>
[INFO] [stderr]    = note: this warning originates in the macro `make_header` (in Nightly builds, run with -Z macro-backtrace for more info)
[INFO] [stderr] 
[INFO] [stderr] warning: macro `pymethods` is private
[INFO] [stderr]   --> examples/pkt.rs:9:5
[INFO] [stderr]    |
[INFO] [stderr] 9  | /     make_header!(
[INFO] [stderr] 10 | |     MyHeader 4
[INFO] [stderr] 11 | |     (
[INFO] [stderr] 12 | |         field_1: 0-2,
[INFO] [stderr] ...  |
[INFO] [stderr] 17 | |     vec![0x0, 0xa, 0x8, 0x0]      // <= optional default data
[INFO] [stderr] 18 | |     );
[INFO] [stderr]    | |_____^
[INFO] [stderr]    |
[INFO] [stderr]    = warning: this was previously accepted by the compiler but is being phased out; it will become a hard error in a future release!
[INFO] [stderr]    = note: for more information, see issue #120192 <https://github.com/rust-lang/rust/issues/120192>
[INFO] [stderr]    = note: this warning originates in the macro `make_header` (in Nightly builds, run with -Z macro-backtrace for more info)
[INFO] [stderr] 
[INFO] [stderr] warning: macro `new` is private
[INFO] [stderr]   --> examples/pkt.rs:9:5
[INFO] [stderr]    |
[INFO] [stderr] 9  | /     make_header!(
[INFO] [stderr] 10 | |     MyHeader 4
[INFO] [stderr] 11 | |     (
[INFO] [stderr] 12 | |         field_1: 0-2,
[INFO] [stderr] ...  |
[INFO] [stderr] 17 | |     vec![0x0, 0xa, 0x8, 0x0]      // <= optional default data
[INFO] [stderr] 18 | |     );
[INFO] [stderr]    | |_____^
[INFO] [stderr]    |
[INFO] [stderr]    = warning: this was previously accepted by the compiler but is being phased out; it will become a hard error in a future release!
[INFO] [stderr]    = note: for more information, see issue #120192 <https://github.com/rust-lang/rust/issues/120192>
[INFO] [stderr]    = note: this warning originates in the macro `make_header` (in Nightly builds, run with -Z macro-backtrace for more info)
[INFO] [stderr] 
[INFO] [stderr] warning: macro `getter` is private
[INFO] [stderr]   --> examples/pkt.rs:9:5
[INFO] [stderr]    |
[INFO] [stderr] 9  | /     make_header!(
[INFO] [stderr] 10 | |     MyHeader 4
[INFO] [stderr] 11 | |     (
[INFO] [stderr] 12 | |         field_1: 0-2,
[INFO] [stderr] ...  |
[INFO] [stderr] 17 | |     vec![0x0, 0xa, 0x8, 0x0]      // <= optional default data
[INFO] [stderr] 18 | |     );
[INFO] [stderr]    | |_____^
[INFO] [stderr]    |
[INFO] [stderr]    = warning: this was previously accepted by the compiler but is being phased out; it will become a hard error in a future release!
[INFO] [stderr]    = note: for more information, see issue #120192 <https://github.com/rust-lang/rust/issues/120192>
[INFO] [stderr]    = note: this warning originates in the macro `make_header` (in Nightly builds, run with -Z macro-backtrace for more info)
[INFO] [stderr] 
[INFO] [stderr] warning: macro `setter` is private
[INFO] [stderr]   --> examples/pkt.rs:9:5
[INFO] [stderr]    |
[INFO] [stderr] 9  | /     make_header!(
[INFO] [stderr] 10 | |     MyHeader 4
[INFO] [stderr] 11 | |     (
[INFO] [stderr] 12 | |         field_1: 0-2,
[INFO] [stderr] ...  |
[INFO] [stderr] 17 | |     vec![0x0, 0xa, 0x8, 0x0]      // <= optional default data
[INFO] [stderr] 18 | |     );
[INFO] [stderr]    | |_____^
[INFO] [stderr]    |
[INFO] [stderr]    = warning: this was previously accepted by the compiler but is being phased out; it will become a hard error in a future release!
[INFO] [stderr]    = note: for more information, see issue #120192 <https://github.com/rust-lang/rust/issues/120192>
[INFO] [stderr]    = note: this warning originates in the macro `make_header` (in Nightly builds, run with -Z macro-backtrace for more info)
[INFO] [stderr] 
[INFO] [stderr] warning: macro `staticmethod` is private
[INFO] [stderr]   --> examples/pkt.rs:9:5
[INFO] [stderr]    |
[INFO] [stderr] 9  | /     make_header!(
[INFO] [stderr] 10 | |     MyHeader 4
[INFO] [stderr] 11 | |     (
[INFO] [stderr] 12 | |         field_1: 0-2,
[INFO] [stderr] ...  |
[INFO] [stderr] 17 | |     vec![0x0, 0xa, 0x8, 0x0]      // <= optional default data
[INFO] [stderr] 18 | |     );
[INFO] [stderr]    | |_____^
[INFO] [stderr]    |
[INFO] [stderr]    = warning: this was previously accepted by the compiler but is being phased out; it will become a hard error in a future release!
[INFO] [stderr]    = note: for more information, see issue #120192 <https://github.com/rust-lang/rust/issues/120192>
[INFO] [stderr]    = note: this warning originates in the macro `make_header` (in Nightly builds, run with -Z macro-backtrace for more info)
[INFO] [stderr] 
[INFO] [stderr] warning: `packet_rs` (example "pkt") generated 10 warnings (3 duplicates)
[INFO] [stderr] warning: macro `FromPyObject` is private
[INFO] [stderr]   --> tests/lib.rs:36:9
[INFO] [stderr]    |
[INFO] [stderr] 36 | /         make_header!(
[INFO] [stderr] 37 | |         MyOwnHeader 10
[INFO] [stderr] 38 | |         (
[INFO] [stderr] 39 | |             bytes_1: 0-7,
[INFO] [stderr] ...  |
[INFO] [stderr] 43 | |         )
[INFO] [stderr] 44 | |         );
[INFO] [stderr]    | |_________^
[INFO] [stderr]    |
[INFO] [stderr]    = warning: this was previously accepted by the compiler but is being phased out; it will become a hard error in a future release!
[INFO] [stderr]    = note: for more information, see issue #120192 <https://github.com/rust-lang/rust/issues/120192>
[INFO] [stderr]    = note: `#[warn(private_macro_use)]` on by default
[INFO] [stderr]    = note: this warning originates in the macro `make_header` (in Nightly builds, run with -Z macro-backtrace for more info)
[INFO] [stderr] 
[INFO] [stderr] warning: macro `pyclass` is private
[INFO] [stderr]   --> tests/lib.rs:36:9
[INFO] [stderr]    |
[INFO] [stderr] 36 | /         make_header!(
[INFO] [stderr] 37 | |         MyOwnHeader 10
[INFO] [stderr] 38 | |         (
[INFO] [stderr] 39 | |             bytes_1: 0-7,
[INFO] [stderr] ...  |
[INFO] [stderr] 43 | |         )
[INFO] [stderr] 44 | |         );
[INFO] [stderr]    | |_________^
[INFO] [stderr]    |
[INFO] [stderr]    = warning: this was previously accepted by the compiler but is being phased out; it will become a hard error in a future release!
[INFO] [stderr]    = note: for more information, see issue #120192 <https://github.com/rust-lang/rust/issues/120192>
[INFO] [stderr]    = note: this warning originates in the macro `make_header` (in Nightly builds, run with -Z macro-backtrace for more info)
[INFO] [stderr] 
[INFO] [stderr] warning: macro `pymethods` is private
[INFO] [stderr]   --> tests/lib.rs:36:9
[INFO] [stderr]    |
[INFO] [stderr] 36 | /         make_header!(
[INFO] [stderr] 37 | |         MyOwnHeader 10
[INFO] [stderr] 38 | |         (
[INFO] [stderr] 39 | |             bytes_1: 0-7,
[INFO] [stderr] ...  |
[INFO] [stderr] 43 | |         )
[INFO] [stderr] 44 | |         );
[INFO] [stderr]    | |_________^
[INFO] [stderr]    |
[INFO] [stderr]    = warning: this was previously accepted by the compiler but is being phased out; it will become a hard error in a future release!
[INFO] [stderr]    = note: for more information, see issue #120192 <https://github.com/rust-lang/rust/issues/120192>
[INFO] [stderr]    = note: this warning originates in the macro `make_header` (in Nightly builds, run with -Z macro-backtrace for more info)
[INFO] [stderr] 
[INFO] [stderr] warning: macro `new` is private
[INFO] [stderr]   --> tests/lib.rs:36:9
[INFO] [stderr]    |
[INFO] [stderr] 36 | /         make_header!(
[INFO] [stderr] 37 | |         MyOwnHeader 10
[INFO] [stderr] 38 | |         (
[INFO] [stderr] 39 | |             bytes_1: 0-7,
[INFO] [stderr] ...  |
[INFO] [stderr] 43 | |         )
[INFO] [stderr] 44 | |         );
[INFO] [stderr]    | |_________^
[INFO] [stderr]    |
[INFO] [stderr]    = warning: this was previously accepted by the compiler but is being phased out; it will become a hard error in a future release!
[INFO] [stderr]    = note: for more information, see issue #120192 <https://github.com/rust-lang/rust/issues/120192>
[INFO] [stderr]    = note: this warning originates in the macro `make_header` (in Nightly builds, run with -Z macro-backtrace for more info)
[INFO] [stderr] 
[INFO] [stderr] warning: macro `getter` is private
[INFO] [stderr]   --> tests/lib.rs:36:9
[INFO] [stderr]    |
[INFO] [stderr] 36 | /         make_header!(
[INFO] [stderr] 37 | |         MyOwnHeader 10
[INFO] [stderr] 38 | |         (
[INFO] [stderr] 39 | |             bytes_1: 0-7,
[INFO] [stderr] ...  |
[INFO] [stderr] 43 | |         )
[INFO] [stderr] 44 | |         );
[INFO] [stderr]    | |_________^
[INFO] [stderr]    |
[INFO] [stderr]    = warning: this was previously accepted by the compiler but is being phased out; it will become a hard error in a future release!
[INFO] [stderr]    = note: for more information, see issue #120192 <https://github.com/rust-lang/rust/issues/120192>
[INFO] [stderr]    = note: this warning originates in the macro `make_header` (in Nightly builds, run with -Z macro-backtrace for more info)
[INFO] [stderr] 
[INFO] [stderr] warning: macro `setter` is private
[INFO] [stderr]   --> tests/lib.rs:36:9
[INFO] [stderr]    |
[INFO] [stderr] 36 | /         make_header!(
[INFO] [stderr] 37 | |         MyOwnHeader 10
[INFO] [stderr] 38 | |         (
[INFO] [stderr] 39 | |             bytes_1: 0-7,
[INFO] [stderr] ...  |
[INFO] [stderr] 43 | |         )
[INFO] [stderr] 44 | |         );
[INFO] [stderr]    | |_________^
[INFO] [stderr]    |
[INFO] [stderr]    = warning: this was previously accepted by the compiler but is being phased out; it will become a hard error in a future release!
[INFO] [stderr]    = note: for more information, see issue #120192 <https://github.com/rust-lang/rust/issues/120192>
[INFO] [stderr]    = note: this warning originates in the macro `make_header` (in Nightly builds, run with -Z macro-backtrace for more info)
[INFO] [stderr] 
[INFO] [stderr] warning: macro `staticmethod` is private
[INFO] [stderr]   --> tests/lib.rs:36:9
[INFO] [stderr]    |
[INFO] [stderr] 36 | /         make_header!(
[INFO] [stderr] 37 | |         MyOwnHeader 10
[INFO] [stderr] 38 | |         (
[INFO] [stderr] 39 | |             bytes_1: 0-7,
[INFO] [stderr] ...  |
[INFO] [stderr] 43 | |         )
[INFO] [stderr] 44 | |         );
[INFO] [stderr]    | |_________^
[INFO] [stderr]    |
[INFO] [stderr]    = warning: this was previously accepted by the compiler but is being phased out; it will become a hard error in a future release!
[INFO] [stderr]    = note: for more information, see issue #120192 <https://github.com/rust-lang/rust/issues/120192>
[INFO] [stderr]    = note: this warning originates in the macro `make_header` (in Nightly builds, run with -Z macro-backtrace for more info)
[INFO] [stderr] 
[INFO] [stderr] warning: `packet_rs` (test "lib") generated 10 warnings (3 duplicates)
[INFO] [stderr]     Finished `test` profile [unoptimized + debuginfo] target(s) in 0.02s
[INFO] [stderr]      Running unittests src/lib.rs (/opt/rustwide/target/debug/deps/packet_rs-c75db7febfa3204c)
[INFO] [stderr]      Running tests/lib.rs (/opt/rustwide/target/debug/deps/lib-293af285a861ea6e)
[INFO] [stdout] test packet::set_get_octets_test ... ok
[INFO] [stdout] test packet::ipv6_1 ... ok
[INFO] [stdout] 
[INFO] [stdout] test result: ok. 6 passed; 0 failed; 0 ignored; 0 measured; 0 filtered out; finished in 0.01s
[INFO] [stdout] 
[INFO] [stdout] 
[INFO] [stdout] running 12 tests
[INFO] [stdout] test tests::custom_header_test ... ok
[INFO] [stdout] test tests::arp_header_test ... ok
[INFO] [stdout] test tests::ethernet_header_test ... ok
[INFO] [stdout] test tests::ip_header_test ... ok
[INFO] [stdout] test tests::vxlan_header_test ... ok
[INFO] [stdout] test tests::update_packet_test ... ok
[INFO] [stdout] test tests::vlan_header_test ... ok
[INFO] [stdout] test tests::create_packet_test ... FAILED
[INFO] [stdout] test tests::parse_slice_test ... ok
[INFO] [stdout] test tests::ip_checksum_test ... ok
[INFO] [stdout] test tests::parse_test ... ok
[INFO] [stdout] test tests::pktgen_perf_test ... ok
[INFO] [stdout] 
[INFO] [stdout] failures:
[INFO] [stdout] 
[INFO] [stdout] ---- tests::create_packet_test stdout ----
[INFO] [stdout] thread 'tests::create_packet_test' panicked at tests/pcap.rs:19:10:
[INFO] [stdout] called `Result::unwrap()` on an `Err` value: Os { code: 30, kind: ReadOnlyFilesystem, message: "Read-only file system" }
[INFO] [stdout] stack backtrace:
[INFO] [stdout]    0:     0x5e0a5fd9122a - std::backtrace_rs::backtrace::libunwind::trace::h207520d6e9873551
[INFO] [stdout]                                at /rustc/df4ca44d3fbc9301ee17f30f4d474e6ae4b05252/library/std/src/../../backtrace/src/backtrace/libunwind.rs:116:5
[INFO] [stdout]    1:     0x5e0a5fd9122a - std::backtrace_rs::backtrace::trace_unsynchronized::h2ed7433f370e3eca
[INFO] [stdout]                                at /rustc/df4ca44d3fbc9301ee17f30f4d474e6ae4b05252/library/std/src/../../backtrace/src/backtrace/mod.rs:66:5
[INFO] [stdout]    2:     0x5e0a5fd9122a - std::sys::backtrace::_print_fmt::h916fac51166b18d7
[INFO] [stdout]                                at /rustc/df4ca44d3fbc9301ee17f30f4d474e6ae4b05252/library/std/src/sys/backtrace.rs:66:9
[INFO] [stdout]    3:     0x5e0a5fd9122a - <std::sys::backtrace::BacktraceLock::print::DisplayBacktrace as core::fmt::Display>::fmt::ha0a4c9b8ce3802e6
[INFO] [stdout]                                at /rustc/df4ca44d3fbc9301ee17f30f4d474e6ae4b05252/library/std/src/sys/backtrace.rs:39:26
[INFO] [stdout]    4:     0x5e0a5fdb8253 - core::fmt::rt::Argument::fmt::h4cfc8587d52b3eb5
[INFO] [stdout]                                at /rustc/df4ca44d3fbc9301ee17f30f4d474e6ae4b05252/library/core/src/fmt/rt.rs:177:76
[INFO] [stdout]    5:     0x5e0a5fdb8253 - core::fmt::write::h522cc39e5b36ae9f
[INFO] [stdout]                                at /rustc/df4ca44d3fbc9301ee17f30f4d474e6ae4b05252/library/core/src/fmt/mod.rs:1190:21
[INFO] [stdout]    6:     0x5e0a5fd8de93 - std::io::Write::write_fmt::h7d3c26752da97734
[INFO] [stdout]                                at /rustc/df4ca44d3fbc9301ee17f30f4d474e6ae4b05252/library/std/src/io/mod.rs:1839:15
[INFO] [stdout]    7:     0x5e0a5fd91072 - std::sys::backtrace::BacktraceLock::print::h4b9e00b29e9c0942
[INFO] [stdout]                                at /rustc/df4ca44d3fbc9301ee17f30f4d474e6ae4b05252/library/std/src/sys/backtrace.rs:42:9
[INFO] [stdout]    8:     0x5e0a5fd926ba - std::panicking::default_hook::{{closure}}::hb59b88280d0324d9
[INFO] [stdout]                                at /rustc/df4ca44d3fbc9301ee17f30f4d474e6ae4b05252/library/std/src/panicking.rs:268:22
[INFO] [stdout]    9:     0x5e0a5fd924c4 - std::panicking::default_hook::he1dd496665be4a29
[INFO] [stdout]                                at /rustc/df4ca44d3fbc9301ee17f30f4d474e6ae4b05252/library/std/src/panicking.rs:292:9
[INFO] [stdout]   10:     0x5e0a5fc4b8f9 - <alloc::boxed::Box<F,A> as core::ops::function::Fn<Args>>::call::h4ff71de18744e1dc
[INFO] [stdout]                                at /rustc/df4ca44d3fbc9301ee17f30f4d474e6ae4b05252/library/alloc/src/boxed.rs:2468:9
[INFO] [stdout]   11:     0x5e0a5fc4b8f9 - test::test_main::{{closure}}::hcf7c055ce117aa81
[INFO] [stdout]                                at /rustc/df4ca44d3fbc9301ee17f30f4d474e6ae4b05252/library/test/src/lib.rs:133:21
[INFO] [stdout]   12:     0x5e0a5fd92db8 - <alloc::boxed::Box<F,A> as core::ops::function::Fn<Args>>::call::h1d66c6bbd60c9692
[INFO] [stdout]                                at /rustc/df4ca44d3fbc9301ee17f30f4d474e6ae4b05252/library/alloc/src/boxed.rs:2468:9
[INFO] [stdout]   13:     0x5e0a5fd92db8 - std::panicking::rust_panic_with_hook::h2ff17fe8f26dfcf8
[INFO] [stdout]                                at /rustc/df4ca44d3fbc9301ee17f30f4d474e6ae4b05252/library/std/src/panicking.rs:809:13
[INFO] [stdout]   14:     0x5e0a5fd92b7a - std::panicking::begin_panic_handler::{{closure}}::h4fad77951c07e101
[INFO] [stdout]                                at /rustc/df4ca44d3fbc9301ee17f30f4d474e6ae4b05252/library/std/src/panicking.rs:674:13
[INFO] [stdout]   15:     0x5e0a5fd91709 - std::sys::backtrace::__rust_end_short_backtrace::hb1a25b3da5d0ea08
[INFO] [stdout]                                at /rustc/df4ca44d3fbc9301ee17f30f4d474e6ae4b05252/library/std/src/sys/backtrace.rs:170:18
[INFO] [stdout]   16:     0x5e0a5fd9280c - rust_begin_unwind
[INFO] [stdout]                                at /rustc/df4ca44d3fbc9301ee17f30f4d474e6ae4b05252/library/std/src/panicking.rs:665:5
[INFO] [stdout]   17:     0x5e0a5fdb6c50 - core::panicking::panic_fmt::ha9db07b529f9b256
[INFO] [stdout]                                at /rustc/df4ca44d3fbc9301ee17f30f4d474e6ae4b05252/library/core/src/panicking.rs:75:14
[INFO] [stdout]   18:     0x5e0a5fdb7096 - core::result::unwrap_failed::h5e8218e4d4338b8a
[INFO] [stdout]                                at /rustc/df4ca44d3fbc9301ee17f30f4d474e6ae4b05252/library/core/src/result.rs:1698:5
[INFO] [stdout]   19:     0x5e0a5fc0d74b - core::result::Result<T,E>::unwrap::hac6f21620f2707db
[INFO] [stdout]                                at /rustc/df4ca44d3fbc9301ee17f30f4d474e6ae4b05252/library/core/src/result.rs:1103:23
[INFO] [stdout]   20:     0x5e0a5fc0d74b - lib::pcap::pcap_write::hacca0f1da762891c
[INFO] [stdout]                                at /opt/rustwide/workdir/tests/pcap.rs:14:20
[INFO] [stdout]   21:     0x5e0a5fc08735 - lib::tests::create_packet_test::ha4671f8262cd5370
[INFO] [stdout]                                at /opt/rustwide/workdir/tests/lib.rs:672:9
[INFO] [stdout]   22:     0x5e0a5fc06357 - lib::tests::create_packet_test::{{closure}}::h7eb1f46ecf58e0fc
[INFO] [stdout]                                at /opt/rustwide/workdir/tests/lib.rs:220:28
[INFO] [stdout]   23:     0x5e0a5fc0efd6 - core::ops::function::FnOnce::call_once::h96678a79bdac0634
[INFO] [stdout]                                at /rustc/df4ca44d3fbc9301ee17f30f4d474e6ae4b05252/library/core/src/ops/function.rs:250:5
[INFO] [stdout]   24:     0x5e0a5fc501cb - core::ops::function::FnOnce::call_once::h22c3ba5715e93f05
[INFO] [stdout]                                at /rustc/df4ca44d3fbc9301ee17f30f4d474e6ae4b05252/library/core/src/ops/function.rs:250:5
[INFO] [stdout]   25:     0x5e0a5fc501cb - test::__rust_begin_short_backtrace::h8e82d8113d0da17f
[INFO] [stdout]                                at /rustc/df4ca44d3fbc9301ee17f30f4d474e6ae4b05252/library/test/src/lib.rs:621:18
[INFO] [stdout]   26:     0x5e0a5fc4fb47 - test::run_test_in_process::{{closure}}::h33235f4f20b7b7c7
[INFO] [stdout]                                at /rustc/df4ca44d3fbc9301ee17f30f4d474e6ae4b05252/library/test/src/lib.rs:644:60
[INFO] [stdout]   27:     0x5e0a5fc4fb47 - <core::panic::unwind_safe::AssertUnwindSafe<F> as core::ops::function::FnOnce<()>>::call_once::hb5043206310c586f
[INFO] [stdout]                                at /rustc/df4ca44d3fbc9301ee17f30f4d474e6ae4b05252/library/core/src/panic/unwind_safe.rs:272:9
[INFO] [stdout]   28:     0x5e0a5fc4fb47 - std::panicking::try::do_call::h9ad4731a60ab23e2
[INFO] [stdout]                                at /rustc/df4ca44d3fbc9301ee17f30f4d474e6ae4b05252/library/std/src/panicking.rs:557:40
[INFO] [stdout]   29:     0x5e0a5fc4fb47 - std::panicking::try::h3824d23db772a716
[INFO] [stdout]                                at /rustc/df4ca44d3fbc9301ee17f30f4d474e6ae4b05252/library/std/src/panicking.rs:520:19
[INFO] [stdout]   30:     0x5e0a5fc4fb47 - std::panic::catch_unwind::h5afd514605fde46b
[INFO] [stdout]                                at /rustc/df4ca44d3fbc9301ee17f30f4d474e6ae4b05252/library/std/src/panic.rs:358:14
[INFO] [stdout]   31:     0x5e0a5fc4fb47 - test::run_test_in_process::h0d5cbfa7067d1720
[INFO] [stdout]                                at /rustc/df4ca44d3fbc9301ee17f30f4d474e6ae4b05252/library/test/src/lib.rs:644:27
[INFO] [stdout]   32:     0x5e0a5fc4fb47 - test::run_test::{{closure}}::h708eb8872708115d
[INFO] [stdout]                                at /rustc/df4ca44d3fbc9301ee17f30f4d474e6ae4b05252/library/test/src/lib.rs:565:43
[INFO] [stdout]   33:     0x5e0a5fc13264 - test::run_test::{{closure}}::h392c51cee94713ab
[INFO] [stdout]                                at /rustc/df4ca44d3fbc9301ee17f30f4d474e6ae4b05252/library/test/src/lib.rs:595:41
[INFO] [stdout]   34:     0x5e0a5fc13264 - std::sys::backtrace::__rust_begin_short_backtrace::h2f40290710935a8b
[INFO] [stdout]                                at /rustc/df4ca44d3fbc9301ee17f30f4d474e6ae4b05252/library/std/src/sys/backtrace.rs:154:18
[INFO] [stdout]   35:     0x5e0a5fc16a0e - std::thread::Builder::spawn_unchecked_::{{closure}}::{{closure}}::h3fd968d89053a903
[INFO] [stdout]                                at /rustc/df4ca44d3fbc9301ee17f30f4d474e6ae4b05252/library/std/src/thread/mod.rs:541:17
[INFO] [stdout]   36:     0x5e0a5fc16a0e - <core::panic::unwind_safe::AssertUnwindSafe<F> as core::ops::function::FnOnce<()>>::call_once::h743f637ba4229880
[INFO] [stdout]                                at /rustc/df4ca44d3fbc9301ee17f30f4d474e6ae4b05252/library/core/src/panic/unwind_safe.rs:272:9
[INFO] [stdout]   37:     0x5e0a5fc16a0e - std::panicking::try::do_call::h07440897322525a6
[INFO] [stdout]                                at /rustc/df4ca44d3fbc9301ee17f30f4d474e6ae4b05252/library/std/src/panicking.rs:557:40
[INFO] [stdout]   38:     0x5e0a5fc16a0e - std::panicking::try::he5a2e00188156637
[INFO] [stdout]                                at /rustc/df4ca44d3fbc9301ee17f30f4d474e6ae4b05252/library/std/src/panicking.rs:520:19
[INFO] [stdout]   39:     0x5e0a5fc16a0e - std::panic::catch_unwind::hbaf3cae49b3c6433
[INFO] [stdout]                                at /rustc/df4ca44d3fbc9301ee17f30f4d474e6ae4b05252/library/std/src/panic.rs:358:14
[INFO] [stdout]   40:     0x5e0a5fc16a0e - std::thread::Builder::spawn_unchecked_::{{closure}}::h8e141ea224820bce
[INFO] [stdout]                                at /rustc/df4ca44d3fbc9301ee17f30f4d474e6ae4b05252/library/std/src/thread/mod.rs:540:30
[INFO] [stdout]   41:     0x5e0a5fc16a0e - core::ops::function::FnOnce::call_once{{vtable.shim}}::h90d312fedd7b8ea8
[INFO] [stdout]                                at /rustc/df4ca44d3fbc9301ee17f30f4d474e6ae4b05252/library/core/src/ops/function.rs:250:5
[INFO] [stdout]   42:     0x5e0a5fd96bbb - <alloc::boxed::Box<F,A> as core::ops::function::FnOnce<Args>>::call_once::h69aa08ddb6adb8b6
[INFO] [stdout]                                at /rustc/df4ca44d3fbc9301ee17f30f4d474e6ae4b05252/library/alloc/src/boxed.rs:2454:9
[INFO] [stdout]   43:     0x5e0a5fd96bbb - <alloc::boxed::Box<F,A> as core::ops::function::FnOnce<Args>>::call_once::h5aa36efdb79c806f
[INFO] [stdout]                                at /rustc/df4ca44d3fbc9301ee17f30f4d474e6ae4b05252/library/alloc/src/boxed.rs:2454:9
[INFO] [stdout]   44:     0x5e0a5fd96bbb - std::sys::pal::unix::thread::Thread::new::thread_start::h6cd80a1b4be5158d
[INFO] [stdout]                                at /rustc/df4ca44d3fbc9301ee17f30f4d474e6ae4b05252/library/std/src/sys/pal/unix/thread.rs:105:17
[INFO] [stdout]   45:     0x726d320e5ac3 - <unknown>
[INFO] [stdout]   46:     0x726d32176a04 - clone
[INFO] [stdout]   47:                0x0 - <unknown>
[INFO] [stdout] 
[INFO] [stdout] 
[INFO] [stdout] failures:
[INFO] [stdout]     tests::create_packet_test
[INFO] [stdout] 
[INFO] [stdout] test result: FAILED. 11 passed; 1 failed; 0 ignored; 0 measured; 0 filtered out; finished in 7.80s
[INFO] [stdout] 
[INFO] [stderr] error: test failed, to rerun pass `--test lib`
[INFO] running `Command { std: "docker" "inspect" "f7b05e7f63fb6f1a18ece3bcb0eafd5e464a58196eb6e67eed38fd1c62744edd", kill_on_drop: false }`
[INFO] running `Command { std: "docker" "rm" "-f" "f7b05e7f63fb6f1a18ece3bcb0eafd5e464a58196eb6e67eed38fd1c62744edd", kill_on_drop: false }`
[INFO] [stdout] f7b05e7f63fb6f1a18ece3bcb0eafd5e464a58196eb6e67eed38fd1c62744edd
