[INFO] fetching crate oxide-api 0.1.0-rc.41...
[INFO] testing oxide-api-0.1.0-rc.41 against nightly-2024-10-28+rustflags=-Zrandomize-layout for randomize-layout
[INFO] extracting crate oxide-api 0.1.0-rc.41 into /workspace/builds/worker-2-tc2/source
[INFO] validating manifest of crates.io crate oxide-api 0.1.0-rc.41 on toolchain nightly-2024-10-28
[INFO] running `Command { std: CARGO_HOME="/workspace/cargo-home" RUSTUP_HOME="/workspace/rustup-home" "/workspace/cargo-home/bin/cargo" "+nightly-2024-10-28" "metadata" "--manifest-path" "Cargo.toml" "--no-deps", kill_on_drop: false }`
[INFO] started tweaking crates.io crate oxide-api 0.1.0-rc.41
[INFO] finished tweaking crates.io crate oxide-api 0.1.0-rc.41
[INFO] tweaked toml for crates.io crate oxide-api 0.1.0-rc.41 written to /workspace/builds/worker-2-tc2/source/Cargo.toml
[INFO] running `Command { std: CARGO_HOME="/workspace/cargo-home" RUSTUP_HOME="/workspace/rustup-home" "/workspace/cargo-home/bin/cargo" "+nightly-2024-10-28" "generate-lockfile" "--manifest-path" "Cargo.toml", kill_on_drop: false }`
[INFO] [stderr]     Updating crates.io index
[INFO] [stderr]      Locking 199 packages to latest compatible versions
[INFO] [stderr]       Adding base64 v0.13.1 (available: v0.22.1)
[INFO] [stderr]       Adding bytes v1.1.0 (available: v1.8.0)
[INFO] [stderr]       Adding dirs v4.0.0 (available: v5.0.1)
[INFO] [stderr]       Adding form_urlencoded v1.0.1 (available: v1.2.1)
[INFO] [stderr]       Adding http v0.2.12 (available: v1.1.0)
[INFO] [stderr]       Adding ipnetwork v0.18.0 (available: v0.20.0)
[INFO] [stderr]       Adding parse-display v0.5.5 (available: v0.10.0)
[INFO] [stderr]       Adding percent-encoding v2.1.0 (available: v2.3.1)
[INFO] [stderr]       Adding reqwest v0.11.27 (available: v0.12.9)
[INFO] [stderr]       Adding serde_with v1.14.0 (available: v3.11.0)
[INFO] [stderr]       Adding tabled v0.5.0 (available: v0.16.0)
[INFO] [stderr]       Adding unicase v2.6.0 (available: v2.8.0)
[INFO] [stderr]       Adding url v2.3.0 (available: v2.5.2)
[INFO] [stderr]       Adding uuid v0.8.2 (available: v1.11.0)
[INFO] running `Command { std: CARGO_HOME="/workspace/cargo-home" RUSTUP_HOME="/workspace/rustup-home" "/workspace/cargo-home/bin/cargo" "+nightly-2024-10-28" "fetch" "--manifest-path" "Cargo.toml", kill_on_drop: false }`
[INFO] running `Command { std: "docker" "create" "-v" "/var/lib/crater-agent-workspace/builds/worker-2-tc2/target:/opt/rustwide/target:rw,Z" "-v" "/var/lib/crater-agent-workspace/builds/worker-2-tc2/source:/opt/rustwide/workdir:ro,Z" "-v" "/var/lib/crater-agent-workspace/cargo-home:/opt/rustwide/cargo-home:ro,Z" "-v" "/var/lib/crater-agent-workspace/rustup-home:/opt/rustwide/rustup-home:ro,Z" "-e" "SOURCE_DIR=/opt/rustwide/workdir" "-e" "CARGO_TARGET_DIR=/opt/rustwide/target" "-e" "CARGO_HOME=/opt/rustwide/cargo-home" "-e" "RUSTUP_HOME=/opt/rustwide/rustup-home" "-w" "/opt/rustwide/workdir" "-m" "1610612736" "--user" "0:0" "--network" "none" "ghcr.io/rust-lang/crates-build-env/linux@sha256:4a844ea9eb2546a2d2c7022eacef16ef2e8229c7fbb2c7d4d55a9ceca922f72d" "/opt/rustwide/cargo-home/bin/cargo" "+nightly-2024-10-28" "metadata" "--no-deps" "--format-version=1", kill_on_drop: false }`
[INFO] [stdout] b23aec5df247b1ad42c341e68f29ee58372c447abd8219f1d84251298daa6e0a
[INFO] running `Command { std: "docker" "start" "-a" "b23aec5df247b1ad42c341e68f29ee58372c447abd8219f1d84251298daa6e0a", kill_on_drop: false }`
[INFO] running `Command { std: "docker" "inspect" "b23aec5df247b1ad42c341e68f29ee58372c447abd8219f1d84251298daa6e0a", kill_on_drop: false }`
[INFO] running `Command { std: "docker" "rm" "-f" "b23aec5df247b1ad42c341e68f29ee58372c447abd8219f1d84251298daa6e0a", kill_on_drop: false }`
[INFO] [stdout] b23aec5df247b1ad42c341e68f29ee58372c447abd8219f1d84251298daa6e0a
[INFO] running `Command { std: "docker" "create" "-v" "/var/lib/crater-agent-workspace/builds/worker-2-tc2/target:/opt/rustwide/target:rw,Z" "-v" "/var/lib/crater-agent-workspace/builds/worker-2-tc2/source:/opt/rustwide/workdir:ro,Z" "-v" "/var/lib/crater-agent-workspace/cargo-home:/opt/rustwide/cargo-home:ro,Z" "-v" "/var/lib/crater-agent-workspace/rustup-home:/opt/rustwide/rustup-home:ro,Z" "-e" "SOURCE_DIR=/opt/rustwide/workdir" "-e" "CARGO_TARGET_DIR=/opt/rustwide/target" "-e" "CARGO_INCREMENTAL=0" "-e" "RUST_BACKTRACE=full" "-e" "RUSTFLAGS=--cap-lints=forbid -Zrandomize-layout" "-e" "RUSTDOCFLAGS=--cap-lints=forbid" "-e" "CARGO_HOME=/opt/rustwide/cargo-home" "-e" "RUSTUP_HOME=/opt/rustwide/rustup-home" "-w" "/opt/rustwide/workdir" "-m" "1610612736" "--user" "0:0" "--network" "none" "ghcr.io/rust-lang/crates-build-env/linux@sha256:4a844ea9eb2546a2d2c7022eacef16ef2e8229c7fbb2c7d4d55a9ceca922f72d" "/opt/rustwide/cargo-home/bin/cargo" "+nightly-2024-10-28" "build" "--frozen" "--message-format=json", kill_on_drop: false }`
[INFO] [stdout] 4b2fec9f54f0bdd5dd2bd0fcb1c5e837b7a48645c9ffda733109899140a45c96
[INFO] running `Command { std: "docker" "start" "-a" "4b2fec9f54f0bdd5dd2bd0fcb1c5e837b7a48645c9ffda733109899140a45c96", kill_on_drop: false }`
[INFO] [stderr]    Compiling serde v1.0.214
[INFO] [stderr]    Compiling libc v0.2.161
[INFO] [stderr]    Compiling autocfg v1.4.0
[INFO] [stderr]    Compiling version_check v0.9.5
[INFO] [stderr]    Compiling memchr v2.7.4
[INFO] [stderr]    Compiling shlex v1.3.0
[INFO] [stderr]    Compiling itoa v1.0.11
[INFO] [stderr]    Compiling typenum v1.17.0
[INFO] [stderr]    Compiling pin-project-lite v0.2.15
[INFO] [stderr]    Compiling parking_lot_core v0.9.10
[INFO] [stderr]    Compiling smallvec v1.13.2
[INFO] [stderr]    Compiling once_cell v1.20.2
[INFO] [stderr]    Compiling untrusted v0.9.0
[INFO] [stderr]    Compiling spin v0.9.8
[INFO] [stderr]    Compiling futures-core v0.3.31
[INFO] [stderr]    Compiling syn v2.0.86
[INFO] [stderr]    Compiling syn v1.0.109
[INFO] [stderr]    Compiling matches v0.1.10
[INFO] [stderr]    Compiling version_check v0.1.5
[INFO] [stderr]    Compiling cc v1.1.31
[INFO] [stderr]    Compiling tinyvec v1.8.0
[INFO] [stderr]    Compiling httparse v1.9.5
[INFO] [stderr]    Compiling tracing-core v0.1.32
[INFO] [stderr]    Compiling heapless v0.5.6
[INFO] [stderr]    Compiling futures-task v0.3.31
[INFO] [stderr]    Compiling strsim v0.10.0
[INFO] [stderr]    Compiling hashbrown v0.15.0
[INFO] [stderr]    Compiling rustls v0.21.12
[INFO] [stderr]    Compiling generic-array v0.14.7
[INFO] [stderr]    Compiling unicase v2.6.0
[INFO] [stderr]    Compiling nom v4.2.3
[INFO] [stderr]    Compiling stable_deref_trait v1.2.0
[INFO] [stderr]    Compiling byteorder v1.5.0
[INFO] [stderr]    Compiling lock_api v0.4.12
[INFO] [stderr]    Compiling slab v0.4.9
[INFO] [stderr]    Compiling num-traits v0.2.19
[INFO] [stderr]    Compiling futures-sink v0.3.31
[INFO] [stderr]    Compiling equivalent v1.0.1
[INFO] [stderr]    Compiling aho-corasick v1.1.3
[INFO] [stderr]    Compiling tracing v0.1.40
[INFO] [stderr]    Compiling hash32 v0.1.1
[INFO] [stderr]    Compiling futures-util v0.3.31
[INFO] [stderr]    Compiling form_urlencoded v1.0.1
[INFO] [stderr]    Compiling vte_generate_state_changes v0.1.2
[INFO] [stderr]    Compiling serde_json v1.0.132
[INFO] [stderr]    Compiling utf8parse v0.2.2
[INFO] [stderr]    Compiling indexmap v2.6.0
[INFO] [stderr]    Compiling ryu v1.0.18
[INFO] [stderr]    Compiling arrayvec v0.5.2
[INFO] [stderr]    Compiling regex-syntax v0.8.5
[INFO] [stderr]    Compiling unicode-bidi v0.3.17
[INFO] [stderr]    Compiling httpdate v1.0.3
[INFO] [stderr]    Compiling try-lock v0.2.5
[INFO] [stderr]    Compiling getrandom v0.2.15
[INFO] [stderr]    Compiling mio v1.0.2
[INFO] [stderr]    Compiling signal-hook-registry v1.4.2
[INFO] [stderr]    Compiling socket2 v0.5.7
[INFO] [stderr]    Compiling unicode-normalization v0.1.24
[INFO] [stderr]    Compiling generic-array v0.12.4
[INFO] [stderr]    Compiling parking_lot v0.12.3
[INFO] [stderr]    Compiling generic-array v0.13.3
[INFO] [stderr]    Compiling vte v0.10.1
[INFO] [stderr]    Compiling want v0.3.1
[INFO] [stderr]    Compiling mime_guess v2.0.5
[INFO] [stderr]    Compiling as-slice v0.1.5
[INFO] [stderr]    Compiling ring v0.17.8
[INFO] [stderr]    Compiling idna v0.2.3
[INFO] [stderr]    Compiling futures-channel v0.3.31
[INFO] [stderr]    Compiling iana-time-zone v0.1.61
[INFO] [stderr]    Compiling mime v0.3.17
[INFO] [stderr]    Compiling tower-service v0.3.3
[INFO] [stderr]    Compiling unicode-width v0.1.14
[INFO] [stderr]    Compiling schemars v0.8.21
[INFO] [stderr]    Compiling regex-syntax v0.6.29
[INFO] [stderr]    Compiling base64 v0.21.7
[INFO] [stderr]    Compiling hyperx v1.4.0
[INFO] [stderr]    Compiling strip-ansi-escapes v0.1.1
[INFO] [stderr]    Compiling encoding_rs v0.8.35
[INFO] [stderr]    Compiling papergrid v0.2.1
[INFO] [stderr]    Compiling rustls-pemfile v1.0.4
[INFO] [stderr]    Compiling sync_wrapper v0.1.2
[INFO] [stderr]    Compiling base64 v0.13.1
[INFO] [stderr]    Compiling ipnet v2.10.1
[INFO] [stderr]    Compiling dyn-clone v1.0.17
[INFO] [stderr]    Compiling ansi-parser v0.8.0
[INFO] [stderr]    Compiling language-tags v0.3.2
[INFO] [stderr]    Compiling webpki-roots v0.25.4
[INFO] [stderr]    Compiling ansi-str v0.1.1
[INFO] [stderr]    Compiling regex-automata v0.4.8
[INFO] [stderr]    Compiling darling_core v0.13.4
[INFO] [stderr]    Compiling serde_derive_internals v0.29.1
[INFO] [stderr]    Compiling structmeta-derive v0.1.6
[INFO] [stderr]    Compiling tabled_derive v0.2.0
[INFO] [stderr]    Compiling tabled v0.5.0
[INFO] [stderr]    Compiling serde_derive v1.0.214
[INFO] [stderr]    Compiling tokio-macros v2.4.0
[INFO] [stderr]    Compiling thiserror-impl v1.0.66
[INFO] [stderr]    Compiling schemars_derive v0.8.21
[INFO] [stderr]    Compiling structmeta v0.1.6
[INFO] [stderr]    Compiling darling_macro v0.13.4
[INFO] [stderr]    Compiling regex v1.11.1
[INFO] [stderr]    Compiling thiserror v1.0.66
[INFO] [stderr]    Compiling darling v0.13.4
[INFO] [stderr]    Compiling serde_with_macros v1.5.2
[INFO] [stderr]    Compiling sct v0.7.1
[INFO] [stderr]    Compiling rustls-webpki v0.101.7
[INFO] [stderr]    Compiling parse-display-derive v0.5.5
[INFO] [stderr]    Compiling parse-display v0.5.5
[INFO] [stderr]    Compiling bytes v1.1.0
[INFO] [stderr]    Compiling log v0.4.22
[INFO] [stderr]    Compiling url v2.3.0
[INFO] [stderr]    Compiling chrono v0.4.38
[INFO] [stderr]    Compiling serde_urlencoded v0.7.1
[INFO] [stderr]    Compiling uuid v0.8.2
[INFO] [stderr]    Compiling ipnetwork v0.18.0
[INFO] [stderr]    Compiling serde_with v1.14.0
[INFO] [stderr]    Compiling tokio v1.41.0
[INFO] [stderr]    Compiling http v0.2.12
[INFO] [stderr]    Compiling http-body v0.4.6
[INFO] [stderr]    Compiling chrono-humanize v0.2.3
[INFO] [stderr]    Compiling tokio-util v0.7.12
[INFO] [stderr]    Compiling tokio-rustls v0.24.1
[INFO] [stderr]    Compiling h2 v0.3.26
[INFO] [stderr]    Compiling hyper v0.14.31
[INFO] [stderr]    Compiling hyper-rustls v0.24.2
[INFO] [stderr]    Compiling reqwest v0.11.27
[INFO] [stderr]    Compiling oxide-api v0.1.0-rc.41 (/opt/rustwide/workdir)
[INFO] [stdout] warning: the feature `derive_default_enum` has been stable since 1.62.0 and no longer requires an attribute to enable
[INFO] [stdout]   --> src/lib.rs:59:12
[INFO] [stdout]    |
[INFO] [stdout] 59 | #![feature(derive_default_enum)]
[INFO] [stdout]    |            ^^^^^^^^^^^^^^^^^^^
[INFO] [stdout]    |
[INFO] [stdout]    = note: `#[warn(stable_features)]` on by default
[INFO] [stdout] 
[INFO] [stdout] 
[INFO] [stdout] warning: use of deprecated method `chrono::TimeZone::datetime_from_str`: use `DateTime::parse_from_str` or `NaiveDateTime::parse_from_str` with `and_utc()` or `and_local_timezone()` instead
[INFO] [stdout]   --> src/utils.rs:83:31
[INFO] [stdout]    |
[INFO] [stdout] 83 |                     match Utc.datetime_from_str(&s, "%Y-%m-%dT%H:%M:%S%.3fZ") {
[INFO] [stdout]    |                               ^^^^^^^^^^^^^^^^^
[INFO] [stdout]    |
[INFO] [stdout]    = note: `#[warn(deprecated)]` on by default
[INFO] [stdout] 
[INFO] [stdout] 
[INFO] [stdout] warning: use of deprecated method `chrono::TimeZone::datetime_from_str`: use `DateTime::parse_from_str` or `NaiveDateTime::parse_from_str` with `and_utc()` or `and_local_timezone()` instead
[INFO] [stdout]   --> src/utils.rs:85:45
[INFO] [stdout]    |
[INFO] [stdout] 85 |                         Err(_) => match Utc.datetime_from_str(&s, FORMAT) {
[INFO] [stdout]    |                                             ^^^^^^^^^^^^^^^^^
[INFO] [stdout] 
[INFO] [stdout] 
[INFO] [stdout] warning: use of deprecated method `chrono::TimeZone::datetime_from_str`: use `DateTime::parse_from_str` or `NaiveDateTime::parse_from_str` with `and_utc()` or `and_local_timezone()` instead
[INFO] [stdout]   --> src/utils.rs:87:49
[INFO] [stdout]    |
[INFO] [stdout] 87 | ...                   Err(_) => match Utc.datetime_from_str(&s, "%+") {
[INFO] [stdout]    |                                           ^^^^^^^^^^^^^^^^^
[INFO] [stdout] 
[INFO] [stdout] 
[INFO] [stdout] warning: use of deprecated associated function `chrono::DateTime::<Tz>::from_utc`: Use TimeZone::from_utc_datetime() or DateTime::from_naive_utc_and_offset instead
[INFO] [stdout]   --> src/utils.rs:90:71
[INFO] [stdout]    |
[INFO] [stdout] 90 | ...                   Ok(d) => Ok(Some(DateTime::<Utc>::from_utc(
[INFO] [stdout]    |                                                         ^^^^^^^^
[INFO] [stdout] 
[INFO] [stdout] 
[INFO] [stdout] warning: use of deprecated associated function `chrono::NaiveTime::from_hms`: use `from_hms_opt()` instead
[INFO] [stdout]   --> src/utils.rs:93:64
[INFO] [stdout]    |
[INFO] [stdout] 93 | ...                   chrono::NaiveTime::from_hms(0, 0, 0),
[INFO] [stdout]    |                                          ^^^^^^^^
[INFO] [stdout] 
[INFO] [stdout] 
[INFO] [stdout] warning: use of deprecated method `chrono::TimeZone::datetime_from_str`: use `DateTime::parse_from_str` or `NaiveDateTime::parse_from_str` with `and_utc()` or `and_local_timezone()` instead
[INFO] [stdout]   --> src/utils.rs:99:51
[INFO] [stdout]    |
[INFO] [stdout] 99 | ...                   match Utc.datetime_from_str(&s, FORMAT) {
[INFO] [stdout]    |                                 ^^^^^^^^^^^^^^^^^
[INFO] [stdout] 
[INFO] [stdout] 
[INFO] [stdout] warning: use of deprecated method `chrono::TimeZone::datetime_from_str`: use `DateTime::parse_from_str` or `NaiveDateTime::parse_from_str` with `and_utc()` or `and_local_timezone()` instead
[INFO] [stdout]    --> src/utils.rs:101:65
[INFO] [stdout]     |
[INFO] [stdout] 101 | ...                   Err(_) => match Utc.datetime_from_str(&s, "%+") {
[INFO] [stdout]     |                                           ^^^^^^^^^^^^^^^^^
[INFO] [stdout] 
[INFO] [stdout] 
[INFO] [stderr]     Finished `dev` profile [unoptimized + debuginfo] target(s) in 25.20s
[INFO] [stderr] warning: the following packages contain code that will be rejected by a future version of Rust: nom v4.2.3
[INFO] [stderr] note: to see what the problems were, use the option `--future-incompat-report`, or run `cargo report future-incompatibilities --id 1`
[INFO] running `Command { std: "docker" "inspect" "4b2fec9f54f0bdd5dd2bd0fcb1c5e837b7a48645c9ffda733109899140a45c96", kill_on_drop: false }`
[INFO] running `Command { std: "docker" "rm" "-f" "4b2fec9f54f0bdd5dd2bd0fcb1c5e837b7a48645c9ffda733109899140a45c96", kill_on_drop: false }`
[INFO] [stdout] 4b2fec9f54f0bdd5dd2bd0fcb1c5e837b7a48645c9ffda733109899140a45c96
[INFO] running `Command { std: "docker" "create" "-v" "/var/lib/crater-agent-workspace/builds/worker-2-tc2/target:/opt/rustwide/target:rw,Z" "-v" "/var/lib/crater-agent-workspace/builds/worker-2-tc2/source:/opt/rustwide/workdir:ro,Z" "-v" "/var/lib/crater-agent-workspace/cargo-home:/opt/rustwide/cargo-home:ro,Z" "-v" "/var/lib/crater-agent-workspace/rustup-home:/opt/rustwide/rustup-home:ro,Z" "-e" "SOURCE_DIR=/opt/rustwide/workdir" "-e" "CARGO_TARGET_DIR=/opt/rustwide/target" "-e" "CARGO_INCREMENTAL=0" "-e" "RUST_BACKTRACE=full" "-e" "RUSTFLAGS=--cap-lints=forbid -Zrandomize-layout" "-e" "RUSTDOCFLAGS=--cap-lints=forbid" "-e" "CARGO_HOME=/opt/rustwide/cargo-home" "-e" "RUSTUP_HOME=/opt/rustwide/rustup-home" "-w" "/opt/rustwide/workdir" "-m" "1610612736" "--user" "0:0" "--network" "none" "ghcr.io/rust-lang/crates-build-env/linux@sha256:4a844ea9eb2546a2d2c7022eacef16ef2e8229c7fbb2c7d4d55a9ceca922f72d" "/opt/rustwide/cargo-home/bin/cargo" "+nightly-2024-10-28" "test" "--frozen" "--no-run" "--message-format=json", kill_on_drop: false }`
[INFO] [stdout] b6b9dcb2351253df88b0db59b368c5f67fccea9ac01aacc98f09b194cf2e592d
[INFO] running `Command { std: "docker" "start" "-a" "b6b9dcb2351253df88b0db59b368c5f67fccea9ac01aacc98f09b194cf2e592d", kill_on_drop: false }`
[INFO] [stderr]    Compiling dirs-sys v0.3.7
[INFO] [stderr]    Compiling lazy_static v1.5.0
[INFO] [stderr]    Compiling yansi v1.0.1
[INFO] [stderr]    Compiling diff v0.1.13
[INFO] [stderr]    Compiling nom_pem v4.0.0
[INFO] [stdout] warning: the feature `derive_default_enum` has been stable since 1.62.0 and no longer requires an attribute to enable
[INFO] [stdout]   --> src/lib.rs:59:12
[INFO] [stdout]    |
[INFO] [stdout] 59 | #![feature(derive_default_enum)]
[INFO] [stdout]    |            ^^^^^^^^^^^^^^^^^^^
[INFO] [stdout]    |
[INFO] [stdout]    = note: `#[warn(stable_features)]` on by default
[INFO] [stdout] 
[INFO] [stdout] 
[INFO] [stdout] warning: use of deprecated method `chrono::TimeZone::datetime_from_str`: use `DateTime::parse_from_str` or `NaiveDateTime::parse_from_str` with `and_utc()` or `and_local_timezone()` instead
[INFO] [stdout]   --> src/utils.rs:83:31
[INFO] [stdout]    |
[INFO] [stdout] 83 |                     match Utc.datetime_from_str(&s, "%Y-%m-%dT%H:%M:%S%.3fZ") {
[INFO] [stdout]    |                               ^^^^^^^^^^^^^^^^^
[INFO] [stdout]    |
[INFO] [stdout]    = note: `#[warn(deprecated)]` on by default
[INFO] [stdout] 
[INFO] [stdout] 
[INFO] [stdout] warning: use of deprecated method `chrono::TimeZone::datetime_from_str`: use `DateTime::parse_from_str` or `NaiveDateTime::parse_from_str` with `and_utc()` or `and_local_timezone()` instead
[INFO] [stdout]   --> src/utils.rs:85:45
[INFO] [stdout]    |
[INFO] [stdout] 85 |                         Err(_) => match Utc.datetime_from_str(&s, FORMAT) {
[INFO] [stdout]    |                                             ^^^^^^^^^^^^^^^^^
[INFO] [stdout] 
[INFO] [stdout] 
[INFO] [stdout] warning: use of deprecated method `chrono::TimeZone::datetime_from_str`: use `DateTime::parse_from_str` or `NaiveDateTime::parse_from_str` with `and_utc()` or `and_local_timezone()` instead
[INFO] [stdout]   --> src/utils.rs:87:49
[INFO] [stdout]    |
[INFO] [stdout] 87 | ...                   Err(_) => match Utc.datetime_from_str(&s, "%+") {
[INFO] [stdout]    |                                           ^^^^^^^^^^^^^^^^^
[INFO] [stdout] 
[INFO] [stdout] 
[INFO] [stdout] warning: use of deprecated associated function `chrono::DateTime::<Tz>::from_utc`: Use TimeZone::from_utc_datetime() or DateTime::from_naive_utc_and_offset instead
[INFO] [stdout]   --> src/utils.rs:90:71
[INFO] [stdout]    |
[INFO] [stdout] 90 | ...                   Ok(d) => Ok(Some(DateTime::<Utc>::from_utc(
[INFO] [stdout]    |                                                         ^^^^^^^^
[INFO] [stdout] 
[INFO] [stdout] 
[INFO] [stdout] warning: use of deprecated associated function `chrono::NaiveTime::from_hms`: use `from_hms_opt()` instead
[INFO] [stdout]   --> src/utils.rs:93:64
[INFO] [stdout]    |
[INFO] [stdout] 93 | ...                   chrono::NaiveTime::from_hms(0, 0, 0),
[INFO] [stdout]    |                                          ^^^^^^^^
[INFO] [stdout] 
[INFO] [stdout] 
[INFO] [stdout] warning: use of deprecated method `chrono::TimeZone::datetime_from_str`: use `DateTime::parse_from_str` or `NaiveDateTime::parse_from_str` with `and_utc()` or `and_local_timezone()` instead
[INFO] [stdout]   --> src/utils.rs:99:51
[INFO] [stdout]    |
[INFO] [stdout] 99 | ...                   match Utc.datetime_from_str(&s, FORMAT) {
[INFO] [stdout]    |                                 ^^^^^^^^^^^^^^^^^
[INFO] [stdout] 
[INFO] [stdout] 
[INFO] [stdout] warning: use of deprecated method `chrono::TimeZone::datetime_from_str`: use `DateTime::parse_from_str` or `NaiveDateTime::parse_from_str` with `and_utc()` or `and_local_timezone()` instead
[INFO] [stdout]    --> src/utils.rs:101:65
[INFO] [stdout]     |
[INFO] [stdout] 101 | ...                   Err(_) => match Utc.datetime_from_str(&s, "%+") {
[INFO] [stdout]     |                                           ^^^^^^^^^^^^^^^^^
[INFO] [stdout] 
[INFO] [stdout] 
[INFO] [stderr]    Compiling Inflector v0.11.4
[INFO] [stderr]    Compiling dirs v4.0.0
[INFO] [stderr]    Compiling pretty_assertions v1.4.1
[INFO] [stderr]    Compiling oxide-api v0.1.0-rc.41 (/opt/rustwide/workdir)
[INFO] [stdout] warning: the feature `derive_default_enum` has been stable since 1.62.0 and no longer requires an attribute to enable
[INFO] [stdout]   --> src/lib.rs:59:12
[INFO] [stdout]    |
[INFO] [stdout] 59 | #![feature(derive_default_enum)]
[INFO] [stdout]    |            ^^^^^^^^^^^^^^^^^^^
[INFO] [stdout]    |
[INFO] [stdout]    = note: `#[warn(stable_features)]` on by default
[INFO] [stdout] 
[INFO] [stdout] 
[INFO] [stdout] warning: use of deprecated method `chrono::TimeZone::datetime_from_str`: use `DateTime::parse_from_str` or `NaiveDateTime::parse_from_str` with `and_utc()` or `and_local_timezone()` instead
[INFO] [stdout]   --> src/utils.rs:83:31
[INFO] [stdout]    |
[INFO] [stdout] 83 |                     match Utc.datetime_from_str(&s, "%Y-%m-%dT%H:%M:%S%.3fZ") {
[INFO] [stdout]    |                               ^^^^^^^^^^^^^^^^^
[INFO] [stdout]    |
[INFO] [stdout]    = note: `#[warn(deprecated)]` on by default
[INFO] [stdout] 
[INFO] [stdout] 
[INFO] [stdout] warning: use of deprecated method `chrono::TimeZone::datetime_from_str`: use `DateTime::parse_from_str` or `NaiveDateTime::parse_from_str` with `and_utc()` or `and_local_timezone()` instead
[INFO] [stdout]   --> src/utils.rs:85:45
[INFO] [stdout]    |
[INFO] [stdout] 85 |                         Err(_) => match Utc.datetime_from_str(&s, FORMAT) {
[INFO] [stdout]    |                                             ^^^^^^^^^^^^^^^^^
[INFO] [stdout] 
[INFO] [stdout] 
[INFO] [stdout] warning: use of deprecated method `chrono::TimeZone::datetime_from_str`: use `DateTime::parse_from_str` or `NaiveDateTime::parse_from_str` with `and_utc()` or `and_local_timezone()` instead
[INFO] [stdout]   --> src/utils.rs:87:49
[INFO] [stdout]    |
[INFO] [stdout] 87 | ...                   Err(_) => match Utc.datetime_from_str(&s, "%+") {
[INFO] [stdout]    |                                           ^^^^^^^^^^^^^^^^^
[INFO] [stdout] 
[INFO] [stdout] 
[INFO] [stdout] warning: use of deprecated associated function `chrono::DateTime::<Tz>::from_utc`: Use TimeZone::from_utc_datetime() or DateTime::from_naive_utc_and_offset instead
[INFO] [stdout]   --> src/utils.rs:90:71
[INFO] [stdout]    |
[INFO] [stdout] 90 | ...                   Ok(d) => Ok(Some(DateTime::<Utc>::from_utc(
[INFO] [stdout]    |                                                         ^^^^^^^^
[INFO] [stdout] 
[INFO] [stdout] 
[INFO] [stdout] warning: use of deprecated associated function `chrono::NaiveTime::from_hms`: use `from_hms_opt()` instead
[INFO] [stdout]   --> src/utils.rs:93:64
[INFO] [stdout]    |
[INFO] [stdout] 93 | ...                   chrono::NaiveTime::from_hms(0, 0, 0),
[INFO] [stdout]    |                                          ^^^^^^^^
[INFO] [stdout] 
[INFO] [stdout] 
[INFO] [stdout] warning: use of deprecated method `chrono::TimeZone::datetime_from_str`: use `DateTime::parse_from_str` or `NaiveDateTime::parse_from_str` with `and_utc()` or `and_local_timezone()` instead
[INFO] [stdout]   --> src/utils.rs:99:51
[INFO] [stdout]    |
[INFO] [stdout] 99 | ...                   match Utc.datetime_from_str(&s, FORMAT) {
[INFO] [stdout]    |                                 ^^^^^^^^^^^^^^^^^
[INFO] [stdout] 
[INFO] [stdout] 
[INFO] [stdout] warning: use of deprecated method `chrono::TimeZone::datetime_from_str`: use `DateTime::parse_from_str` or `NaiveDateTime::parse_from_str` with `and_utc()` or `and_local_timezone()` instead
[INFO] [stdout]    --> src/utils.rs:101:65
[INFO] [stdout]     |
[INFO] [stdout] 101 | ...                   Err(_) => match Utc.datetime_from_str(&s, "%+") {
[INFO] [stdout]     |                                           ^^^^^^^^^^^^^^^^^
[INFO] [stdout] 
[INFO] [stdout] 
[INFO] [stderr]     Finished `test` profile [unoptimized + debuginfo] target(s) in 6.89s
[INFO] [stderr] warning: the following packages contain code that will be rejected by a future version of Rust: nom v4.2.3
[INFO] [stderr] note: to see what the problems were, use the option `--future-incompat-report`, or run `cargo report future-incompatibilities --id 1`
[INFO] running `Command { std: "docker" "inspect" "b6b9dcb2351253df88b0db59b368c5f67fccea9ac01aacc98f09b194cf2e592d", kill_on_drop: false }`
[INFO] running `Command { std: "docker" "rm" "-f" "b6b9dcb2351253df88b0db59b368c5f67fccea9ac01aacc98f09b194cf2e592d", kill_on_drop: false }`
[INFO] [stdout] b6b9dcb2351253df88b0db59b368c5f67fccea9ac01aacc98f09b194cf2e592d
[INFO] running `Command { std: "docker" "create" "-v" "/var/lib/crater-agent-workspace/builds/worker-2-tc2/target:/opt/rustwide/target:rw,Z" "-v" "/var/lib/crater-agent-workspace/builds/worker-2-tc2/source:/opt/rustwide/workdir:ro,Z" "-v" "/var/lib/crater-agent-workspace/cargo-home:/opt/rustwide/cargo-home:ro,Z" "-v" "/var/lib/crater-agent-workspace/rustup-home:/opt/rustwide/rustup-home:ro,Z" "-e" "SOURCE_DIR=/opt/rustwide/workdir" "-e" "CARGO_TARGET_DIR=/opt/rustwide/target" "-e" "CARGO_INCREMENTAL=0" "-e" "RUST_BACKTRACE=full" "-e" "RUSTFLAGS=--cap-lints=forbid -Zrandomize-layout" "-e" "RUSTDOCFLAGS=--cap-lints=forbid" "-e" "CARGO_HOME=/opt/rustwide/cargo-home" "-e" "RUSTUP_HOME=/opt/rustwide/rustup-home" "-w" "/opt/rustwide/workdir" "-m" "1610612736" "--user" "0:0" "--network" "none" "ghcr.io/rust-lang/crates-build-env/linux@sha256:4a844ea9eb2546a2d2c7022eacef16ef2e8229c7fbb2c7d4d55a9ceca922f72d" "/opt/rustwide/cargo-home/bin/cargo" "+nightly-2024-10-28" "test" "--frozen", kill_on_drop: false }`
[INFO] [stdout] 0c0d0e05f592b26282829dc078f2f25533258f04211efc4087ab28ca18f42308
[INFO] running `Command { std: "docker" "start" "-a" "0c0d0e05f592b26282829dc078f2f25533258f04211efc4087ab28ca18f42308", kill_on_drop: false }`
[INFO] [stderr] warning: the feature `derive_default_enum` has been stable since 1.62.0 and no longer requires an attribute to enable
[INFO] [stderr]   --> src/lib.rs:59:12
[INFO] [stderr]    |
[INFO] [stderr] 59 | #![feature(derive_default_enum)]
[INFO] [stderr]    |            ^^^^^^^^^^^^^^^^^^^
[INFO] [stderr]    |
[INFO] [stderr]    = note: `#[warn(stable_features)]` on by default
[INFO] [stderr] 
[INFO] [stderr] warning: use of deprecated method `chrono::TimeZone::datetime_from_str`: use `DateTime::parse_from_str` or `NaiveDateTime::parse_from_str` with `and_utc()` or `and_local_timezone()` instead
[INFO] [stderr]   --> src/utils.rs:83:31
[INFO] [stderr]    |
[INFO] [stderr] 83 |                     match Utc.datetime_from_str(&s, "%Y-%m-%dT%H:%M:%S%.3fZ") {
[INFO] [stderr]    |                               ^^^^^^^^^^^^^^^^^
[INFO] [stderr]    |
[INFO] [stderr]    = note: `#[warn(deprecated)]` on by default
[INFO] [stderr] 
[INFO] [stderr] warning: use of deprecated method `chrono::TimeZone::datetime_from_str`: use `DateTime::parse_from_str` or `NaiveDateTime::parse_from_str` with `and_utc()` or `and_local_timezone()` instead
[INFO] [stderr]   --> src/utils.rs:85:45
[INFO] [stderr]    |
[INFO] [stderr] 85 |                         Err(_) => match Utc.datetime_from_str(&s, FORMAT) {
[INFO] [stderr]    |                                             ^^^^^^^^^^^^^^^^^
[INFO] [stderr] 
[INFO] [stderr] warning: use of deprecated method `chrono::TimeZone::datetime_from_str`: use `DateTime::parse_from_str` or `NaiveDateTime::parse_from_str` with `and_utc()` or `and_local_timezone()` instead
[INFO] [stderr]   --> src/utils.rs:87:49
[INFO] [stderr]    |
[INFO] [stderr] 87 | ...                   Err(_) => match Utc.datetime_from_str(&s, "%+") {
[INFO] [stderr]    |                                           ^^^^^^^^^^^^^^^^^
[INFO] [stderr] 
[INFO] [stderr] warning: use of deprecated associated function `chrono::DateTime::<Tz>::from_utc`: Use TimeZone::from_utc_datetime() or DateTime::from_naive_utc_and_offset instead
[INFO] [stderr]   --> src/utils.rs:90:71
[INFO] [stderr]    |
[INFO] [stderr] 90 | ...                   Ok(d) => Ok(Some(DateTime::<Utc>::from_utc(
[INFO] [stderr]    |                                                         ^^^^^^^^
[INFO] [stderr] 
[INFO] [stderr] warning: use of deprecated associated function `chrono::NaiveTime::from_hms`: use `from_hms_opt()` instead
[INFO] [stderr]   --> src/utils.rs:93:64
[INFO] [stderr]    |
[INFO] [stderr] 93 | ...                   chrono::NaiveTime::from_hms(0, 0, 0),
[INFO] [stderr]    |                                          ^^^^^^^^
[INFO] [stderr] 
[INFO] [stderr] warning: use of deprecated method `chrono::TimeZone::datetime_from_str`: use `DateTime::parse_from_str` or `NaiveDateTime::parse_from_str` with `and_utc()` or `and_local_timezone()` instead
[INFO] [stderr]   --> src/utils.rs:99:51
[INFO] [stderr]    |
[INFO] [stderr] 99 | ...                   match Utc.datetime_from_str(&s, FORMAT) {
[INFO] [stderr]    |                                 ^^^^^^^^^^^^^^^^^
[INFO] [stderr] 
[INFO] [stderr] warning: use of deprecated method `chrono::TimeZone::datetime_from_str`: use `DateTime::parse_from_str` or `NaiveDateTime::parse_from_str` with `and_utc()` or `and_local_timezone()` instead
[INFO] [stderr]    --> src/utils.rs:101:65
[INFO] [stderr]     |
[INFO] [stderr] 101 | ...                   Err(_) => match Utc.datetime_from_str(&s, "%+") {
[INFO] [stderr]     |                                           ^^^^^^^^^^^^^^^^^
[INFO] [stderr] 
[INFO] [stderr] warning: `oxide-api` (lib) generated 8 warnings
[INFO] [stderr] warning: `oxide-api` (lib test) generated 8 warnings (8 duplicates)
[INFO] [stderr]     Finished `test` profile [unoptimized + debuginfo] target(s) in 0.10s
[INFO] [stderr] warning: the following packages contain code that will be rejected by a future version of Rust: nom v4.2.3
[INFO] [stderr] note: to see what the problems were, use the option `--future-incompat-report`, or run `cargo report future-incompatibilities --id 1`
[INFO] [stderr]      Running unittests src/lib.rs (/opt/rustwide/target/debug/deps/oxide_api-a159903f924321d7)
[INFO] [stdout] 
[INFO] [stdout] running 4 tests
[INFO] [stdout] test tests::test_disk_source_type ... ok
[INFO] [stdout] test tests::test_disk_source ... ok
[INFO] [stdout] test tests::test_route_destination ... ok
[INFO] [stdout] test tests::test_route_target ... ok
[INFO] [stdout] 
[INFO] [stdout] test result: ok. 4 passed; 0 failed; 0 ignored; 0 measured; 0 filtered out; finished in 0.00s
[INFO] [stdout] 
[INFO] [stderr]    Doc-tests oxide_api
[INFO] [stdout] 
[INFO] [stdout] running 2 tests
[INFO] [stdout] test src/lib.rs - (line 40) ... ok
[INFO] [stdout] test src/lib.rs - (line 54) ... FAILED
[INFO] [stdout] 
[INFO] [stdout] failures:
[INFO] [stdout] 
[INFO] [stdout] ---- src/lib.rs - (line 54) stdout ----
[INFO] [stdout] Test executable failed (exit status: 101).
[INFO] [stdout] 
[INFO] [stdout] stderr:
[INFO] [stdout] thread 'main' panicked at src/lib.rs:225:45:
[INFO] [stdout] must set OXIDE_TOKEN: NotPresent
[INFO] [stdout] stack backtrace:
[INFO] [stdout]    0:     0x5c8c1c2ee54a - std::backtrace_rs::backtrace::libunwind::trace::h207520d6e9873551
[INFO] [stdout]                                at /rustc/df4ca44d3fbc9301ee17f30f4d474e6ae4b05252/library/std/src/../../backtrace/src/backtrace/libunwind.rs:116:5
[INFO] [stdout]    1:     0x5c8c1c2ee54a - std::backtrace_rs::backtrace::trace_unsynchronized::h2ed7433f370e3eca
[INFO] [stdout]                                at /rustc/df4ca44d3fbc9301ee17f30f4d474e6ae4b05252/library/std/src/../../backtrace/src/backtrace/mod.rs:66:5
[INFO] [stdout]    2:     0x5c8c1c2ee54a - std::sys::backtrace::_print_fmt::h916fac51166b18d7
[INFO] [stdout]                                at /rustc/df4ca44d3fbc9301ee17f30f4d474e6ae4b05252/library/std/src/sys/backtrace.rs:66:9
[INFO] [stdout]    3:     0x5c8c1c2ee54a - <std::sys::backtrace::BacktraceLock::print::DisplayBacktrace as core::fmt::Display>::fmt::ha0a4c9b8ce3802e6
[INFO] [stdout]                                at /rustc/df4ca44d3fbc9301ee17f30f4d474e6ae4b05252/library/std/src/sys/backtrace.rs:39:26
[INFO] [stdout]    4:     0x5c8c1c30dce3 - core::fmt::rt::Argument::fmt::h4cfc8587d52b3eb5
[INFO] [stdout]                                at /rustc/df4ca44d3fbc9301ee17f30f4d474e6ae4b05252/library/core/src/fmt/rt.rs:177:76
[INFO] [stdout]    5:     0x5c8c1c30dce3 - core::fmt::write::h522cc39e5b36ae9f
[INFO] [stdout]                                at /rustc/df4ca44d3fbc9301ee17f30f4d474e6ae4b05252/library/core/src/fmt/mod.rs:1190:21
[INFO] [stdout]    6:     0x5c8c1c2eb673 - std::io::Write::write_fmt::hf1c1dcc8cc1287f0
[INFO] [stdout]                                at /rustc/df4ca44d3fbc9301ee17f30f4d474e6ae4b05252/library/std/src/io/mod.rs:1839:15
[INFO] [stdout]    7:     0x5c8c1c2ee392 - std::sys::backtrace::BacktraceLock::print::h4b9e00b29e9c0942
[INFO] [stdout]                                at /rustc/df4ca44d3fbc9301ee17f30f4d474e6ae4b05252/library/std/src/sys/backtrace.rs:42:9
[INFO] [stdout]    8:     0x5c8c1c2ef35c - std::panicking::default_hook::{{closure}}::hb59b88280d0324d9
[INFO] [stdout]                                at /rustc/df4ca44d3fbc9301ee17f30f4d474e6ae4b05252/library/std/src/panicking.rs:268:22
[INFO] [stdout]    9:     0x5c8c1c2ef1a2 - std::panicking::default_hook::he1dd496665be4a29
[INFO] [stdout]                                at /rustc/df4ca44d3fbc9301ee17f30f4d474e6ae4b05252/library/std/src/panicking.rs:295:9
[INFO] [stdout]   10:     0x5c8c1c2ef997 - std::panicking::rust_panic_with_hook::h2ff17fe8f26dfcf8
[INFO] [stdout]                                at /rustc/df4ca44d3fbc9301ee17f30f4d474e6ae4b05252/library/std/src/panicking.rs:801:13
[INFO] [stdout]   11:     0x5c8c1c2ef82a - std::panicking::begin_panic_handler::{{closure}}::h4fad77951c07e101
[INFO] [stdout]                                at /rustc/df4ca44d3fbc9301ee17f30f4d474e6ae4b05252/library/std/src/panicking.rs:674:13
[INFO] [stdout]   12:     0x5c8c1c2eea29 - std::sys::backtrace::__rust_end_short_backtrace::hb1a25b3da5d0ea08
[INFO] [stdout]                                at /rustc/df4ca44d3fbc9301ee17f30f4d474e6ae4b05252/library/std/src/sys/backtrace.rs:170:18
[INFO] [stdout]   13:     0x5c8c1c2ef4bc - rust_begin_unwind
[INFO] [stdout]                                at /rustc/df4ca44d3fbc9301ee17f30f4d474e6ae4b05252/library/std/src/panicking.rs:665:5
[INFO] [stdout]   14:     0x5c8c1c30cb70 - core::panicking::panic_fmt::ha9db07b529f9b256
[INFO] [stdout]                                at /rustc/df4ca44d3fbc9301ee17f30f4d474e6ae4b05252/library/core/src/panicking.rs:75:14
[INFO] [stdout]   15:     0x5c8c1c30cfb6 - core::result::unwrap_failed::h5e8218e4d4338b8a
[INFO] [stdout]                                at /rustc/df4ca44d3fbc9301ee17f30f4d474e6ae4b05252/library/core/src/result.rs:1698:5
[INFO] [stdout]   16:     0x5c8c1c0f2656 - core::result::Result<T,E>::expect::h043fe825f826e5fb
[INFO] [stdout]                                at /rustc/df4ca44d3fbc9301ee17f30f4d474e6ae4b05252/library/core/src/result.rs:1060:23
[INFO] [stdout]   17:     0x5c8c1c0f2482 - oxide_api::Client::new_from_env::h3540199d93805e55
[INFO] [stdout]                                at /opt/rustwide/workdir/src/lib.rs:225:21
[INFO] [stdout]   18:     0x5c8c1c0f203d - rust_out::main::_doctest_main_src_lib_rs_54_0::hd3890365981d1842
[INFO] [stdout]   19:     0x5c8c1c0f2026 - rust_out::main::ha213a30daa5df4da
[INFO] [stdout]   20:     0x5c8c1c0f1f73 - core::ops::function::FnOnce::call_once::hf7edf7132571051c
[INFO] [stdout]   21:     0x5c8c1c0f1f16 - std::sys::backtrace::__rust_begin_short_backtrace::h32fd822fd2ba4079
[INFO] [stdout]   22:     0x5c8c1c0f1ef9 - std::rt::lang_start::{{closure}}::h4039a1c394ed4f7c
[INFO] [stdout]   23:     0x5c8c1c2e8d87 - core::ops::function::impls::<impl core::ops::function::FnOnce<A> for &F>::call_once::hd87d66b906e0ccaf
[INFO] [stdout]                                at /rustc/df4ca44d3fbc9301ee17f30f4d474e6ae4b05252/library/core/src/ops/function.rs:284:13
[INFO] [stdout]   24:     0x5c8c1c2e8d87 - std::panicking::try::do_call::hae3703de71fc9e3a
[INFO] [stdout]                                at /rustc/df4ca44d3fbc9301ee17f30f4d474e6ae4b05252/library/std/src/panicking.rs:557:40
[INFO] [stdout]   25:     0x5c8c1c2e8d87 - std::panicking::try::h1178330e9a2b2645
[INFO] [stdout]                                at /rustc/df4ca44d3fbc9301ee17f30f4d474e6ae4b05252/library/std/src/panicking.rs:520:19
[INFO] [stdout]   26:     0x5c8c1c2e8d87 - std::panic::catch_unwind::h0acf49d2305d32ad
[INFO] [stdout]                                at /rustc/df4ca44d3fbc9301ee17f30f4d474e6ae4b05252/library/std/src/panic.rs:358:14
[INFO] [stdout]   27:     0x5c8c1c2e8d87 - std::rt::lang_start_internal::{{closure}}::h2d95182d798177be
[INFO] [stdout]                                at /rustc/df4ca44d3fbc9301ee17f30f4d474e6ae4b05252/library/std/src/rt.rs:174:48
[INFO] [stdout]   28:     0x5c8c1c2e8d87 - std::panicking::try::do_call::hb506f5bfe11fd30c
[INFO] [stdout]                                at /rustc/df4ca44d3fbc9301ee17f30f4d474e6ae4b05252/library/std/src/panicking.rs:557:40
[INFO] [stdout]   29:     0x5c8c1c2e8d87 - std::panicking::try::h54d825c46bd0fa95
[INFO] [stdout]                                at /rustc/df4ca44d3fbc9301ee17f30f4d474e6ae4b05252/library/std/src/panicking.rs:520:19
[INFO] [stdout]   30:     0x5c8c1c2e8d87 - std::panic::catch_unwind::hffbb0ad20c4e9fac
[INFO] [stdout]                                at /rustc/df4ca44d3fbc9301ee17f30f4d474e6ae4b05252/library/std/src/panic.rs:358:14
[INFO] [stdout]   31:     0x5c8c1c2e8d87 - std::rt::lang_start_internal::h52c291ef1962c925
[INFO] [stdout]                                at /rustc/df4ca44d3fbc9301ee17f30f4d474e6ae4b05252/library/std/src/rt.rs:174:20
[INFO] [stdout]   32:     0x5c8c1c0f1ed7 - std::rt::lang_start::h8c6075cd6f225ba1
[INFO] [stdout]   33:     0x5c8c1c0f2065 - main
[INFO] [stdout]   34:     0x7bc5b13afd90 - <unknown>
[INFO] [stdout]   35:     0x7bc5b13afe40 - __libc_start_main
[INFO] [stdout]   36:     0x5c8c1c0f1de5 - _start
[INFO] [stdout]   37:                0x0 - <unknown>
[INFO] [stdout] 
[INFO] [stdout] 
[INFO] [stdout] 
[INFO] [stdout] failures:
[INFO] [stdout]     src/lib.rs - (line 54)
[INFO] [stdout] 
[INFO] [stdout] test result: FAILED. 1 passed; 1 failed; 0 ignored; 0 measured; 0 filtered out; finished in 0.39s
[INFO] [stdout] 
[INFO] [stderr] error: doctest failed, to rerun pass `--doc`
[INFO] running `Command { std: "docker" "inspect" "0c0d0e05f592b26282829dc078f2f25533258f04211efc4087ab28ca18f42308", kill_on_drop: false }`
[INFO] running `Command { std: "docker" "rm" "-f" "0c0d0e05f592b26282829dc078f2f25533258f04211efc4087ab28ca18f42308", kill_on_drop: false }`
[INFO] [stdout] 0c0d0e05f592b26282829dc078f2f25533258f04211efc4087ab28ca18f42308
