[INFO] fetching crate oxhttp 0.2.3...
[INFO] testing oxhttp-0.2.3 against nightly-2024-10-28+rustflags=-Zrandomize-layout for randomize-layout
[INFO] extracting crate oxhttp 0.2.3 into /workspace/builds/worker-0-tc2/source
[INFO] validating manifest of crates.io crate oxhttp 0.2.3 on toolchain nightly-2024-10-28
[INFO] running `Command { std: CARGO_HOME="/workspace/cargo-home" RUSTUP_HOME="/workspace/rustup-home" "/workspace/cargo-home/bin/cargo" "+nightly-2024-10-28" "metadata" "--manifest-path" "Cargo.toml" "--no-deps", kill_on_drop: false }`
[INFO] started tweaking crates.io crate oxhttp 0.2.3
[INFO] finished tweaking crates.io crate oxhttp 0.2.3
[INFO] tweaked toml for crates.io crate oxhttp 0.2.3 written to /workspace/builds/worker-0-tc2/source/Cargo.toml
[INFO] running `Command { std: CARGO_HOME="/workspace/cargo-home" RUSTUP_HOME="/workspace/rustup-home" "/workspace/cargo-home/bin/cargo" "+nightly-2024-10-28" "generate-lockfile" "--manifest-path" "Cargo.toml", kill_on_drop: false }`
[INFO] [stderr]     Updating crates.io index
[INFO] [stderr]      Locking 115 packages to latest compatible versions
[INFO] running `Command { std: CARGO_HOME="/workspace/cargo-home" RUSTUP_HOME="/workspace/rustup-home" "/workspace/cargo-home/bin/cargo" "+nightly-2024-10-28" "fetch" "--manifest-path" "Cargo.toml", kill_on_drop: false }`
[INFO] running `Command { std: "docker" "create" "-v" "/var/lib/crater-agent-workspace/builds/worker-0-tc2/target:/opt/rustwide/target:rw,Z" "-v" "/var/lib/crater-agent-workspace/builds/worker-0-tc2/source:/opt/rustwide/workdir:ro,Z" "-v" "/var/lib/crater-agent-workspace/cargo-home:/opt/rustwide/cargo-home:ro,Z" "-v" "/var/lib/crater-agent-workspace/rustup-home:/opt/rustwide/rustup-home:ro,Z" "-e" "SOURCE_DIR=/opt/rustwide/workdir" "-e" "CARGO_TARGET_DIR=/opt/rustwide/target" "-e" "CARGO_HOME=/opt/rustwide/cargo-home" "-e" "RUSTUP_HOME=/opt/rustwide/rustup-home" "-w" "/opt/rustwide/workdir" "-m" "1610612736" "--user" "0:0" "--network" "none" "ghcr.io/rust-lang/crates-build-env/linux@sha256:4a844ea9eb2546a2d2c7022eacef16ef2e8229c7fbb2c7d4d55a9ceca922f72d" "/opt/rustwide/cargo-home/bin/cargo" "+nightly-2024-10-28" "metadata" "--no-deps" "--format-version=1", kill_on_drop: false }`
[INFO] [stdout] faafbe7df1852eb901c23f1a04c09543434daae88afb14de962304de0322994a
[INFO] running `Command { std: "docker" "start" "-a" "faafbe7df1852eb901c23f1a04c09543434daae88afb14de962304de0322994a", kill_on_drop: false }`
[INFO] running `Command { std: "docker" "inspect" "faafbe7df1852eb901c23f1a04c09543434daae88afb14de962304de0322994a", kill_on_drop: false }`
[INFO] running `Command { std: "docker" "rm" "-f" "faafbe7df1852eb901c23f1a04c09543434daae88afb14de962304de0322994a", kill_on_drop: false }`
[INFO] [stdout] faafbe7df1852eb901c23f1a04c09543434daae88afb14de962304de0322994a
[INFO] running `Command { std: "docker" "create" "-v" "/var/lib/crater-agent-workspace/builds/worker-0-tc2/target:/opt/rustwide/target:rw,Z" "-v" "/var/lib/crater-agent-workspace/builds/worker-0-tc2/source:/opt/rustwide/workdir:ro,Z" "-v" "/var/lib/crater-agent-workspace/cargo-home:/opt/rustwide/cargo-home:ro,Z" "-v" "/var/lib/crater-agent-workspace/rustup-home:/opt/rustwide/rustup-home:ro,Z" "-e" "SOURCE_DIR=/opt/rustwide/workdir" "-e" "CARGO_TARGET_DIR=/opt/rustwide/target" "-e" "CARGO_INCREMENTAL=0" "-e" "RUST_BACKTRACE=full" "-e" "RUSTFLAGS=--cap-lints=forbid -Zrandomize-layout" "-e" "RUSTDOCFLAGS=--cap-lints=forbid" "-e" "CARGO_HOME=/opt/rustwide/cargo-home" "-e" "RUSTUP_HOME=/opt/rustwide/rustup-home" "-w" "/opt/rustwide/workdir" "-m" "1610612736" "--user" "0:0" "--network" "none" "ghcr.io/rust-lang/crates-build-env/linux@sha256:4a844ea9eb2546a2d2c7022eacef16ef2e8229c7fbb2c7d4d55a9ceca922f72d" "/opt/rustwide/cargo-home/bin/cargo" "+nightly-2024-10-28" "build" "--frozen" "--message-format=json", kill_on_drop: false }`
[INFO] [stdout] cfba2f7a47950680f87d5df938d0d17e110b8b683e6a765e425c2c3d21957c5d
[INFO] running `Command { std: "docker" "start" "-a" "cfba2f7a47950680f87d5df938d0d17e110b8b683e6a765e425c2c3d21957c5d", kill_on_drop: false }`
[INFO] [stderr]    Compiling oxhttp v0.2.3 (/opt/rustwide/workdir)
[INFO] [stderr]     Finished `dev` profile [unoptimized + debuginfo] target(s) in 0.45s
[INFO] running `Command { std: "docker" "inspect" "cfba2f7a47950680f87d5df938d0d17e110b8b683e6a765e425c2c3d21957c5d", kill_on_drop: false }`
[INFO] running `Command { std: "docker" "rm" "-f" "cfba2f7a47950680f87d5df938d0d17e110b8b683e6a765e425c2c3d21957c5d", kill_on_drop: false }`
[INFO] [stdout] cfba2f7a47950680f87d5df938d0d17e110b8b683e6a765e425c2c3d21957c5d
[INFO] running `Command { std: "docker" "create" "-v" "/var/lib/crater-agent-workspace/builds/worker-0-tc2/target:/opt/rustwide/target:rw,Z" "-v" "/var/lib/crater-agent-workspace/builds/worker-0-tc2/source:/opt/rustwide/workdir:ro,Z" "-v" "/var/lib/crater-agent-workspace/cargo-home:/opt/rustwide/cargo-home:ro,Z" "-v" "/var/lib/crater-agent-workspace/rustup-home:/opt/rustwide/rustup-home:ro,Z" "-e" "SOURCE_DIR=/opt/rustwide/workdir" "-e" "CARGO_TARGET_DIR=/opt/rustwide/target" "-e" "CARGO_INCREMENTAL=0" "-e" "RUST_BACKTRACE=full" "-e" "RUSTFLAGS=--cap-lints=forbid -Zrandomize-layout" "-e" "RUSTDOCFLAGS=--cap-lints=forbid" "-e" "CARGO_HOME=/opt/rustwide/cargo-home" "-e" "RUSTUP_HOME=/opt/rustwide/rustup-home" "-w" "/opt/rustwide/workdir" "-m" "1610612736" "--user" "0:0" "--network" "none" "ghcr.io/rust-lang/crates-build-env/linux@sha256:4a844ea9eb2546a2d2c7022eacef16ef2e8229c7fbb2c7d4d55a9ceca922f72d" "/opt/rustwide/cargo-home/bin/cargo" "+nightly-2024-10-28" "test" "--frozen" "--no-run" "--message-format=json", kill_on_drop: false }`
[INFO] [stdout] 9976f6746e18d38a6119c6739cac1860e04ad396f1c35b8ce2d8c8925afc93d2
[INFO] running `Command { std: "docker" "start" "-a" "9976f6746e18d38a6119c6739cac1860e04ad396f1c35b8ce2d8c8925afc93d2", kill_on_drop: false }`
[INFO] [stderr]    Compiling oxhttp v0.2.3 (/opt/rustwide/workdir)
[INFO] [stderr]     Finished `test` profile [unoptimized + debuginfo] target(s) in 0.70s
[INFO] running `Command { std: "docker" "inspect" "9976f6746e18d38a6119c6739cac1860e04ad396f1c35b8ce2d8c8925afc93d2", kill_on_drop: false }`
[INFO] running `Command { std: "docker" "rm" "-f" "9976f6746e18d38a6119c6739cac1860e04ad396f1c35b8ce2d8c8925afc93d2", kill_on_drop: false }`
[INFO] [stdout] 9976f6746e18d38a6119c6739cac1860e04ad396f1c35b8ce2d8c8925afc93d2
[INFO] running `Command { std: "docker" "create" "-v" "/var/lib/crater-agent-workspace/builds/worker-0-tc2/target:/opt/rustwide/target:rw,Z" "-v" "/var/lib/crater-agent-workspace/builds/worker-0-tc2/source:/opt/rustwide/workdir:ro,Z" "-v" "/var/lib/crater-agent-workspace/cargo-home:/opt/rustwide/cargo-home:ro,Z" "-v" "/var/lib/crater-agent-workspace/rustup-home:/opt/rustwide/rustup-home:ro,Z" "-e" "SOURCE_DIR=/opt/rustwide/workdir" "-e" "CARGO_TARGET_DIR=/opt/rustwide/target" "-e" "CARGO_INCREMENTAL=0" "-e" "RUST_BACKTRACE=full" "-e" "RUSTFLAGS=--cap-lints=forbid -Zrandomize-layout" "-e" "RUSTDOCFLAGS=--cap-lints=forbid" "-e" "CARGO_HOME=/opt/rustwide/cargo-home" "-e" "RUSTUP_HOME=/opt/rustwide/rustup-home" "-w" "/opt/rustwide/workdir" "-m" "1610612736" "--user" "0:0" "--network" "none" "ghcr.io/rust-lang/crates-build-env/linux@sha256:4a844ea9eb2546a2d2c7022eacef16ef2e8229c7fbb2c7d4d55a9ceca922f72d" "/opt/rustwide/cargo-home/bin/cargo" "+nightly-2024-10-28" "test" "--frozen", kill_on_drop: false }`
[INFO] [stdout] d7736616c7fc6a3a19e4c409298317ab779f7ac90a81045eb1dd74043deb710d
[INFO] running `Command { std: "docker" "start" "-a" "d7736616c7fc6a3a19e4c409298317ab779f7ac90a81045eb1dd74043deb710d", kill_on_drop: false }`
[INFO] [stderr]     Finished `test` profile [unoptimized + debuginfo] target(s) in 0.03s
[INFO] [stderr]      Running unittests src/lib.rs (/opt/rustwide/target/debug/deps/oxhttp-3a430ce3dafd98c6)
[INFO] [stdout] 
[INFO] [stdout] running 54 tests
[INFO] [stdout] test client::tests::test_file_get_error ... ok
[INFO] [stdout] test client::tests::test_http_get_not_found ... FAILED
[INFO] [stdout] test client::tests::test_http_get_ok ... FAILED
[INFO] [stdout] test client::tests::test_http_get_ok_explicit_port ... FAILED
[INFO] [stdout] test client::tests::test_http_get_ok_with_user_agent_and_timeout ... FAILED
[INFO] [stdout] test client::tests::test_https_get_err ... ok
[INFO] [stdout] test client::tests::test_http_wrong_port ... ok
[INFO] [stdout] test io::decoder::tests::decode_invalid_request_target_relative_form_with_host ... ok
[INFO] [stdout] test io::decoder::tests::decode_request_empty_header_name ... ok
[INFO] [stdout] test io::decoder::tests::decode_request_empty ... ok
[INFO] [stdout] test io::decoder::tests::decode_request_http_1_0 ... ok
[INFO] [stdout] test io::decoder::tests::decode_request_invalid_header_name_char ... ok
[INFO] [stdout] test io::decoder::tests::decode_request_invalid_header_value_char ... ok
[INFO] [stdout] test io::decoder::tests::decode_request_stop_in_body ... ok
[INFO] [stdout] test io::decoder::tests::decode_request_stop_in_header ... ok
[INFO] [stdout] test io::decoder::tests::decode_request_target_absolute_form_with_host ... ok
[INFO] [stdout] test io::decoder::tests::decode_request_target_absolute_form_without_host ... ok
[INFO] [stdout] test io::decoder::tests::decode_request_target_absolute_form_wrong_scheme ... ok
[INFO] [stdout] test io::decoder::tests::decode_request_target_asterisk_form ... ok
[INFO] [stdout] test io::decoder::tests::decode_request_target_origin_form ... ok
[INFO] [stdout] test io::decoder::tests::decode_request_target_relative_form_without_host ... ok
[INFO] [stdout] test io::decoder::tests::decode_request_unsupported_transfer_encoding ... ok
[INFO] [stdout] test io::decoder::tests::decode_request_with_body ... ok
[INFO] [stdout] test io::decoder::tests::decode_response_empty ... ok
[INFO] [stdout] test io::decoder::tests::decode_request_with_header ... ok
[INFO] [stdout] test io::decoder::tests::decode_response_content_length_and_transfer_encoding ... ok
[INFO] [stdout] test io::decoder::tests::decode_response_empty_header_name ... ok
[INFO] [stdout] test io::decoder::tests::decode_response_invalid_header_name_char ... ok
[INFO] [stdout] test io::decoder::tests::decode_response_stop_in_body ... ok
[INFO] [stdout] test io::decoder::tests::decode_response_with_invalid_chunk_header ... ok
[INFO] [stdout] test io::decoder::tests::decode_response_stop_in_header ... ok
[INFO] [stdout] test io::decoder::tests::decode_response_with_invalid_trailer ... ok
[INFO] [stdout] test io::decoder::tests::decode_response_with_not_ended_trailer ... ok
[INFO] [stdout] test io::decoder::tests::decode_response_with_chunked_payload ... ok
[INFO] [stdout] test io::decoder::tests::decode_response_with_trailer ... ok
[INFO] [stdout] test io::decoder::tests::decode_response_with_fixed_payload ... ok
[INFO] [stdout] test io::decoder::tests::decode_unknown_response ... ok
[INFO] [stdout] test io::encoder::tests::encode_get_request ... ok
[INFO] [stdout] test io::encoder::tests::encode_post_request ... ok
[INFO] [stdout] test io::decoder::tests::decode_response_invalid_header_value_char ... ok
[INFO] [stdout] test io::decoder::tests::decode_response_without_payload ... ok
[INFO] [stdout] test io::encoder::tests::encode_response_not_found ... ok
[INFO] [stdout] test io::encoder::tests::user_password_not_allowed_in_request ... ok
[INFO] [stdout] test model::header::tests::validate_header_name ... ok
[INFO] [stdout] test model::header::tests::validate_header_value ... ok
[INFO] [stdout] test io::encoder::tests::encode_post_request_without_body ... ok
[INFO] [stdout] test model::method::tests::validate_header_name ... ok
[INFO] [stdout] test io::encoder::tests::encode_post_request_with_chunked ... ok
[INFO] [stdout] test io::encoder::tests::encode_response_ok ... ok
[INFO] [stdout] test server::tests::test_bad_expect ... FAILED
[INFO] [stdout] test server::tests::test_regular_http_operations ... FAILED
[INFO] [stdout] test server::tests::test_bad_request ... FAILED
[INFO] [stdout] test server::tests::test_thread_limit ... FAILED
[INFO] [stdout] test io::encoder::tests::encode_response_custom_code ... ok
[INFO] [stdout] 
[INFO] [stdout] failures:
[INFO] [stdout] 
[INFO] [stdout] ---- client::tests::test_http_get_not_found stdout ----
[INFO] [stdout] Error: Custom { kind: Uncategorized, error: "failed to lookup address information: Temporary failure in name resolution" }
[INFO] [stdout] 
[INFO] [stdout] ---- client::tests::test_http_get_ok stdout ----
[INFO] [stdout] Error: Custom { kind: Uncategorized, error: "failed to lookup address information: Temporary failure in name resolution" }
[INFO] [stdout] 
[INFO] [stdout] ---- client::tests::test_http_get_ok_explicit_port stdout ----
[INFO] [stdout] Error: Custom { kind: Uncategorized, error: "failed to lookup address information: Temporary failure in name resolution" }
[INFO] [stdout] 
[INFO] [stdout] ---- client::tests::test_http_get_ok_with_user_agent_and_timeout stdout ----
[INFO] [stdout] Error: Custom { kind: Uncategorized, error: "failed to lookup address information: Temporary failure in name resolution" }
[INFO] [stdout] 
[INFO] [stdout] ---- server::tests::test_bad_expect stdout ----
[INFO] [stdout] Error: Os { code: 99, kind: AddrNotAvailable, message: "Cannot assign requested address" }
[INFO] [stdout] 
[INFO] [stdout] ---- server::tests::test_regular_http_operations stdout ----
[INFO] [stdout] Error: Os { code: 99, kind: AddrNotAvailable, message: "Cannot assign requested address" }
[INFO] [stdout] 
[INFO] [stdout] ---- server::tests::test_bad_request stdout ----
[INFO] [stdout] Error: Os { code: 99, kind: AddrNotAvailable, message: "Cannot assign requested address" }
[INFO] [stdout] 
[INFO] [stdout] ---- server::tests::test_thread_limit stdout ----
[INFO] [stdout] Error: Os { code: 99, kind: AddrNotAvailable, message: "Cannot assign requested address" }
[INFO] [stdout] 
[INFO] [stdout] 
[INFO] [stdout] failures:
[INFO] [stdout]     client::tests::test_http_get_not_found
[INFO] [stdout]     client::tests::test_http_get_ok
[INFO] [stdout]     client::tests::test_http_get_ok_explicit_port
[INFO] [stdout]     client::tests::test_http_get_ok_with_user_agent_and_timeout
[INFO] [stdout]     server::tests::test_bad_expect
[INFO] [stdout]     server::tests::test_bad_request
[INFO] [stdout]     server::tests::test_regular_http_operations
[INFO] [stdout]     server::tests::test_thread_limit
[INFO] [stdout] 
[INFO] [stdout] test result: FAILED. 46 passed; 8 failed; 0 ignored; 0 measured; 0 filtered out; finished in 0.00s
[INFO] [stdout] 
[INFO] [stderr] error: test failed, to rerun pass `--lib`
[INFO] running `Command { std: "docker" "inspect" "d7736616c7fc6a3a19e4c409298317ab779f7ac90a81045eb1dd74043deb710d", kill_on_drop: false }`
[INFO] running `Command { std: "docker" "rm" "-f" "d7736616c7fc6a3a19e4c409298317ab779f7ac90a81045eb1dd74043deb710d", kill_on_drop: false }`
[INFO] [stdout] d7736616c7fc6a3a19e4c409298317ab779f7ac90a81045eb1dd74043deb710d
