[INFO] fetching crate osu-beatmap-parser 0.14.0...
[INFO] testing osu-beatmap-parser-0.14.0 against nightly-2024-10-28 for randomize-layout
[INFO] extracting crate osu-beatmap-parser 0.14.0 into /workspace/builds/worker-0-tc1/source
[INFO] validating manifest of crates.io crate osu-beatmap-parser 0.14.0 on toolchain nightly-2024-10-28
[INFO] running `Command { std: CARGO_HOME="/workspace/cargo-home" RUSTUP_HOME="/workspace/rustup-home" "/workspace/cargo-home/bin/cargo" "+nightly-2024-10-28" "metadata" "--manifest-path" "Cargo.toml" "--no-deps", kill_on_drop: false }`
[INFO] started tweaking crates.io crate osu-beatmap-parser 0.14.0
[INFO] finished tweaking crates.io crate osu-beatmap-parser 0.14.0
[INFO] tweaked toml for crates.io crate osu-beatmap-parser 0.14.0 written to /workspace/builds/worker-0-tc1/source/Cargo.toml
[INFO] running `Command { std: CARGO_HOME="/workspace/cargo-home" RUSTUP_HOME="/workspace/rustup-home" "/workspace/cargo-home/bin/cargo" "+nightly-2024-10-28" "generate-lockfile" "--manifest-path" "Cargo.toml", kill_on_drop: false }`
[INFO] [stderr]     Updating crates.io index
[INFO] [stderr]      Locking 12 packages to latest compatible versions
[INFO] [stderr]       Adding bitflags v1.3.2 (available: v2.6.0)
[INFO] running `Command { std: CARGO_HOME="/workspace/cargo-home" RUSTUP_HOME="/workspace/rustup-home" "/workspace/cargo-home/bin/cargo" "+nightly-2024-10-28" "fetch" "--manifest-path" "Cargo.toml", kill_on_drop: false }`
[INFO] running `Command { std: "docker" "create" "-v" "/var/lib/crater-agent-workspace/builds/worker-0-tc1/target:/opt/rustwide/target:rw,Z" "-v" "/var/lib/crater-agent-workspace/builds/worker-0-tc1/source:/opt/rustwide/workdir:ro,Z" "-v" "/var/lib/crater-agent-workspace/cargo-home:/opt/rustwide/cargo-home:ro,Z" "-v" "/var/lib/crater-agent-workspace/rustup-home:/opt/rustwide/rustup-home:ro,Z" "-e" "SOURCE_DIR=/opt/rustwide/workdir" "-e" "CARGO_TARGET_DIR=/opt/rustwide/target" "-e" "CARGO_HOME=/opt/rustwide/cargo-home" "-e" "RUSTUP_HOME=/opt/rustwide/rustup-home" "-w" "/opt/rustwide/workdir" "-m" "1610612736" "--user" "0:0" "--network" "none" "ghcr.io/rust-lang/crates-build-env/linux@sha256:4a844ea9eb2546a2d2c7022eacef16ef2e8229c7fbb2c7d4d55a9ceca922f72d" "/opt/rustwide/cargo-home/bin/cargo" "+nightly-2024-10-28" "metadata" "--no-deps" "--format-version=1", kill_on_drop: false }`
[INFO] [stdout] f750d7026d662bafaeffb5023c35ee5d2d9ffcc0d038f0e00b2e017f19284597
[INFO] running `Command { std: "docker" "start" "-a" "f750d7026d662bafaeffb5023c35ee5d2d9ffcc0d038f0e00b2e017f19284597", kill_on_drop: false }`
[INFO] running `Command { std: "docker" "inspect" "f750d7026d662bafaeffb5023c35ee5d2d9ffcc0d038f0e00b2e017f19284597", kill_on_drop: false }`
[INFO] running `Command { std: "docker" "rm" "-f" "f750d7026d662bafaeffb5023c35ee5d2d9ffcc0d038f0e00b2e017f19284597", kill_on_drop: false }`
[INFO] [stdout] f750d7026d662bafaeffb5023c35ee5d2d9ffcc0d038f0e00b2e017f19284597
[INFO] running `Command { std: "docker" "create" "-v" "/var/lib/crater-agent-workspace/builds/worker-0-tc1/target:/opt/rustwide/target:rw,Z" "-v" "/var/lib/crater-agent-workspace/builds/worker-0-tc1/source:/opt/rustwide/workdir:ro,Z" "-v" "/var/lib/crater-agent-workspace/cargo-home:/opt/rustwide/cargo-home:ro,Z" "-v" "/var/lib/crater-agent-workspace/rustup-home:/opt/rustwide/rustup-home:ro,Z" "-e" "SOURCE_DIR=/opt/rustwide/workdir" "-e" "CARGO_TARGET_DIR=/opt/rustwide/target" "-e" "CARGO_INCREMENTAL=0" "-e" "RUST_BACKTRACE=full" "-e" "RUSTFLAGS=--cap-lints=forbid" "-e" "RUSTDOCFLAGS=--cap-lints=forbid" "-e" "CARGO_HOME=/opt/rustwide/cargo-home" "-e" "RUSTUP_HOME=/opt/rustwide/rustup-home" "-w" "/opt/rustwide/workdir" "-m" "1610612736" "--user" "0:0" "--network" "none" "ghcr.io/rust-lang/crates-build-env/linux@sha256:4a844ea9eb2546a2d2c7022eacef16ef2e8229c7fbb2c7d4d55a9ceca922f72d" "/opt/rustwide/cargo-home/bin/cargo" "+nightly-2024-10-28" "build" "--frozen" "--message-format=json", kill_on_drop: false }`
[INFO] [stdout] 1fa16b432a9120692570fba5e5396eb7703b835027a3ad09ed5248d5df952f45
[INFO] running `Command { std: "docker" "start" "-a" "1fa16b432a9120692570fba5e5396eb7703b835027a3ad09ed5248d5df952f45", kill_on_drop: false }`
[INFO] [stderr]    Compiling syn v2.0.86
[INFO] [stderr]    Compiling thiserror-impl v1.0.66
[INFO] [stderr]    Compiling thiserror v1.0.66
[INFO] [stderr]    Compiling osu-beatmap-parser v0.14.0 (/opt/rustwide/workdir)
[INFO] [stdout] warning: associated items `parse` and `serialize` are never used
[INFO] [stdout]   --> src/section/mod.rs:21:8
[INFO] [stdout]    |
[INFO] [stdout] 16 | trait Section: Debug + Default + FromStr<Err = BeatmapParseError> + ToString {
[INFO] [stdout]    |       ------- associated items in this trait
[INFO] [stdout] ...
[INFO] [stdout] 21 |     fn parse(str: &str) -> Result<Self, BeatmapParseError> {
[INFO] [stdout]    |        ^^^^^
[INFO] [stdout] ...
[INFO] [stdout] 24 |     fn serialize(&self) -> String {
[INFO] [stdout]    |        ^^^^^^^^^
[INFO] [stdout]    |
[INFO] [stdout]    = note: `#[warn(dead_code)]` on by default
[INFO] [stdout] 
[INFO] [stdout] 
[INFO] [stderr]     Finished `dev` profile [unoptimized + debuginfo] target(s) in 3.49s
[INFO] running `Command { std: "docker" "inspect" "1fa16b432a9120692570fba5e5396eb7703b835027a3ad09ed5248d5df952f45", kill_on_drop: false }`
[INFO] running `Command { std: "docker" "rm" "-f" "1fa16b432a9120692570fba5e5396eb7703b835027a3ad09ed5248d5df952f45", kill_on_drop: false }`
[INFO] [stdout] 1fa16b432a9120692570fba5e5396eb7703b835027a3ad09ed5248d5df952f45
[INFO] running `Command { std: "docker" "create" "-v" "/var/lib/crater-agent-workspace/builds/worker-0-tc1/target:/opt/rustwide/target:rw,Z" "-v" "/var/lib/crater-agent-workspace/builds/worker-0-tc1/source:/opt/rustwide/workdir:ro,Z" "-v" "/var/lib/crater-agent-workspace/cargo-home:/opt/rustwide/cargo-home:ro,Z" "-v" "/var/lib/crater-agent-workspace/rustup-home:/opt/rustwide/rustup-home:ro,Z" "-e" "SOURCE_DIR=/opt/rustwide/workdir" "-e" "CARGO_TARGET_DIR=/opt/rustwide/target" "-e" "CARGO_INCREMENTAL=0" "-e" "RUST_BACKTRACE=full" "-e" "RUSTFLAGS=--cap-lints=forbid" "-e" "RUSTDOCFLAGS=--cap-lints=forbid" "-e" "CARGO_HOME=/opt/rustwide/cargo-home" "-e" "RUSTUP_HOME=/opt/rustwide/rustup-home" "-w" "/opt/rustwide/workdir" "-m" "1610612736" "--user" "0:0" "--network" "none" "ghcr.io/rust-lang/crates-build-env/linux@sha256:4a844ea9eb2546a2d2c7022eacef16ef2e8229c7fbb2c7d4d55a9ceca922f72d" "/opt/rustwide/cargo-home/bin/cargo" "+nightly-2024-10-28" "test" "--frozen" "--no-run" "--message-format=json", kill_on_drop: false }`
[INFO] [stdout] 495741f14851ebe80cc14456bef9447cae0c98e3af705a91cc68f515b1867690
[INFO] running `Command { std: "docker" "start" "-a" "495741f14851ebe80cc14456bef9447cae0c98e3af705a91cc68f515b1867690", kill_on_drop: false }`
[INFO] [stderr]    Compiling osu-beatmap-parser v0.14.0 (/opt/rustwide/workdir)
[INFO] [stdout] warning: associated items `parse` and `serialize` are never used
[INFO] [stdout]   --> src/section/mod.rs:21:8
[INFO] [stdout]    |
[INFO] [stdout] 16 | trait Section: Debug + Default + FromStr<Err = BeatmapParseError> + ToString {
[INFO] [stdout]    |       ------- associated items in this trait
[INFO] [stdout] ...
[INFO] [stdout] 21 |     fn parse(str: &str) -> Result<Self, BeatmapParseError> {
[INFO] [stdout]    |        ^^^^^
[INFO] [stdout] ...
[INFO] [stdout] 24 |     fn serialize(&self) -> String {
[INFO] [stdout]    |        ^^^^^^^^^
[INFO] [stdout]    |
[INFO] [stdout]    = note: `#[warn(dead_code)]` on by default
[INFO] [stdout] 
[INFO] [stdout] 
[INFO] [stderr]     Finished `test` profile [unoptimized + debuginfo] target(s) in 1.43s
[INFO] running `Command { std: "docker" "inspect" "495741f14851ebe80cc14456bef9447cae0c98e3af705a91cc68f515b1867690", kill_on_drop: false }`
[INFO] running `Command { std: "docker" "rm" "-f" "495741f14851ebe80cc14456bef9447cae0c98e3af705a91cc68f515b1867690", kill_on_drop: false }`
[INFO] [stdout] 495741f14851ebe80cc14456bef9447cae0c98e3af705a91cc68f515b1867690
[INFO] running `Command { std: "docker" "create" "-v" "/var/lib/crater-agent-workspace/builds/worker-0-tc1/target:/opt/rustwide/target:rw,Z" "-v" "/var/lib/crater-agent-workspace/builds/worker-0-tc1/source:/opt/rustwide/workdir:ro,Z" "-v" "/var/lib/crater-agent-workspace/cargo-home:/opt/rustwide/cargo-home:ro,Z" "-v" "/var/lib/crater-agent-workspace/rustup-home:/opt/rustwide/rustup-home:ro,Z" "-e" "SOURCE_DIR=/opt/rustwide/workdir" "-e" "CARGO_TARGET_DIR=/opt/rustwide/target" "-e" "CARGO_INCREMENTAL=0" "-e" "RUST_BACKTRACE=full" "-e" "RUSTFLAGS=--cap-lints=forbid" "-e" "RUSTDOCFLAGS=--cap-lints=forbid" "-e" "CARGO_HOME=/opt/rustwide/cargo-home" "-e" "RUSTUP_HOME=/opt/rustwide/rustup-home" "-w" "/opt/rustwide/workdir" "-m" "1610612736" "--user" "0:0" "--network" "none" "ghcr.io/rust-lang/crates-build-env/linux@sha256:4a844ea9eb2546a2d2c7022eacef16ef2e8229c7fbb2c7d4d55a9ceca922f72d" "/opt/rustwide/cargo-home/bin/cargo" "+nightly-2024-10-28" "test" "--frozen", kill_on_drop: false }`
[INFO] [stdout] d0dff4ea4644a9697013163a0ce66d88c7af8837ccf29a93d2041a6f3dce9b14
[INFO] running `Command { std: "docker" "start" "-a" "d0dff4ea4644a9697013163a0ce66d88c7af8837ccf29a93d2041a6f3dce9b14", kill_on_drop: false }`
[INFO] [stderr] warning: associated items `parse` and `serialize` are never used
[INFO] [stderr]   --> src/section/mod.rs:21:8
[INFO] [stderr]    |
[INFO] [stderr] 16 | trait Section: Debug + Default + FromStr<Err = BeatmapParseError> + ToString {
[INFO] [stderr]    |       ------- associated items in this trait
[INFO] [stderr] ...
[INFO] [stderr] 21 |     fn parse(str: &str) -> Result<Self, BeatmapParseError> {
[INFO] [stderr]    |        ^^^^^
[INFO] [stderr] ...
[INFO] [stderr] 24 |     fn serialize(&self) -> String {
[INFO] [stderr]    |        ^^^^^^^^^
[INFO] [stderr]    |
[INFO] [stderr]    = note: `#[warn(dead_code)]` on by default
[INFO] [stderr] 
[INFO] [stderr] warning: `osu-beatmap-parser` (lib) generated 1 warning
[INFO] [stderr]     Finished `test` profile [unoptimized + debuginfo] target(s) in 0.02s
[INFO] [stderr]      Running unittests src/lib.rs (/opt/rustwide/target/debug/deps/osu_beatmap_parser-91055a2279dd0ca2)
[INFO] [stdout] 
[INFO] [stdout] running 31 tests
[INFO] [stdout] test section::colours::tests::colour_type::parse_colour_type ... ok
[INFO] [stdout] test section::colours::tests::colour_type::serialize_colour_type ... ok
[INFO] [stdout] test section::colours::tests::rgb::parse_rgb ... ok
[INFO] [stdout] test section::colours::tests::parse_colours ... ok
[INFO] [stdout] test section::colours::tests::rgb::serialize_rgb ... ok
[INFO] [stdout] test section::colours::tests::serialize_colours ... ok
[INFO] [stdout] test section::difficulty::tests::parse_difficulty ... ok
[INFO] [stdout] test section::difficulty::tests::serialize_difficulty ... ok
[INFO] [stdout] test section::editor::tests::parse_editor ... ok
[INFO] [stdout] test section::editor::tests::serialize_editor ... ok
[INFO] [stdout] test section::events::tests::event::parse_background_event ... ok
[INFO] [stdout] test section::events::tests::event::serialize_background_event ... ok
[INFO] [stdout] test section::events::tests::parse_events ... ok
[INFO] [stdout] test section::events::tests::serialize_events ... ok
[INFO] [stdout] test section::general::tests::parse_general ... ok
[INFO] [stdout] test section::general::tests::serialize_general ... ok
[INFO] [stdout] test section::hit_objects::tests::hit_object::parse_hit_circle ... ok
[INFO] [stdout] test section::hit_objects::tests::hit_object::serialize_hit_circle ... ok
[INFO] [stdout] test section::hit_objects::tests::hit_object::parse_spinner ... ok
[INFO] [stdout] test section::hit_objects::tests::hit_object::serialize_slider ... ok
[INFO] [stdout] test section::hit_objects::tests::hit_object::serialize_spinner ... ok
[INFO] [stdout] test section::hit_objects::tests::serialize_hit_objects ... ok
[INFO] [stdout] test section::timing_points::tests::timing_point::parse_timing_point ... ok
[INFO] [stdout] test section::metadata::tests::parse_metadata ... ok
[INFO] [stdout] test section::timing_points::tests::serialize_timing_points ... ok
[INFO] [stdout] test section::timing_points::tests::timing_point::serialize_timing_point ... ok
[INFO] [stdout] test section::timing_points::tests::parse_timing_points ... ok
[INFO] [stdout] test section::metadata::tests::serialize_metadata ... ok
[INFO] [stdout] test section::hit_objects::tests::hit_object::parse_slider ... ok
[INFO] [stdout] test section::hit_objects::tests::parse_hit_objects ... ok
[INFO] [stdout] test tests::parse_save_beatmap_level ... FAILED
[INFO] [stdout] 
[INFO] [stdout] failures:
[INFO] [stdout] 
[INFO] [stdout] ---- tests::parse_save_beatmap_level stdout ----
[INFO] [stdout] thread 'tests::parse_save_beatmap_level' panicked at src/lib.rs:188:14:
[INFO] [stdout] called `Result::unwrap()` on an `Err` value: Os { code: 30, kind: ReadOnlyFilesystem, message: "Read-only file system" }
[INFO] [stdout] stack backtrace:
[INFO] [stdout]    0:     0x563553e4eada - std::backtrace_rs::backtrace::libunwind::trace::h207520d6e9873551
[INFO] [stdout]                                at /rustc/df4ca44d3fbc9301ee17f30f4d474e6ae4b05252/library/std/src/../../backtrace/src/backtrace/libunwind.rs:116:5
[INFO] [stdout]    1:     0x563553e4eada - std::backtrace_rs::backtrace::trace_unsynchronized::h2ed7433f370e3eca
[INFO] [stdout]                                at /rustc/df4ca44d3fbc9301ee17f30f4d474e6ae4b05252/library/std/src/../../backtrace/src/backtrace/mod.rs:66:5
[INFO] [stdout]    2:     0x563553e4eada - std::sys::backtrace::_print_fmt::h916fac51166b18d7
[INFO] [stdout]                                at /rustc/df4ca44d3fbc9301ee17f30f4d474e6ae4b05252/library/std/src/sys/backtrace.rs:66:9
[INFO] [stdout]    3:     0x563553e4eada - <std::sys::backtrace::BacktraceLock::print::DisplayBacktrace as core::fmt::Display>::fmt::ha0a4c9b8ce3802e6
[INFO] [stdout]                                at /rustc/df4ca44d3fbc9301ee17f30f4d474e6ae4b05252/library/std/src/sys/backtrace.rs:39:26
[INFO] [stdout]    4:     0x563553e776a3 - core::fmt::rt::Argument::fmt::h4cfc8587d52b3eb5
[INFO] [stdout]                                at /rustc/df4ca44d3fbc9301ee17f30f4d474e6ae4b05252/library/core/src/fmt/rt.rs:177:76
[INFO] [stdout]    5:     0x563553e776a3 - core::fmt::write::h522cc39e5b36ae9f
[INFO] [stdout]                                at /rustc/df4ca44d3fbc9301ee17f30f4d474e6ae4b05252/library/core/src/fmt/mod.rs:1190:21
[INFO] [stdout]    6:     0x563553e4b743 - std::io::Write::write_fmt::h7d3c26752da97734
[INFO] [stdout]                                at /rustc/df4ca44d3fbc9301ee17f30f4d474e6ae4b05252/library/std/src/io/mod.rs:1839:15
[INFO] [stdout]    7:     0x563553e4e922 - std::sys::backtrace::BacktraceLock::print::h4b9e00b29e9c0942
[INFO] [stdout]                                at /rustc/df4ca44d3fbc9301ee17f30f4d474e6ae4b05252/library/std/src/sys/backtrace.rs:42:9
[INFO] [stdout]    8:     0x563553e4ff6a - std::panicking::default_hook::{{closure}}::hb59b88280d0324d9
[INFO] [stdout]                                at /rustc/df4ca44d3fbc9301ee17f30f4d474e6ae4b05252/library/std/src/panicking.rs:268:22
[INFO] [stdout]    9:     0x563553e4fd74 - std::panicking::default_hook::he1dd496665be4a29
[INFO] [stdout]                                at /rustc/df4ca44d3fbc9301ee17f30f4d474e6ae4b05252/library/std/src/panicking.rs:292:9
[INFO] [stdout]   10:     0x563553b91dd9 - <alloc::boxed::Box<F,A> as core::ops::function::Fn<Args>>::call::h4ff71de18744e1dc
[INFO] [stdout]                                at /rustc/df4ca44d3fbc9301ee17f30f4d474e6ae4b05252/library/alloc/src/boxed.rs:2468:9
[INFO] [stdout]   11:     0x563553b91dd9 - test::test_main::{{closure}}::hcf7c055ce117aa81
[INFO] [stdout]                                at /rustc/df4ca44d3fbc9301ee17f30f4d474e6ae4b05252/library/test/src/lib.rs:133:21
[INFO] [stdout]   12:     0x563553e50668 - <alloc::boxed::Box<F,A> as core::ops::function::Fn<Args>>::call::h1d66c6bbd60c9692
[INFO] [stdout]                                at /rustc/df4ca44d3fbc9301ee17f30f4d474e6ae4b05252/library/alloc/src/boxed.rs:2468:9
[INFO] [stdout]   13:     0x563553e50668 - std::panicking::rust_panic_with_hook::h2ff17fe8f26dfcf8
[INFO] [stdout]                                at /rustc/df4ca44d3fbc9301ee17f30f4d474e6ae4b05252/library/std/src/panicking.rs:809:13
[INFO] [stdout]   14:     0x563553e5042a - std::panicking::begin_panic_handler::{{closure}}::h4fad77951c07e101
[INFO] [stdout]                                at /rustc/df4ca44d3fbc9301ee17f30f4d474e6ae4b05252/library/std/src/panicking.rs:674:13
[INFO] [stdout]   15:     0x563553e4efb9 - std::sys::backtrace::__rust_end_short_backtrace::hb1a25b3da5d0ea08
[INFO] [stdout]                                at /rustc/df4ca44d3fbc9301ee17f30f4d474e6ae4b05252/library/std/src/sys/backtrace.rs:170:18
[INFO] [stdout]   16:     0x563553e500bc - rust_begin_unwind
[INFO] [stdout]                                at /rustc/df4ca44d3fbc9301ee17f30f4d474e6ae4b05252/library/std/src/panicking.rs:665:5
[INFO] [stdout]   17:     0x563553e75360 - core::panicking::panic_fmt::ha9db07b529f9b256
[INFO] [stdout]                                at /rustc/df4ca44d3fbc9301ee17f30f4d474e6ae4b05252/library/core/src/panicking.rs:75:14
[INFO] [stdout]   18:     0x563553e757e6 - core::result::unwrap_failed::h5e8218e4d4338b8a
[INFO] [stdout]                                at /rustc/df4ca44d3fbc9301ee17f30f4d474e6ae4b05252/library/core/src/result.rs:1698:5
[INFO] [stdout]   19:     0x563553b45efd - core::result::Result<T,E>::unwrap::h22c04f24ea1487d0
[INFO] [stdout]                                at /rustc/df4ca44d3fbc9301ee17f30f4d474e6ae4b05252/library/core/src/result.rs:1103:23
[INFO] [stdout]   20:     0x563553b45efd - osu_beatmap_parser::tests::parse_save_beatmap_level::ha4e48c8e137aba10
[INFO] [stdout]                                at /opt/rustwide/workdir/src/lib.rs:186:9
[INFO] [stdout]   21:     0x563553b45ab7 - osu_beatmap_parser::tests::parse_save_beatmap_level::{{closure}}::h7b0b505aa761775c
[INFO] [stdout]                                at /opt/rustwide/workdir/src/lib.rs:180:34
[INFO] [stdout]   22:     0x563553b2deb6 - core::ops::function::FnOnce::call_once::hbce4b14f8803945b
[INFO] [stdout]                                at /rustc/df4ca44d3fbc9301ee17f30f4d474e6ae4b05252/library/core/src/ops/function.rs:250:5
[INFO] [stdout]   23:     0x563553b966ab - core::ops::function::FnOnce::call_once::h22c3ba5715e93f05
[INFO] [stdout]                                at /rustc/df4ca44d3fbc9301ee17f30f4d474e6ae4b05252/library/core/src/ops/function.rs:250:5
[INFO] [stdout]   24:     0x563553b966ab - test::__rust_begin_short_backtrace::h8e82d8113d0da17f
[INFO] [stdout]                                at /rustc/df4ca44d3fbc9301ee17f30f4d474e6ae4b05252/library/test/src/lib.rs:621:18
[INFO] [stdout]   25:     0x563553b96027 - test::run_test_in_process::{{closure}}::h33235f4f20b7b7c7
[INFO] [stdout]                                at /rustc/df4ca44d3fbc9301ee17f30f4d474e6ae4b05252/library/test/src/lib.rs:644:60
[INFO] [stdout]   26:     0x563553b96027 - <core::panic::unwind_safe::AssertUnwindSafe<F> as core::ops::function::FnOnce<()>>::call_once::hb5043206310c586f
[INFO] [stdout]                                at /rustc/df4ca44d3fbc9301ee17f30f4d474e6ae4b05252/library/core/src/panic/unwind_safe.rs:272:9
[INFO] [stdout]   27:     0x563553b96027 - std::panicking::try::do_call::h9ad4731a60ab23e2
[INFO] [stdout]                                at /rustc/df4ca44d3fbc9301ee17f30f4d474e6ae4b05252/library/std/src/panicking.rs:557:40
[INFO] [stdout]   28:     0x563553b96027 - std::panicking::try::h3824d23db772a716
[INFO] [stdout]                                at /rustc/df4ca44d3fbc9301ee17f30f4d474e6ae4b05252/library/std/src/panicking.rs:520:19
[INFO] [stdout]   29:     0x563553b96027 - std::panic::catch_unwind::h5afd514605fde46b
[INFO] [stdout]                                at /rustc/df4ca44d3fbc9301ee17f30f4d474e6ae4b05252/library/std/src/panic.rs:358:14
[INFO] [stdout]   30:     0x563553b96027 - test::run_test_in_process::h0d5cbfa7067d1720
[INFO] [stdout]                                at /rustc/df4ca44d3fbc9301ee17f30f4d474e6ae4b05252/library/test/src/lib.rs:644:27
[INFO] [stdout]   31:     0x563553b96027 - test::run_test::{{closure}}::h708eb8872708115d
[INFO] [stdout]                                at /rustc/df4ca44d3fbc9301ee17f30f4d474e6ae4b05252/library/test/src/lib.rs:565:43
[INFO] [stdout]   32:     0x563553b59744 - test::run_test::{{closure}}::h392c51cee94713ab
[INFO] [stdout]                                at /rustc/df4ca44d3fbc9301ee17f30f4d474e6ae4b05252/library/test/src/lib.rs:595:41
[INFO] [stdout]   33:     0x563553b59744 - std::sys::backtrace::__rust_begin_short_backtrace::h2f40290710935a8b
[INFO] [stdout]                                at /rustc/df4ca44d3fbc9301ee17f30f4d474e6ae4b05252/library/std/src/sys/backtrace.rs:154:18
[INFO] [stdout]   34:     0x563553b5ceee - std::thread::Builder::spawn_unchecked_::{{closure}}::{{closure}}::h3fd968d89053a903
[INFO] [stdout]                                at /rustc/df4ca44d3fbc9301ee17f30f4d474e6ae4b05252/library/std/src/thread/mod.rs:541:17
[INFO] [stdout]   35:     0x563553b5ceee - <core::panic::unwind_safe::AssertUnwindSafe<F> as core::ops::function::FnOnce<()>>::call_once::h743f637ba4229880
[INFO] [stdout]                                at /rustc/df4ca44d3fbc9301ee17f30f4d474e6ae4b05252/library/core/src/panic/unwind_safe.rs:272:9
[INFO] [stdout]   36:     0x563553b5ceee - std::panicking::try::do_call::h07440897322525a6
[INFO] [stdout]                                at /rustc/df4ca44d3fbc9301ee17f30f4d474e6ae4b05252/library/std/src/panicking.rs:557:40
[INFO] [stdout]   37:     0x563553b5ceee - std::panicking::try::he5a2e00188156637
[INFO] [stdout]                                at /rustc/df4ca44d3fbc9301ee17f30f4d474e6ae4b05252/library/std/src/panicking.rs:520:19
[INFO] [stdout]   38:     0x563553b5ceee - std::panic::catch_unwind::hbaf3cae49b3c6433
[INFO] [stdout]                                at /rustc/df4ca44d3fbc9301ee17f30f4d474e6ae4b05252/library/std/src/panic.rs:358:14
[INFO] [stdout]   39:     0x563553b5ceee - std::thread::Builder::spawn_unchecked_::{{closure}}::h8e141ea224820bce
[INFO] [stdout]                                at /rustc/df4ca44d3fbc9301ee17f30f4d474e6ae4b05252/library/std/src/thread/mod.rs:540:30
[INFO] [stdout]   40:     0x563553b5ceee - core::ops::function::FnOnce::call_once{{vtable.shim}}::h90d312fedd7b8ea8
[INFO] [stdout]                                at /rustc/df4ca44d3fbc9301ee17f30f4d474e6ae4b05252/library/core/src/ops/function.rs:250:5
[INFO] [stdout]   41:     0x563553e5446b - <alloc::boxed::Box<F,A> as core::ops::function::FnOnce<Args>>::call_once::h69aa08ddb6adb8b6
[INFO] [stdout]                                at /rustc/df4ca44d3fbc9301ee17f30f4d474e6ae4b05252/library/alloc/src/boxed.rs:2454:9
[INFO] [stdout]   42:     0x563553e5446b - <alloc::boxed::Box<F,A> as core::ops::function::FnOnce<Args>>::call_once::h5aa36efdb79c806f
[INFO] [stdout]                                at /rustc/df4ca44d3fbc9301ee17f30f4d474e6ae4b05252/library/alloc/src/boxed.rs:2454:9
[INFO] [stdout]   43:     0x563553e5446b - std::sys::pal::unix::thread::Thread::new::thread_start::h6cd80a1b4be5158d
[INFO] [stdout]                                at /rustc/df4ca44d3fbc9301ee17f30f4d474e6ae4b05252/library/std/src/sys/pal/unix/thread.rs:105:17
[INFO] [stdout]   44:     0x7f0dd1c08ac3 - <unknown>
[INFO] [stdout]   45:     0x7f0dd1c99a04 - clone
[INFO] [stdout]   46:                0x0 - <unknown>
[INFO] [stdout] 
[INFO] [stdout] 
[INFO] [stdout] failures:
[INFO] [stdout]     tests::parse_save_beatmap_level
[INFO] [stdout] 
[INFO] [stdout] test result: FAILED. 30 passed; 1 failed; 0 ignored; 0 measured; 0 filtered out; finished in 0.24s
[INFO] [stdout] 
[INFO] [stderr] error: test failed, to rerun pass `--lib`
[INFO] running `Command { std: "docker" "inspect" "d0dff4ea4644a9697013163a0ce66d88c7af8837ccf29a93d2041a6f3dce9b14", kill_on_drop: false }`
[INFO] running `Command { std: "docker" "rm" "-f" "d0dff4ea4644a9697013163a0ce66d88c7af8837ccf29a93d2041a6f3dce9b14", kill_on_drop: false }`
[INFO] [stdout] d0dff4ea4644a9697013163a0ce66d88c7af8837ccf29a93d2041a6f3dce9b14
