[INFO] fetching crate os-core 0.2.0...
[INFO] testing os-core-0.2.0 against nightly-2024-10-28 for randomize-layout
[INFO] extracting crate os-core 0.2.0 into /workspace/builds/worker-6-tc1/source
[INFO] validating manifest of crates.io crate os-core 0.2.0 on toolchain nightly-2024-10-28
[INFO] running `Command { std: CARGO_HOME="/workspace/cargo-home" RUSTUP_HOME="/workspace/rustup-home" "/workspace/cargo-home/bin/cargo" "+nightly-2024-10-28" "metadata" "--manifest-path" "Cargo.toml" "--no-deps", kill_on_drop: false }`
[INFO] started tweaking crates.io crate os-core 0.2.0
[INFO] finished tweaking crates.io crate os-core 0.2.0
[INFO] tweaked toml for crates.io crate os-core 0.2.0 written to /workspace/builds/worker-6-tc1/source/Cargo.toml
[INFO] running `Command { std: CARGO_HOME="/workspace/cargo-home" RUSTUP_HOME="/workspace/rustup-home" "/workspace/cargo-home/bin/cargo" "+nightly-2024-10-28" "generate-lockfile" "--manifest-path" "Cargo.toml", kill_on_drop: false }`
[INFO] [stderr]     Updating crates.io index
[INFO] [stderr]      Locking 1 package to latest compatible version
[INFO] running `Command { std: CARGO_HOME="/workspace/cargo-home" RUSTUP_HOME="/workspace/rustup-home" "/workspace/cargo-home/bin/cargo" "+nightly-2024-10-28" "fetch" "--manifest-path" "Cargo.toml", kill_on_drop: false }`
[INFO] running `Command { std: "docker" "create" "-v" "/var/lib/crater-agent-workspace/builds/worker-6-tc1/target:/opt/rustwide/target:rw,Z" "-v" "/var/lib/crater-agent-workspace/builds/worker-6-tc1/source:/opt/rustwide/workdir:ro,Z" "-v" "/var/lib/crater-agent-workspace/cargo-home:/opt/rustwide/cargo-home:ro,Z" "-v" "/var/lib/crater-agent-workspace/rustup-home:/opt/rustwide/rustup-home:ro,Z" "-e" "SOURCE_DIR=/opt/rustwide/workdir" "-e" "CARGO_TARGET_DIR=/opt/rustwide/target" "-e" "CARGO_HOME=/opt/rustwide/cargo-home" "-e" "RUSTUP_HOME=/opt/rustwide/rustup-home" "-w" "/opt/rustwide/workdir" "-m" "1610612736" "--user" "0:0" "--network" "none" "ghcr.io/rust-lang/crates-build-env/linux@sha256:4a844ea9eb2546a2d2c7022eacef16ef2e8229c7fbb2c7d4d55a9ceca922f72d" "/opt/rustwide/cargo-home/bin/cargo" "+nightly-2024-10-28" "metadata" "--no-deps" "--format-version=1", kill_on_drop: false }`
[INFO] [stdout] c7b29b2f0a90bcd7f4199e0dc0441790253abddf31039401504cdcfaa4aad8d3
[INFO] running `Command { std: "docker" "start" "-a" "c7b29b2f0a90bcd7f4199e0dc0441790253abddf31039401504cdcfaa4aad8d3", kill_on_drop: false }`
[INFO] running `Command { std: "docker" "inspect" "c7b29b2f0a90bcd7f4199e0dc0441790253abddf31039401504cdcfaa4aad8d3", kill_on_drop: false }`
[INFO] running `Command { std: "docker" "rm" "-f" "c7b29b2f0a90bcd7f4199e0dc0441790253abddf31039401504cdcfaa4aad8d3", kill_on_drop: false }`
[INFO] [stdout] c7b29b2f0a90bcd7f4199e0dc0441790253abddf31039401504cdcfaa4aad8d3
[INFO] running `Command { std: "docker" "create" "-v" "/var/lib/crater-agent-workspace/builds/worker-6-tc1/target:/opt/rustwide/target:rw,Z" "-v" "/var/lib/crater-agent-workspace/builds/worker-6-tc1/source:/opt/rustwide/workdir:ro,Z" "-v" "/var/lib/crater-agent-workspace/cargo-home:/opt/rustwide/cargo-home:ro,Z" "-v" "/var/lib/crater-agent-workspace/rustup-home:/opt/rustwide/rustup-home:ro,Z" "-e" "SOURCE_DIR=/opt/rustwide/workdir" "-e" "CARGO_TARGET_DIR=/opt/rustwide/target" "-e" "CARGO_INCREMENTAL=0" "-e" "RUST_BACKTRACE=full" "-e" "RUSTFLAGS=--cap-lints=forbid" "-e" "RUSTDOCFLAGS=--cap-lints=forbid" "-e" "CARGO_HOME=/opt/rustwide/cargo-home" "-e" "RUSTUP_HOME=/opt/rustwide/rustup-home" "-w" "/opt/rustwide/workdir" "-m" "1610612736" "--user" "0:0" "--network" "none" "ghcr.io/rust-lang/crates-build-env/linux@sha256:4a844ea9eb2546a2d2c7022eacef16ef2e8229c7fbb2c7d4d55a9ceca922f72d" "/opt/rustwide/cargo-home/bin/cargo" "+nightly-2024-10-28" "build" "--frozen" "--message-format=json", kill_on_drop: false }`
[INFO] [stdout] 266e21b9c0f112acf4ce52d0ac276079174adbfac5a6c7312f9c5bac2d7acdeb
[INFO] running `Command { std: "docker" "start" "-a" "266e21b9c0f112acf4ce52d0ac276079174adbfac5a6c7312f9c5bac2d7acdeb", kill_on_drop: false }`
[INFO] [stderr]    Compiling os-core v0.2.0 (/opt/rustwide/workdir)
[INFO] [stderr]     Finished `dev` profile [unoptimized + debuginfo] target(s) in 0.18s
[INFO] running `Command { std: "docker" "inspect" "266e21b9c0f112acf4ce52d0ac276079174adbfac5a6c7312f9c5bac2d7acdeb", kill_on_drop: false }`
[INFO] running `Command { std: "docker" "rm" "-f" "266e21b9c0f112acf4ce52d0ac276079174adbfac5a6c7312f9c5bac2d7acdeb", kill_on_drop: false }`
[INFO] [stdout] 266e21b9c0f112acf4ce52d0ac276079174adbfac5a6c7312f9c5bac2d7acdeb
[INFO] running `Command { std: "docker" "create" "-v" "/var/lib/crater-agent-workspace/builds/worker-6-tc1/target:/opt/rustwide/target:rw,Z" "-v" "/var/lib/crater-agent-workspace/builds/worker-6-tc1/source:/opt/rustwide/workdir:ro,Z" "-v" "/var/lib/crater-agent-workspace/cargo-home:/opt/rustwide/cargo-home:ro,Z" "-v" "/var/lib/crater-agent-workspace/rustup-home:/opt/rustwide/rustup-home:ro,Z" "-e" "SOURCE_DIR=/opt/rustwide/workdir" "-e" "CARGO_TARGET_DIR=/opt/rustwide/target" "-e" "CARGO_INCREMENTAL=0" "-e" "RUST_BACKTRACE=full" "-e" "RUSTFLAGS=--cap-lints=forbid" "-e" "RUSTDOCFLAGS=--cap-lints=forbid" "-e" "CARGO_HOME=/opt/rustwide/cargo-home" "-e" "RUSTUP_HOME=/opt/rustwide/rustup-home" "-w" "/opt/rustwide/workdir" "-m" "1610612736" "--user" "0:0" "--network" "none" "ghcr.io/rust-lang/crates-build-env/linux@sha256:4a844ea9eb2546a2d2c7022eacef16ef2e8229c7fbb2c7d4d55a9ceca922f72d" "/opt/rustwide/cargo-home/bin/cargo" "+nightly-2024-10-28" "test" "--frozen" "--no-run" "--message-format=json", kill_on_drop: false }`
[INFO] [stdout] 4d411a19bcf427a685bff8fd1cb59692a33bcf5167cc5399a304463ea006234f
[INFO] running `Command { std: "docker" "start" "-a" "4d411a19bcf427a685bff8fd1cb59692a33bcf5167cc5399a304463ea006234f", kill_on_drop: false }`
[INFO] [stderr]    Compiling os-core v0.2.0 (/opt/rustwide/workdir)
[INFO] [stderr]     Finished `test` profile [unoptimized + debuginfo] target(s) in 0.34s
[INFO] running `Command { std: "docker" "inspect" "4d411a19bcf427a685bff8fd1cb59692a33bcf5167cc5399a304463ea006234f", kill_on_drop: false }`
[INFO] running `Command { std: "docker" "rm" "-f" "4d411a19bcf427a685bff8fd1cb59692a33bcf5167cc5399a304463ea006234f", kill_on_drop: false }`
[INFO] [stdout] 4d411a19bcf427a685bff8fd1cb59692a33bcf5167cc5399a304463ea006234f
[INFO] running `Command { std: "docker" "create" "-v" "/var/lib/crater-agent-workspace/builds/worker-6-tc1/target:/opt/rustwide/target:rw,Z" "-v" "/var/lib/crater-agent-workspace/builds/worker-6-tc1/source:/opt/rustwide/workdir:ro,Z" "-v" "/var/lib/crater-agent-workspace/cargo-home:/opt/rustwide/cargo-home:ro,Z" "-v" "/var/lib/crater-agent-workspace/rustup-home:/opt/rustwide/rustup-home:ro,Z" "-e" "SOURCE_DIR=/opt/rustwide/workdir" "-e" "CARGO_TARGET_DIR=/opt/rustwide/target" "-e" "CARGO_INCREMENTAL=0" "-e" "RUST_BACKTRACE=full" "-e" "RUSTFLAGS=--cap-lints=forbid" "-e" "RUSTDOCFLAGS=--cap-lints=forbid" "-e" "CARGO_HOME=/opt/rustwide/cargo-home" "-e" "RUSTUP_HOME=/opt/rustwide/rustup-home" "-w" "/opt/rustwide/workdir" "-m" "1610612736" "--user" "0:0" "--network" "none" "ghcr.io/rust-lang/crates-build-env/linux@sha256:4a844ea9eb2546a2d2c7022eacef16ef2e8229c7fbb2c7d4d55a9ceca922f72d" "/opt/rustwide/cargo-home/bin/cargo" "+nightly-2024-10-28" "test" "--frozen", kill_on_drop: false }`
[INFO] [stdout] f13dd7e78aaff96c078b343c566510424f0d2045381790c48e503753595a3b72
[INFO] running `Command { std: "docker" "start" "-a" "f13dd7e78aaff96c078b343c566510424f0d2045381790c48e503753595a3b72", kill_on_drop: false }`
[INFO] [stderr]     Finished `test` profile [unoptimized + debuginfo] target(s) in 0.02s
[INFO] [stdout] 
[INFO] [stderr]      Running unittests src/lib.rs (/opt/rustwide/target/debug/deps/os_core-3482a6d4a8f380ba)
[INFO] [stdout] running 3 tests
[INFO] [stdout] test tests::it_works ... ok
[INFO] [stdout] test unix::tests::test_sys_fork ... ok
[INFO] [stderr]    Doc-tests os_core
[INFO] [stdout] test unix::tests::test_sys_mmap_munmap ... ok
[INFO] [stdout] 
[INFO] [stdout] test result: ok. 3 passed; 0 failed; 0 ignored; 0 measured; 0 filtered out; finished in 0.01s
[INFO] [stdout] 
[INFO] [stdout] 
[INFO] [stdout] running 2 tests
[INFO] [stdout] test src/lib.rs - memory (line 15) ... FAILED
[INFO] [stdout] test src/unix/mod.rs - unix::sys_mmap (line 20) ... ok
[INFO] [stdout] 
[INFO] [stdout] failures:
[INFO] [stdout] 
[INFO] [stdout] ---- src/lib.rs - memory (line 15) stdout ----
[INFO] [stdout] error: expected `;`, found keyword `use`
[INFO] [stdout]  --> src/lib.rs:17:8
[INFO] [stdout]   |
[INFO] [stdout] 5 | Example
[INFO] [stdout]   |        ^ help: add `;` here
[INFO] [stdout] 6 | use os_core::{memory, release};
[INFO] [stdout]   | --- unexpected token
[INFO] [stdout] 
[INFO] [stdout] error: expected expression, found `=`
[INFO] [stdout]   --> src/lib.rs:22:15
[INFO] [stdout]    |
[INFO] [stdout] 10 | unsafe {*mem} = 0xAB;
[INFO] [stdout]    |               ^ expected expression
[INFO] [stdout]    |
[INFO] [stdout] help: parentheses are required to parse this as an expression
[INFO] [stdout]    |
[INFO] [stdout] 10 | (unsafe {*mem}) = 0xAB;
[INFO] [stdout]    | +             +
[INFO] [stdout] 
[INFO] [stdout] error[E0061]: this function takes 5 arguments but 4 arguments were supplied
[INFO] [stdout]   --> src/lib.rs:20:24
[INFO] [stdout]    |
[INFO] [stdout] 8  | let mut mem: *mut u8 = memory(4096, true, true, true);
[INFO] [stdout]    |                        ^^^^^^------------------------ argument #5 of type `bool` is missing
[INFO] [stdout]    |
[INFO] [stdout] note: function defined here
[INFO] [stdout]   --> /opt/rustwide/workdir/src/lib.rs:28:8
[INFO] [stdout]    |
[INFO] [stdout] 28 | pub fn memory <T> (size: usize, read: bool, write: bool, exec: bool, shared: bool) -> *mut T {
[INFO] [stdout]    |        ^^^^^^
[INFO] [stdout] help: provide the argument
[INFO] [stdout]    |
[INFO] [stdout] 8  | let mut mem: *mut u8 = memory(4096, true, true, true, /* bool */);
[INFO] [stdout]    |                              ~~~~~~~~~~~~~~~~~~~~~~~~~~~~~~~~~~~~
[INFO] [stdout] 
[INFO] [stdout] error[E0070]: invalid left-hand side of assignment
[INFO] [stdout]   --> src/lib.rs:22:15
[INFO] [stdout]    |
[INFO] [stdout] 10 | unsafe {*mem} = 0xAB;
[INFO] [stdout]    | ------------- ^
[INFO] [stdout]    | |
[INFO] [stdout]    | cannot assign to this expression
[INFO] [stdout] 
[INFO] [stdout] error: aborting due to 4 previous errors
[INFO] [stdout] 
[INFO] [stdout] Some errors have detailed explanations: E0061, E0070.
[INFO] [stdout] For more information about an error, try `rustc --explain E0061`.
[INFO] [stdout] Couldn't compile the test.
[INFO] [stdout] 
[INFO] [stdout] failures:
[INFO] [stdout]     src/lib.rs - memory (line 15)
[INFO] [stdout] 
[INFO] [stdout] test result: FAILED. 1 passed; 1 failed; 0 ignored; 0 measured; 0 filtered out; finished in 0.26s
[INFO] [stdout] 
[INFO] [stderr] error: doctest failed, to rerun pass `--doc`
[INFO] running `Command { std: "docker" "inspect" "f13dd7e78aaff96c078b343c566510424f0d2045381790c48e503753595a3b72", kill_on_drop: false }`
[INFO] running `Command { std: "docker" "rm" "-f" "f13dd7e78aaff96c078b343c566510424f0d2045381790c48e503753595a3b72", kill_on_drop: false }`
[INFO] [stdout] f13dd7e78aaff96c078b343c566510424f0d2045381790c48e503753595a3b72
