[INFO] fetching crate orientdb-client 0.6.0...
[INFO] testing orientdb-client-0.6.0 against nightly-2024-10-28 for randomize-layout
[INFO] extracting crate orientdb-client 0.6.0 into /workspace/builds/worker-1-tc1/source
[INFO] validating manifest of crates.io crate orientdb-client 0.6.0 on toolchain nightly-2024-10-28
[INFO] running `Command { std: CARGO_HOME="/workspace/cargo-home" RUSTUP_HOME="/workspace/rustup-home" "/workspace/cargo-home/bin/cargo" "+nightly-2024-10-28" "metadata" "--manifest-path" "Cargo.toml" "--no-deps", kill_on_drop: false }`
[INFO] started tweaking crates.io crate orientdb-client 0.6.0
[INFO] removed 0 missing examples
[INFO] finished tweaking crates.io crate orientdb-client 0.6.0
[INFO] tweaked toml for crates.io crate orientdb-client 0.6.0 written to /workspace/builds/worker-1-tc1/source/Cargo.toml
[INFO] crate crates.io crate orientdb-client 0.6.0 already has a lockfile, it will not be regenerated
[INFO] running `Command { std: CARGO_HOME="/workspace/cargo-home" RUSTUP_HOME="/workspace/rustup-home" "/workspace/cargo-home/bin/cargo" "+nightly-2024-10-28" "fetch" "--manifest-path" "Cargo.toml", kill_on_drop: false }`
[INFO] [stderr]     Updating crates.io index
[INFO] [stderr]  Downloading crates ...
[INFO] [stderr]   Downloaded orientdb-macro v0.2.0
[INFO] [stderr]   Downloaded dotenv v0.14.1
[INFO] [stderr]   Downloaded mobc v0.7.2
[INFO] [stderr]   Downloaded async-io v1.4.1
[INFO] [stderr]   Downloaded tokio v1.6.0
[INFO] running `Command { std: "docker" "create" "-v" "/var/lib/crater-agent-workspace/builds/worker-1-tc1/target:/opt/rustwide/target:rw,Z" "-v" "/var/lib/crater-agent-workspace/builds/worker-1-tc1/source:/opt/rustwide/workdir:ro,Z" "-v" "/var/lib/crater-agent-workspace/cargo-home:/opt/rustwide/cargo-home:ro,Z" "-v" "/var/lib/crater-agent-workspace/rustup-home:/opt/rustwide/rustup-home:ro,Z" "-e" "SOURCE_DIR=/opt/rustwide/workdir" "-e" "CARGO_TARGET_DIR=/opt/rustwide/target" "-e" "CARGO_HOME=/opt/rustwide/cargo-home" "-e" "RUSTUP_HOME=/opt/rustwide/rustup-home" "-w" "/opt/rustwide/workdir" "-m" "1610612736" "--user" "0:0" "--network" "none" "ghcr.io/rust-lang/crates-build-env/linux@sha256:4a844ea9eb2546a2d2c7022eacef16ef2e8229c7fbb2c7d4d55a9ceca922f72d" "/opt/rustwide/cargo-home/bin/cargo" "+nightly-2024-10-28" "metadata" "--no-deps" "--format-version=1", kill_on_drop: false }`
[INFO] [stdout] ebece25ae5ea5270dab8e858bac62a73286d504b10766adaea110153aae4c554
[INFO] running `Command { std: "docker" "start" "-a" "ebece25ae5ea5270dab8e858bac62a73286d504b10766adaea110153aae4c554", kill_on_drop: false }`
[INFO] running `Command { std: "docker" "inspect" "ebece25ae5ea5270dab8e858bac62a73286d504b10766adaea110153aae4c554", kill_on_drop: false }`
[INFO] running `Command { std: "docker" "rm" "-f" "ebece25ae5ea5270dab8e858bac62a73286d504b10766adaea110153aae4c554", kill_on_drop: false }`
[INFO] [stdout] ebece25ae5ea5270dab8e858bac62a73286d504b10766adaea110153aae4c554
[INFO] running `Command { std: "docker" "create" "-v" "/var/lib/crater-agent-workspace/builds/worker-1-tc1/target:/opt/rustwide/target:rw,Z" "-v" "/var/lib/crater-agent-workspace/builds/worker-1-tc1/source:/opt/rustwide/workdir:ro,Z" "-v" "/var/lib/crater-agent-workspace/cargo-home:/opt/rustwide/cargo-home:ro,Z" "-v" "/var/lib/crater-agent-workspace/rustup-home:/opt/rustwide/rustup-home:ro,Z" "-e" "SOURCE_DIR=/opt/rustwide/workdir" "-e" "CARGO_TARGET_DIR=/opt/rustwide/target" "-e" "CARGO_INCREMENTAL=0" "-e" "RUST_BACKTRACE=full" "-e" "RUSTFLAGS=--cap-lints=forbid" "-e" "RUSTDOCFLAGS=--cap-lints=forbid" "-e" "CARGO_HOME=/opt/rustwide/cargo-home" "-e" "RUSTUP_HOME=/opt/rustwide/rustup-home" "-w" "/opt/rustwide/workdir" "-m" "1610612736" "--user" "0:0" "--network" "none" "ghcr.io/rust-lang/crates-build-env/linux@sha256:4a844ea9eb2546a2d2c7022eacef16ef2e8229c7fbb2c7d4d55a9ceca922f72d" "/opt/rustwide/cargo-home/bin/cargo" "+nightly-2024-10-28" "build" "--frozen" "--message-format=json", kill_on_drop: false }`
[INFO] [stdout] 7af9ca6909e3c9645f6f65cdd7c923f996b69d92a3360e98c1b4e60ca3dd18a1
[INFO] running `Command { std: "docker" "start" "-a" "7af9ca6909e3c9645f6f65cdd7c923f996b69d92a3360e98c1b4e60ca3dd18a1", kill_on_drop: false }`
[INFO] [stderr]    Compiling libc v0.2.94
[INFO] [stderr]    Compiling autocfg v1.0.1
[INFO] [stderr]    Compiling proc-macro2 v1.0.27
[INFO] [stderr]    Compiling unicode-xid v0.2.2
[INFO] [stderr]    Compiling ryu v1.0.5
[INFO] [stderr]    Compiling radium v0.5.3
[INFO] [stderr]    Compiling bitflags v1.2.1
[INFO] [stderr]    Compiling instant v0.1.9
[INFO] [stderr]    Compiling scopeguard v1.1.0
[INFO] [stderr]    Compiling syn v1.0.72
[INFO] [stderr]    Compiling smallvec v1.6.1
[INFO] [stderr]    Compiling lock_api v0.4.4
[INFO] [stderr]    Compiling log v0.4.14
[INFO] [stderr]    Compiling memchr v2.4.0
[INFO] [stderr]    Compiling lexical-core v0.7.6
[INFO] [stderr]    Compiling num-traits v0.2.14
[INFO] [stderr]    Compiling num-integer v0.1.44
[INFO] [stderr]    Compiling version_check v0.9.3
[INFO] [stderr]    Compiling quote v1.0.9
[INFO] [stderr]    Compiling arrayvec v0.5.2
[INFO] [stderr]    Compiling wyz v0.2.0
[INFO] [stderr]    Compiling tap v1.0.1
[INFO] [stderr]    Compiling nom v6.1.2
[INFO] [stderr]    Compiling funty v1.1.0
[INFO] [stderr]    Compiling static_assertions v1.1.0
[INFO] [stderr]    Compiling byteorder v1.4.3
[INFO] [stderr]    Compiling bitvec v0.19.5
[INFO] [stderr]    Compiling parking_lot_core v0.8.3
[INFO] [stderr]    Compiling time v0.1.43
[INFO] [stderr]    Compiling parking_lot v0.11.1
[INFO] [stderr]    Compiling scheduled-thread-pool v0.2.5
[INFO] [stderr]    Compiling r2d2 v0.8.9
[INFO] [stderr]    Compiling chrono v0.4.19
[INFO] [stderr]    Compiling thiserror-impl v1.0.24
[INFO] [stderr]    Compiling thiserror v1.0.24
[INFO] [stderr]    Compiling orientdb-client v0.6.0 (/opt/rustwide/workdir)
[INFO] [stdout] warning: unused import: `crate::common::protocol::messages::request::*`
[INFO] [stdout]   --> src/sync/protocol/mod.rs:18:17
[INFO] [stdout]    |
[INFO] [stdout] 18 |         pub use crate::common::protocol::messages::request::*;
[INFO] [stdout]    |                 ^^^^^^^^^^^^^^^^^^^^^^^^^^^^^^^^^^^^^^^^^^^^^
[INFO] [stdout]    |
[INFO] [stdout]    = note: `#[warn(unused_imports)]` on by default
[INFO] [stdout] 
[INFO] [stdout] 
[INFO] [stderr]     Finished `dev` profile [unoptimized + debuginfo] target(s) in 13.90s
[INFO] [stderr] warning: the following packages contain code that will be rejected by a future version of Rust: nom v6.1.2
[INFO] [stderr] note: to see what the problems were, use the option `--future-incompat-report`, or run `cargo report future-incompatibilities --id 3`
[INFO] running `Command { std: "docker" "inspect" "7af9ca6909e3c9645f6f65cdd7c923f996b69d92a3360e98c1b4e60ca3dd18a1", kill_on_drop: false }`
[INFO] running `Command { std: "docker" "rm" "-f" "7af9ca6909e3c9645f6f65cdd7c923f996b69d92a3360e98c1b4e60ca3dd18a1", kill_on_drop: false }`
[INFO] [stdout] 7af9ca6909e3c9645f6f65cdd7c923f996b69d92a3360e98c1b4e60ca3dd18a1
[INFO] running `Command { std: "docker" "create" "-v" "/var/lib/crater-agent-workspace/builds/worker-1-tc1/target:/opt/rustwide/target:rw,Z" "-v" "/var/lib/crater-agent-workspace/builds/worker-1-tc1/source:/opt/rustwide/workdir:ro,Z" "-v" "/var/lib/crater-agent-workspace/cargo-home:/opt/rustwide/cargo-home:ro,Z" "-v" "/var/lib/crater-agent-workspace/rustup-home:/opt/rustwide/rustup-home:ro,Z" "-e" "SOURCE_DIR=/opt/rustwide/workdir" "-e" "CARGO_TARGET_DIR=/opt/rustwide/target" "-e" "CARGO_INCREMENTAL=0" "-e" "RUST_BACKTRACE=full" "-e" "RUSTFLAGS=--cap-lints=forbid" "-e" "RUSTDOCFLAGS=--cap-lints=forbid" "-e" "CARGO_HOME=/opt/rustwide/cargo-home" "-e" "RUSTUP_HOME=/opt/rustwide/rustup-home" "-w" "/opt/rustwide/workdir" "-m" "1610612736" "--user" "0:0" "--network" "none" "ghcr.io/rust-lang/crates-build-env/linux@sha256:4a844ea9eb2546a2d2c7022eacef16ef2e8229c7fbb2c7d4d55a9ceca922f72d" "/opt/rustwide/cargo-home/bin/cargo" "+nightly-2024-10-28" "test" "--frozen" "--no-run" "--message-format=json", kill_on_drop: false }`
[INFO] [stdout] 862f8d5dc3314feb2ca98dbb864e8b8c50cea80024b8b9d72689587a55219149
[INFO] running `Command { std: "docker" "start" "-a" "862f8d5dc3314feb2ca98dbb864e8b8c50cea80024b8b9d72689587a55219149", kill_on_drop: false }`
[INFO] [stderr]    Compiling cc v1.0.67
[INFO] [stderr]    Compiling miniz_oxide v0.4.4
[INFO] [stderr]    Compiling gimli v0.24.0
[INFO] [stderr]    Compiling failure_derive v0.1.8
[INFO] [stderr]    Compiling synstructure v0.12.4
[INFO] [stderr]    Compiling object v0.24.0
[INFO] [stderr]    Compiling rustc-demangle v0.1.19
[INFO] [stderr]    Compiling aho-corasick v0.7.18
[INFO] [stderr]    Compiling regex-syntax v0.6.25
[INFO] [stderr]    Compiling getrandom v0.2.3
[INFO] [stderr]    Compiling lazy_static v1.4.0
[INFO] [stderr]    Compiling uuid v0.8.2
[INFO] [stdout] warning: unused import: `crate::common::protocol::messages::request::*`
[INFO] [stdout]   --> src/sync/protocol/mod.rs:18:17
[INFO] [stdout]    |
[INFO] [stdout] 18 |         pub use crate::common::protocol::messages::request::*;
[INFO] [stdout]    |                 ^^^^^^^^^^^^^^^^^^^^^^^^^^^^^^^^^^^^^^^^^^^^^
[INFO] [stdout]    |
[INFO] [stdout]    = note: `#[warn(unused_imports)]` on by default
[INFO] [stdout] 
[INFO] [stdout] 
[INFO] [stderr]    Compiling backtrace v0.3.59
[INFO] [stderr]    Compiling regex v1.5.4
[INFO] [stderr]    Compiling addr2line v0.15.1
[INFO] [stderr]    Compiling failure v0.1.8
[INFO] [stderr]    Compiling dotenv v0.14.1
[INFO] [stderr]    Compiling orientdb-client v0.6.0 (/opt/rustwide/workdir)
[INFO] [stdout] warning: field `address` is never read
[INFO] [stdout]   --> tests/common/mod.rs:10:9
[INFO] [stdout]    |
[INFO] [stdout] 9  | pub struct OrientDBTest {
[INFO] [stdout]    |            ------------ field in this struct
[INFO] [stdout] 10 |     pub address: String,
[INFO] [stdout]    |         ^^^^^^^
[INFO] [stdout]    |
[INFO] [stdout]    = note: `OrientDBTest` has a derived impl for the trait `Debug`, but this is intentionally ignored during dead code analysis
[INFO] [stdout]    = note: `#[warn(dead_code)]` on by default
[INFO] [stdout] 
[INFO] [stdout] 
[INFO] [stdout] warning: field `address` is never read
[INFO] [stdout]   --> tests/common/mod.rs:10:9
[INFO] [stdout]    |
[INFO] [stdout] 9  | pub struct OrientDBTest {
[INFO] [stdout]    |            ------------ field in this struct
[INFO] [stdout] 10 |     pub address: String,
[INFO] [stdout]    |         ^^^^^^^
[INFO] [stdout]    |
[INFO] [stdout]    = note: `OrientDBTest` has a derived impl for the trait `Debug`, but this is intentionally ignored during dead code analysis
[INFO] [stdout]    = note: `#[warn(dead_code)]` on by default
[INFO] [stdout] 
[INFO] [stdout] 
[INFO] [stdout] warning: unused implementer of `Iterator` that must be used
[INFO] [stdout]    --> tests/orient-session.rs:257:9
[INFO] [stdout]     |
[INFO] [stdout] 257 | /         session
[INFO] [stdout] 258 | |             .command("create vertex Person content  { name : 'Jonh', address : { street : 'test street'}}")
[INFO] [stdout] 259 | |             .run()
[INFO] [stdout] 260 | |             .unwrap();
[INFO] [stdout]     | |_____________________^
[INFO] [stdout]     |
[INFO] [stdout]     = note: iterators are lazy and do nothing unless consumed
[INFO] [stdout]     = note: `#[warn(unused_must_use)]` on by default
[INFO] [stdout] 
[INFO] [stdout] 
[INFO] [stdout] warning: unused implementer of `Iterator` that must be used
[INFO] [stdout]    --> tests/orient-session.rs:293:9
[INFO] [stdout]     |
[INFO] [stdout] 293 |         session.script_sql(script).run().unwrap();
[INFO] [stdout]     |         ^^^^^^^^^^^^^^^^^^^^^^^^^^^^^^^^^^^^^^^^^
[INFO] [stdout]     |
[INFO] [stdout]     = note: iterators are lazy and do nothing unless consumed
[INFO] [stdout] 
[INFO] [stdout] 
[INFO] [stdout] warning: unused implementer of `Iterator` that must be used
[INFO] [stdout]    --> tests/orient-session.rs:320:5
[INFO] [stdout]     |
[INFO] [stdout] 320 | /     session
[INFO] [stdout] 321 | |         .command("create class Person extends V")
[INFO] [stdout] 322 | |         .run()
[INFO] [stdout] 323 | |         .unwrap();
[INFO] [stdout]     | |_________________^
[INFO] [stdout]     |
[INFO] [stdout]     = note: iterators are lazy and do nothing unless consumed
[INFO] [stdout] 
[INFO] [stdout] 
[INFO] [stdout] warning: unused implementer of `Iterator` that must be used
[INFO] [stdout]    --> tests/orient-session.rs:325:5
[INFO] [stdout]     |
[INFO] [stdout] 325 | /     session
[INFO] [stdout] 326 | |         .command("create class HasFriend extends E")
[INFO] [stdout] 327 | |         .run()
[INFO] [stdout] 328 | |         .unwrap();
[INFO] [stdout]     | |_________________^
[INFO] [stdout]     |
[INFO] [stdout]     = note: iterators are lazy and do nothing unless consumed
[INFO] [stdout] 
[INFO] [stdout] 
[INFO] [stdout] warning: unused implementer of `Iterator` that must be used
[INFO] [stdout]    --> tests/orient-session.rs:330:5
[INFO] [stdout]     |
[INFO] [stdout] 330 | /     session
[INFO] [stdout] 331 | |         .command("create class Address abstract")
[INFO] [stdout] 332 | |         .run()
[INFO] [stdout] 333 | |         .unwrap();
[INFO] [stdout]     | |_________________^
[INFO] [stdout]     |
[INFO] [stdout]     = note: iterators are lazy and do nothing unless consumed
[INFO] [stdout] 
[INFO] [stdout] 
[INFO] [stdout] warning: unused implementer of `Iterator` that must be used
[INFO] [stdout]    --> tests/orient-session.rs:335:5
[INFO] [stdout]     |
[INFO] [stdout] 335 | /     session
[INFO] [stdout] 336 | |         .command("create property Person.address EMBEDDED Address")
[INFO] [stdout] 337 | |         .run()
[INFO] [stdout] 338 | |         .unwrap();
[INFO] [stdout]     | |_________________^
[INFO] [stdout]     |
[INFO] [stdout]     = note: iterators are lazy and do nothing unless consumed
[INFO] [stdout] 
[INFO] [stdout] 
[INFO] [stdout] warning: unused import: `crate::common::protocol::messages::request::*`
[INFO] [stdout]   --> src/sync/protocol/mod.rs:18:17
[INFO] [stdout]    |
[INFO] [stdout] 18 |         pub use crate::common::protocol::messages::request::*;
[INFO] [stdout]    |                 ^^^^^^^^^^^^^^^^^^^^^^^^^^^^^^^^^^^^^^^^^^^^^
[INFO] [stdout]    |
[INFO] [stdout]    = note: `#[warn(unused_imports)]` on by default
[INFO] [stdout] 
[INFO] [stdout] 
[INFO] [stdout] warning: field `address` is never read
[INFO] [stdout]   --> tests/common/mod.rs:10:9
[INFO] [stdout]    |
[INFO] [stdout] 9  | pub struct OrientDBTest {
[INFO] [stdout]    |            ------------ field in this struct
[INFO] [stdout] 10 |     pub address: String,
[INFO] [stdout]    |         ^^^^^^^
[INFO] [stdout]    |
[INFO] [stdout]    = note: `OrientDBTest` has a derived impl for the trait `Debug`, but this is intentionally ignored during dead code analysis
[INFO] [stdout]    = note: `#[warn(dead_code)]` on by default
[INFO] [stdout] 
[INFO] [stdout] 
[INFO] [stderr]     Finished `test` profile [unoptimized + debuginfo] target(s) in 11.51s
[INFO] [stderr] warning: the following packages contain code that will be rejected by a future version of Rust: nom v6.1.2
[INFO] [stderr] note: to see what the problems were, use the option `--future-incompat-report`, or run `cargo report future-incompatibilities --id 3`
[INFO] running `Command { std: "docker" "inspect" "862f8d5dc3314feb2ca98dbb864e8b8c50cea80024b8b9d72689587a55219149", kill_on_drop: false }`
[INFO] running `Command { std: "docker" "rm" "-f" "862f8d5dc3314feb2ca98dbb864e8b8c50cea80024b8b9d72689587a55219149", kill_on_drop: false }`
[INFO] [stdout] 862f8d5dc3314feb2ca98dbb864e8b8c50cea80024b8b9d72689587a55219149
[INFO] running `Command { std: "docker" "create" "-v" "/var/lib/crater-agent-workspace/builds/worker-1-tc1/target:/opt/rustwide/target:rw,Z" "-v" "/var/lib/crater-agent-workspace/builds/worker-1-tc1/source:/opt/rustwide/workdir:ro,Z" "-v" "/var/lib/crater-agent-workspace/cargo-home:/opt/rustwide/cargo-home:ro,Z" "-v" "/var/lib/crater-agent-workspace/rustup-home:/opt/rustwide/rustup-home:ro,Z" "-e" "SOURCE_DIR=/opt/rustwide/workdir" "-e" "CARGO_TARGET_DIR=/opt/rustwide/target" "-e" "CARGO_INCREMENTAL=0" "-e" "RUST_BACKTRACE=full" "-e" "RUSTFLAGS=--cap-lints=forbid" "-e" "RUSTDOCFLAGS=--cap-lints=forbid" "-e" "CARGO_HOME=/opt/rustwide/cargo-home" "-e" "RUSTUP_HOME=/opt/rustwide/rustup-home" "-w" "/opt/rustwide/workdir" "-m" "1610612736" "--user" "0:0" "--network" "none" "ghcr.io/rust-lang/crates-build-env/linux@sha256:4a844ea9eb2546a2d2c7022eacef16ef2e8229c7fbb2c7d4d55a9ceca922f72d" "/opt/rustwide/cargo-home/bin/cargo" "+nightly-2024-10-28" "test" "--frozen", kill_on_drop: false }`
[INFO] [stdout] c4e791e9c73ce13939407be26a237f92c51ea21151cd0cbc1429aa71321c3156
[INFO] running `Command { std: "docker" "start" "-a" "c4e791e9c73ce13939407be26a237f92c51ea21151cd0cbc1429aa71321c3156", kill_on_drop: false }`
[INFO] [stderr] warning: unused import: `crate::common::protocol::messages::request::*`
[INFO] [stderr]   --> src/sync/protocol/mod.rs:18:17
[INFO] [stderr]    |
[INFO] [stderr] 18 |         pub use crate::common::protocol::messages::request::*;
[INFO] [stderr]    |                 ^^^^^^^^^^^^^^^^^^^^^^^^^^^^^^^^^^^^^^^^^^^^^
[INFO] [stderr]    |
[INFO] [stderr]    = note: `#[warn(unused_imports)]` on by default
[INFO] [stderr] 
[INFO] [stderr] warning: `orientdb-client` (lib) generated 1 warning (run `cargo fix --lib -p orientdb-client` to apply 1 suggestion)
[INFO] [stderr] warning: field `address` is never read
[INFO] [stderr]   --> tests/common/mod.rs:10:9
[INFO] [stderr]    |
[INFO] [stderr] 9  | pub struct OrientDBTest {
[INFO] [stderr]    |            ------------ field in this struct
[INFO] [stderr] 10 |     pub address: String,
[INFO] [stderr]    |         ^^^^^^^
[INFO] [stderr]    |
[INFO] [stderr]    = note: `OrientDBTest` has a derived impl for the trait `Debug`, but this is intentionally ignored during dead code analysis
[INFO] [stderr]    = note: `#[warn(dead_code)]` on by default
[INFO] [stderr] 
[INFO] [stderr] warning: unused implementer of `Iterator` that must be used
[INFO] [stderr]    --> tests/orient-session.rs:257:9
[INFO] [stderr]     |
[INFO] [stderr] 257 | /         session
[INFO] [stderr] 258 | |             .command("create vertex Person content  { name : 'Jonh', address : { street : 'test street'}}")
[INFO] [stderr] 259 | |             .run()
[INFO] [stderr] 260 | |             .unwrap();
[INFO] [stderr]     | |_____________________^
[INFO] [stderr]     |
[INFO] [stderr]     = note: iterators are lazy and do nothing unless consumed
[INFO] [stderr]     = note: `#[warn(unused_must_use)]` on by default
[INFO] [stderr] 
[INFO] [stderr] warning: unused implementer of `Iterator` that must be used
[INFO] [stderr]    --> tests/orient-session.rs:293:9
[INFO] [stderr]     |
[INFO] [stderr] 293 |         session.script_sql(script).run().unwrap();
[INFO] [stderr]     |         ^^^^^^^^^^^^^^^^^^^^^^^^^^^^^^^^^^^^^^^^^
[INFO] [stderr]     |
[INFO] [stderr]     = note: iterators are lazy and do nothing unless consumed
[INFO] [stderr] 
[INFO] [stderr] warning: unused implementer of `Iterator` that must be used
[INFO] [stderr]    --> tests/orient-session.rs:320:5
[INFO] [stderr]     |
[INFO] [stderr] 320 | /     session
[INFO] [stderr] 321 | |         .command("create class Person extends V")
[INFO] [stderr] 322 | |         .run()
[INFO] [stderr] 323 | |         .unwrap();
[INFO] [stderr]     | |_________________^
[INFO] [stderr]     |
[INFO] [stderr]     = note: iterators are lazy and do nothing unless consumed
[INFO] [stderr] 
[INFO] [stderr] warning: unused implementer of `Iterator` that must be used
[INFO] [stderr]    --> tests/orient-session.rs:325:5
[INFO] [stderr]     |
[INFO] [stderr] 325 | /     session
[INFO] [stderr] 326 | |         .command("create class HasFriend extends E")
[INFO] [stderr] 327 | |         .run()
[INFO] [stderr] 328 | |         .unwrap();
[INFO] [stderr]     | |_________________^
[INFO] [stderr]     |
[INFO] [stderr]     = note: iterators are lazy and do nothing unless consumed
[INFO] [stderr] 
[INFO] [stderr] warning: unused implementer of `Iterator` that must be used
[INFO] [stderr]    --> tests/orient-session.rs:330:5
[INFO] [stderr]     |
[INFO] [stderr] 330 | /     session
[INFO] [stderr] 331 | |         .command("create class Address abstract")
[INFO] [stderr] 332 | |         .run()
[INFO] [stderr] 333 | |         .unwrap();
[INFO] [stderr]     | |_________________^
[INFO] [stderr]     |
[INFO] [stderr]     = note: iterators are lazy and do nothing unless consumed
[INFO] [stderr] 
[INFO] [stderr] warning: unused implementer of `Iterator` that must be used
[INFO] [stderr]    --> tests/orient-session.rs:335:5
[INFO] [stderr]     |
[INFO] [stderr] 335 | /     session
[INFO] [stderr] 336 | |         .command("create property Person.address EMBEDDED Address")
[INFO] [stderr] 337 | |         .run()
[INFO] [stderr] 338 | |         .unwrap();
[INFO] [stderr]     | |_________________^
[INFO] [stderr]     |
[INFO] [stderr]     = note: iterators are lazy and do nothing unless consumed
[INFO] [stderr] 
[INFO] [stderr] warning: `orientdb-client` (test "orient-client") generated 1 warning
[INFO] [stderr] warning: `orientdb-client` (test "orient-sessions") generated 1 warning (1 duplicate)
[INFO] [stderr] warning: `orientdb-client` (lib test) generated 1 warning (1 duplicate)
[INFO] [stderr] warning: `orientdb-client` (test "orient-session") generated 7 warnings (1 duplicate)
[INFO] [stderr]     Finished `test` profile [unoptimized + debuginfo] target(s) in 0.10s
[INFO] [stderr] warning: the following packages contain code that will be rejected by a future version of Rust: nom v6.1.2
[INFO] [stderr] note: to see what the problems were, use the option `--future-incompat-report`, or run `cargo report future-incompatibilities --id 3`
[INFO] [stderr]      Running unittests src/lib.rs (/opt/rustwide/target/debug/deps/orientdb_client-8c85786559861ac6)
[INFO] [stdout] 
[INFO] [stdout] running 6 tests
[INFO] [stdout] test common::protocol::parser::tests::test_parse_varint ... ok
[INFO] [stdout] test common::protocol::parser::tests::test_parse_string_varint ... ok
[INFO] [stdout] test common::protocol::v37::serializer::tests::doc_ser_test ... ok
[INFO] [stdout] test common::protocol::parser::tests::test_read_write_varint ... ok
[INFO] [stdout] test common::types::document::tests::doc_simple_test ... ok
[INFO] [stdout] test common::types::document::tests::doc_inner_test ... ok
[INFO] [stdout] 
[INFO] [stdout] test result: ok. 6 passed; 0 failed; 0 ignored; 0 measured; 0 filtered out; finished in 0.00s
[INFO] [stdout] 
[INFO] [stderr]      Running tests/orient-client.rs (/opt/rustwide/target/debug/deps/orient_client-9aabc7da84512523)
[INFO] [stdout] 
[INFO] [stdout] running 2 tests
[INFO] [stdout] test test_client_create_exist_drop_db ... FAILED
[INFO] [stdout] test test_client_connect_close ... FAILED
[INFO] [stdout] 
[INFO] [stdout] failures:
[INFO] [stdout] 
[INFO] [stdout] ---- test_client_create_exist_drop_db stdout ----
[INFO] [stdout] thread 'test_client_create_exist_drop_db' panicked at src/sync/network/cluster.rs:42:51:
[INFO] [stdout] called `Result::unwrap()` on an `Err` value: Pool(Error(Some("")))
[INFO] [stdout] stack backtrace:
[INFO] [stdout]    0:     0x6448557ebe1a - std::backtrace_rs::backtrace::libunwind::trace::h207520d6e9873551
[INFO] [stdout]                                at /rustc/df4ca44d3fbc9301ee17f30f4d474e6ae4b05252/library/std/src/../../backtrace/src/backtrace/libunwind.rs:116:5
[INFO] [stdout]    1:     0x6448557ebe1a - std::backtrace_rs::backtrace::trace_unsynchronized::h2ed7433f370e3eca
[INFO] [stdout]                                at /rustc/df4ca44d3fbc9301ee17f30f4d474e6ae4b05252/library/std/src/../../backtrace/src/backtrace/mod.rs:66:5
[INFO] [stdout]    2:     0x6448557ebe1a - std::sys::backtrace::_print_fmt::h916fac51166b18d7
[INFO] [stdout]                                at /rustc/df4ca44d3fbc9301ee17f30f4d474e6ae4b05252/library/std/src/sys/backtrace.rs:66:9
[INFO] [stdout]    3:     0x6448557ebe1a - <std::sys::backtrace::BacktraceLock::print::DisplayBacktrace as core::fmt::Display>::fmt::ha0a4c9b8ce3802e6
[INFO] [stdout]                                at /rustc/df4ca44d3fbc9301ee17f30f4d474e6ae4b05252/library/std/src/sys/backtrace.rs:39:26
[INFO] [stdout]    4:     0x6448558150d3 - core::fmt::rt::Argument::fmt::h4cfc8587d52b3eb5
[INFO] [stdout]                                at /rustc/df4ca44d3fbc9301ee17f30f4d474e6ae4b05252/library/core/src/fmt/rt.rs:177:76
[INFO] [stdout]    5:     0x6448558150d3 - core::fmt::write::h522cc39e5b36ae9f
[INFO] [stdout]                                at /rustc/df4ca44d3fbc9301ee17f30f4d474e6ae4b05252/library/core/src/fmt/mod.rs:1190:21
[INFO] [stdout]    6:     0x6448557e81e3 - std::io::Write::write_fmt::h7d3c26752da97734
[INFO] [stdout]                                at /rustc/df4ca44d3fbc9301ee17f30f4d474e6ae4b05252/library/std/src/io/mod.rs:1839:15
[INFO] [stdout]    7:     0x6448557ebc62 - std::sys::backtrace::BacktraceLock::print::h4b9e00b29e9c0942
[INFO] [stdout]                                at /rustc/df4ca44d3fbc9301ee17f30f4d474e6ae4b05252/library/std/src/sys/backtrace.rs:42:9
[INFO] [stdout]    8:     0x6448557ed2aa - std::panicking::default_hook::{{closure}}::hb59b88280d0324d9
[INFO] [stdout]                                at /rustc/df4ca44d3fbc9301ee17f30f4d474e6ae4b05252/library/std/src/panicking.rs:268:22
[INFO] [stdout]    9:     0x6448557ed0b4 - std::panicking::default_hook::he1dd496665be4a29
[INFO] [stdout]                                at /rustc/df4ca44d3fbc9301ee17f30f4d474e6ae4b05252/library/std/src/panicking.rs:292:9
[INFO] [stdout]   10:     0x6448555efea9 - <alloc::boxed::Box<F,A> as core::ops::function::Fn<Args>>::call::h4ff71de18744e1dc
[INFO] [stdout]                                at /rustc/df4ca44d3fbc9301ee17f30f4d474e6ae4b05252/library/alloc/src/boxed.rs:2468:9
[INFO] [stdout]   11:     0x6448555efea9 - test::test_main::{{closure}}::hcf7c055ce117aa81
[INFO] [stdout]                                at /rustc/df4ca44d3fbc9301ee17f30f4d474e6ae4b05252/library/test/src/lib.rs:133:21
[INFO] [stdout]   12:     0x6448557ed9a8 - <alloc::boxed::Box<F,A> as core::ops::function::Fn<Args>>::call::h1d66c6bbd60c9692
[INFO] [stdout]                                at /rustc/df4ca44d3fbc9301ee17f30f4d474e6ae4b05252/library/alloc/src/boxed.rs:2468:9
[INFO] [stdout]   13:     0x6448557ed9a8 - std::panicking::rust_panic_with_hook::h2ff17fe8f26dfcf8
[INFO] [stdout]                                at /rustc/df4ca44d3fbc9301ee17f30f4d474e6ae4b05252/library/std/src/panicking.rs:809:13
[INFO] [stdout]   14:     0x6448557ed76a - std::panicking::begin_panic_handler::{{closure}}::h4fad77951c07e101
[INFO] [stdout]                                at /rustc/df4ca44d3fbc9301ee17f30f4d474e6ae4b05252/library/std/src/panicking.rs:674:13
[INFO] [stdout]   15:     0x6448557ec2f9 - std::sys::backtrace::__rust_end_short_backtrace::hb1a25b3da5d0ea08
[INFO] [stdout]                                at /rustc/df4ca44d3fbc9301ee17f30f4d474e6ae4b05252/library/std/src/sys/backtrace.rs:170:18
[INFO] [stdout]   16:     0x6448557ed3fc - rust_begin_unwind
[INFO] [stdout]                                at /rustc/df4ca44d3fbc9301ee17f30f4d474e6ae4b05252/library/std/src/panicking.rs:665:5
[INFO] [stdout]   17:     0x644855812b10 - core::panicking::panic_fmt::ha9db07b529f9b256
[INFO] [stdout]                                at /rustc/df4ca44d3fbc9301ee17f30f4d474e6ae4b05252/library/core/src/panicking.rs:75:14
[INFO] [stdout]   18:     0x644855812f96 - core::result::unwrap_failed::h5e8218e4d4338b8a
[INFO] [stdout]                                at /rustc/df4ca44d3fbc9301ee17f30f4d474e6ae4b05252/library/core/src/result.rs:1698:5
[INFO] [stdout]   19:     0x644855620596 - core::result::Result<T,E>::unwrap::h9f5926fd9f005d16
[INFO] [stdout]                                at /rustc/df4ca44d3fbc9301ee17f30f4d474e6ae4b05252/library/core/src/result.rs:1103:23
[INFO] [stdout]   20:     0x644855620596 - orientdb_client::sync::network::cluster::ClusterBuilder::build::{{closure}}::h1cd6265b6f854c06
[INFO] [stdout]                                at /opt/rustwide/workdir/src/sync/network/cluster.rs:42:26
[INFO] [stdout]   21:     0x644855608da1 - core::iter::adapters::map::map_fold::{{closure}}::hee5b507d162a931b
[INFO] [stdout]                                at /rustc/df4ca44d3fbc9301ee17f30f4d474e6ae4b05252/library/core/src/iter/adapters/map.rs:88:28
[INFO] [stdout]   22:     0x64485560789c - <alloc::vec::into_iter::IntoIter<T,A> as core::iter::traits::iterator::Iterator>::fold::he64f79707ca0cd15
[INFO] [stdout]                                at /rustc/df4ca44d3fbc9301ee17f30f4d474e6ae4b05252/library/alloc/src/vec/into_iter.rs:318:25
[INFO] [stdout]   23:     0x64485560774f - <core::iter::adapters::map::Map<I,F> as core::iter::traits::iterator::Iterator>::fold::h8d27d0d295c1601a
[INFO] [stdout]                                at /rustc/df4ca44d3fbc9301ee17f30f4d474e6ae4b05252/library/core/src/iter/adapters/map.rs:128:9
[INFO] [stdout]   24:     0x644855608d66 - core::iter::traits::iterator::Iterator::for_each::hfcf2cbd02c5efb81
[INFO] [stdout]                                at /rustc/df4ca44d3fbc9301ee17f30f4d474e6ae4b05252/library/core/src/iter/traits/iterator.rs:813:9
[INFO] [stdout]   25:     0x6448555fea26 - alloc::vec::Vec<T,A>::extend_trusted::hacfdc76b59a76995
[INFO] [stdout]                                at /rustc/df4ca44d3fbc9301ee17f30f4d474e6ae4b05252/library/alloc/src/vec/mod.rs:3551:17
[INFO] [stdout]   26:     0x64485560015b - <alloc::vec::Vec<T,A> as alloc::vec::spec_extend::SpecExtend<T,I>>::spec_extend::hcf26338d5110c712
[INFO] [stdout]                                at /rustc/df4ca44d3fbc9301ee17f30f4d474e6ae4b05252/library/alloc/src/vec/spec_extend.rs:29:9
[INFO] [stdout]   27:     0x6448555fe305 - <alloc::vec::Vec<T> as alloc::vec::spec_from_iter_nested::SpecFromIterNested<T,I>>::from_iter::hc6ddd372e5d808a2
[INFO] [stdout]                                at /rustc/df4ca44d3fbc9301ee17f30f4d474e6ae4b05252/library/alloc/src/vec/spec_from_iter_nested.rs:62:9
[INFO] [stdout]   28:     0x64485561bcb5 - <alloc::vec::Vec<T> as alloc::vec::spec_from_iter_nested::SpecFromIterNested<T,I>>::from_iter{{reify.shim}}::hc4c2703816c097d0
[INFO] [stdout]                                at /rustc/df4ca44d3fbc9301ee17f30f4d474e6ae4b05252/library/alloc/src/vec/spec_from_iter_nested.rs:52:5
[INFO] [stdout]   29:     0x6448555ff5fe - alloc::vec::in_place_collect::<impl alloc::vec::spec_from_iter::SpecFromIter<T,I> for alloc::vec::Vec<T>>::from_iter::hff3f7b3384a51d21
[INFO] [stdout]                                at /rustc/df4ca44d3fbc9301ee17f30f4d474e6ae4b05252/library/alloc/src/vec/in_place_collect.rs:246:9
[INFO] [stdout]   30:     0x644855600143 - <alloc::vec::Vec<T> as core::iter::traits::collect::FromIterator<T>>::from_iter::hbc9876440ef95f29
[INFO] [stdout]                                at /rustc/df4ca44d3fbc9301ee17f30f4d474e6ae4b05252/library/alloc/src/vec/mod.rs:3410:9
[INFO] [stdout]   31:     0x644855608d35 - core::iter::traits::iterator::Iterator::collect::hc8ceca28b19ea919
[INFO] [stdout]                                at /rustc/df4ca44d3fbc9301ee17f30f4d474e6ae4b05252/library/core/src/iter/traits/iterator.rs:2001:9
[INFO] [stdout]   32:     0x6448556204b3 - orientdb_client::sync::network::cluster::ClusterBuilder::build::h9867d320bdb7f00d
[INFO] [stdout]                                at /opt/rustwide/workdir/src/sync/network/cluster.rs:37:23
[INFO] [stdout]   33:     0x6448555b1673 - orientdb_client::sync::client::OrientDB::connect::h02bf5a0c1f576a05
[INFO] [stdout]                                at /opt/rustwide/workdir/src/sync/client.rs:29:23
[INFO] [stdout]   34:     0x6448555b4fa8 - orient_client::common::connect::h57ff875c0f1322da
[INFO] [stdout]                                at /opt/rustwide/workdir/tests/common/mod.rs:65:18
[INFO] [stdout]   35:     0x6448555b5b14 - orient_client::test_client_create_exist_drop_db::h9bd44a44490a35f1
[INFO] [stdout]                                at /opt/rustwide/workdir/tests/orient-client.rs:17:18
[INFO] [stdout]   36:     0x6448555b5ae7 - orient_client::test_client_create_exist_drop_db::{{closure}}::haa07145e29811589
[INFO] [stdout]                                at /opt/rustwide/workdir/tests/orient-client.rs:16:38
[INFO] [stdout]   37:     0x6448555b19a6 - core::ops::function::FnOnce::call_once::hcdb96138e45a6fc6
[INFO] [stdout]                                at /rustc/df4ca44d3fbc9301ee17f30f4d474e6ae4b05252/library/core/src/ops/function.rs:250:5
[INFO] [stdout]   38:     0x6448555f477b - core::ops::function::FnOnce::call_once::h22c3ba5715e93f05
[INFO] [stdout]                                at /rustc/df4ca44d3fbc9301ee17f30f4d474e6ae4b05252/library/core/src/ops/function.rs:250:5
[INFO] [stdout]   39:     0x6448555f477b - test::__rust_begin_short_backtrace::h8e82d8113d0da17f
[INFO] [stdout]                                at /rustc/df4ca44d3fbc9301ee17f30f4d474e6ae4b05252/library/test/src/lib.rs:621:18
[INFO] [stdout]   40:     0x6448555f40f7 - test::run_test_in_process::{{closure}}::h33235f4f20b7b7c7
[INFO] [stdout]                                at /rustc/df4ca44d3fbc9301ee17f30f4d474e6ae4b05252/library/test/src/lib.rs:644:60
[INFO] [stdout]   41:     0x6448555f40f7 - <core::panic::unwind_safe::AssertUnwindSafe<F> as core::ops::function::FnOnce<()>>::call_once::hb5043206310c586f
[INFO] [stdout]                                at /rustc/df4ca44d3fbc9301ee17f30f4d474e6ae4b05252/library/core/src/panic/unwind_safe.rs:272:9
[INFO] [stdout]   42:     0x6448555f40f7 - std::panicking::try::do_call::h9ad4731a60ab23e2
[INFO] [stdout]                                at /rustc/df4ca44d3fbc9301ee17f30f4d474e6ae4b05252/library/std/src/panicking.rs:557:40
[INFO] [stdout]   43:     0x6448555f40f7 - std::panicking::try::h3824d23db772a716
[INFO] [stdout]                                at /rustc/df4ca44d3fbc9301ee17f30f4d474e6ae4b05252/library/std/src/panicking.rs:520:19
[INFO] [stdout]   44:     0x6448555f40f7 - std::panic::catch_unwind::h5afd514605fde46b
[INFO] [stdout]                                at /rustc/df4ca44d3fbc9301ee17f30f4d474e6ae4b05252/library/std/src/panic.rs:358:14
[INFO] [stdout]   45:     0x6448555f40f7 - test::run_test_in_process::h0d5cbfa7067d1720
[INFO] [stdout]                                at /rustc/df4ca44d3fbc9301ee17f30f4d474e6ae4b05252/library/test/src/lib.rs:644:27
[INFO] [stdout]   46:     0x6448555f40f7 - test::run_test::{{closure}}::h708eb8872708115d
[INFO] [stdout]                                at /rustc/df4ca44d3fbc9301ee17f30f4d474e6ae4b05252/library/test/src/lib.rs:565:43
[INFO] [stdout]   47:     0x6448555b7814 - test::run_test::{{closure}}::h392c51cee94713ab
[INFO] [stdout]                                at /rustc/df4ca44d3fbc9301ee17f30f4d474e6ae4b05252/library/test/src/lib.rs:595:41
[INFO] [stdout]   48:     0x6448555b7814 - std::sys::backtrace::__rust_begin_short_backtrace::h2f40290710935a8b
[INFO] [stdout]                                at /rustc/df4ca44d3fbc9301ee17f30f4d474e6ae4b05252/library/std/src/sys/backtrace.rs:154:18
[INFO] [stdout]   49:     0x6448555bafbe - std::thread::Builder::spawn_unchecked_::{{closure}}::{{closure}}::h3fd968d89053a903
[INFO] [stdout]                                at /rustc/df4ca44d3fbc9301ee17f30f4d474e6ae4b05252/library/std/src/thread/mod.rs:541:17
[INFO] [stdout]   50:     0x6448555bafbe - <core::panic::unwind_safe::AssertUnwindSafe<F> as core::ops::function::FnOnce<()>>::call_once::h743f637ba4229880
[INFO] [stdout]                                at /rustc/df4ca44d3fbc9301ee17f30f4d474e6ae4b05252/library/core/src/panic/unwind_safe.rs:272:9
[INFO] [stdout]   51:     0x6448555bafbe - std::panicking::try::do_call::h07440897322525a6
[INFO] [stdout]                                at /rustc/df4ca44d3fbc9301ee17f30f4d474e6ae4b05252/library/std/src/panicking.rs:557:40
[INFO] [stdout]   52:     0x6448555bafbe - std::panicking::try::he5a2e00188156637
[INFO] [stdout]                                at /rustc/df4ca44d3fbc9301ee17f30f4d474e6ae4b05252/library/std/src/panicking.rs:520:19
[INFO] [stdout]   53:     0x6448555bafbe - std::panic::catch_unwind::hbaf3cae49b3c6433
[INFO] [stdout]                                at /rustc/df4ca44d3fbc9301ee17f30f4d474e6ae4b05252/library/std/src/panic.rs:358:14
[INFO] [stdout]   54:     0x6448555bafbe - std::thread::Builder::spawn_unchecked_::{{closure}}::h8e141ea224820bce
[INFO] [stdout]                                at /rustc/df4ca44d3fbc9301ee17f30f4d474e6ae4b05252/library/std/src/thread/mod.rs:540:30
[INFO] [stdout]   55:     0x6448555bafbe - core::ops::function::FnOnce::call_once{{vtable.shim}}::h90d312fedd7b8ea8
[INFO] [stdout]                                at /rustc/df4ca44d3fbc9301ee17f30f4d474e6ae4b05252/library/core/src/ops/function.rs:250:5
[INFO] [stdout]   56:     0x6448557f1a8b - <alloc::boxed::Box<F,A> as core::ops::function::FnOnce<Args>>::call_once::h69aa08ddb6adb8b6
[INFO] [stdout]                                at /rustc/df4ca44d3fbc9301ee17f30f4d474e6ae4b05252/library/alloc/src/boxed.rs:2454:9
[INFO] [stdout]   57:     0x6448557f1a8b - <alloc::boxed::Box<F,A> as core::ops::function::FnOnce<Args>>::call_once::h5aa36efdb79c806f
[INFO] [stdout]                                at /rustc/df4ca44d3fbc9301ee17f30f4d474e6ae4b05252/library/alloc/src/boxed.rs:2454:9
[INFO] [stdout]   58:     0x6448557f1a8b - std::sys::pal::unix::thread::Thread::new::thread_start::h6cd80a1b4be5158d
[INFO] [stdout]                                at /rustc/df4ca44d3fbc9301ee17f30f4d474e6ae4b05252/library/std/src/sys/pal/unix/thread.rs:105:17
[INFO] [stdout]   59:     0x775816797ac3 - <unknown>
[INFO] [stdout]   60:     0x775816828a04 - clone
[INFO] [stdout]   61:                0x0 - <unknown>
[INFO] [stdout] 
[INFO] [stdout] ---- test_client_connect_close stdout ----
[INFO] [stdout] thread 'test_client_connect_close' panicked at src/sync/network/cluster.rs:42:51:
[INFO] [stdout] called `Result::unwrap()` on an `Err` value: Pool(Error(Some("")))
[INFO] [stdout] stack backtrace:
[INFO] [stdout]    0:     0x6448557ebe1a - std::backtrace_rs::backtrace::libunwind::trace::h207520d6e9873551
[INFO] [stdout]                                at /rustc/df4ca44d3fbc9301ee17f30f4d474e6ae4b05252/library/std/src/../../backtrace/src/backtrace/libunwind.rs:116:5
[INFO] [stdout]    1:     0x6448557ebe1a - std::backtrace_rs::backtrace::trace_unsynchronized::h2ed7433f370e3eca
[INFO] [stdout]                                at /rustc/df4ca44d3fbc9301ee17f30f4d474e6ae4b05252/library/std/src/../../backtrace/src/backtrace/mod.rs:66:5
[INFO] [stdout]    2:     0x6448557ebe1a - std::sys::backtrace::_print_fmt::h916fac51166b18d7
[INFO] [stdout]                                at /rustc/df4ca44d3fbc9301ee17f30f4d474e6ae4b05252/library/std/src/sys/backtrace.rs:66:9
[INFO] [stdout]    3:     0x6448557ebe1a - <std::sys::backtrace::BacktraceLock::print::DisplayBacktrace as core::fmt::Display>::fmt::ha0a4c9b8ce3802e6
[INFO] [stdout]                                at /rustc/df4ca44d3fbc9301ee17f30f4d474e6ae4b05252/library/std/src/sys/backtrace.rs:39:26
[INFO] [stdout]    4:     0x6448558150d3 - core::fmt::rt::Argument::fmt::h4cfc8587d52b3eb5
[INFO] [stdout]                                at /rustc/df4ca44d3fbc9301ee17f30f4d474e6ae4b05252/library/core/src/fmt/rt.rs:177:76
[INFO] [stdout]    5:     0x6448558150d3 - core::fmt::write::h522cc39e5b36ae9f
[INFO] [stdout]                                at /rustc/df4ca44d3fbc9301ee17f30f4d474e6ae4b05252/library/core/src/fmt/mod.rs:1190:21
[INFO] [stdout]    6:     0x6448557e81e3 - std::io::Write::write_fmt::h7d3c26752da97734
[INFO] [stdout]                                at /rustc/df4ca44d3fbc9301ee17f30f4d474e6ae4b05252/library/std/src/io/mod.rs:1839:15
[INFO] [stdout]    7:     0x6448557ebc62 - std::sys::backtrace::BacktraceLock::print::h4b9e00b29e9c0942
[INFO] [stdout]                                at /rustc/df4ca44d3fbc9301ee17f30f4d474e6ae4b05252/library/std/src/sys/backtrace.rs:42:9
[INFO] [stdout]    8:     0x6448557ed2aa - std::panicking::default_hook::{{closure}}::hb59b88280d0324d9
[INFO] [stdout]                                at /rustc/df4ca44d3fbc9301ee17f30f4d474e6ae4b05252/library/std/src/panicking.rs:268:22
[INFO] [stdout]    9:     0x6448557ed0b4 - std::panicking::default_hook::he1dd496665be4a29
[INFO] [stdout]                                at /rustc/df4ca44d3fbc9301ee17f30f4d474e6ae4b05252/library/std/src/panicking.rs:292:9
[INFO] [stdout]   10:     0x6448555efea9 - <alloc::boxed::Box<F,A> as core::ops::function::Fn<Args>>::call::h4ff71de18744e1dc
[INFO] [stdout]                                at /rustc/df4ca44d3fbc9301ee17f30f4d474e6ae4b05252/library/alloc/src/boxed.rs:2468:9
[INFO] [stdout]   11:     0x6448555efea9 - test::test_main::{{closure}}::hcf7c055ce117aa81
[INFO] [stdout]                                at /rustc/df4ca44d3fbc9301ee17f30f4d474e6ae4b05252/library/test/src/lib.rs:133:21
[INFO] [stdout]   12:     0x6448557ed9a8 - <alloc::boxed::Box<F,A> as core::ops::function::Fn<Args>>::call::h1d66c6bbd60c9692
[INFO] [stdout]                                at /rustc/df4ca44d3fbc9301ee17f30f4d474e6ae4b05252/library/alloc/src/boxed.rs:2468:9
[INFO] [stdout]   13:     0x6448557ed9a8 - std::panicking::rust_panic_with_hook::h2ff17fe8f26dfcf8
[INFO] [stdout]                                at /rustc/df4ca44d3fbc9301ee17f30f4d474e6ae4b05252/library/std/src/panicking.rs:809:13
[INFO] [stdout]   14:     0x6448557ed76a - std::panicking::begin_panic_handler::{{closure}}::h4fad77951c07e101
[INFO] [stdout]                                at /rustc/df4ca44d3fbc9301ee17f30f4d474e6ae4b05252/library/std/src/panicking.rs:674:13
[INFO] [stdout]   15:     0x6448557ec2f9 - std::sys::backtrace::__rust_end_short_backtrace::hb1a25b3da5d0ea08
[INFO] [stdout]                                at /rustc/df4ca44d3fbc9301ee17f30f4d474e6ae4b05252/library/std/src/sys/backtrace.rs:170:18
[INFO] [stdout]   16:     0x6448557ed3fc - rust_begin_unwind
[INFO] [stdout]                                at /rustc/df4ca44d3fbc9301ee17f30f4d474e6ae4b05252/library/std/src/panicking.rs:665:5
[INFO] [stdout]   17:     0x644855812b10 - core::panicking::panic_fmt::ha9db07b529f9b256
[INFO] [stdout]                                at /rustc/df4ca44d3fbc9301ee17f30f4d474e6ae4b05252/library/core/src/panicking.rs:75:14
[INFO] [stdout]   18:     0x644855812f96 - core::result::unwrap_failed::h5e8218e4d4338b8a
[INFO] [stdout]                                at /rustc/df4ca44d3fbc9301ee17f30f4d474e6ae4b05252/library/core/src/result.rs:1698:5
[INFO] [stdout]   19:     0x644855620596 - core::result::Result<T,E>::unwrap::h9f5926fd9f005d16
[INFO] [stdout]                                at /rustc/df4ca44d3fbc9301ee17f30f4d474e6ae4b05252/library/core/src/result.rs:1103:23
[INFO] [stdout]   20:     0x644855620596 - orientdb_client::sync::network::cluster::ClusterBuilder::build::{{closure}}::h1cd6265b6f854c06
[INFO] [stdout]                                at /opt/rustwide/workdir/src/sync/network/cluster.rs:42:26
[INFO] [stdout]   21:     0x644855608da1 - core::iter::adapters::map::map_fold::{{closure}}::hee5b507d162a931b
[INFO] [stdout]                                at /rustc/df4ca44d3fbc9301ee17f30f4d474e6ae4b05252/library/core/src/iter/adapters/map.rs:88:28
[INFO] [stdout]   22:     0x64485560789c - <alloc::vec::into_iter::IntoIter<T,A> as core::iter::traits::iterator::Iterator>::fold::he64f79707ca0cd15
[INFO] [stdout]                                at /rustc/df4ca44d3fbc9301ee17f30f4d474e6ae4b05252/library/alloc/src/vec/into_iter.rs:318:25
[INFO] [stdout]   23:     0x64485560774f - <core::iter::adapters::map::Map<I,F> as core::iter::traits::iterator::Iterator>::fold::h8d27d0d295c1601a
[INFO] [stdout]                                at /rustc/df4ca44d3fbc9301ee17f30f4d474e6ae4b05252/library/core/src/iter/adapters/map.rs:128:9
[INFO] [stdout]   24:     0x644855608d66 - core::iter::traits::iterator::Iterator::for_each::hfcf2cbd02c5efb81
[INFO] [stdout]                                at /rustc/df4ca44d3fbc9301ee17f30f4d474e6ae4b05252/library/core/src/iter/traits/iterator.rs:813:9
[INFO] [stdout]   25:     0x6448555fea26 - alloc::vec::Vec<T,A>::extend_trusted::hacfdc76b59a76995
[INFO] [stdout]                                at /rustc/df4ca44d3fbc9301ee17f30f4d474e6ae4b05252/library/alloc/src/vec/mod.rs:3551:17
[INFO] [stdout]   26:     0x64485560015b - <alloc::vec::Vec<T,A> as alloc::vec::spec_extend::SpecExtend<T,I>>::spec_extend::hcf26338d5110c712
[INFO] [stdout]                                at /rustc/df4ca44d3fbc9301ee17f30f4d474e6ae4b05252/library/alloc/src/vec/spec_extend.rs:29:9
[INFO] [stdout]   27:     0x6448555fe305 - <alloc::vec::Vec<T> as alloc::vec::spec_from_iter_nested::SpecFromIterNested<T,I>>::from_iter::hc6ddd372e5d808a2
[INFO] [stdout]                                at /rustc/df4ca44d3fbc9301ee17f30f4d474e6ae4b05252/library/alloc/src/vec/spec_from_iter_nested.rs:62:9
[INFO] [stdout]   28:     0x64485561bcb5 - <alloc::vec::Vec<T> as alloc::vec::spec_from_iter_nested::SpecFromIterNested<T,I>>::from_iter{{reify.shim}}::hc4c2703816c097d0
[INFO] [stdout]                                at /rustc/df4ca44d3fbc9301ee17f30f4d474e6ae4b05252/library/alloc/src/vec/spec_from_iter_nested.rs:52:5
[INFO] [stdout]   29:     0x6448555ff5fe - alloc::vec::in_place_collect::<impl alloc::vec::spec_from_iter::SpecFromIter<T,I> for alloc::vec::Vec<T>>::from_iter::hff3f7b3384a51d21
[INFO] [stdout]                                at /rustc/df4ca44d3fbc9301ee17f30f4d474e6ae4b05252/library/alloc/src/vec/in_place_collect.rs:246:9
[INFO] [stdout]   30:     0x644855600143 - <alloc::vec::Vec<T> as core::iter::traits::collect::FromIterator<T>>::from_iter::hbc9876440ef95f29
[INFO] [stdout]                                at /rustc/df4ca44d3fbc9301ee17f30f4d474e6ae4b05252/library/alloc/src/vec/mod.rs:3410:9
[INFO] [stdout]   31:     0x644855608d35 - core::iter::traits::iterator::Iterator::collect::hc8ceca28b19ea919
[INFO] [stdout]                                at /rustc/df4ca44d3fbc9301ee17f30f4d474e6ae4b05252/library/core/src/iter/traits/iterator.rs:2001:9
[INFO] [stdout]   32:     0x6448556204b3 - orientdb_client::sync::network::cluster::ClusterBuilder::build::h9867d320bdb7f00d
[INFO] [stdout]                                at /opt/rustwide/workdir/src/sync/network/cluster.rs:37:23
[INFO] [stdout]   33:     0x6448555b1673 - orientdb_client::sync::client::OrientDB::connect::h02bf5a0c1f576a05
[INFO] [stdout]                                at /opt/rustwide/workdir/src/sync/client.rs:29:23
[INFO] [stdout]   34:     0x6448555b4fa8 - orient_client::common::connect::h57ff875c0f1322da
[INFO] [stdout]                                at /opt/rustwide/workdir/tests/common/mod.rs:65:18
[INFO] [stdout]   35:     0x6448555b5ab6 - orient_client::test_client_connect_close::h53252a3bbe865380
[INFO] [stdout]                                at /opt/rustwide/workdir/tests/orient-client.rs:12:5
[INFO] [stdout]   36:     0x6448555b5a97 - orient_client::test_client_connect_close::{{closure}}::h91b354ff311ae18d
[INFO] [stdout]                                at /opt/rustwide/workdir/tests/orient-client.rs:11:31
[INFO] [stdout]   37:     0x6448555b1926 - core::ops::function::FnOnce::call_once::h5459d7260d77f246
[INFO] [stdout]                                at /rustc/df4ca44d3fbc9301ee17f30f4d474e6ae4b05252/library/core/src/ops/function.rs:250:5
[INFO] [stdout]   38:     0x6448555f477b - core::ops::function::FnOnce::call_once::h22c3ba5715e93f05
[INFO] [stdout]                                at /rustc/df4ca44d3fbc9301ee17f30f4d474e6ae4b05252/library/core/src/ops/function.rs:250:5
[INFO] [stdout]   39:     0x6448555f477b - test::__rust_begin_short_backtrace::h8e82d8113d0da17f
[INFO] [stdout]                                at /rustc/df4ca44d3fbc9301ee17f30f4d474e6ae4b05252/library/test/src/lib.rs:621:18
[INFO] [stdout]   40:     0x6448555f40f7 - test::run_test_in_process::{{closure}}::h33235f4f20b7b7c7
[INFO] [stdout]                                at /rustc/df4ca44d3fbc9301ee17f30f4d474e6ae4b05252/library/test/src/lib.rs:644:60
[INFO] [stdout]   41:     0x6448555f40f7 - <core::panic::unwind_safe::AssertUnwindSafe<F> as core::ops::function::FnOnce<()>>::call_once::hb5043206310c586f
[INFO] [stdout]                                at /rustc/df4ca44d3fbc9301ee17f30f4d474e6ae4b05252/library/core/src/panic/unwind_safe.rs:272:9
[INFO] [stdout]   42:     0x6448555f40f7 - std::panicking::try::do_call::h9ad4731a60ab23e2
[INFO] [stdout]                                at /rustc/df4ca44d3fbc9301ee17f30f4d474e6ae4b05252/library/std/src/panicking.rs:557:40
[INFO] [stdout]   43:     0x6448555f40f7 - std::panicking::try::h3824d23db772a716
[INFO] [stdout]                                at /rustc/df4ca44d3fbc9301ee17f30f4d474e6ae4b05252/library/std/src/panicking.rs:520:19
[INFO] [stdout]   44:     0x6448555f40f7 - std::panic::catch_unwind::h5afd514605fde46b
[INFO] [stdout]                                at /rustc/df4ca44d3fbc9301ee17f30f4d474e6ae4b05252/library/std/src/panic.rs:358:14
[INFO] [stdout]   45:     0x6448555f40f7 - test::run_test_in_process::h0d5cbfa7067d1720
[INFO] [stdout]                                at /rustc/df4ca44d3fbc9301ee17f30f4d474e6ae4b05252/library/test/src/lib.rs:644:27
[INFO] [stdout]   46:     0x6448555f40f7 - test::run_test::{{closure}}::h708eb8872708115d
[INFO] [stdout]                                at /rustc/df4ca44d3fbc9301ee17f30f4d474e6ae4b05252/library/test/src/lib.rs:565:43
[INFO] [stdout]   47:     0x6448555b7814 - test::run_test::{{closure}}::h392c51cee94713ab
[INFO] [stdout]                                at /rustc/df4ca44d3fbc9301ee17f30f4d474e6ae4b05252/library/test/src/lib.rs:595:41
[INFO] [stdout]   48:     0x6448555b7814 - std::sys::backtrace::__rust_begin_short_backtrace::h2f40290710935a8b
[INFO] [stdout]                                at /rustc/df4ca44d3fbc9301ee17f30f4d474e6ae4b05252/library/std/src/sys/backtrace.rs:154:18
[INFO] [stdout]   49:     0x6448555bafbe - std::thread::Builder::spawn_unchecked_::{{closure}}::{{closure}}::h3fd968d89053a903
[INFO] [stdout]                                at /rustc/df4ca44d3fbc9301ee17f30f4d474e6ae4b05252/library/std/src/thread/mod.rs:541:17
[INFO] [stdout]   50:     0x6448555bafbe - <core::panic::unwind_safe::AssertUnwindSafe<F> as core::ops::function::FnOnce<()>>::call_once::h743f637ba4229880
[INFO] [stdout]                                at /rustc/df4ca44d3fbc9301ee17f30f4d474e6ae4b05252/library/core/src/panic/unwind_safe.rs:272:9
[INFO] [stdout]   51:     0x6448555bafbe - std::panicking::try::do_call::h07440897322525a6
[INFO] [stdout]                                at /rustc/df4ca44d3fbc9301ee17f30f4d474e6ae4b05252/library/std/src/panicking.rs:557:40
[INFO] [stdout]   52:     0x6448555bafbe - std::panicking::try::he5a2e00188156637
[INFO] [stdout]                                at /rustc/df4ca44d3fbc9301ee17f30f4d474e6ae4b05252/library/std/src/panicking.rs:520:19
[INFO] [stdout]   53:     0x6448555bafbe - std::panic::catch_unwind::hbaf3cae49b3c6433
[INFO] [stdout]                                at /rustc/df4ca44d3fbc9301ee17f30f4d474e6ae4b05252/library/std/src/panic.rs:358:14
[INFO] [stdout]   54:     0x6448555bafbe - std::thread::Builder::spawn_unchecked_::{{closure}}::h8e141ea224820bce
[INFO] [stdout]                                at /rustc/df4ca44d3fbc9301ee17f30f4d474e6ae4b05252/library/std/src/thread/mod.rs:540:30
[INFO] [stdout]   55:     0x6448555bafbe - core::ops::function::FnOnce::call_once{{vtable.shim}}::h90d312fedd7b8ea8
[INFO] [stdout]                                at /rustc/df4ca44d3fbc9301ee17f30f4d474e6ae4b05252/library/core/src/ops/function.rs:250:5
[INFO] [stdout]   56:     0x6448557f1a8b - <alloc::boxed::Box<F,A> as core::ops::function::FnOnce<Args>>::call_once::h69aa08ddb6adb8b6
[INFO] [stdout]                                at /rustc/df4ca44d3fbc9301ee17f30f4d474e6ae4b05252/library/alloc/src/boxed.rs:2454:9
[INFO] [stdout]   57:     0x6448557f1a8b - <alloc::boxed::Box<F,A> as core::ops::function::FnOnce<Args>>::call_once::h5aa36efdb79c806f
[INFO] [stdout]                                at /rustc/df4ca44d3fbc9301ee17f30f4d474e6ae4b05252/library/alloc/src/boxed.rs:2454:9
[INFO] [stdout]   58:     0x6448557f1a8b - std::sys::pal::unix::thread::Thread::new::thread_start::h6cd80a1b4be5158d
[INFO] [stdout]                                at /rustc/df4ca44d3fbc9301ee17f30f4d474e6ae4b05252/library/std/src/sys/pal/unix/thread.rs:105:17
[INFO] [stdout]   59:     0x775816797ac3 - <unknown>
[INFO] [stdout]   60:     0x775816828a04 - clone
[INFO] [stdout]   61:                0x0 - <unknown>
[INFO] [stdout] 
[INFO] [stdout] 
[INFO] [stdout] failures:
[INFO] [stdout]     test_client_connect_close
[INFO] [stdout]     test_client_create_exist_drop_db
[INFO] [stdout] 
[INFO] [stdout] test result: FAILED. 0 passed; 2 failed; 0 ignored; 0 measured; 0 filtered out; finished in 30.03s
[INFO] [stdout] 
[INFO] [stderr] error: test failed, to rerun pass `--test orient-client`
[INFO] running `Command { std: "docker" "inspect" "c4e791e9c73ce13939407be26a237f92c51ea21151cd0cbc1429aa71321c3156", kill_on_drop: false }`
[INFO] running `Command { std: "docker" "rm" "-f" "c4e791e9c73ce13939407be26a237f92c51ea21151cd0cbc1429aa71321c3156", kill_on_drop: false }`
[INFO] [stdout] c4e791e9c73ce13939407be26a237f92c51ea21151cd0cbc1429aa71321c3156
