[INFO] fetching crate orengine 0.4.8...
[INFO] testing orengine-0.4.8 against nightly-2024-10-28 for randomize-layout
[INFO] extracting crate orengine 0.4.8 into /workspace/builds/worker-3-tc1/source
[INFO] validating manifest of crates.io crate orengine 0.4.8 on toolchain nightly-2024-10-28
[INFO] running `Command { std: CARGO_HOME="/workspace/cargo-home" RUSTUP_HOME="/workspace/rustup-home" "/workspace/cargo-home/bin/cargo" "+nightly-2024-10-28" "metadata" "--manifest-path" "Cargo.toml" "--no-deps", kill_on_drop: false }`
[INFO] started tweaking crates.io crate orengine 0.4.8
[INFO] finished tweaking crates.io crate orengine 0.4.8
[INFO] tweaked toml for crates.io crate orengine 0.4.8 written to /workspace/builds/worker-3-tc1/source/Cargo.toml
[INFO] running `Command { std: CARGO_HOME="/workspace/cargo-home" RUSTUP_HOME="/workspace/rustup-home" "/workspace/cargo-home/bin/cargo" "+nightly-2024-10-28" "generate-lockfile" "--manifest-path" "Cargo.toml", kill_on_drop: false }`
[INFO] [stderr]     Updating crates.io index
[INFO] [stderr]      Locking 60 packages to latest compatible versions
[INFO] running `Command { std: CARGO_HOME="/workspace/cargo-home" RUSTUP_HOME="/workspace/rustup-home" "/workspace/cargo-home/bin/cargo" "+nightly-2024-10-28" "fetch" "--manifest-path" "Cargo.toml", kill_on_drop: false }`
[INFO] [stderr]  Downloading crates ...
[INFO] [stderr]   Downloaded smallvec v2.0.0-alpha.7
[INFO] [stderr]   Downloaded io-uring v0.7.1
[INFO] [stderr]   Downloaded core_affinity v0.8.1
[INFO] [stderr]   Downloaded orengine-macros v2.0.1
[INFO] running `Command { std: "docker" "create" "-v" "/var/lib/crater-agent-workspace/builds/worker-3-tc1/target:/opt/rustwide/target:rw,Z" "-v" "/var/lib/crater-agent-workspace/builds/worker-3-tc1/source:/opt/rustwide/workdir:ro,Z" "-v" "/var/lib/crater-agent-workspace/cargo-home:/opt/rustwide/cargo-home:ro,Z" "-v" "/var/lib/crater-agent-workspace/rustup-home:/opt/rustwide/rustup-home:ro,Z" "-e" "SOURCE_DIR=/opt/rustwide/workdir" "-e" "CARGO_TARGET_DIR=/opt/rustwide/target" "-e" "CARGO_HOME=/opt/rustwide/cargo-home" "-e" "RUSTUP_HOME=/opt/rustwide/rustup-home" "-w" "/opt/rustwide/workdir" "-m" "1610612736" "--user" "0:0" "--network" "none" "ghcr.io/rust-lang/crates-build-env/linux@sha256:4a844ea9eb2546a2d2c7022eacef16ef2e8229c7fbb2c7d4d55a9ceca922f72d" "/opt/rustwide/cargo-home/bin/cargo" "+nightly-2024-10-28" "metadata" "--no-deps" "--format-version=1", kill_on_drop: false }`
[INFO] [stdout] 8da943a814a8fe9ab421a5b8195547c583ff5e10dbf39168328cb8eb74035835
[INFO] running `Command { std: "docker" "start" "-a" "8da943a814a8fe9ab421a5b8195547c583ff5e10dbf39168328cb8eb74035835", kill_on_drop: false }`
[INFO] running `Command { std: "docker" "inspect" "8da943a814a8fe9ab421a5b8195547c583ff5e10dbf39168328cb8eb74035835", kill_on_drop: false }`
[INFO] running `Command { std: "docker" "rm" "-f" "8da943a814a8fe9ab421a5b8195547c583ff5e10dbf39168328cb8eb74035835", kill_on_drop: false }`
[INFO] [stdout] 8da943a814a8fe9ab421a5b8195547c583ff5e10dbf39168328cb8eb74035835
[INFO] running `Command { std: "docker" "create" "-v" "/var/lib/crater-agent-workspace/builds/worker-3-tc1/target:/opt/rustwide/target:rw,Z" "-v" "/var/lib/crater-agent-workspace/builds/worker-3-tc1/source:/opt/rustwide/workdir:ro,Z" "-v" "/var/lib/crater-agent-workspace/cargo-home:/opt/rustwide/cargo-home:ro,Z" "-v" "/var/lib/crater-agent-workspace/rustup-home:/opt/rustwide/rustup-home:ro,Z" "-e" "SOURCE_DIR=/opt/rustwide/workdir" "-e" "CARGO_TARGET_DIR=/opt/rustwide/target" "-e" "CARGO_INCREMENTAL=0" "-e" "RUST_BACKTRACE=full" "-e" "RUSTFLAGS=--cap-lints=forbid" "-e" "RUSTDOCFLAGS=--cap-lints=forbid" "-e" "CARGO_HOME=/opt/rustwide/cargo-home" "-e" "RUSTUP_HOME=/opt/rustwide/rustup-home" "-w" "/opt/rustwide/workdir" "-m" "1610612736" "--user" "0:0" "--network" "none" "ghcr.io/rust-lang/crates-build-env/linux@sha256:4a844ea9eb2546a2d2c7022eacef16ef2e8229c7fbb2c7d4d55a9ceca922f72d" "/opt/rustwide/cargo-home/bin/cargo" "+nightly-2024-10-28" "build" "--frozen" "--message-format=json", kill_on_drop: false }`
[INFO] [stdout] 41158a7b75a5279a81621cb574338cb28a337ddad748542d211881510a993c5a
[INFO] running `Command { std: "docker" "start" "-a" "41158a7b75a5279a81621cb574338cb28a337ddad748542d211881510a993c5a", kill_on_drop: false }`
[INFO] [stderr]    Compiling getrandom v0.2.15
[INFO] [stderr]    Compiling memoffset v0.9.1
[INFO] [stderr]    Compiling cfg_aliases v0.2.1
[INFO] [stderr]    Compiling io-uring v0.7.1
[INFO] [stderr]    Compiling bitflags v2.6.0
[INFO] [stderr]    Compiling num_cpus v1.16.0
[INFO] [stderr]    Compiling futures-core v0.3.31
[INFO] [stderr]    Compiling futures-sink v0.3.31
[INFO] [stderr]    Compiling once_cell v1.20.2
[INFO] [stderr]    Compiling socket2 v0.5.7
[INFO] [stderr]    Compiling smallvec v2.0.0-alpha.7
[INFO] [stderr]    Compiling fastrand v2.1.1
[INFO] [stderr]    Compiling crossbeam-epoch v0.9.18
[INFO] [stderr]    Compiling crossbeam-queue v0.3.11
[INFO] [stderr]    Compiling spin v0.9.8
[INFO] [stderr]    Compiling syn v2.0.86
[INFO] [stderr]    Compiling nix v0.29.0
[INFO] [stderr]    Compiling crossbeam-channel v0.5.13
[INFO] [stderr]    Compiling nanorand v0.7.0
[INFO] [stderr]    Compiling ahash v0.8.11
[INFO] [stderr]    Compiling core_affinity v0.8.1
[INFO] [stderr]    Compiling crossbeam-deque v0.8.5
[INFO] [stderr]    Compiling flume v0.11.1
[INFO] [stderr]    Compiling crossbeam v0.8.4
[INFO] [stderr]    Compiling orengine-macros v2.0.1
[INFO] [stderr]    Compiling orengine v0.4.8 (/opt/rustwide/workdir)
[INFO] [stderr]     Finished `dev` profile [unoptimized + debuginfo] target(s) in 4.29s
[INFO] running `Command { std: "docker" "inspect" "41158a7b75a5279a81621cb574338cb28a337ddad748542d211881510a993c5a", kill_on_drop: false }`
[INFO] running `Command { std: "docker" "rm" "-f" "41158a7b75a5279a81621cb574338cb28a337ddad748542d211881510a993c5a", kill_on_drop: false }`
[INFO] [stdout] 41158a7b75a5279a81621cb574338cb28a337ddad748542d211881510a993c5a
[INFO] running `Command { std: "docker" "create" "-v" "/var/lib/crater-agent-workspace/builds/worker-3-tc1/target:/opt/rustwide/target:rw,Z" "-v" "/var/lib/crater-agent-workspace/builds/worker-3-tc1/source:/opt/rustwide/workdir:ro,Z" "-v" "/var/lib/crater-agent-workspace/cargo-home:/opt/rustwide/cargo-home:ro,Z" "-v" "/var/lib/crater-agent-workspace/rustup-home:/opt/rustwide/rustup-home:ro,Z" "-e" "SOURCE_DIR=/opt/rustwide/workdir" "-e" "CARGO_TARGET_DIR=/opt/rustwide/target" "-e" "CARGO_INCREMENTAL=0" "-e" "RUST_BACKTRACE=full" "-e" "RUSTFLAGS=--cap-lints=forbid" "-e" "RUSTDOCFLAGS=--cap-lints=forbid" "-e" "CARGO_HOME=/opt/rustwide/cargo-home" "-e" "RUSTUP_HOME=/opt/rustwide/rustup-home" "-w" "/opt/rustwide/workdir" "-m" "1610612736" "--user" "0:0" "--network" "none" "ghcr.io/rust-lang/crates-build-env/linux@sha256:4a844ea9eb2546a2d2c7022eacef16ef2e8229c7fbb2c7d4d55a9ceca922f72d" "/opt/rustwide/cargo-home/bin/cargo" "+nightly-2024-10-28" "test" "--frozen" "--no-run" "--message-format=json", kill_on_drop: false }`
[INFO] [stdout] 1113b84b4118e19f7f1e8de8a4a66298cebdac461d44419c1d60f9caaa05dadb
[INFO] running `Command { std: "docker" "start" "-a" "1113b84b4118e19f7f1e8de8a4a66298cebdac461d44419c1d60f9caaa05dadb", kill_on_drop: false }`
[INFO] [stderr]    Compiling orengine v0.4.8 (/opt/rustwide/workdir)
[INFO] [stderr]     Finished `test` profile [unoptimized + debuginfo] target(s) in 2.85s
[INFO] running `Command { std: "docker" "inspect" "1113b84b4118e19f7f1e8de8a4a66298cebdac461d44419c1d60f9caaa05dadb", kill_on_drop: false }`
[INFO] running `Command { std: "docker" "rm" "-f" "1113b84b4118e19f7f1e8de8a4a66298cebdac461d44419c1d60f9caaa05dadb", kill_on_drop: false }`
[INFO] [stdout] 1113b84b4118e19f7f1e8de8a4a66298cebdac461d44419c1d60f9caaa05dadb
[INFO] running `Command { std: "docker" "create" "-v" "/var/lib/crater-agent-workspace/builds/worker-3-tc1/target:/opt/rustwide/target:rw,Z" "-v" "/var/lib/crater-agent-workspace/builds/worker-3-tc1/source:/opt/rustwide/workdir:ro,Z" "-v" "/var/lib/crater-agent-workspace/cargo-home:/opt/rustwide/cargo-home:ro,Z" "-v" "/var/lib/crater-agent-workspace/rustup-home:/opt/rustwide/rustup-home:ro,Z" "-e" "SOURCE_DIR=/opt/rustwide/workdir" "-e" "CARGO_TARGET_DIR=/opt/rustwide/target" "-e" "CARGO_INCREMENTAL=0" "-e" "RUST_BACKTRACE=full" "-e" "RUSTFLAGS=--cap-lints=forbid" "-e" "RUSTDOCFLAGS=--cap-lints=forbid" "-e" "CARGO_HOME=/opt/rustwide/cargo-home" "-e" "RUSTUP_HOME=/opt/rustwide/rustup-home" "-w" "/opt/rustwide/workdir" "-m" "1610612736" "--user" "0:0" "--network" "none" "ghcr.io/rust-lang/crates-build-env/linux@sha256:4a844ea9eb2546a2d2c7022eacef16ef2e8229c7fbb2c7d4d55a9ceca922f72d" "/opt/rustwide/cargo-home/bin/cargo" "+nightly-2024-10-28" "test" "--frozen", kill_on_drop: false }`
[INFO] [stdout] a1c75c6d1b088d9b6aa77ee06a790b3aa799f23bf46891a57d9c46f5327eab3a
[INFO] running `Command { std: "docker" "start" "-a" "a1c75c6d1b088d9b6aa77ee06a790b3aa799f23bf46891a57d9c46f5327eab3a", kill_on_drop: false }`
[INFO] [stderr]     Finished `test` profile [unoptimized + debuginfo] target(s) in 0.03s
[INFO] [stderr]      Running unittests src/lib.rs (/opt/rustwide/target/debug/deps/orengine-d0551e4fea7e1944)
[INFO] [stdout] 
[INFO] [stdout] running 98 tests
[INFO] [stdout] test buf::buffer::tests::test_index ... ok
[INFO] [stdout] test buf::buffer::tests::test_add_len_and_set_len_to_cap ... ok
[INFO] [stdout] test buf::buffer::tests::test_append_and_clear ... ok
[INFO] [stdout] test buf::buffer::tests::test_from ... ok
[INFO] [stdout] test buf::buffer::tests::test_resize ... ok
[INFO] [stdout] test buf::buffer::tests::test_new ... ok
[INFO] [stdout] test buf::buffer::tests::test_is_empty_and_is_full ... ok
[INFO] [stdout] test buf::buffer::tests::test_len_and_cap ... ok
[INFO] [stdout] test fs::dir_builder::tests::test_dir_builder ... ok
[INFO] [stdout] test local::pool::tests::test_new_local_pool ... ok
[INFO] [stdout] test buf::buf_pool::tests::test_buf_pool ... ok
[INFO] [stdout] test runtime::executor::tests::test_run_and_block_on ... ok
[INFO] [stdout] test runtime::executor::tests::test_spawn_local_and_exec_future ... ok
[INFO] [stdout] test net::tcp::listener::tests::test_listener ... ok
[INFO] [stdout] test runtime::asyncify::tests::test_asyncify ... ok
[INFO] [stdout] test sync::channel::tests::stress_test_zero_capacity_global_channel ... ok
[INFO] [stdout] test sync::channel::tests::test_drop_global_channel ... ok
[INFO] [stdout] test sync::channel::tests::test_drop_global_channel_split ... ok
[INFO] [stdout] test sync::channel::tests::test_global_channel_wait_recv ... ok
[INFO] [stdout] test sleep::sleep::tests::test_sleep ... ok
[INFO] [stdout] test sync::channel::tests::test_global_channel_wait_send ... ok
[INFO] [stdout] test sync::channel::tests::stress_test_bounded_global_channel ... ok
[INFO] [stdout] test sync::channel::tests::stress_test_unbounded_global_channel ... ok
[INFO] [stdout] test sync::channel::tests::test_zero_capacity_global_channel ... ok
[INFO] [stdout] test sync::channel::tests::test_unbounded_global_channel ... ok
[INFO] [stdout] test sync::channel::tests::test_global_channel ... ok
[INFO] [stdout] test sync::cond_var::tests::test_global_cond_var_notify_one_without_drop_guard ... ok
[INFO] [stdout] test sync::local::channel::tests::test_local_channel_case1 ... ok
[INFO] [stdout] test sync::local::channel::tests::test_local_channel_case2 ... ok
[INFO] [stdout] test sync::cond_var::tests::test_global_cond_var_notify_all_without_drop_guard ... ok
[INFO] [stdout] test sync::local::channel::tests::test_drop_local_channel_split ... ok
[INFO] [stdout] test sync::cond_var::tests::test_global_cond_var_notify_one_with_drop_guard ... ok
[INFO] [stdout] test sync::local::channel::tests::test_local_channel_case4 ... ok
[INFO] [stdout] test sync::local::channel::tests::test_local_channel_split ... ok
[INFO] [stdout] test sync::local::channel::tests::test_drop_local_channel ... ok
[INFO] [stdout] test sync::local::channel::tests::test_local_channel_case3 ... ok
[INFO] [stdout] test sync::cond_var::tests::test_global_cond_var_notify_all_with_drop_guard ... ok
[INFO] [stdout] test runtime::global_state::tests::test_stop_executor ... ok
[INFO] [stdout] test fs::dir_builder::tests::test_dir_builder_create ... FAILED
[INFO] [stdout] test fs::file::tests::test_file_create_write_read_pread_pwrite_remove_close ... FAILED
[INFO] [stdout] test fs::shortcuts::tests::test_remove_dir ... FAILED
[INFO] [stdout] test runtime::config::tests::test_config_third_case_panic - should panic ... ok
[INFO] [stdout] test runtime::config::tests::test_config ... ok
[INFO] [stdout] test runtime::config::tests::test_config_fourth_case_panic - should panic ... ok
[INFO] [stdout] test runtime::config::tests::test_config_first_case_panic - should panic ... ok
[INFO] [stdout] test runtime::config::tests::test_config_second_case_panic - should panic ... ok
[INFO] [stdout] test runtime::config::tests::test_default_config ... ok
[INFO] [stdout] test sync::local::once::tests::test_local_once_async ... ok
[INFO] [stdout] test sync::local::channel::tests::test_local_unbounded ... ok
[INFO] [stdout] test sync::local::once::tests::test_local_once ... ok
[INFO] [stdout] test sync::local::rw_lock::tests::test_try_local_rw_lock ... ok
[INFO] [stdout] test sync::local::channel::tests::test_local_zero_capacity ... ok
[INFO] [stdout] test sync::local::cond_var::tests::test_local_cond_var_notify_all_without_drop_guard ... ok
[INFO] [stdout] test sync::local::mutex::tests::test_local_mutex ... ok
[INFO] [stdout] test sync::local::scope::tests::test_local_scope_exec ... ok
[INFO] [stdout] test sync::local::cond_var::tests::test_local_cond_var_notify_all_with_drop_guard ... ok
[INFO] [stdout] test sync::local::scope::tests::test_local_scope_spawn ... ok
[INFO] [stdout] test sync::local::cond_var::tests::test_local_cond_var_notify_one_with_drop_guard ... ok
[INFO] [stdout] test sync::local::cond_var::tests::test_local_cond_var_notify_one_without_drop_guard ... ok
[INFO] [stdout] test sync::mutex::tests::test_global_mutex ... ok
[INFO] [stdout] test sync::local::wait_group::tests::test_local_wg_one_wait_many ... ok
[INFO] [stdout] test sync::mutex::tests::test_try_without_spinning_global_mutex ... ok
[INFO] [stdout] test sync::naive_mutex::tests::test_naive_mutex ... ok
[INFO] [stdout] test sync::naive_mutex::tests::test_try_naive_mutex ... ok
[INFO] [stdout] test sync::mutex::tests::stress_test_global_mutex ... ok
[INFO] [stdout] test sync::naive_rw_lock::tests::test_naive_rw_lock ... ok
[INFO] [stdout] test sync::local::wait_group::tests::test_local_wg_many_wait_one ... ok
[INFO] [stdout] test sync::local::rw_lock::tests::test_local_rw_lock ... ok
[INFO] [stdout] test sync::mutex::tests::test_try_with_spinning_global_mutex ... ok
[INFO] [stdout] test sync::local::mutex::tests::test_try_local_mutex ... ok
[INFO] [stdout] test sync::naive_mutex::tests::stress_test_naive_mutex ... ok
[INFO] [stdout] test sync::naive_rw_lock::tests::test_try_naive_rw_lock ... ok
[INFO] [stdout] test sync::scope::tests::test_global_scope_exec ... ok
[INFO] [stdout] test sync::scope::tests::test_global_scope_spawn ... ok
[INFO] [stdout] test utils::ptr::tests::test_clone ... ok
[INFO] [stdout] test utils::ptr::tests::test_debug ... ok
[INFO] [stdout] test utils::ptr::tests::test_as_u64 ... ok
[INFO] [stdout] test utils::ptr::tests::test_null ... ok
[INFO] [stdout] test utils::ptr::tests::test_drop_and_deallocate - should panic ... ok
[INFO] [stdout] test utils::ptr::tests::test_new ... ok
[INFO] [stdout] test utils::ptr::tests::test_drop_in_place - should panic ... ok
[INFO] [stdout] test utils::ptr::tests::test_as_mut ... ok
[INFO] [stdout] test utils::ptr::tests::test_as_ref ... ok
[INFO] [stdout] test utils::ptr::tests::test_as_mut_null - should panic ... ok
[INFO] [stdout] test utils::ptr::tests::test_as_ref_null - should panic ... ok
[INFO] [stdout] test sync::wait_group::tests::test_global_wg_one_wait_many_task_finished_after_wait ... ok
[INFO] [stdout] test utils::ptr::tests::test_read ... ok
[INFO] [stdout] test utils::ptr::tests::test_write ... ok
[INFO] [stdout] test utils::ptr::tests::test_write_with_drop - should panic ... ok
[INFO] [stdout] test utils::ptr::tests::test_replace ... ok
[INFO] [stdout] test yield_now::tests::test_yield_now ... ok
[INFO] [stdout] test utils::ptr::tests::test_as_ptr ... ok
[INFO] [stdout] test sync::wait_group::tests::test_global_wg_many_wait_one ... ok
[INFO] [stdout] test sync::once::tests::test_sync_global_once ... ok
[INFO] [stdout] test sync::once::tests::test_async_global_once ... ok
[INFO] [stdout] test utils::spin_lock::tests::test_try_mutex ... ok
[INFO] [stdout] test sync::wait_group::tests::test_global_wg_one_wait_many_task_finished_before_wait ... ok
[INFO] [stdout] test utils::spin_lock::tests::stress_test_mutex ... ok
[INFO] [stdout] 
[INFO] [stdout] failures:
[INFO] [stdout] 
[INFO] [stdout] ---- fs::dir_builder::tests::test_dir_builder_create stdout ----
[INFO] [stdout] Test test_dir_builder_create started!
[INFO] [stdout] thread 'fs::dir_builder::tests::test_dir_builder_create' panicked at src/fs/test_helper.rs:24:14:
[INFO] [stdout] can't create test dir: Os { code: 30, kind: ReadOnlyFilesystem, message: "Read-only file system" }
[INFO] [stdout] stack backtrace:
[INFO] [stdout]    0:     0x62971968a1da - std::backtrace_rs::backtrace::libunwind::trace::h207520d6e9873551
[INFO] [stdout]                                at /rustc/df4ca44d3fbc9301ee17f30f4d474e6ae4b05252/library/std/src/../../backtrace/src/backtrace/libunwind.rs:116:5
[INFO] [stdout]    1:     0x62971968a1da - std::backtrace_rs::backtrace::trace_unsynchronized::h2ed7433f370e3eca
[INFO] [stdout]                                at /rustc/df4ca44d3fbc9301ee17f30f4d474e6ae4b05252/library/std/src/../../backtrace/src/backtrace/mod.rs:66:5
[INFO] [stdout]    2:     0x62971968a1da - std::sys::backtrace::_print_fmt::h916fac51166b18d7
[INFO] [stdout]                                at /rustc/df4ca44d3fbc9301ee17f30f4d474e6ae4b05252/library/std/src/sys/backtrace.rs:66:9
[INFO] [stdout]    3:     0x62971968a1da - <std::sys::backtrace::BacktraceLock::print::DisplayBacktrace as core::fmt::Display>::fmt::ha0a4c9b8ce3802e6
[INFO] [stdout]                                at /rustc/df4ca44d3fbc9301ee17f30f4d474e6ae4b05252/library/std/src/sys/backtrace.rs:39:26
[INFO] [stdout]    4:     0x6297196b3ae3 - core::fmt::rt::Argument::fmt::h4cfc8587d52b3eb5
[INFO] [stdout]                                at /rustc/df4ca44d3fbc9301ee17f30f4d474e6ae4b05252/library/core/src/fmt/rt.rs:177:76
[INFO] [stdout]    5:     0x6297196b3ae3 - core::fmt::write::h522cc39e5b36ae9f
[INFO] [stdout]                                at /rustc/df4ca44d3fbc9301ee17f30f4d474e6ae4b05252/library/core/src/fmt/mod.rs:1190:21
[INFO] [stdout]    6:     0x6297196867b3 - std::io::Write::write_fmt::h7d3c26752da97734
[INFO] [stdout]                                at /rustc/df4ca44d3fbc9301ee17f30f4d474e6ae4b05252/library/std/src/io/mod.rs:1839:15
[INFO] [stdout]    7:     0x62971968a022 - std::sys::backtrace::BacktraceLock::print::h4b9e00b29e9c0942
[INFO] [stdout]                                at /rustc/df4ca44d3fbc9301ee17f30f4d474e6ae4b05252/library/std/src/sys/backtrace.rs:42:9
[INFO] [stdout]    8:     0x62971968b66a - std::panicking::default_hook::{{closure}}::hb59b88280d0324d9
[INFO] [stdout]                                at /rustc/df4ca44d3fbc9301ee17f30f4d474e6ae4b05252/library/std/src/panicking.rs:268:22
[INFO] [stdout]    9:     0x62971968b474 - std::panicking::default_hook::he1dd496665be4a29
[INFO] [stdout]                                at /rustc/df4ca44d3fbc9301ee17f30f4d474e6ae4b05252/library/std/src/panicking.rs:292:9
[INFO] [stdout]   10:     0x62971963e899 - <alloc::boxed::Box<F,A> as core::ops::function::Fn<Args>>::call::h4ff71de18744e1dc
[INFO] [stdout]                                at /rustc/df4ca44d3fbc9301ee17f30f4d474e6ae4b05252/library/alloc/src/boxed.rs:2468:9
[INFO] [stdout]   11:     0x62971963e899 - test::test_main::{{closure}}::hcf7c055ce117aa81
[INFO] [stdout]                                at /rustc/df4ca44d3fbc9301ee17f30f4d474e6ae4b05252/library/test/src/lib.rs:133:21
[INFO] [stdout]   12:     0x62971968bd68 - <alloc::boxed::Box<F,A> as core::ops::function::Fn<Args>>::call::h1d66c6bbd60c9692
[INFO] [stdout]                                at /rustc/df4ca44d3fbc9301ee17f30f4d474e6ae4b05252/library/alloc/src/boxed.rs:2468:9
[INFO] [stdout]   13:     0x62971968bd68 - std::panicking::rust_panic_with_hook::h2ff17fe8f26dfcf8
[INFO] [stdout]                                at /rustc/df4ca44d3fbc9301ee17f30f4d474e6ae4b05252/library/std/src/panicking.rs:809:13
[INFO] [stdout]   14:     0x62971968bb2a - std::panicking::begin_panic_handler::{{closure}}::h4fad77951c07e101
[INFO] [stdout]                                at /rustc/df4ca44d3fbc9301ee17f30f4d474e6ae4b05252/library/std/src/panicking.rs:674:13
[INFO] [stdout]   15:     0x62971968a6b9 - std::sys::backtrace::__rust_end_short_backtrace::hb1a25b3da5d0ea08
[INFO] [stdout]                                at /rustc/df4ca44d3fbc9301ee17f30f4d474e6ae4b05252/library/std/src/sys/backtrace.rs:170:18
[INFO] [stdout]   16:     0x62971968b7bc - rust_begin_unwind
[INFO] [stdout]                                at /rustc/df4ca44d3fbc9301ee17f30f4d474e6ae4b05252/library/std/src/panicking.rs:665:5
[INFO] [stdout]   17:     0x6297196b20a0 - core::panicking::panic_fmt::ha9db07b529f9b256
[INFO] [stdout]                                at /rustc/df4ca44d3fbc9301ee17f30f4d474e6ae4b05252/library/core/src/panicking.rs:75:14
[INFO] [stdout]   18:     0x6297196b24e6 - core::result::unwrap_failed::h5e8218e4d4338b8a
[INFO] [stdout]                                at /rustc/df4ca44d3fbc9301ee17f30f4d474e6ae4b05252/library/core/src/result.rs:1698:5
[INFO] [stdout]   19:     0x6297195cc38f - core::result::Result<T,E>::expect::h5f507f206152f20f
[INFO] [stdout]                                at /rustc/df4ca44d3fbc9301ee17f30f4d474e6ae4b05252/library/core/src/result.rs:1060:23
[INFO] [stdout]   20:     0x6297194394ee - orengine::fs::test_helper::create_test_dir_if_not_exist::haded205261c68a5b
[INFO] [stdout]                                at /opt/rustwide/workdir/src/fs/test_helper.rs:20:9
[INFO] [stdout]   21:     0x629719542d7a - orengine::fs::dir_builder::tests::test_dir_builder_create::{{closure}}::h83fe8aed6c2092e5
[INFO] [stdout]                                at /opt/rustwide/workdir/src/fs/dir_builder.rs:214:9
[INFO] [stdout]   22:     0x629719504651 - <orengine::runtime::end_local_thread_and_write_into_ptr::EndLocalThreadAndWriteIntoPtr<R,Fut> as core::future::future::Future>::poll::h26d292c483bc7ede
[INFO] [stdout]                                at /opt/rustwide/workdir/src/runtime/end_local_thread_and_write_into_ptr.rs:38:15
[INFO] [stdout]   23:     0x62971947dd2d - orengine::runtime::executor::Executor::exec_task_now::h2edb7fbc6a84cf02
[INFO] [stdout]                                at /opt/rustwide/workdir/src/runtime/executor.rs:467:15
[INFO] [stdout]   24:     0x62971947dd2d - orengine::runtime::executor::Executor::exec_task::ha443a040d9365e18
[INFO] [stdout]                                at /opt/rustwide/workdir/src/runtime/executor.rs:530:9
[INFO] [stdout]   25:     0x62971947ea71 - orengine::runtime::executor::Executor::run::h245dbb324d6d04ad
[INFO] [stdout]                                at /opt/rustwide/workdir/src/runtime/executor.rs:797:17
[INFO] [stdout]   26:     0x62971948af61 - orengine::runtime::executor::Executor::run_and_block_on_local::h3da45219c6c8c250
[INFO] [stdout]                                at /opt/rustwide/workdir/src/runtime/executor.rs:748:9
[INFO] [stdout]   27:     0x6297195dcc5a - orengine::test::runner::TestRunner::block_on_local::h4229d6845e50cc92
[INFO] [stdout]                                at /opt/rustwide/workdir/src/test/runner.rs:71:9
[INFO] [stdout]   28:     0x6297195e2648 - orengine::test::runner::run_test_and_block_on_local::{{closure}}::h4d17aba636d4a164
[INFO] [stdout]                                at /opt/rustwide/workdir/src/test/runner.rs:142:37
[INFO] [stdout]   29:     0x6297195f77d7 - std::thread::local::LocalKey<T>::try_with::hd4b085544dab6348
[INFO] [stdout]                                at /rustc/df4ca44d3fbc9301ee17f30f4d474e6ae4b05252/library/std/src/thread/local.rs:283:12
[INFO] [stdout]   30:     0x6297195ef80a - std::thread::local::LocalKey<T>::with::h53765f464bd7204e
[INFO] [stdout]                                at /rustc/df4ca44d3fbc9301ee17f30f4d474e6ae4b05252/library/std/src/thread/local.rs:260:9
[INFO] [stdout]   31:     0x6297195e207a - orengine::test::runner::run_test_and_block_on_local::hd36f56d488a5ea56
[INFO] [stdout]                                at /opt/rustwide/workdir/src/test/runner.rs:142:5
[INFO] [stdout]   32:     0x629719542bd6 - orengine::fs::dir_builder::tests::test_dir_builder_create::h5cfafb6347255f44
[INFO] [stdout]                                at /opt/rustwide/workdir/src/fs/dir_builder.rs:212:5
[INFO] [stdout]   33:     0x629719542ac7 - orengine::fs::dir_builder::tests::test_dir_builder_create::{{closure}}::hf68b6456df335d9f
[INFO] [stdout]                                at /opt/rustwide/workdir/src/fs/dir_builder.rs:212:35
[INFO] [stdout]   34:     0x6297194243d6 - core::ops::function::FnOnce::call_once::hcf8b37b898187641
[INFO] [stdout]                                at /rustc/df4ca44d3fbc9301ee17f30f4d474e6ae4b05252/library/core/src/ops/function.rs:250:5
[INFO] [stdout]   35:     0x62971964316b - core::ops::function::FnOnce::call_once::h22c3ba5715e93f05
[INFO] [stdout]                                at /rustc/df4ca44d3fbc9301ee17f30f4d474e6ae4b05252/library/core/src/ops/function.rs:250:5
[INFO] [stdout]   36:     0x62971964316b - test::__rust_begin_short_backtrace::h8e82d8113d0da17f
[INFO] [stdout]                                at /rustc/df4ca44d3fbc9301ee17f30f4d474e6ae4b05252/library/test/src/lib.rs:621:18
[INFO] [stdout]   37:     0x629719642ae7 - test::run_test_in_process::{{closure}}::h33235f4f20b7b7c7
[INFO] [stdout]                                at /rustc/df4ca44d3fbc9301ee17f30f4d474e6ae4b05252/library/test/src/lib.rs:644:60
[INFO] [stdout]   38:     0x629719642ae7 - <core::panic::unwind_safe::AssertUnwindSafe<F> as core::ops::function::FnOnce<()>>::call_once::hb5043206310c586f
[INFO] [stdout]                                at /rustc/df4ca44d3fbc9301ee17f30f4d474e6ae4b05252/library/core/src/panic/unwind_safe.rs:272:9
[INFO] [stdout]   39:     0x629719642ae7 - std::panicking::try::do_call::h9ad4731a60ab23e2
[INFO] [stdout]                                at /rustc/df4ca44d3fbc9301ee17f30f4d474e6ae4b05252/library/std/src/panicking.rs:557:40
[INFO] [stdout]   40:     0x629719642ae7 - std::panicking::try::h3824d23db772a716
[INFO] [stdout]                                at /rustc/df4ca44d3fbc9301ee17f30f4d474e6ae4b05252/library/std/src/panicking.rs:520:19
[INFO] [stdout]   41:     0x629719642ae7 - std::panic::catch_unwind::h5afd514605fde46b
[INFO] [stdout]                                at /rustc/df4ca44d3fbc9301ee17f30f4d474e6ae4b05252/library/std/src/panic.rs:358:14
[INFO] [stdout]   42:     0x629719642ae7 - test::run_test_in_process::h0d5cbfa7067d1720
[INFO] [stdout]                                at /rustc/df4ca44d3fbc9301ee17f30f4d474e6ae4b05252/library/test/src/lib.rs:644:27
[INFO] [stdout]   43:     0x629719642ae7 - test::run_test::{{closure}}::h708eb8872708115d
[INFO] [stdout]                                at /rustc/df4ca44d3fbc9301ee17f30f4d474e6ae4b05252/library/test/src/lib.rs:565:43
[INFO] [stdout]   44:     0x629719606204 - test::run_test::{{closure}}::h392c51cee94713ab
[INFO] [stdout]                                at /rustc/df4ca44d3fbc9301ee17f30f4d474e6ae4b05252/library/test/src/lib.rs:595:41
[INFO] [stdout]   45:     0x629719606204 - std::sys::backtrace::__rust_begin_short_backtrace::h2f40290710935a8b
[INFO] [stdout]                                at /rustc/df4ca44d3fbc9301ee17f30f4d474e6ae4b05252/library/std/src/sys/backtrace.rs:154:18
[INFO] [stdout]   46:     0x6297196099ae - std::thread::Builder::spawn_unchecked_::{{closure}}::{{closure}}::h3fd968d89053a903
[INFO] [stdout]                                at /rustc/df4ca44d3fbc9301ee17f30f4d474e6ae4b05252/library/std/src/thread/mod.rs:541:17
[INFO] [stdout]   47:     0x6297196099ae - <core::panic::unwind_safe::AssertUnwindSafe<F> as core::ops::function::FnOnce<()>>::call_once::h743f637ba4229880
[INFO] [stdout]                                at /rustc/df4ca44d3fbc9301ee17f30f4d474e6ae4b05252/library/core/src/panic/unwind_safe.rs:272:9
[INFO] [stdout]   48:     0x6297196099ae - std::panicking::try::do_call::h07440897322525a6
[INFO] [stdout]                                at /rustc/df4ca44d3fbc9301ee17f30f4d474e6ae4b05252/library/std/src/panicking.rs:557:40
[INFO] [stdout]   49:     0x6297196099ae - std::panicking::try::he5a2e00188156637
[INFO] [stdout]                                at /rustc/df4ca44d3fbc9301ee17f30f4d474e6ae4b05252/library/std/src/panicking.rs:520:19
[INFO] [stdout]   50:     0x6297196099ae - std::panic::catch_unwind::hbaf3cae49b3c6433
[INFO] [stdout]                                at /rustc/df4ca44d3fbc9301ee17f30f4d474e6ae4b05252/library/std/src/panic.rs:358:14
[INFO] [stdout]   51:     0x6297196099ae - std::thread::Builder::spawn_unchecked_::{{closure}}::h8e141ea224820bce
[INFO] [stdout]                                at /rustc/df4ca44d3fbc9301ee17f30f4d474e6ae4b05252/library/std/src/thread/mod.rs:540:30
[INFO] [stdout]   52:     0x6297196099ae - core::ops::function::FnOnce::call_once{{vtable.shim}}::h90d312fedd7b8ea8
[INFO] [stdout]                                at /rustc/df4ca44d3fbc9301ee17f30f4d474e6ae4b05252/library/core/src/ops/function.rs:250:5
[INFO] [stdout]   53:     0x62971969074b - <alloc::boxed::Box<F,A> as core::ops::function::FnOnce<Args>>::call_once::h69aa08ddb6adb8b6
[INFO] [stdout]                                at /rustc/df4ca44d3fbc9301ee17f30f4d474e6ae4b05252/library/alloc/src/boxed.rs:2454:9
[INFO] [stdout]   54:     0x62971969074b - <alloc::boxed::Box<F,A> as core::ops::function::FnOnce<Args>>::call_once::h5aa36efdb79c806f
[INFO] [stdout]                                at /rustc/df4ca44d3fbc9301ee17f30f4d474e6ae4b05252/library/alloc/src/boxed.rs:2454:9
[INFO] [stdout]   55:     0x62971969074b - std::sys::pal::unix::thread::Thread::new::thread_start::h6cd80a1b4be5158d
[INFO] [stdout]                                at /rustc/df4ca44d3fbc9301ee17f30f4d474e6ae4b05252/library/std/src/sys/pal/unix/thread.rs:105:17
[INFO] [stdout]   56:     0x7f29bfc61ac3 - <unknown>
[INFO] [stdout]   57:     0x7f29bfcf2a04 - clone
[INFO] [stdout]   58:                0x0 - <unknown>
[INFO] [stdout] 
[INFO] [stdout] ---- fs::file::tests::test_file_create_write_read_pread_pwrite_remove_close stdout ----
[INFO] [stdout] Test test_file_create_write_read_pread_pwrite_remove_close started!
[INFO] [stdout] thread 'fs::file::tests::test_file_create_write_read_pread_pwrite_remove_close' panicked at src/fs/test_helper.rs:24:14:
[INFO] [stdout] can't create test dir: Os { code: 30, kind: ReadOnlyFilesystem, message: "Read-only file system" }
[INFO] [stdout] stack backtrace:
[INFO] [stdout]    0:     0x62971968a1da - std::backtrace_rs::backtrace::libunwind::trace::h207520d6e9873551
[INFO] [stdout]                                at /rustc/df4ca44d3fbc9301ee17f30f4d474e6ae4b05252/library/std/src/../../backtrace/src/backtrace/libunwind.rs:116:5
[INFO] [stdout]    1:     0x62971968a1da - std::backtrace_rs::backtrace::trace_unsynchronized::h2ed7433f370e3eca
[INFO] [stdout]                                at /rustc/df4ca44d3fbc9301ee17f30f4d474e6ae4b05252/library/std/src/../../backtrace/src/backtrace/mod.rs:66:5
[INFO] [stdout]    2:     0x62971968a1da - std::sys::backtrace::_print_fmt::h916fac51166b18d7
[INFO] [stdout]                                at /rustc/df4ca44d3fbc9301ee17f30f4d474e6ae4b05252/library/std/src/sys/backtrace.rs:66:9
[INFO] [stdout]    3:     0x62971968a1da - <std::sys::backtrace::BacktraceLock::print::DisplayBacktrace as core::fmt::Display>::fmt::ha0a4c9b8ce3802e6
[INFO] [stdout]                                at /rustc/df4ca44d3fbc9301ee17f30f4d474e6ae4b05252/library/std/src/sys/backtrace.rs:39:26
[INFO] [stdout]    4:     0x6297196b3ae3 - core::fmt::rt::Argument::fmt::h4cfc8587d52b3eb5
[INFO] [stdout]                                at /rustc/df4ca44d3fbc9301ee17f30f4d474e6ae4b05252/library/core/src/fmt/rt.rs:177:76
[INFO] [stdout]    5:     0x6297196b3ae3 - core::fmt::write::h522cc39e5b36ae9f
[INFO] [stdout]                                at /rustc/df4ca44d3fbc9301ee17f30f4d474e6ae4b05252/library/core/src/fmt/mod.rs:1190:21
[INFO] [stdout]    6:     0x6297196867b3 - std::io::Write::write_fmt::h7d3c26752da97734
[INFO] [stdout]                                at /rustc/df4ca44d3fbc9301ee17f30f4d474e6ae4b05252/library/std/src/io/mod.rs:1839:15
[INFO] [stdout]    7:     0x62971968a022 - std::sys::backtrace::BacktraceLock::print::h4b9e00b29e9c0942
[INFO] [stdout]                                at /rustc/df4ca44d3fbc9301ee17f30f4d474e6ae4b05252/library/std/src/sys/backtrace.rs:42:9
[INFO] [stdout]    8:     0x62971968b66a - std::panicking::default_hook::{{closure}}::hb59b88280d0324d9
[INFO] [stdout]                                at /rustc/df4ca44d3fbc9301ee17f30f4d474e6ae4b05252/library/std/src/panicking.rs:268:22
[INFO] [stdout]    9:     0x62971968b474 - std::panicking::default_hook::he1dd496665be4a29
[INFO] [stdout]                                at /rustc/df4ca44d3fbc9301ee17f30f4d474e6ae4b05252/library/std/src/panicking.rs:292:9
[INFO] [stdout]   10:     0x62971963e899 - <alloc::boxed::Box<F,A> as core::ops::function::Fn<Args>>::call::h4ff71de18744e1dc
[INFO] [stdout]                                at /rustc/df4ca44d3fbc9301ee17f30f4d474e6ae4b05252/library/alloc/src/boxed.rs:2468:9
[INFO] [stdout]   11:     0x62971963e899 - test::test_main::{{closure}}::hcf7c055ce117aa81
[INFO] [stdout]                                at /rustc/df4ca44d3fbc9301ee17f30f4d474e6ae4b05252/library/test/src/lib.rs:133:21
[INFO] [stdout]   12:     0x62971968bd68 - <alloc::boxed::Box<F,A> as core::ops::function::Fn<Args>>::call::h1d66c6bbd60c9692
[INFO] [stdout]                                at /rustc/df4ca44d3fbc9301ee17f30f4d474e6ae4b05252/library/alloc/src/boxed.rs:2468:9
[INFO] [stdout]   13:     0x62971968bd68 - std::panicking::rust_panic_with_hook::h2ff17fe8f26dfcf8
[INFO] [stdout]                                at /rustc/df4ca44d3fbc9301ee17f30f4d474e6ae4b05252/library/std/src/panicking.rs:809:13
[INFO] [stdout]   14:     0x62971968bb2a - std::panicking::begin_panic_handler::{{closure}}::h4fad77951c07e101
[INFO] [stdout]                                at /rustc/df4ca44d3fbc9301ee17f30f4d474e6ae4b05252/library/std/src/panicking.rs:674:13
[INFO] [stdout]   15:     0x62971968a6b9 - std::sys::backtrace::__rust_end_short_backtrace::hb1a25b3da5d0ea08
[INFO] [stdout]                                at /rustc/df4ca44d3fbc9301ee17f30f4d474e6ae4b05252/library/std/src/sys/backtrace.rs:170:18
[INFO] [stdout]   16:     0x62971968b7bc - rust_begin_unwind
[INFO] [stdout]                                at /rustc/df4ca44d3fbc9301ee17f30f4d474e6ae4b05252/library/std/src/panicking.rs:665:5
[INFO] [stdout]   17:     0x6297196b20a0 - core::panicking::panic_fmt::ha9db07b529f9b256
[INFO] [stdout]                                at /rustc/df4ca44d3fbc9301ee17f30f4d474e6ae4b05252/library/core/src/panicking.rs:75:14
[INFO] [stdout]   18:     0x6297196b24e6 - core::result::unwrap_failed::h5e8218e4d4338b8a
[INFO] [stdout]                                at /rustc/df4ca44d3fbc9301ee17f30f4d474e6ae4b05252/library/core/src/result.rs:1698:5
[INFO] [stdout]   19:     0x6297195cc38f - core::result::Result<T,E>::expect::h5f507f206152f20f
[INFO] [stdout]                                at /rustc/df4ca44d3fbc9301ee17f30f4d474e6ae4b05252/library/core/src/result.rs:1060:23
[INFO] [stdout]   20:     0x6297194394ee - orengine::fs::test_helper::create_test_dir_if_not_exist::haded205261c68a5b
[INFO] [stdout]                                at /opt/rustwide/workdir/src/fs/test_helper.rs:20:9
[INFO] [stdout]   21:     0x6297195e4704 - orengine::fs::file::tests::test_file_create_write_read_pread_pwrite_remove_close::{{closure}}::h0185d20a62c8ac69
[INFO] [stdout]                                at /opt/rustwide/workdir/src/fs/file.rs:228:9
[INFO] [stdout]   22:     0x629719507631 - <orengine::runtime::end_local_thread_and_write_into_ptr::EndLocalThreadAndWriteIntoPtr<R,Fut> as core::future::future::Future>::poll::hd9169cc5e8c70bf5
[INFO] [stdout]                                at /opt/rustwide/workdir/src/runtime/end_local_thread_and_write_into_ptr.rs:38:15
[INFO] [stdout]   23:     0x62971947dd2d - orengine::runtime::executor::Executor::exec_task_now::h2edb7fbc6a84cf02
[INFO] [stdout]                                at /opt/rustwide/workdir/src/runtime/executor.rs:467:15
[INFO] [stdout]   24:     0x62971947dd2d - orengine::runtime::executor::Executor::exec_task::ha443a040d9365e18
[INFO] [stdout]                                at /opt/rustwide/workdir/src/runtime/executor.rs:530:9
[INFO] [stdout]   25:     0x62971947ea71 - orengine::runtime::executor::Executor::run::h245dbb324d6d04ad
[INFO] [stdout]                                at /opt/rustwide/workdir/src/runtime/executor.rs:797:17
[INFO] [stdout]   26:     0x6297194899a1 - orengine::runtime::executor::Executor::run_and_block_on_local::h2495562a8dde04bd
[INFO] [stdout]                                at /opt/rustwide/workdir/src/runtime/executor.rs:748:9
[INFO] [stdout]   27:     0x6297195dbfba - orengine::test::runner::TestRunner::block_on_local::h186d47c6420a3bb7
[INFO] [stdout]                                at /opt/rustwide/workdir/src/test/runner.rs:71:9
[INFO] [stdout]   28:     0x6297195e3218 - orengine::test::runner::run_test_and_block_on_local::{{closure}}::hf98a41484ca54db1
[INFO] [stdout]                                at /opt/rustwide/workdir/src/test/runner.rs:142:37
[INFO] [stdout]   29:     0x6297195f8ab7 - std::thread::local::LocalKey<T>::try_with::hff27367bb0e02927
[INFO] [stdout]                                at /rustc/df4ca44d3fbc9301ee17f30f4d474e6ae4b05252/library/std/src/thread/local.rs:283:12
[INFO] [stdout]   30:     0x6297195efa6a - std::thread::local::LocalKey<T>::with::h69340d00a2b165b9
[INFO] [stdout]                                at /rustc/df4ca44d3fbc9301ee17f30f4d474e6ae4b05252/library/std/src/thread/local.rs:260:9
[INFO] [stdout]   31:     0x6297195e1f6a - orengine::test::runner::run_test_and_block_on_local::hc7b386698bb8bc50
[INFO] [stdout]                                at /opt/rustwide/workdir/src/test/runner.rs:142:5
[INFO] [stdout]   32:     0x6297195e43c6 - orengine::fs::file::tests::test_file_create_write_read_pread_pwrite_remove_close::h75974376fe3e864a
[INFO] [stdout]                                at /opt/rustwide/workdir/src/fs/file.rs:224:5
[INFO] [stdout]   33:     0x6297195e42b7 - orengine::fs::file::tests::test_file_create_write_read_pread_pwrite_remove_close::{{closure}}::hff998f111118138b
[INFO] [stdout]                                at /opt/rustwide/workdir/src/fs/file.rs:224:35
[INFO] [stdout]   34:     0x629719422fe6 - core::ops::function::FnOnce::call_once::h32f5697ae7f02c07
[INFO] [stdout]                                at /rustc/df4ca44d3fbc9301ee17f30f4d474e6ae4b05252/library/core/src/ops/function.rs:250:5
[INFO] [stdout]   35:     0x62971964316b - core::ops::function::FnOnce::call_once::h22c3ba5715e93f05
[INFO] [stdout]                                at /rustc/df4ca44d3fbc9301ee17f30f4d474e6ae4b05252/library/core/src/ops/function.rs:250:5
[INFO] [stdout]   36:     0x62971964316b - test::__rust_begin_short_backtrace::h8e82d8113d0da17f
[INFO] [stdout]                                at /rustc/df4ca44d3fbc9301ee17f30f4d474e6ae4b05252/library/test/src/lib.rs:621:18
[INFO] [stdout]   37:     0x629719642ae7 - test::run_test_in_process::{{closure}}::h33235f4f20b7b7c7
[INFO] [stdout]                                at /rustc/df4ca44d3fbc9301ee17f30f4d474e6ae4b05252/library/test/src/lib.rs:644:60
[INFO] [stdout]   38:     0x629719642ae7 - <core::panic::unwind_safe::AssertUnwindSafe<F> as core::ops::function::FnOnce<()>>::call_once::hb5043206310c586f
[INFO] [stdout]                                at /rustc/df4ca44d3fbc9301ee17f30f4d474e6ae4b05252/library/core/src/panic/unwind_safe.rs:272:9
[INFO] [stdout]   39:     0x629719642ae7 - std::panicking::try::do_call::h9ad4731a60ab23e2
[INFO] [stdout]                                at /rustc/df4ca44d3fbc9301ee17f30f4d474e6ae4b05252/library/std/src/panicking.rs:557:40
[INFO] [stdout]   40:     0x629719642ae7 - std::panicking::try::h3824d23db772a716
[INFO] [stdout]                                at /rustc/df4ca44d3fbc9301ee17f30f4d474e6ae4b05252/library/std/src/panicking.rs:520:19
[INFO] [stdout]   41:     0x629719642ae7 - std::panic::catch_unwind::h5afd514605fde46b
[INFO] [stdout]                                at /rustc/df4ca44d3fbc9301ee17f30f4d474e6ae4b05252/library/std/src/panic.rs:358:14
[INFO] [stdout]   42:     0x629719642ae7 - test::run_test_in_process::h0d5cbfa7067d1720
[INFO] [stdout]                                at /rustc/df4ca44d3fbc9301ee17f30f4d474e6ae4b05252/library/test/src/lib.rs:644:27
[INFO] [stdout]   43:     0x629719642ae7 - test::run_test::{{closure}}::h708eb8872708115d
[INFO] [stdout]                                at /rustc/df4ca44d3fbc9301ee17f30f4d474e6ae4b05252/library/test/src/lib.rs:565:43
[INFO] [stdout]   44:     0x629719606204 - test::run_test::{{closure}}::h392c51cee94713ab
[INFO] [stdout]                                at /rustc/df4ca44d3fbc9301ee17f30f4d474e6ae4b05252/library/test/src/lib.rs:595:41
[INFO] [stdout]   45:     0x629719606204 - std::sys::backtrace::__rust_begin_short_backtrace::h2f40290710935a8b
[INFO] [stdout]                                at /rustc/df4ca44d3fbc9301ee17f30f4d474e6ae4b05252/library/std/src/sys/backtrace.rs:154:18
[INFO] [stdout]   46:     0x6297196099ae - std::thread::Builder::spawn_unchecked_::{{closure}}::{{closure}}::h3fd968d89053a903
[INFO] [stdout]                                at /rustc/df4ca44d3fbc9301ee17f30f4d474e6ae4b05252/library/std/src/thread/mod.rs:541:17
[INFO] [stdout]   47:     0x6297196099ae - <core::panic::unwind_safe::AssertUnwindSafe<F> as core::ops::function::FnOnce<()>>::call_once::h743f637ba4229880
[INFO] [stdout]                                at /rustc/df4ca44d3fbc9301ee17f30f4d474e6ae4b05252/library/core/src/panic/unwind_safe.rs:272:9
[INFO] [stdout]   48:     0x6297196099ae - std::panicking::try::do_call::h07440897322525a6
[INFO] [stdout]                                at /rustc/df4ca44d3fbc9301ee17f30f4d474e6ae4b05252/library/std/src/panicking.rs:557:40
[INFO] [stdout]   49:     0x6297196099ae - std::panicking::try::he5a2e00188156637
[INFO] [stdout]                                at /rustc/df4ca44d3fbc9301ee17f30f4d474e6ae4b05252/library/std/src/panicking.rs:520:19
[INFO] [stdout]   50:     0x6297196099ae - std::panic::catch_unwind::hbaf3cae49b3c6433
[INFO] [stdout]                                at /rustc/df4ca44d3fbc9301ee17f30f4d474e6ae4b05252/library/std/src/panic.rs:358:14
[INFO] [stdout]   51:     0x6297196099ae - std::thread::Builder::spawn_unchecked_::{{closure}}::h8e141ea224820bce
[INFO] [stdout]                                at /rustc/df4ca44d3fbc9301ee17f30f4d474e6ae4b05252/library/std/src/thread/mod.rs:540:30
[INFO] [stdout]   52:     0x6297196099ae - core::ops::function::FnOnce::call_once{{vtable.shim}}::h90d312fedd7b8ea8
[INFO] [stdout]                                at /rustc/df4ca44d3fbc9301ee17f30f4d474e6ae4b05252/library/core/src/ops/function.rs:250:5
[INFO] [stdout]   53:     0x62971969074b - <alloc::boxed::Box<F,A> as core::ops::function::FnOnce<Args>>::call_once::h69aa08ddb6adb8b6
[INFO] [stdout]                                at /rustc/df4ca44d3fbc9301ee17f30f4d474e6ae4b05252/library/alloc/src/boxed.rs:2454:9
[INFO] [stdout]   54:     0x62971969074b - <alloc::boxed::Box<F,A> as core::ops::function::FnOnce<Args>>::call_once::h5aa36efdb79c806f
[INFO] [stdout]                                at /rustc/df4ca44d3fbc9301ee17f30f4d474e6ae4b05252/library/alloc/src/boxed.rs:2454:9
[INFO] [stdout]   55:     0x62971969074b - std::sys::pal::unix::thread::Thread::new::thread_start::h6cd80a1b4be5158d
[INFO] [stdout]                                at /rustc/df4ca44d3fbc9301ee17f30f4d474e6ae4b05252/library/std/src/sys/pal/unix/thread.rs:105:17
[INFO] [stdout]   56:     0x7f29bfc61ac3 - <unknown>
[INFO] [stdout]   57:     0x7f29bfcf2a04 - clone
[INFO] [stdout]   58:                0x0 - <unknown>
[INFO] [stdout] 
[INFO] [stdout] ---- fs::shortcuts::tests::test_remove_dir stdout ----
[INFO] [stdout] Test test_remove_dir started!
[INFO] [stdout] thread 'fs::shortcuts::tests::test_remove_dir' panicked at src/fs/test_helper.rs:24:14:
[INFO] [stdout] can't create test dir: Os { code: 30, kind: ReadOnlyFilesystem, message: "Read-only file system" }
[INFO] [stdout] stack backtrace:
[INFO] [stdout]    0:     0x62971968a1da - std::backtrace_rs::backtrace::libunwind::trace::h207520d6e9873551
[INFO] [stdout]                                at /rustc/df4ca44d3fbc9301ee17f30f4d474e6ae4b05252/library/std/src/../../backtrace/src/backtrace/libunwind.rs:116:5
[INFO] [stdout]    1:     0x62971968a1da - std::backtrace_rs::backtrace::trace_unsynchronized::h2ed7433f370e3eca
[INFO] [stdout]                                at /rustc/df4ca44d3fbc9301ee17f30f4d474e6ae4b05252/library/std/src/../../backtrace/src/backtrace/mod.rs:66:5
[INFO] [stdout]    2:     0x62971968a1da - std::sys::backtrace::_print_fmt::h916fac51166b18d7
[INFO] [stdout]                                at /rustc/df4ca44d3fbc9301ee17f30f4d474e6ae4b05252/library/std/src/sys/backtrace.rs:66:9
[INFO] [stdout]    3:     0x62971968a1da - <std::sys::backtrace::BacktraceLock::print::DisplayBacktrace as core::fmt::Display>::fmt::ha0a4c9b8ce3802e6
[INFO] [stdout]                                at /rustc/df4ca44d3fbc9301ee17f30f4d474e6ae4b05252/library/std/src/sys/backtrace.rs:39:26
[INFO] [stdout]    4:     0x6297196b3ae3 - core::fmt::rt::Argument::fmt::h4cfc8587d52b3eb5
[INFO] [stdout]                                at /rustc/df4ca44d3fbc9301ee17f30f4d474e6ae4b05252/library/core/src/fmt/rt.rs:177:76
[INFO] [stdout]    5:     0x6297196b3ae3 - core::fmt::write::h522cc39e5b36ae9f
[INFO] [stdout]                                at /rustc/df4ca44d3fbc9301ee17f30f4d474e6ae4b05252/library/core/src/fmt/mod.rs:1190:21
[INFO] [stdout]    6:     0x6297196867b3 - std::io::Write::write_fmt::h7d3c26752da97734
[INFO] [stdout]                                at /rustc/df4ca44d3fbc9301ee17f30f4d474e6ae4b05252/library/std/src/io/mod.rs:1839:15
[INFO] [stdout]    7:     0x62971968a022 - std::sys::backtrace::BacktraceLock::print::h4b9e00b29e9c0942
[INFO] [stdout]                                at /rustc/df4ca44d3fbc9301ee17f30f4d474e6ae4b05252/library/std/src/sys/backtrace.rs:42:9
[INFO] [stdout]    8:     0x62971968b66a - std::panicking::default_hook::{{closure}}::hb59b88280d0324d9
[INFO] [stdout]                                at /rustc/df4ca44d3fbc9301ee17f30f4d474e6ae4b05252/library/std/src/panicking.rs:268:22
[INFO] [stdout]    9:     0x62971968b474 - std::panicking::default_hook::he1dd496665be4a29
[INFO] [stdout]                                at /rustc/df4ca44d3fbc9301ee17f30f4d474e6ae4b05252/library/std/src/panicking.rs:292:9
[INFO] [stdout]   10:     0x62971963e899 - <alloc::boxed::Box<F,A> as core::ops::function::Fn<Args>>::call::h4ff71de18744e1dc
[INFO] [stdout]                                at /rustc/df4ca44d3fbc9301ee17f30f4d474e6ae4b05252/library/alloc/src/boxed.rs:2468:9
[INFO] [stdout]   11:     0x62971963e899 - test::test_main::{{closure}}::hcf7c055ce117aa81
[INFO] [stdout]                                at /rustc/df4ca44d3fbc9301ee17f30f4d474e6ae4b05252/library/test/src/lib.rs:133:21
[INFO] [stdout]   12:     0x62971968bd68 - <alloc::boxed::Box<F,A> as core::ops::function::Fn<Args>>::call::h1d66c6bbd60c9692
[INFO] [stdout]                                at /rustc/df4ca44d3fbc9301ee17f30f4d474e6ae4b05252/library/alloc/src/boxed.rs:2468:9
[INFO] [stdout]   13:     0x62971968bd68 - std::panicking::rust_panic_with_hook::h2ff17fe8f26dfcf8
[INFO] [stdout]                                at /rustc/df4ca44d3fbc9301ee17f30f4d474e6ae4b05252/library/std/src/panicking.rs:809:13
[INFO] [stdout]   14:     0x62971968bb2a - std::panicking::begin_panic_handler::{{closure}}::h4fad77951c07e101
[INFO] [stdout]                                at /rustc/df4ca44d3fbc9301ee17f30f4d474e6ae4b05252/library/std/src/panicking.rs:674:13
[INFO] [stdout]   15:     0x62971968a6b9 - std::sys::backtrace::__rust_end_short_backtrace::hb1a25b3da5d0ea08
[INFO] [stdout]                                at /rustc/df4ca44d3fbc9301ee17f30f4d474e6ae4b05252/library/std/src/sys/backtrace.rs:170:18
[INFO] [stdout]   16:     0x62971968b7bc - rust_begin_unwind
[INFO] [stdout]                                at /rustc/df4ca44d3fbc9301ee17f30f4d474e6ae4b05252/library/std/src/panicking.rs:665:5
[INFO] [stdout]   17:     0x6297196b20a0 - core::panicking::panic_fmt::ha9db07b529f9b256
[INFO] [stdout]                                at /rustc/df4ca44d3fbc9301ee17f30f4d474e6ae4b05252/library/core/src/panicking.rs:75:14
[INFO] [stdout]   18:     0x6297196b24e6 - core::result::unwrap_failed::h5e8218e4d4338b8a
[INFO] [stdout]                                at /rustc/df4ca44d3fbc9301ee17f30f4d474e6ae4b05252/library/core/src/result.rs:1698:5
[INFO] [stdout]   19:     0x6297195cc38f - core::result::Result<T,E>::expect::h5f507f206152f20f
[INFO] [stdout]                                at /rustc/df4ca44d3fbc9301ee17f30f4d474e6ae4b05252/library/core/src/result.rs:1060:23
[INFO] [stdout]   20:     0x6297194394ee - orengine::fs::test_helper::create_test_dir_if_not_exist::haded205261c68a5b
[INFO] [stdout]                                at /opt/rustwide/workdir/src/fs/test_helper.rs:20:9
[INFO] [stdout]   21:     0x6297195e72d9 - orengine::fs::shortcuts::tests::test_remove_dir::{{closure}}::he292d7ad6da987bf
[INFO] [stdout]                                at /opt/rustwide/workdir/src/fs/shortcuts.rs:185:9
[INFO] [stdout]   22:     0x629719505021 - <orengine::runtime::end_local_thread_and_write_into_ptr::EndLocalThreadAndWriteIntoPtr<R,Fut> as core::future::future::Future>::poll::h5a80cd9a5f5fdce9
[INFO] [stdout]                                at /opt/rustwide/workdir/src/runtime/end_local_thread_and_write_into_ptr.rs:38:15
[INFO] [stdout]   23:     0x62971947dd2d - orengine::runtime::executor::Executor::exec_task_now::h2edb7fbc6a84cf02
[INFO] [stdout]                                at /opt/rustwide/workdir/src/runtime/executor.rs:467:15
[INFO] [stdout]   24:     0x62971947dd2d - orengine::runtime::executor::Executor::exec_task::ha443a040d9365e18
[INFO] [stdout]                                at /opt/rustwide/workdir/src/runtime/executor.rs:530:9
[INFO] [stdout]   25:     0x62971947ea71 - orengine::runtime::executor::Executor::run::h245dbb324d6d04ad
[INFO] [stdout]                                at /opt/rustwide/workdir/src/runtime/executor.rs:797:17
[INFO] [stdout]   26:     0x62971948b681 - orengine::runtime::executor::Executor::run_and_block_on_local::h433afcf4e0d3fce0
[INFO] [stdout]                                at /opt/rustwide/workdir/src/runtime/executor.rs:748:9
[INFO] [stdout]   27:     0x6297195dd0fa - orengine::test::runner::TestRunner::block_on_local::h59c2224134cc6da1
[INFO] [stdout]                                at /opt/rustwide/workdir/src/test/runner.rs:71:9
[INFO] [stdout]   28:     0x6297195e22b8 - orengine::test::runner::run_test_and_block_on_local::{{closure}}::h0ec5878cf0a6bff8
[INFO] [stdout]                                at /opt/rustwide/workdir/src/test/runner.rs:142:37
[INFO] [stdout]   29:     0x6297195f6f67 - std::thread::local::LocalKey<T>::try_with::hbf1b4a79b2f77d32
[INFO] [stdout]                                at /rustc/df4ca44d3fbc9301ee17f30f4d474e6ae4b05252/library/std/src/thread/local.rs:283:12
[INFO] [stdout]   30:     0x6297195ef4ea - std::thread::local::LocalKey<T>::with::h2dad4d756550ef0e
[INFO] [stdout]                                at /rustc/df4ca44d3fbc9301ee17f30f4d474e6ae4b05252/library/std/src/thread/local.rs:260:9
[INFO] [stdout]   31:     0x6297195e1caa - orengine::test::runner::run_test_and_block_on_local::h9018ba97d63005ef
[INFO] [stdout]                                at /opt/rustwide/workdir/src/test/runner.rs:142:5
[INFO] [stdout]   32:     0x6297195e7156 - orengine::fs::shortcuts::tests::test_remove_dir::ha33a9de9cc4b1cdc
[INFO] [stdout]                                at /opt/rustwide/workdir/src/fs/shortcuts.rs:183:5
[INFO] [stdout]   33:     0x6297195e7047 - orengine::fs::shortcuts::tests::test_remove_dir::{{closure}}::hecc047b87a0e93a4
[INFO] [stdout]                                at /opt/rustwide/workdir/src/fs/shortcuts.rs:183:35
[INFO] [stdout]   34:     0x629719423d26 - core::ops::function::FnOnce::call_once::h995575d0e3079e80
[INFO] [stdout]                                at /rustc/df4ca44d3fbc9301ee17f30f4d474e6ae4b05252/library/core/src/ops/function.rs:250:5
[INFO] [stdout]   35:     0x62971964316b - core::ops::function::FnOnce::call_once::h22c3ba5715e93f05
[INFO] [stdout]                                at /rustc/df4ca44d3fbc9301ee17f30f4d474e6ae4b05252/library/core/src/ops/function.rs:250:5
[INFO] [stdout]   36:     0x62971964316b - test::__rust_begin_short_backtrace::h8e82d8113d0da17f
[INFO] [stdout]                                at /rustc/df4ca44d3fbc9301ee17f30f4d474e6ae4b05252/library/test/src/lib.rs:621:18
[INFO] [stdout]   37:     0x629719642ae7 - test::run_test_in_process::{{closure}}::h33235f4f20b7b7c7
[INFO] [stdout]                                at /rustc/df4ca44d3fbc9301ee17f30f4d474e6ae4b05252/library/test/src/lib.rs:644:60
[INFO] [stdout]   38:     0x629719642ae7 - <core::panic::unwind_safe::AssertUnwindSafe<F> as core::ops::function::FnOnce<()>>::call_once::hb5043206310c586f
[INFO] [stdout]                                at /rustc/df4ca44d3fbc9301ee17f30f4d474e6ae4b05252/library/core/src/panic/unwind_safe.rs:272:9
[INFO] [stdout]   39:     0x629719642ae7 - std::panicking::try::do_call::h9ad4731a60ab23e2
[INFO] [stdout]                                at /rustc/df4ca44d3fbc9301ee17f30f4d474e6ae4b05252/library/std/src/panicking.rs:557:40
[INFO] [stdout]   40:     0x629719642ae7 - std::panicking::try::h3824d23db772a716
[INFO] [stdout]                                at /rustc/df4ca44d3fbc9301ee17f30f4d474e6ae4b05252/library/std/src/panicking.rs:520:19
[INFO] [stdout]   41:     0x629719642ae7 - std::panic::catch_unwind::h5afd514605fde46b
[INFO] [stdout]                                at /rustc/df4ca44d3fbc9301ee17f30f4d474e6ae4b05252/library/std/src/panic.rs:358:14
[INFO] [stdout]   42:     0x629719642ae7 - test::run_test_in_process::h0d5cbfa7067d1720
[INFO] [stdout]                                at /rustc/df4ca44d3fbc9301ee17f30f4d474e6ae4b05252/library/test/src/lib.rs:644:27
[INFO] [stdout]   43:     0x629719642ae7 - test::run_test::{{closure}}::h708eb8872708115d
[INFO] [stdout]                                at /rustc/df4ca44d3fbc9301ee17f30f4d474e6ae4b05252/library/test/src/lib.rs:565:43
[INFO] [stdout]   44:     0x629719606204 - test::run_test::{{closure}}::h392c51cee94713ab
[INFO] [stdout]                                at /rustc/df4ca44d3fbc9301ee17f30f4d474e6ae4b05252/library/test/src/lib.rs:595:41
[INFO] [stdout]   45:     0x629719606204 - std::sys::backtrace::__rust_begin_short_backtrace::h2f40290710935a8b
[INFO] [stdout]                                at /rustc/df4ca44d3fbc9301ee17f30f4d474e6ae4b05252/library/std/src/sys/backtrace.rs:154:18
[INFO] [stdout]   46:     0x6297196099ae - std::thread::Builder::spawn_unchecked_::{{closure}}::{{closure}}::h3fd968d89053a903
[INFO] [stdout]                                at /rustc/df4ca44d3fbc9301ee17f30f4d474e6ae4b05252/library/std/src/thread/mod.rs:541:17
[INFO] [stdout]   47:     0x6297196099ae - <core::panic::unwind_safe::AssertUnwindSafe<F> as core::ops::function::FnOnce<()>>::call_once::h743f637ba4229880
[INFO] [stdout]                                at /rustc/df4ca44d3fbc9301ee17f30f4d474e6ae4b05252/library/core/src/panic/unwind_safe.rs:272:9
[INFO] [stdout]   48:     0x6297196099ae - std::panicking::try::do_call::h07440897322525a6
[INFO] [stdout]                                at /rustc/df4ca44d3fbc9301ee17f30f4d474e6ae4b05252/library/std/src/panicking.rs:557:40
[INFO] [stdout]   49:     0x6297196099ae - std::panicking::try::he5a2e00188156637
[INFO] [stdout]                                at /rustc/df4ca44d3fbc9301ee17f30f4d474e6ae4b05252/library/std/src/panicking.rs:520:19
[INFO] [stdout]   50:     0x6297196099ae - std::panic::catch_unwind::hbaf3cae49b3c6433
[INFO] [stdout]                                at /rustc/df4ca44d3fbc9301ee17f30f4d474e6ae4b05252/library/std/src/panic.rs:358:14
[INFO] [stdout]   51:     0x6297196099ae - std::thread::Builder::spawn_unchecked_::{{closure}}::h8e141ea224820bce
[INFO] [stdout]                                at /rustc/df4ca44d3fbc9301ee17f30f4d474e6ae4b05252/library/std/src/thread/mod.rs:540:30
[INFO] [stdout]   52:     0x6297196099ae - core::ops::function::FnOnce::call_once{{vtable.shim}}::h90d312fedd7b8ea8
[INFO] [stdout]                                at /rustc/df4ca44d3fbc9301ee17f30f4d474e6ae4b05252/library/core/src/ops/function.rs:250:5
[INFO] [stdout]   53:     0x62971969074b - <alloc::boxed::Box<F,A> as core::ops::function::FnOnce<Args>>::call_once::h69aa08ddb6adb8b6
[INFO] [stdout]                                at /rustc/df4ca44d3fbc9301ee17f30f4d474e6ae4b05252/library/alloc/src/boxed.rs:2454:9
[INFO] [stdout]   54:     0x62971969074b - <alloc::boxed::Box<F,A> as core::ops::function::FnOnce<Args>>::call_once::h5aa36efdb79c806f
[INFO] [stdout]                                at /rustc/df4ca44d3fbc9301ee17f30f4d474e6ae4b05252/library/alloc/src/boxed.rs:2454:9
[INFO] [stdout]   55:     0x62971969074b - std::sys::pal::unix::thread::Thread::new::thread_start::h6cd80a1b4be5158d
[INFO] [stdout]                                at /rustc/df4ca44d3fbc9301ee17f30f4d474e6ae4b05252/library/std/src/sys/pal/unix/thread.rs:105:17
[INFO] [stdout]   56:     0x7f29bfc61ac3 - <unknown>
[INFO] [stdout]   57:     0x7f29bfcf2a04 - clone
[INFO] [stdout]   58:                0x0 - <unknown>
[INFO] [stdout] 
[INFO] [stdout] 
[INFO] [stdout] failures:
[INFO] [stdout]     fs::dir_builder::tests::test_dir_builder_create
[INFO] [stdout]     fs::file::tests::test_file_create_write_read_pread_pwrite_remove_close
[INFO] [stdout]     fs::shortcuts::tests::test_remove_dir
[INFO] [stdout] 
[INFO] [stdout] test result: FAILED. 95 passed; 3 failed; 0 ignored; 0 measured; 0 filtered out; finished in 1.05s
[INFO] [stdout] 
[INFO] [stderr] error: test failed, to rerun pass `--lib`
[INFO] running `Command { std: "docker" "inspect" "a1c75c6d1b088d9b6aa77ee06a790b3aa799f23bf46891a57d9c46f5327eab3a", kill_on_drop: false }`
[INFO] running `Command { std: "docker" "rm" "-f" "a1c75c6d1b088d9b6aa77ee06a790b3aa799f23bf46891a57d9c46f5327eab3a", kill_on_drop: false }`
[INFO] [stdout] a1c75c6d1b088d9b6aa77ee06a790b3aa799f23bf46891a57d9c46f5327eab3a
